This is the mail archive of the
gcc-testresults@gcc.gnu.org
mailing list for the GCC project.
Results for 4.8.0 20130308 (experimental) [trunk revision 196546] (GCC) testsuite on sparc-sun-solaris2.9
- From: Rainer Orth <ro at CeBiTec dot Uni-Bielefeld dot DE>
- To: gcc-testresults at gcc dot gnu dot org
- Date: Sat, 9 Mar 2013 22:05:13 +0100 (MET)
- Subject: Results for 4.8.0 20130308 (experimental) [trunk revision 196546] (GCC) testsuite on sparc-sun-solaris2.9
LAST_UPDATED: Fri Mar 8 13:59:30 UTC 2013 (revision 196546)
=== acats tests ===
=== acats Summary ===
# of expected passes 2320
# of unexpected failures 0
Native configuration is sparc-sun-solaris2.9
=== g++ tests ===
Running target unix
=== g++ Summary for unix ===
# of expected passes 49909
# of expected failures 292
# of unsupported tests 932
Running target unix/-m64
=== g++ Summary for unix/-m64 ===
# of expected passes 51149
# of expected failures 292
# of unsupported tests 922
=== g++ Summary ===
# of expected passes 101058
# of expected failures 584
# of unsupported tests 1854
/var/gcc/regression/trunk/9-gcc-gas/build/gcc/testsuite/g++/../../xg++ version 4.8.0 20130308 (experimental) [trunk revision 196546] (GCC)
=== gcc tests ===
Running target unix
FAIL: gcc.dg/simulate-thread/atomic-other-int.c -O2 -g thread simulation test
FAIL: gcc.dg/simulate-thread/atomic-other-int.c -O3 -g thread simulation test
FAIL: gcc.dg/simulate-thread/speculative-store-4.c -O0 -g thread simulation test
FAIL: gcc.dg/simulate-thread/speculative-store-4.c -O2 -g thread simulation test
FAIL: gcc.dg/simulate-thread/speculative-store-4.c -O3 -g thread simulation test
FAIL: gcc.dg/simulate-thread/speculative-store.c -O0 -g thread simulation test
=== gcc Summary for unix ===
# of expected passes 82256
# of unexpected failures 6
# of expected failures 323
# of unsupported tests 1669
Running target unix/-m64
WARNING: program timed out.
=== gcc Summary for unix/-m64 ===
# of expected passes 82999
# of expected failures 312
# of unsupported tests 1621
=== gcc Summary ===
# of expected passes 165255
# of unexpected failures 6
# of expected failures 635
# of unsupported tests 3290
/var/gcc/regression/trunk/9-gcc-gas/build/gcc/xgcc version 4.8.0 20130308 (experimental) [trunk revision 196546] (GCC)
=== gfortran tests ===
Running target unix
XPASS: gfortran.dg/do_1.f90 -O0 execution test
XPASS: gfortran.dg/do_1.f90 -O1 execution test
FAIL: gfortran.dg/minlocval_3.f90 -O2 (test for excess errors)
WARNING: gfortran.dg/minlocval_3.f90 -O2 compilation failed to produce executable
FAIL: gfortran.dg/minlocval_3.f90 -O3 -fomit-frame-pointer (test for excess errors)
WARNING: gfortran.dg/minlocval_3.f90 -O3 -fomit-frame-pointer compilation failed to produce executable
FAIL: gfortran.dg/minlocval_3.f90 -O3 -fomit-frame-pointer -funroll-loops (test for excess errors)
WARNING: gfortran.dg/minlocval_3.f90 -O3 -fomit-frame-pointer -funroll-loops compilation failed to produce executable
FAIL: gfortran.dg/minlocval_3.f90 -O3 -fomit-frame-pointer -funroll-all-loops -finline-functions (test for excess errors)
WARNING: gfortran.dg/minlocval_3.f90 -O3 -fomit-frame-pointer -funroll-all-loops -finline-functions compilation failed to produce executable
FAIL: gfortran.dg/minlocval_3.f90 -O3 -g (test for excess errors)
WARNING: gfortran.dg/minlocval_3.f90 -O3 -g compilation failed to produce executable
WARNING: program timed out.
WARNING: program timed out.
WARNING: program timed out.
WARNING: program timed out.
WARNING: program timed out.
FAIL: gfortran.dg/lto/pr45586-2 f_lto_pr45586-2_0.o-f_lto_pr45586-2_0.o link, -O0 -flto -flto-partition=none (internal compiler error)
UNRESOLVED: gfortran.dg/lto/pr45586-2 f_lto_pr45586-2_0.o-f_lto_pr45586-2_0.o execute -O0 -flto -flto-partition=none
FAIL: gfortran.dg/lto/pr45586-2 f_lto_pr45586-2_0.o-f_lto_pr45586-2_0.o link, -O0 -flto -flto-partition=1to1 (internal compiler error)
UNRESOLVED: gfortran.dg/lto/pr45586-2 f_lto_pr45586-2_0.o-f_lto_pr45586-2_0.o execute -O0 -flto -flto-partition=1to1
FAIL: gfortran.dg/lto/pr45586-2 f_lto_pr45586-2_0.o-f_lto_pr45586-2_0.o link, -O0 -flto (internal compiler error)
UNRESOLVED: gfortran.dg/lto/pr45586-2 f_lto_pr45586-2_0.o-f_lto_pr45586-2_0.o execute -O0 -flto
FAIL: gfortran.dg/lto/pr45586 f_lto_pr45586_0.o-f_lto_pr45586_0.o link, -O0 -flto -flto-partition=none (internal compiler error)
UNRESOLVED: gfortran.dg/lto/pr45586 f_lto_pr45586_0.o-f_lto_pr45586_0.o execute -O0 -flto -flto-partition=none
FAIL: gfortran.dg/lto/pr45586 f_lto_pr45586_0.o-f_lto_pr45586_0.o link, -O0 -flto -flto-partition=1to1 (internal compiler error)
UNRESOLVED: gfortran.dg/lto/pr45586 f_lto_pr45586_0.o-f_lto_pr45586_0.o execute -O0 -flto -flto-partition=1to1
FAIL: gfortran.dg/lto/pr45586 f_lto_pr45586_0.o-f_lto_pr45586_0.o link, -O0 -flto (internal compiler error)
UNRESOLVED: gfortran.dg/lto/pr45586 f_lto_pr45586_0.o-f_lto_pr45586_0.o execute -O0 -flto
=== gfortran Summary for unix ===
# of expected passes 42660
# of unexpected failures 11
# of unexpected successes 2
# of expected failures 64
# of unresolved testcases 6
# of unsupported tests 410
Running target unix/-m64
XPASS: gfortran.dg/do_1.f90 -O0 execution test
XPASS: gfortran.dg/do_1.f90 -O1 execution test
FAIL: gfortran.dg/minlocval_3.f90 -O3 -fomit-frame-pointer -funroll-loops (test for excess errors)
WARNING: gfortran.dg/minlocval_3.f90 -O3 -fomit-frame-pointer -funroll-loops compilation failed to produce executable
FAIL: gfortran.dg/minlocval_3.f90 -O3 -fomit-frame-pointer -funroll-all-loops -finline-functions (test for excess errors)
WARNING: gfortran.dg/minlocval_3.f90 -O3 -fomit-frame-pointer -funroll-all-loops -finline-functions compilation failed to produce executable
FAIL: gfortran.dg/minlocval_3.f90 -O3 -g (test for excess errors)
WARNING: gfortran.dg/minlocval_3.f90 -O3 -g compilation failed to produce executable
WARNING: program timed out.
WARNING: program timed out.
WARNING: program timed out.
FAIL: gfortran.dg/lto/pr45586-2 f_lto_pr45586-2_0.o-f_lto_pr45586-2_0.o link, -O0 -flto -flto-partition=none (internal compiler error)
UNRESOLVED: gfortran.dg/lto/pr45586-2 f_lto_pr45586-2_0.o-f_lto_pr45586-2_0.o execute -O0 -flto -flto-partition=none
FAIL: gfortran.dg/lto/pr45586-2 f_lto_pr45586-2_0.o-f_lto_pr45586-2_0.o link, -O0 -flto -flto-partition=1to1 (internal compiler error)
UNRESOLVED: gfortran.dg/lto/pr45586-2 f_lto_pr45586-2_0.o-f_lto_pr45586-2_0.o execute -O0 -flto -flto-partition=1to1
FAIL: gfortran.dg/lto/pr45586-2 f_lto_pr45586-2_0.o-f_lto_pr45586-2_0.o link, -O0 -flto (internal compiler error)
UNRESOLVED: gfortran.dg/lto/pr45586-2 f_lto_pr45586-2_0.o-f_lto_pr45586-2_0.o execute -O0 -flto
FAIL: gfortran.dg/lto/pr45586 f_lto_pr45586_0.o-f_lto_pr45586_0.o link, -O0 -flto -flto-partition=none (internal compiler error)
UNRESOLVED: gfortran.dg/lto/pr45586 f_lto_pr45586_0.o-f_lto_pr45586_0.o execute -O0 -flto -flto-partition=none
FAIL: gfortran.dg/lto/pr45586 f_lto_pr45586_0.o-f_lto_pr45586_0.o link, -O0 -flto -flto-partition=1to1 (internal compiler error)
UNRESOLVED: gfortran.dg/lto/pr45586 f_lto_pr45586_0.o-f_lto_pr45586_0.o execute -O0 -flto -flto-partition=1to1
FAIL: gfortran.dg/lto/pr45586 f_lto_pr45586_0.o-f_lto_pr45586_0.o link, -O0 -flto (internal compiler error)
UNRESOLVED: gfortran.dg/lto/pr45586 f_lto_pr45586_0.o-f_lto_pr45586_0.o execute -O0 -flto
=== gfortran Summary for unix/-m64 ===
# of expected passes 42942
# of unexpected failures 9
# of unexpected successes 2
# of expected failures 64
# of unresolved testcases 6
# of unsupported tests 274
=== gfortran Summary ===
# of expected passes 85602
# of unexpected failures 20
# of unexpected successes 4
# of expected failures 128
# of unresolved testcases 12
# of unsupported tests 684
/var/gcc/regression/trunk/9-gcc-gas/build/gcc/testsuite/gfortran/../../gfortran version 4.8.0 20130308 (experimental) [trunk revision 196546] (GCC)
=== gnat tests ===
Running target unix
=== gnat Summary for unix ===
# of expected passes 1144
# of expected failures 17
# of unsupported tests 13
Running target unix/-m64
=== gnat Summary for unix/-m64 ===
# of expected passes 1144
# of expected failures 17
# of unsupported tests 13
=== gnat Summary ===
# of expected passes 2288
# of expected failures 34
# of unsupported tests 26
/var/gcc/regression/trunk/9-gcc-gas/build/gcc/gnatmake version 4.8.0 20130308 (experimental) [trunk revision 196546]
=== go tests ===
Running target unix
=== go Summary for unix ===
# of expected passes 5081
# of expected failures 1
# of untested testcases 6
Running target unix/-m64
=== go Summary for unix/-m64 ===
# of expected passes 4961
# of expected failures 1
# of untested testcases 6
=== go Summary ===
# of expected passes 10042
# of expected failures 2
# of untested testcases 12
/var/gcc/regression/trunk/9-gcc-gas/build/gcc/testsuite/go/../../gccgo version 4.8.0 20130308 (experimental) [trunk revision 196546] (GCC)
=== obj-c++ tests ===
Running target unix
=== obj-c++ Summary for unix ===
# of expected passes 1450
# of expected failures 2
# of unsupported tests 86
Running target unix/-m64
=== obj-c++ Summary for unix/-m64 ===
# of expected passes 1442
# of expected failures 10
# of unsupported tests 86
=== obj-c++ Summary ===
# of expected passes 2892
# of expected failures 12
# of unsupported tests 172
/var/gcc/regression/trunk/9-gcc-gas/build/gcc/testsuite/obj-c++/../../xg++ version 4.8.0 20130308 (experimental) [trunk revision 196546] (GCC)
=== objc tests ===
Running target unix
=== objc Summary for unix ===
# of expected passes 2994
# of unsupported tests 74
Running target unix/-m64
=== objc Summary for unix/-m64 ===
# of expected passes 2994
# of unsupported tests 74
=== objc Summary ===
# of expected passes 5988
# of unsupported tests 148
/var/gcc/regression/trunk/9-gcc-gas/build/gcc/xgcc version 4.8.0 20130308 (experimental) [trunk revision 196546] (GCC)
=== boehm-gc tests ===
Running target unix
=== boehm-gc Summary for unix ===
# of expected passes 12
# of unsupported tests 1
Running target unix/-m64
=== boehm-gc Summary for unix/-m64 ===
# of expected passes 12
# of unsupported tests 1
=== boehm-gc Summary ===
# of expected passes 24
# of unsupported tests 2
=== libatomic tests ===
Running target unix
=== libatomic Summary for unix ===
# of expected passes 34
# of unsupported tests 10
Running target unix/-m64
=== libatomic Summary for unix/-m64 ===
# of expected passes 44
# of unsupported tests 5
=== libatomic Summary ===
# of expected passes 78
# of unsupported tests 15
=== libffi tests ===
Running target unix
=== libffi Summary for unix ===
# of expected passes 1819
# of unsupported tests 55
Running target unix/-m64
FAIL: libffi.call/cls_struct_va1.c -O0 -W -Wall output pattern test, is 4 5 6 10 11 12 13 14 20 21
FAIL: libffi.call/cls_uint_va.c -O0 -W -Wall output pattern test, is 67: 67 4
FAIL: libffi.call/va_1.c -O0 -W -Wall output pattern test, is 5 6 10 11 12 13 14 7 8 uc=9 sc=10 11 12 13 14 15 16 2.120000 3.130000
FAIL: libffi.call/va_struct1.c -O0 -W -Wall output pattern test, is 5 6 10 11 12 13 14 7 8
FAIL: libffi.call/cls_struct_va1.c -O2 output pattern test, is 4 5 6 10 11 12 13 14 20 21
FAIL: libffi.call/cls_uint_va.c -O2 output pattern test, is 67: 67 4
FAIL: libffi.call/va_1.c -O2 execution test
FAIL: libffi.call/va_struct1.c -O2 output pattern test, is 5 6 10 11 12 13 14 7 8
FAIL: libffi.call/cls_struct_va1.c -O3 output pattern test, is 4 5 6 10 11 12 13 14 20 21
FAIL: libffi.call/cls_uint_va.c -O3 output pattern test, is 67: 67 4
FAIL: libffi.call/va_1.c -O3 execution test
FAIL: libffi.call/va_struct1.c -O3 execution test
FAIL: libffi.call/cls_struct_va1.c -Os output pattern test, is 4 5 6 10 11 12 13 14 20 21
FAIL: libffi.call/cls_uint_va.c -Os output pattern test, is 67: 67 4
FAIL: libffi.call/va_1.c -Os execution test
FAIL: libffi.call/va_struct1.c -Os output pattern test, is 5 6 10 11 12 13 14 7 8
FAIL: libffi.call/cls_struct_va1.c -O2 -fomit-frame-pointer output pattern test, is 4 5 6 10 11 12 13 14 20 21
FAIL: libffi.call/cls_uint_va.c -O2 -fomit-frame-pointer output pattern test, is 67: 67 4
FAIL: libffi.call/va_1.c -O2 -fomit-frame-pointer execution test
FAIL: libffi.call/va_struct1.c -O2 -fomit-frame-pointer output pattern test, is 5 6 10 11 12 13 14 7 8
=== libffi Summary for unix/-m64 ===
# of expected passes 1794
# of unexpected failures 20
# of unsupported tests 55
=== libffi Summary ===
# of expected passes 3613
# of unexpected failures 20
# of unsupported tests 110
=== libgo tests ===
Running target unix
FAIL: text/template
FAIL: testing/quick
=== libgo Summary for unix ===
# of expected passes 129
# of unexpected failures 2
Running target unix/-m64
FAIL: exp/locale/collate/build
FAIL: exp/norm
=== libgo Summary for unix/-m64 ===
# of expected passes 129
# of unexpected failures 2
=== libgo Summary ===
# of expected passes 258
# of unexpected failures 4
=== libgomp tests ===
Running target unix
=== libgomp Summary for unix ===
# of expected passes 2992
# of unsupported tests 3
Running target unix/-m64
=== libgomp Summary for unix/-m64 ===
# of expected passes 2992
# of unsupported tests 3
=== libgomp Summary ===
# of expected passes 5984
# of unsupported tests 6
=== libitm tests ===
Running target unix
=== libitm Summary for unix ===
# of expected passes 26
# of expected failures 3
# of unsupported tests 1
Running target unix/-m64
=== libitm Summary for unix/-m64 ===
# of expected passes 26
# of expected failures 3
# of unsupported tests 1
=== libitm Summary ===
# of expected passes 52
# of expected failures 6
# of unsupported tests 2
=== libjava tests ===
Running target unix
FAIL: sourcelocation output - source compiled test
FAIL: sourcelocation -findirect-dispatch output - source compiled test
FAIL: sourcelocation -O3 output - source compiled test
FAIL: sourcelocation -O3 -findirect-dispatch output - source compiled test
=== libjava Summary for unix ===
# of expected passes 2582
# of unexpected failures 4
Running target unix/-m64
FAIL: sourcelocation output - source compiled test
FAIL: sourcelocation -findirect-dispatch output - source compiled test
FAIL: sourcelocation -O3 output - source compiled test
FAIL: sourcelocation -O3 -findirect-dispatch output - source compiled test
=== libjava Summary for unix/-m64 ===
# of expected passes 2582
# of unexpected failures 4
=== libjava Summary ===
# of expected passes 5164
# of unexpected failures 8
=== libstdc++ tests ===
Running target unix
=== libstdc++ Summary for unix ===
# of expected passes 7645
# of expected failures 47
# of unsupported tests 891
Running target unix/-m64
=== libstdc++ Summary for unix/-m64 ===
# of expected passes 7645
# of expected failures 47
# of unsupported tests 891
=== libstdc++ Summary ===
# of expected passes 15290
# of expected failures 94
# of unsupported tests 1782
Compiler version: 4.8.0 20130308 (experimental) [trunk revision 196546] (GCC)
Platform: sparc-sun-solaris2.9
configure flags: --prefix=/vol/gcc --target=sparc-sun-solaris2.9 --enable-objc-gc --with-as=/vol/gcc/bin/gas-2.23.1 --with-gnu-as --with-gmp-include=/vol/gcc/include --with-gmp-lib=/vol/gcc/lib --with-mpfr-include=/vol/gcc/include --with-mpfr-lib=/vol/gcc/lib --with-mpc-include=/vol/gcc/include --with-mpc-lib=/vol/gcc/lib --enable-languages=all,ada,obj-c++,go --with-isl-include=/vol/gcc/include --with-isl-lib=/vol/gcc/lib --with-cloog-include=/vol/gcc/include --with-cloog-lib=/vol/gcc/lib --enable-cloog-backend=isl
BOOT_CFLAGS=-g -O2