This is the mail archive of the gcc-testresults@gcc.gnu.org mailing list for the GCC project.


Index Nav: [Date Index] [Subject Index] [Author Index] [Thread Index]
Message Nav: [Date Prev] [Date Next] [Thread Prev] [Thread Next]
Other format: [Raw text]

Results for 4.6.4 20130308 (prerelease) [gcc-4_6-branch revision 196529] (GCC) testsuite on i386-pc-solaris2.11


LAST_UPDATED: Fri Mar  8 14:02:03 UTC 2013 (revision 196529)

		=== acats tests ===

		=== acats Summary ===
# of expected passes		2321
# of unexpected failures	0
Native configuration is i386-pc-solaris2.11

		=== g++ tests ===


Running target unix
XPASS: g++.dg/uninit-pred-3_b.C (test for excess errors)
FAIL: g++.dg/lto/20091219 cp_lto_20091219_0.o-cp_lto_20091219_0.o link, -O3 -flto
UNRESOLVED: g++.dg/lto/20091219 cp_lto_20091219_0.o-cp_lto_20091219_0.o execute -O3 -flto

		=== g++ Summary for unix ===

# of expected passes		27114
# of unexpected failures	1
# of unexpected successes	1
# of expected failures		169
# of unresolved testcases	1
# of unsupported tests		191

Running target unix/-m64
XPASS: g++.dg/uninit-pred-3_b.C (test for excess errors)
FAIL: g++.dg/lto/20091219 cp_lto_20091219_0.o-cp_lto_20091219_0.o link, -O3 -flto
UNRESOLVED: g++.dg/lto/20091219 cp_lto_20091219_0.o-cp_lto_20091219_0.o execute -O3 -flto

		=== g++ Summary for unix/-m64 ===

# of expected passes		27338
# of unexpected failures	1
# of unexpected successes	1
# of expected failures		169
# of unresolved testcases	1
# of unsupported tests		398

		=== g++ Summary ===

# of expected passes		54452
# of unexpected failures	2
# of unexpected successes	2
# of expected failures		338
# of unresolved testcases	2
# of unsupported tests		589
/var/gcc/regression/gcc-4.6-branch/11-gcc/build/gcc/testsuite/g++/../../g++  version 4.6.4 20130308 (prerelease) [gcc-4_6-branch revision 196529] (GCC) 

		=== gcc tests ===


Running target unix
FAIL: gcc.dg/lto/20110201-1 c_lto_20110201-1_0.o-c_lto_20110201-1_0.o link,  -O0 -flto 
UNRESOLVED: gcc.dg/lto/20110201-1 c_lto_20110201-1_0.o-c_lto_20110201-1_0.o execute  -O0 -flto 
FAIL: gcc.target/i386/vcvtph2ps-1.c execution test
FAIL: gcc.target/i386/vcvtph2ps-2.c execution test
FAIL: gcc.target/i386/vcvtph2ps-3.c execution test
FAIL: gcc.target/i386/vcvtps2ph-1.c execution test
FAIL: gcc.target/i386/vcvtps2ph-2.c execution test
FAIL: gcc.target/i386/vcvtps2ph-3.c execution test

		=== gcc Summary for unix ===

# of expected passes		77052
# of unexpected failures	7
# of expected failures		213
# of unresolved testcases	1
# of unsupported tests		828

Running target unix/-m64
FAIL: gcc.target/i386/vcvtph2ps-1.c execution test
FAIL: gcc.target/i386/vcvtph2ps-2.c execution test
FAIL: gcc.target/i386/vcvtph2ps-3.c execution test
FAIL: gcc.target/i386/vcvtps2ph-1.c execution test
FAIL: gcc.target/i386/vcvtps2ph-2.c execution test
FAIL: gcc.target/i386/vcvtps2ph-3.c execution test

		=== gcc Summary for unix/-m64 ===

# of expected passes		77148
# of unexpected failures	6
# of expected failures		212
# of unsupported tests		1236

		=== gcc Summary ===

# of expected passes		154200
# of unexpected failures	13
# of expected failures		425
# of unresolved testcases	1
# of unsupported tests		2064
/var/gcc/regression/gcc-4.6-branch/11-gcc/build/gcc/xgcc  version 4.6.4 20130308 (prerelease) [gcc-4_6-branch revision 196529] (GCC) 

		=== gfortran tests ===


Running target unix

		=== gfortran Summary for unix ===

# of expected passes		38940
# of expected failures		41
# of unsupported tests		227

Running target unix/-m64

		=== gfortran Summary for unix/-m64 ===

# of expected passes		39245
# of expected failures		41
# of unsupported tests		79

		=== gfortran Summary ===

# of expected passes		78185
# of expected failures		82
# of unsupported tests		306
/var/gcc/regression/gcc-4.6-branch/11-gcc/build/gcc/testsuite/gfortran/../../gfortran  version 4.6.4 20130308 (prerelease) [gcc-4_6-branch revision 196529] (GCC) 

		=== gnat tests ===


Running target unix

		=== gnat Summary for unix ===

# of expected passes		878
# of expected failures		10
# of unsupported tests		3

Running target unix/-m64

		=== gnat Summary for unix/-m64 ===

# of expected passes		878
# of expected failures		10
# of unsupported tests		3

		=== gnat Summary ===

# of expected passes		1756
# of expected failures		20
# of unsupported tests		6
/var/gcc/regression/gcc-4.6-branch/11-gcc/build/gcc/gnatmake version 4.6.4 20130308 (prerelease) [gcc-4_6-branch revision 196529]

		=== objc tests ===


Running target unix

		=== objc Summary for unix ===

# of expected passes		2920
# of expected failures		6
# of unsupported tests		74

Running target unix/-m64

		=== objc Summary for unix/-m64 ===

# of expected passes		2910
# of expected failures		16
# of unsupported tests		74

		=== objc Summary ===

# of expected passes		5830
# of expected failures		22
# of unsupported tests		148
/var/gcc/regression/gcc-4.6-branch/11-gcc/build/gcc/xgcc  version 4.6.4 20130308 (prerelease) [gcc-4_6-branch revision 196529] (GCC) 

		=== libffi tests ===


Running target unix

		=== libffi Summary for unix ===

# of expected passes		1634
# of expected failures		10
# of unsupported tests		15

Running target unix/-m64

		=== libffi Summary for unix/-m64 ===

# of expected passes		1634
# of expected failures		10
# of unsupported tests		15

		=== libffi Summary ===

# of expected passes		3268
# of expected failures		20
# of unsupported tests		30
		=== libgomp tests ===


Running target unix

		=== libgomp Summary for unix ===

# of expected passes		2628
# of unsupported tests		3

Running target unix/-m64

		=== libgomp Summary for unix/-m64 ===

# of expected passes		2628
# of unsupported tests		3

		=== libgomp Summary ===

# of expected passes		5256
# of unsupported tests		6
		=== libjava tests ===


Running target unix

		=== libjava Summary for unix ===

# of expected passes		2574

Running target unix/-m64

		=== libjava Summary for unix/-m64 ===

# of expected passes		2574

		=== libjava Summary ===

# of expected passes		5148
		=== libstdc++ tests ===


Running target unix

		=== libstdc++ Summary for unix ===

# of expected passes		7432
# of expected failures		82
# of unsupported tests		463

Running target unix/-m64
FAIL: libstdc++-abi/abi_check

		=== libstdc++ Summary for unix/-m64 ===

# of expected passes		7431
# of unexpected failures	1
# of expected failures		82
# of unsupported tests		463

		=== libstdc++ Summary ===

# of expected passes		14863
# of unexpected failures	1
# of expected failures		164
# of unsupported tests		926

Compiler version: 4.6.4 20130308 (prerelease) [gcc-4_6-branch revision 196529] (GCC) 
Platform: i386-pc-solaris2.11
configure flags: --prefix=/vol/gcc --target=i386-pc-solaris2.11 --with-gmp-include=/vol/gcc/include --with-gmp-lib=/vol/gcc/lib --with-mpfr-include=/vol/gcc/include --with-mpfr-lib=/vol/gcc/lib --with-mpc-include=/vol/gcc/include --with-mpc-lib=/vol/gcc/lib --enable-languages=all,ada --without-ppl --without-isl --without-cloog
BOOT_CFLAGS=-g -O2


Index Nav: [Date Index] [Subject Index] [Author Index] [Thread Index]
Message Nav: [Date Prev] [Date Next] [Thread Prev] [Thread Next]