This is the mail archive of the gcc-testresults@gcc.gnu.org mailing list for the GCC project.


Index Nav: [Date Index] [Subject Index] [Author Index] [Thread Index]
Message Nav: [Date Prev] [Date Next] [Thread Prev] [Thread Next]
Other format: [Raw text]

Results for 4.7.3 20130308 (prerelease) [gcc-4_7-branch revision 196537] (GCC) testsuite on i386-pc-solaris2.11


LAST_UPDATED: Fri Mar  8 14:00:50 UTC 2013 (revision 196537)

		=== acats tests ===

		=== acats Summary ===
# of expected passes		2320
# of unexpected failures	0
Native configuration is i386-pc-solaris2.11

		=== g++ tests ===


Running target unix

		=== g++ Summary for unix ===

# of expected passes		47324
# of expected failures		288
# of unsupported tests		409

Running target unix/-m64

		=== g++ Summary for unix/-m64 ===

# of expected passes		48105
# of expected failures		288
# of unsupported tests		649

		=== g++ Summary ===

# of expected passes		95429
# of expected failures		576
# of unsupported tests		1058
/var/gcc/regression/gcc-4.7-branch/11-gcc/build/gcc/testsuite/g++/../../g++  version 4.7.3 20130308 (prerelease) [gcc-4_7-branch revision 196537] (GCC) 

		=== gcc tests ===


Running target unix

		=== gcc Summary for unix ===

# of expected passes		84441
# of expected failures		257
# of unsupported tests		1082

Running target unix/-m64

		=== gcc Summary for unix/-m64 ===

# of expected passes		84687
# of expected failures		257
# of unsupported tests		1447

		=== gcc Summary ===

# of expected passes		169128
# of expected failures		514
# of unsupported tests		2529
/var/gcc/regression/gcc-4.7-branch/11-gcc/build/gcc/xgcc  version 4.7.3 20130308 (prerelease) [gcc-4_7-branch revision 196537] (GCC) 

		=== gfortran tests ===


Running target unix

		=== gfortran Summary for unix ===

# of expected passes		40781
# of expected failures		42
# of unsupported tests		227

Running target unix/-m64

		=== gfortran Summary for unix/-m64 ===

# of expected passes		41086
# of expected failures		42
# of unsupported tests		79

		=== gfortran Summary ===

# of expected passes		81867
# of expected failures		84
# of unsupported tests		306
/var/gcc/regression/gcc-4.7-branch/11-gcc/build/gcc/testsuite/gfortran/../../gfortran  version 4.7.3 20130308 (prerelease) [gcc-4_7-branch revision 196537] (GCC) 

		=== gnat tests ===


Running target unix

		=== gnat Summary for unix ===

# of expected passes		1116
# of expected failures		14
# of unsupported tests		6

Running target unix/-m64

		=== gnat Summary for unix/-m64 ===

# of expected passes		1116
# of expected failures		14
# of unsupported tests		6

		=== gnat Summary ===

# of expected passes		2232
# of expected failures		28
# of unsupported tests		12
/var/gcc/regression/gcc-4.7-branch/11-gcc/build/gcc/gnatmake version 4.7.3 20130308 (prerelease) [gcc-4_7-branch revision 196537]

		=== go tests ===


Running target unix

		=== go Summary for unix ===

# of expected passes		3290
# of expected failures		4
# of untested testcases		6

Running target unix/-m64

		=== go Summary for unix/-m64 ===

# of expected passes		3290
# of expected failures		4
# of untested testcases		6

		=== go Summary ===

# of expected passes		6580
# of expected failures		8
# of untested testcases		12
/var/gcc/regression/gcc-4.7-branch/11-gcc/build/gcc/testsuite/go/../../gccgo  version 4.7.3 20130308 (prerelease) [gcc-4_7-branch revision 196537] (GCC) 

		=== obj-c++ tests ===


Running target unix

		=== obj-c++ Summary for unix ===

# of expected passes		1450
# of expected failures		2
# of unsupported tests		86

Running target unix/-m64

		=== obj-c++ Summary for unix/-m64 ===

# of expected passes		1442
# of expected failures		10
# of unsupported tests		86

		=== obj-c++ Summary ===

# of expected passes		2892
# of expected failures		12
# of unsupported tests		172
/var/gcc/regression/gcc-4.7-branch/11-gcc/build/gcc/testsuite/obj-c++/../../g++  version 4.7.3 20130308 (prerelease) [gcc-4_7-branch revision 196537] (GCC) 

		=== objc tests ===


Running target unix

		=== objc Summary for unix ===

# of expected passes		2988
# of expected failures		6
# of unsupported tests		74

Running target unix/-m64

		=== objc Summary for unix/-m64 ===

# of expected passes		2988
# of expected failures		6
# of unsupported tests		74

		=== objc Summary ===

# of expected passes		5976
# of expected failures		12
# of unsupported tests		148
/var/gcc/regression/gcc-4.7-branch/11-gcc/build/gcc/xgcc  version 4.7.3 20130308 (prerelease) [gcc-4_7-branch revision 196537] (GCC) 

		=== boehm-gc tests ===


Running target unix
FAIL: boehm-gc.c/gctest.c -O2 execution test
FAIL: boehm-gc.c/leak_test.c -O2 execution test
FAIL: boehm-gc.c/thread_leak_test.c -O2 execution test
FAIL: boehm-gc.lib/staticrootstest.c -O2 execution test

		=== boehm-gc Summary for unix ===

# of expected passes		8
# of unexpected failures	4
# of unsupported tests		1

Running target unix/-m64

		=== boehm-gc Summary for unix/-m64 ===

# of expected passes		12
# of unsupported tests		1

		=== boehm-gc Summary ===

# of expected passes		20
# of unexpected failures	4
# of unsupported tests		2
		=== libffi tests ===


Running target unix

		=== libffi Summary for unix ===

# of expected passes		1634
# of expected failures		10
# of unsupported tests		55

Running target unix/-m64

		=== libffi Summary for unix/-m64 ===

# of expected passes		1634
# of expected failures		10
# of unsupported tests		55

		=== libffi Summary ===

# of expected passes		3268
# of expected failures		20
# of unsupported tests		110
		=== libgo tests ===


Running target unix

		=== libgo Summary for unix ===

# of expected passes		124

Running target unix/-m64
FAIL: bytes
FAIL: html
FAIL: net
FAIL: compress/flate
FAIL: crypto/cipher
FAIL: crypto/ecdsa
FAIL: crypto/rand
FAIL: encoding/hex
FAIL: exp/ebnf
FAIL: exp/html
FAIL: exp/terminal
FAIL: hash/fnv
FAIL: log/syslog
FAIL: math/big
FAIL: net/http
FAIL: net/http/fcgi
FAIL: net/http/httputil
FAIL: net/mail
FAIL: net/rpc
FAIL: old/netchan
FAIL: runtime/pprof
FAIL: text/tabwriter
FAIL: unicode/utf8

		=== libgo Summary for unix/-m64 ===

# of expected passes		101
# of unexpected failures	23

		=== libgo Summary ===

# of expected passes		225
# of unexpected failures	23
/var/gcc/regression/gcc-4.7-branch/11-gcc/build/./gcc/gccgo version 4.7.3 20130308 (prerelease) [gcc-4_7-branch revision 196537] (GCC)

		=== libgomp tests ===


Running target unix

		=== libgomp Summary for unix ===

# of expected passes		2940
# of unsupported tests		3

Running target unix/-m64

		=== libgomp Summary for unix/-m64 ===

# of expected passes		2940
# of unsupported tests		3

		=== libgomp Summary ===

# of expected passes		5880
# of unsupported tests		6
		=== libitm tests ===


Running target unix

		=== libitm Summary for unix ===

# of expected passes		26
# of expected failures		3
# of unsupported tests		1

Running target unix/-m64

		=== libitm Summary for unix/-m64 ===

# of expected passes		26
# of expected failures		3
# of unsupported tests		1

		=== libitm Summary ===

# of expected passes		52
# of expected failures		6
# of unsupported tests		2
		=== libjava tests ===


Running target unix

		=== libjava Summary for unix ===

# of expected passes		2574

Running target unix/-m64

		=== libjava Summary for unix/-m64 ===

# of expected passes		2574

		=== libjava Summary ===

# of expected passes		5148
		=== libmudflap tests ===


Running target unix

		=== libmudflap Summary for unix ===

# of expected passes		1442

Running target unix/-m64
FAIL: libmudflap.c++/pass55-frag.cxx ( -O) execution test

		=== libmudflap Summary for unix/-m64 ===

# of expected passes		1441
# of unexpected failures	1

		=== libmudflap Summary ===

# of expected passes		2883
# of unexpected failures	1
		=== libstdc++ tests ===


Running target unix
FAIL: libstdc++-prettyprinters/shared_ptr.cc print esp
FAIL: libstdc++-prettyprinters/shared_ptr.cc print ewp1
FAIL: libstdc++-prettyprinters/shared_ptr.cc print ewp2
FAIL: libstdc++-prettyprinters/shared_ptr.cc print sp1
FAIL: libstdc++-prettyprinters/shared_ptr.cc print wp1
FAIL: libstdc++-prettyprinters/shared_ptr.cc print wp2

		=== libstdc++ Summary for unix ===

# of expected passes		8012
# of unexpected failures	6
# of expected failures		45
# of unsupported tests		514

Running target unix/-m64
FAIL: libstdc++-abi/abi_check
FAIL: libstdc++-prettyprinters/shared_ptr.cc print esp
FAIL: libstdc++-prettyprinters/shared_ptr.cc print ewp1
FAIL: libstdc++-prettyprinters/shared_ptr.cc print ewp2
FAIL: libstdc++-prettyprinters/shared_ptr.cc print sp1
FAIL: libstdc++-prettyprinters/shared_ptr.cc print wp1
FAIL: libstdc++-prettyprinters/shared_ptr.cc print wp2

		=== libstdc++ Summary for unix/-m64 ===

# of expected passes		8011
# of unexpected failures	7
# of expected failures		45
# of unsupported tests		514

		=== libstdc++ Summary ===

# of expected passes		16023
# of unexpected failures	13
# of expected failures		90
# of unsupported tests		1028

Compiler version: 4.7.3 20130308 (prerelease) [gcc-4_7-branch revision 196537] (GCC) 
Platform: i386-pc-solaris2.11
configure flags: --prefix=/vol/gcc --target=i386-pc-solaris2.11 --enable-objc-gc --enable-libmudflap --with-gmp-include=/vol/gcc/include --with-gmp-lib=/vol/gcc/lib --with-mpfr-include=/vol/gcc/include --with-mpfr-lib=/vol/gcc/lib --with-mpc-include=/vol/gcc/include --with-mpc-lib=/vol/gcc/lib --enable-languages=all,ada,obj-c++,go --without-ppl --without-isl --without-cloog
BOOT_CFLAGS=-g -O2


Index Nav: [Date Index] [Subject Index] [Author Index] [Thread Index]
Message Nav: [Date Prev] [Date Next] [Thread Prev] [Thread Next]