This is the mail archive of the gcc-testresults@gcc.gnu.org mailing list for the GCC project.


Index Nav: [Date Index] [Subject Index] [Author Index] [Thread Index]
Message Nav: [Date Prev] [Date Next] [Thread Prev] [Thread Next]
Other format: [Raw text]

Results for 4.8.0 20130228 (experimental) [trunk revision 196362] (Debian 4.8-20130228-1) testsuite on mipsel-unknown-linux-gnu


LAST_UPDATED: Thu Feb 28 23:07:26 UTC 2013 (revision 196362)

Target: mipsel-linux-gnu
gcc version 4.8.0 20130228 (experimental) [trunk revision 196362] (Debian 4.8-20130228-1) 
Native configuration is mipsel-unknown-linux-gnu

		=== g++ tests ===


Running target unix
FAIL: g++.dg/plugin/attribute_plugin.c compilation
FAIL: g++.dg/plugin/pragma_plugin.c compilation
FAIL: g++.dg/plugin/selfassign.c compilation
FAIL: g++.dg/plugin/dumb_plugin.c compilation
FAIL: g++.dg/plugin/header_plugin.c compilation
FAIL: g++.dg/plugin/decl_plugin.c compilation

		=== g++ Summary for unix ===

# of expected passes		49861
# of unexpected failures	6
# of expected failures		291
# of unsupported tests		872

Running target unix/-fstack-protector
FAIL: g++.dg/plugin/attribute_plugin.c compilation
FAIL: g++.dg/plugin/pragma_plugin.c compilation
FAIL: g++.dg/plugin/selfassign.c compilation
FAIL: g++.dg/plugin/dumb_plugin.c compilation
FAIL: g++.dg/plugin/header_plugin.c compilation
FAIL: g++.dg/plugin/decl_plugin.c compilation

		=== g++ Summary for unix/-fstack-protector ===

# of expected passes		49861
# of unexpected failures	6
# of expected failures		291
# of unsupported tests		872

Running target unix/-mabi=64
FAIL: g++.dg/plugin/attribute_plugin.c compilation
FAIL: g++.dg/plugin/pragma_plugin.c compilation
FAIL: g++.dg/plugin/selfassign.c compilation
FAIL: g++.dg/plugin/dumb_plugin.c compilation
FAIL: g++.dg/plugin/header_plugin.c compilation
FAIL: g++.dg/plugin/decl_plugin.c compilation

		=== g++ Summary for unix/-mabi=64 ===

# of expected passes		51109
# of unexpected failures	6
# of expected failures		291
# of unsupported tests		862

Running target unix/-mabi=n32
FAIL: g++.dg/plugin/attribute_plugin.c compilation
FAIL: g++.dg/plugin/pragma_plugin.c compilation
FAIL: g++.dg/plugin/selfassign.c compilation
FAIL: g++.dg/plugin/dumb_plugin.c compilation
FAIL: g++.dg/plugin/header_plugin.c compilation
FAIL: g++.dg/plugin/decl_plugin.c compilation

		=== g++ Summary for unix/-mabi=n32 ===

# of expected passes		51182
# of unexpected failures	6
# of expected failures		291
# of unsupported tests		857

		=== g++ Summary ===

# of expected passes		202013
# of unexpected failures	24
# of expected failures		1164
# of unsupported tests		3463
/build/buildd-gcc-4.8_4.8-20130228-1-mipsel-xdNI7L/gcc-4.8-4.8-20130228/build/gcc/testsuite/g++/../../xg++  version 4.8.0 20130228 (experimental) [trunk revision 196362] (Debian 4.8-20130228-1) 

		=== gcc tests ===


Running target unix
FAIL: gcc.dg/graphite/id-pr46845.c (internal compiler error)
FAIL: gcc.dg/graphite/id-pr46845.c (test for excess errors)
FAIL: gcc.dg/plugin/selfassign.c compilation
FAIL: gcc.dg/plugin/ggcplug.c compilation
FAIL: gcc.dg/plugin/one_time_plugin.c compilation
FAIL: gcc.dg/plugin/start_unit_plugin.c compilation
FAIL: gcc.dg/plugin/finish_unit_plugin.c compilation
FAIL: gcc.target/mips/mips-sched-madd.c  -O2   scan-assembler \\tmult\\t
FAIL: gcc.target/mips/mips-sched-madd.c  -O3 -fomit-frame-pointer   scan-assembler \\tmult\\t
FAIL: gcc.target/mips/mips-sched-madd.c  -O3 -g   scan-assembler \\tmult\\t
FAIL: gcc.target/mips/mips-sched-madd.c  -O2 -flto -fno-use-linker-plugin -flto-partition=none   scan-assembler \\tmult\\t
FAIL: gcc.target/mips/mips-sched-madd.c  -O2 -flto -fuse-linker-plugin -fno-fat-lto-objects   scan-assembler \\tmult\\t
FAIL: gcc.target/mips/octeon-pipe-1.c  -O1   scan-rtl-dump sched2 "octeon_mult\\\\*71"
FAIL: gcc.target/mips/octeon-pipe-1.c  -O2   scan-rtl-dump sched2 "octeon_mult\\\\*71"
FAIL: gcc.target/mips/octeon-pipe-1.c  -O3 -fomit-frame-pointer   scan-rtl-dump sched2 "octeon_mult\\\\*71"
FAIL: gcc.target/mips/octeon-pipe-1.c  -O3 -g   scan-rtl-dump sched2 "octeon_mult\\\\*71"
FAIL: gcc.target/mips/octeon-pipe-1.c  -Os   scan-rtl-dump sched2 "octeon_mult\\\\*71"
FAIL: gcc.target/mips/octeon-pipe-1.c  -O2 -flto -fno-use-linker-plugin -flto-partition=none   scan-rtl-dump sched2 "octeon_mult\\\\*71"
FAIL: gcc.target/mips/octeon-pipe-1.c  -O2 -flto -fuse-linker-plugin -fno-fat-lto-objects   scan-rtl-dump sched2 "octeon_mult\\\\*71"
FAIL: gcc.target/mips/octeon2-pipe-1.c  -O1   scan-rtl-dump sched2 "octeon_mult\\\\*17"
FAIL: gcc.target/mips/octeon2-pipe-1.c  -O2   scan-rtl-dump sched2 "octeon_mult\\\\*17"
FAIL: gcc.target/mips/octeon2-pipe-1.c  -O3 -fomit-frame-pointer   scan-rtl-dump sched2 "octeon_mult\\\\*17"
FAIL: gcc.target/mips/octeon2-pipe-1.c  -O3 -g   scan-rtl-dump sched2 "octeon_mult\\\\*17"
FAIL: gcc.target/mips/octeon2-pipe-1.c  -Os   scan-rtl-dump sched2 "octeon_mult\\\\*17"
FAIL: gcc.target/mips/octeon2-pipe-1.c  -O2 -flto -fno-use-linker-plugin -flto-partition=none   scan-rtl-dump sched2 "octeon_mult\\\\*17"
UNRESOLVED: gcc.target/mips/octeon2-pipe-1.c  -O2 -flto -fuse-linker-plugin -fno-fat-lto-objects   scan-rtl-dump sched2 "octeon_mult\\\\*17"
UNRESOLVED: gcc.target/mips/pr54240.c  -O2 -flto -fuse-linker-plugin -fno-fat-lto-objects   scan-tree-dump phiopt1 "Hoisting adjacent loads"

		=== gcc Summary for unix ===

# of expected passes		90877
# of unexpected failures	25
# of expected failures		147
# of unresolved testcases	2
# of unsupported tests		1324

Running target unix/-fstack-protector
FAIL: gcc.dg/stack-usage-1.c scan-file foo\\t(256|264)\\tstatic
FAIL: gcc.dg/superblock.c scan-rtl-dump-times sched2 "ADVANCING TO" 2
FAIL: gcc.dg/graphite/id-pr46845.c (internal compiler error)
FAIL: gcc.dg/graphite/id-pr46845.c (test for excess errors)
FAIL: gcc.dg/plugin/selfassign.c compilation
FAIL: gcc.dg/plugin/ggcplug.c compilation
FAIL: gcc.dg/plugin/one_time_plugin.c compilation
FAIL: gcc.dg/plugin/start_unit_plugin.c compilation
FAIL: gcc.dg/plugin/finish_unit_plugin.c compilation
FAIL: gcc.target/mips/mips-sched-madd.c  -O2   scan-assembler \\tmult\\t
FAIL: gcc.target/mips/mips-sched-madd.c  -O3 -fomit-frame-pointer   scan-assembler \\tmult\\t
FAIL: gcc.target/mips/mips-sched-madd.c  -O3 -g   scan-assembler \\tmult\\t
FAIL: gcc.target/mips/mips-sched-madd.c  -O2 -flto -fno-use-linker-plugin -flto-partition=none   scan-assembler \\tmult\\t
FAIL: gcc.target/mips/mips-sched-madd.c  -O2 -flto -fuse-linker-plugin -fno-fat-lto-objects   scan-assembler \\tmult\\t
FAIL: gcc.target/mips/octeon-pipe-1.c  -O1   scan-rtl-dump sched2 "octeon_mult\\\\*71"
FAIL: gcc.target/mips/octeon-pipe-1.c  -O2   scan-rtl-dump sched2 "octeon_mult\\\\*71"
FAIL: gcc.target/mips/octeon-pipe-1.c  -O3 -fomit-frame-pointer   scan-rtl-dump sched2 "octeon_mult\\\\*71"
FAIL: gcc.target/mips/octeon-pipe-1.c  -O3 -g   scan-rtl-dump sched2 "octeon_mult\\\\*71"
FAIL: gcc.target/mips/octeon-pipe-1.c  -Os   scan-rtl-dump sched2 "octeon_mult\\\\*71"
FAIL: gcc.target/mips/octeon-pipe-1.c  -O2 -flto -fno-use-linker-plugin -flto-partition=none   scan-rtl-dump sched2 "octeon_mult\\\\*71"
FAIL: gcc.target/mips/octeon-pipe-1.c  -O2 -flto -fuse-linker-plugin -fno-fat-lto-objects   scan-rtl-dump sched2 "octeon_mult\\\\*71"
FAIL: gcc.target/mips/octeon2-pipe-1.c  -O1   scan-rtl-dump sched2 "octeon_mult\\\\*17"
FAIL: gcc.target/mips/octeon2-pipe-1.c  -O2   scan-rtl-dump sched2 "octeon_mult\\\\*17"
FAIL: gcc.target/mips/octeon2-pipe-1.c  -O3 -fomit-frame-pointer   scan-rtl-dump sched2 "octeon_mult\\\\*17"
FAIL: gcc.target/mips/octeon2-pipe-1.c  -O3 -g   scan-rtl-dump sched2 "octeon_mult\\\\*17"
FAIL: gcc.target/mips/octeon2-pipe-1.c  -Os   scan-rtl-dump sched2 "octeon_mult\\\\*17"
FAIL: gcc.target/mips/octeon2-pipe-1.c  -O2 -flto -fno-use-linker-plugin -flto-partition=none   scan-rtl-dump sched2 "octeon_mult\\\\*17"
UNRESOLVED: gcc.target/mips/octeon2-pipe-1.c  -O2 -flto -fuse-linker-plugin -fno-fat-lto-objects   scan-rtl-dump sched2 "octeon_mult\\\\*17"
UNRESOLVED: gcc.target/mips/pr54240.c  -O2 -flto -fuse-linker-plugin -fno-fat-lto-objects   scan-tree-dump phiopt1 "Hoisting adjacent loads"

		=== gcc Summary for unix/-fstack-protector ===

# of expected passes		90875
# of unexpected failures	27
# of expected failures		147
# of unresolved testcases	2
# of unsupported tests		1324

Running target unix/-mabi=64
FAIL: gcc.dg/graphite/id-pr46845.c (internal compiler error)
FAIL: gcc.dg/graphite/id-pr46845.c (test for excess errors)
FAIL: gcc.dg/plugin/selfassign.c compilation
FAIL: gcc.dg/plugin/ggcplug.c compilation
FAIL: gcc.dg/plugin/one_time_plugin.c compilation
FAIL: gcc.dg/plugin/start_unit_plugin.c compilation
FAIL: gcc.dg/plugin/finish_unit_plugin.c compilation
FAIL: gcc.target/mips/mips-sched-madd.c  -O2   scan-assembler \\tmult\\t
FAIL: gcc.target/mips/mips-sched-madd.c  -O3 -fomit-frame-pointer   scan-assembler \\tmult\\t
FAIL: gcc.target/mips/mips-sched-madd.c  -O3 -g   scan-assembler \\tmult\\t
FAIL: gcc.target/mips/mips-sched-madd.c  -O2 -flto -fno-use-linker-plugin -flto-partition=none   scan-assembler \\tmult\\t
FAIL: gcc.target/mips/mips-sched-madd.c  -O2 -flto -fuse-linker-plugin -fno-fat-lto-objects   scan-assembler \\tmult\\t
FAIL: gcc.target/mips/octeon-pipe-1.c  -O1   scan-rtl-dump sched2 "octeon_mult\\\\*71"
FAIL: gcc.target/mips/octeon-pipe-1.c  -O2   scan-rtl-dump sched2 "octeon_mult\\\\*71"
FAIL: gcc.target/mips/octeon-pipe-1.c  -O3 -fomit-frame-pointer   scan-rtl-dump sched2 "octeon_mult\\\\*71"
FAIL: gcc.target/mips/octeon-pipe-1.c  -O3 -g   scan-rtl-dump sched2 "octeon_mult\\\\*71"
FAIL: gcc.target/mips/octeon-pipe-1.c  -Os   scan-rtl-dump sched2 "octeon_mult\\\\*71"
FAIL: gcc.target/mips/octeon-pipe-1.c  -O2 -flto -fno-use-linker-plugin -flto-partition=none   scan-rtl-dump sched2 "octeon_mult\\\\*71"
FAIL: gcc.target/mips/octeon-pipe-1.c  -O2 -flto -fuse-linker-plugin -fno-fat-lto-objects   scan-rtl-dump sched2 "octeon_mult\\\\*71"
FAIL: gcc.target/mips/octeon2-pipe-1.c  -O1   scan-rtl-dump sched2 "octeon_mult\\\\*17"
FAIL: gcc.target/mips/octeon2-pipe-1.c  -O2   scan-rtl-dump sched2 "octeon_mult\\\\*17"
FAIL: gcc.target/mips/octeon2-pipe-1.c  -O3 -fomit-frame-pointer   scan-rtl-dump sched2 "octeon_mult\\\\*17"
FAIL: gcc.target/mips/octeon2-pipe-1.c  -O3 -g   scan-rtl-dump sched2 "octeon_mult\\\\*17"
FAIL: gcc.target/mips/octeon2-pipe-1.c  -Os   scan-rtl-dump sched2 "octeon_mult\\\\*17"
FAIL: gcc.target/mips/octeon2-pipe-1.c  -O2 -flto -fno-use-linker-plugin -flto-partition=none   scan-rtl-dump sched2 "octeon_mult\\\\*17"
UNRESOLVED: gcc.target/mips/octeon2-pipe-1.c  -O2 -flto -fuse-linker-plugin -fno-fat-lto-objects   scan-rtl-dump sched2 "octeon_mult\\\\*17"
UNRESOLVED: gcc.target/mips/pr54240.c  -O2 -flto -fuse-linker-plugin -fno-fat-lto-objects   scan-tree-dump phiopt1 "Hoisting adjacent loads"

		=== gcc Summary for unix/-mabi=64 ===

# of expected passes		91566
# of unexpected failures	25
# of expected failures		150
# of unresolved testcases	2
# of unsupported tests		1291

Running target unix/-mabi=n32
FAIL: gcc.dg/graphite/id-pr46845.c (internal compiler error)
FAIL: gcc.dg/graphite/id-pr46845.c (test for excess errors)
FAIL: gcc.dg/plugin/selfassign.c compilation
FAIL: gcc.dg/plugin/ggcplug.c compilation
FAIL: gcc.dg/plugin/one_time_plugin.c compilation
FAIL: gcc.dg/plugin/start_unit_plugin.c compilation
FAIL: gcc.dg/plugin/finish_unit_plugin.c compilation
FAIL: gcc.target/mips/mips-sched-madd.c  -O2   scan-assembler \\tmult\\t
FAIL: gcc.target/mips/mips-sched-madd.c  -O3 -fomit-frame-pointer   scan-assembler \\tmult\\t
FAIL: gcc.target/mips/mips-sched-madd.c  -O3 -g   scan-assembler \\tmult\\t
FAIL: gcc.target/mips/mips-sched-madd.c  -O2 -flto -fno-use-linker-plugin -flto-partition=none   scan-assembler \\tmult\\t
FAIL: gcc.target/mips/mips-sched-madd.c  -O2 -flto -fuse-linker-plugin -fno-fat-lto-objects   scan-assembler \\tmult\\t
FAIL: gcc.target/mips/octeon-pipe-1.c  -O1   scan-rtl-dump sched2 "octeon_mult\\\\*71"
FAIL: gcc.target/mips/octeon-pipe-1.c  -O2   scan-rtl-dump sched2 "octeon_mult\\\\*71"
FAIL: gcc.target/mips/octeon-pipe-1.c  -O3 -fomit-frame-pointer   scan-rtl-dump sched2 "octeon_mult\\\\*71"
FAIL: gcc.target/mips/octeon-pipe-1.c  -O3 -g   scan-rtl-dump sched2 "octeon_mult\\\\*71"
FAIL: gcc.target/mips/octeon-pipe-1.c  -Os   scan-rtl-dump sched2 "octeon_mult\\\\*71"
FAIL: gcc.target/mips/octeon-pipe-1.c  -O2 -flto -fno-use-linker-plugin -flto-partition=none   scan-rtl-dump sched2 "octeon_mult\\\\*71"
FAIL: gcc.target/mips/octeon-pipe-1.c  -O2 -flto -fuse-linker-plugin -fno-fat-lto-objects   scan-rtl-dump sched2 "octeon_mult\\\\*71"
FAIL: gcc.target/mips/octeon2-pipe-1.c  -O1   scan-rtl-dump sched2 "octeon_mult\\\\*17"
FAIL: gcc.target/mips/octeon2-pipe-1.c  -O2   scan-rtl-dump sched2 "octeon_mult\\\\*17"
FAIL: gcc.target/mips/octeon2-pipe-1.c  -O3 -fomit-frame-pointer   scan-rtl-dump sched2 "octeon_mult\\\\*17"
FAIL: gcc.target/mips/octeon2-pipe-1.c  -O3 -g   scan-rtl-dump sched2 "octeon_mult\\\\*17"
FAIL: gcc.target/mips/octeon2-pipe-1.c  -Os   scan-rtl-dump sched2 "octeon_mult\\\\*17"
FAIL: gcc.target/mips/octeon2-pipe-1.c  -O2 -flto -fno-use-linker-plugin -flto-partition=none   scan-rtl-dump sched2 "octeon_mult\\\\*17"
UNRESOLVED: gcc.target/mips/octeon2-pipe-1.c  -O2 -flto -fuse-linker-plugin -fno-fat-lto-objects   scan-rtl-dump sched2 "octeon_mult\\\\*17"
UNRESOLVED: gcc.target/mips/pr54240.c  -O2 -flto -fuse-linker-plugin -fno-fat-lto-objects   scan-tree-dump phiopt1 "Hoisting adjacent loads"

		=== gcc Summary for unix/-mabi=n32 ===

# of expected passes		91588
# of unexpected failures	25
# of expected failures		147
# of unresolved testcases	2
# of unsupported tests		1286

		=== gcc Summary ===

# of expected passes		364906
# of unexpected failures	102
# of expected failures		591
# of unresolved testcases	8
# of unsupported tests		5225
/build/buildd-gcc-4.8_4.8-20130228-1-mipsel-xdNI7L/gcc-4.8-4.8-20130228/build/gcc/xgcc  version 4.8.0 20130228 (experimental) [trunk revision 196362] (Debian 4.8-20130228-1) 

		=== gfortran tests ===


Running target unix
XPASS: gfortran.dg/do_1.f90  -O0  execution test
XPASS: gfortran.dg/do_1.f90  -O1  execution test

		=== gfortran Summary for unix ===

# of expected passes		42132
# of unexpected successes	2
# of expected failures		62
# of unsupported tests		396

Running target unix/-fstack-protector
XPASS: gfortran.dg/do_1.f90  -O0  execution test
XPASS: gfortran.dg/do_1.f90  -O1  execution test

		=== gfortran Summary for unix/-fstack-protector ===

# of expected passes		42132
# of unexpected successes	2
# of expected failures		62
# of unsupported tests		396

Running target unix/-mabi=64
XPASS: gfortran.dg/do_1.f90  -O0  execution test
XPASS: gfortran.dg/do_1.f90  -O1  execution test

		=== gfortran Summary for unix/-mabi=64 ===

# of expected passes		42764
# of unexpected successes	2
# of expected failures		62
# of unsupported tests		87

Running target unix/-mabi=n32
XPASS: gfortran.dg/do_1.f90  -O0  execution test
XPASS: gfortran.dg/do_1.f90  -O1  execution test

		=== gfortran Summary for unix/-mabi=n32 ===

# of expected passes		42764
# of unexpected successes	2
# of expected failures		62
# of unsupported tests		87

		=== gfortran Summary ===

# of expected passes		169792
# of unexpected successes	8
# of expected failures		248
# of unsupported tests		966
/build/buildd-gcc-4.8_4.8-20130228-1-mipsel-xdNI7L/gcc-4.8-4.8-20130228/build/gcc/testsuite/gfortran/../../gfortran  version 4.8.0 20130228 (experimental) [trunk revision 196362] (Debian 4.8-20130228-1) 

		=== go tests ===


Running target unix

		=== go Summary for unix ===

# of expected passes		5083
# of expected failures		1
# of untested testcases		5

Running target unix/-fstack-protector

		=== go Summary for unix/-fstack-protector ===

# of expected passes		5083
# of expected failures		1
# of untested testcases		5

Running target unix/-mabi=64
FAIL: go.test/test/nilptr.go execution,  -O2 -g 

		=== go Summary for unix/-mabi=64 ===

# of expected passes		4962
# of unexpected failures	1
# of expected failures		1
# of untested testcases		5

Running target unix/-mabi=n32
FAIL: go.test/test/nilptr.go execution,  -O2 -g 

		=== go Summary for unix/-mabi=n32 ===

# of expected passes		5082
# of unexpected failures	1
# of expected failures		1
# of untested testcases		5

		=== go Summary ===

# of expected passes		20210
# of unexpected failures	2
# of expected failures		4
# of untested testcases		20
/build/buildd-gcc-4.8_4.8-20130228-1-mipsel-xdNI7L/gcc-4.8-4.8-20130228/build/gcc/testsuite/go/../../gccgo  version 4.8.0 20130228 (experimental) [trunk revision 196362] (Debian 4.8-20130228-1) 

		=== obj-c++ tests ===


Running target unix

		=== obj-c++ Summary for unix ===

# of expected passes		1450
# of expected failures		2
# of unsupported tests		86

Running target unix/-fstack-protector

		=== obj-c++ Summary for unix/-fstack-protector ===

# of expected passes		1450
# of expected failures		2
# of unsupported tests		86

Running target unix/-mabi=64

		=== obj-c++ Summary for unix/-mabi=64 ===

# of expected passes		1442
# of expected failures		10
# of unsupported tests		86

Running target unix/-mabi=n32

		=== obj-c++ Summary for unix/-mabi=n32 ===

# of expected passes		1450
# of expected failures		2
# of unsupported tests		86

		=== obj-c++ Summary ===

# of expected passes		5792
# of expected failures		16
# of unsupported tests		344
/build/buildd-gcc-4.8_4.8-20130228-1-mipsel-xdNI7L/gcc-4.8-4.8-20130228/build/gcc/testsuite/obj-c++/../../xg++  version 4.8.0 20130228 (experimental) [trunk revision 196362] (Debian 4.8-20130228-1) 

		=== objc tests ===


Running target unix

		=== objc Summary for unix ===

# of expected passes		2994
# of unsupported tests		74

Running target unix/-fstack-protector

		=== objc Summary for unix/-fstack-protector ===

# of expected passes		2994
# of unsupported tests		74

Running target unix/-mabi=64

		=== objc Summary for unix/-mabi=64 ===

# of expected passes		2994
# of unsupported tests		74

Running target unix/-mabi=n32

		=== objc Summary for unix/-mabi=n32 ===

# of expected passes		2994
# of unsupported tests		74

		=== objc Summary ===

# of expected passes		11976
# of unsupported tests		296
/build/buildd-gcc-4.8_4.8-20130228-1-mipsel-xdNI7L/gcc-4.8-4.8-20130228/build/gcc/xgcc  version 4.8.0 20130228 (experimental) [trunk revision 196362] (Debian 4.8-20130228-1) 

		=== libatomic tests ===


Running target unix

		=== libatomic Summary for unix ===

# of expected passes		34
# of unsupported tests		10

Running target unix/-fstack-protector

		=== libatomic Summary for unix/-fstack-protector ===

# of expected passes		34
# of unsupported tests		10

Running target unix/-mabi=64

		=== libatomic Summary for unix/-mabi=64 ===

# of expected passes		34
# of unsupported tests		10

Running target unix/-mabi=n32

		=== libatomic Summary for unix/-mabi=n32 ===

# of expected passes		34
# of unsupported tests		10

		=== libatomic Summary ===

# of expected passes		136
# of unsupported tests		40
		=== libffi tests ===


Running target unix

		=== libffi Summary for unix ===

# of expected passes		1819
# of unsupported tests		55

Running target unix/-fstack-protector

		=== libffi Summary for unix/-fstack-protector ===

# of expected passes		1819
# of unsupported tests		55

Running target unix/-mabi=64
FAIL: libffi.call/cls_double_va.c -O0 -W -Wall output pattern test, is 0.0
FAIL: libffi.call/cls_longdouble_va.c -O0 -W -Wall output pattern test, is 0.0
FAIL: libffi.call/float_va.c -O0 -W -Wall output pattern test, is 0: 2.0 : total: 2.0
FAIL: libffi.call/cls_double_va.c -O2 output pattern test, is 0.0
FAIL: libffi.call/cls_longdouble_va.c -O2 output pattern test, is 0.0
FAIL: libffi.call/float_va.c -O2 output pattern test, is 0: 2.0 : total: 2.0
FAIL: libffi.call/cls_double_va.c -O3 output pattern test, is 0.0
FAIL: libffi.call/cls_longdouble_va.c -O3 output pattern test, is 0.0
FAIL: libffi.call/float_va.c -O3 output pattern test, is 0: 2.0 : total: 2.0
FAIL: libffi.call/cls_double_va.c -Os output pattern test, is 0.0
FAIL: libffi.call/cls_longdouble_va.c -Os output pattern test, is 0.0
FAIL: libffi.call/float_va.c -Os output pattern test, is 0: 2.0 : total: 2.0
FAIL: libffi.call/cls_double_va.c -O2 -fomit-frame-pointer output pattern test, is 0.0
FAIL: libffi.call/cls_longdouble_va.c -O2 -fomit-frame-pointer output pattern test, is 0.0
FAIL: libffi.call/float_va.c -O2 -fomit-frame-pointer output pattern test, is 0: 2.0 : total: 2.0

		=== libffi Summary for unix/-mabi=64 ===

# of expected passes		1804
# of unexpected failures	15
# of unsupported tests		55

Running target unix/-mabi=n32
FAIL: libffi.call/cls_double_va.c -O0 -W -Wall output pattern test, is 0.0
FAIL: libffi.call/cls_longdouble_va.c -O0 -W -Wall output pattern test, is 0.0
FAIL: libffi.call/float_va.c -O0 -W -Wall output pattern test, is 0: 2.0 : total: 2.0
FAIL: libffi.call/cls_double_va.c -O2 output pattern test, is 0.0
FAIL: libffi.call/cls_longdouble_va.c -O2 output pattern test, is 0.0
FAIL: libffi.call/float_va.c -O2 output pattern test, is 0: 2.0 : total: 2.0
FAIL: libffi.call/cls_double_va.c -O3 output pattern test, is 0.0
FAIL: libffi.call/cls_longdouble_va.c -O3 output pattern test, is 0.0
FAIL: libffi.call/float_va.c -O3 output pattern test, is 0: 2.0 : total: 2.0
FAIL: libffi.call/cls_double_va.c -Os output pattern test, is 0.0
FAIL: libffi.call/cls_longdouble_va.c -Os output pattern test, is 0.0
FAIL: libffi.call/float_va.c -Os output pattern test, is 0: 2.0 : total: 2.0
FAIL: libffi.call/cls_double_va.c -O2 -fomit-frame-pointer output pattern test, is 0.0
FAIL: libffi.call/cls_longdouble_va.c -O2 -fomit-frame-pointer output pattern test, is 0.0
FAIL: libffi.call/float_va.c -O2 -fomit-frame-pointer output pattern test, is 0: 2.0 : total: 2.0

		=== libffi Summary for unix/-mabi=n32 ===

# of expected passes		1804
# of unexpected failures	15
# of unsupported tests		55

		=== libffi Summary ===

# of expected passes		7246
# of unexpected failures	30
# of unsupported tests		220
		=== libgo tests ===


Running target unix
FAIL: testing/quick

		=== libgo Summary for unix ===

# of expected passes		130
# of unexpected failures	1

Running target unix/-mabi=n32
FAIL: testing/quick

		=== libgo Summary for unix/-mabi=n32 ===

# of expected passes		130
# of unexpected failures	1

Running target unix/-mabi=64
FAIL: testing/quick

		=== libgo Summary for unix/-mabi=64 ===

# of expected passes		130
# of unexpected failures	1

		=== libgo Summary ===

# of expected passes		390
# of unexpected failures	3
/build/buildd-gcc-4.8_4.8-20130228-1-mipsel-xdNI7L/gcc-4.8-4.8-20130228/build/./gcc/gccgo version 4.8.0 20130228 (experimental) [trunk revision 196362] (Debian 4.8-20130228-1)

		=== libgomp tests ===


Running target unix
WARNING: program timed out.
FAIL: libgomp.graphite/force-parallel-7.c execution test

		=== libgomp Summary for unix ===

# of expected passes		2995
# of unexpected failures	1
# of unsupported tests		1

Running target unix/-fstack-protector
WARNING: program timed out.
FAIL: libgomp.graphite/force-parallel-7.c execution test

		=== libgomp Summary for unix/-fstack-protector ===

# of expected passes		2995
# of unexpected failures	1
# of unsupported tests		1

Running target unix/-mabi=64
WARNING: program timed out.
FAIL: libgomp.graphite/force-parallel-7.c execution test

		=== libgomp Summary for unix/-mabi=64 ===

# of expected passes		2995
# of unexpected failures	1
# of unsupported tests		1

Running target unix/-mabi=n32
WARNING: program timed out.
FAIL: libgomp.graphite/force-parallel-7.c execution test

		=== libgomp Summary for unix/-mabi=n32 ===

# of expected passes		2995
# of unexpected failures	1
# of unsupported tests		1

		=== libgomp Summary ===

# of expected passes		11980
# of unexpected failures	4
# of unsupported tests		4
		=== libmudflap tests ===


Running target unix
FAIL: libmudflap.c/fail37-frag.c (-O2) crash test
FAIL: libmudflap.c/fail37-frag.c (-O2) output pattern test
FAIL: libmudflap.c/fail37-frag.c (-O3) crash test
FAIL: libmudflap.c/fail37-frag.c (-O3) output pattern test
FAIL: libmudflap.c++/pass41-frag.cxx (-static) execution test
FAIL: libmudflap.c++/pass41-frag.cxx ( -O) execution test
FAIL: libmudflap.c++/pass41-frag.cxx (-O2) execution test
FAIL: libmudflap.c++/pass41-frag.cxx (-O3) execution test

		=== libmudflap Summary for unix ===

# of expected passes		1898
# of unexpected failures	8

Running target unix/-fstack-protector
FAIL: libmudflap.c/fail37-frag.c (-O2) crash test
FAIL: libmudflap.c/fail37-frag.c (-O2) output pattern test
FAIL: libmudflap.c/fail37-frag.c (-O3) crash test
FAIL: libmudflap.c/fail37-frag.c (-O3) output pattern test
FAIL: libmudflap.c++/pass41-frag.cxx (-static) execution test
FAIL: libmudflap.c++/pass41-frag.cxx ( -O) execution test
FAIL: libmudflap.c++/pass41-frag.cxx (-O2) execution test
FAIL: libmudflap.c++/pass41-frag.cxx (-O3) execution test

		=== libmudflap Summary for unix/-fstack-protector ===

# of expected passes		1898
# of unexpected failures	8

Running target unix/-mabi=64
FAIL: libmudflap.c/fail37-frag.c (-O2) crash test
FAIL: libmudflap.c/fail37-frag.c (-O2) output pattern test
FAIL: libmudflap.c/fail37-frag.c (-O3) crash test
FAIL: libmudflap.c/fail37-frag.c (-O3) output pattern test
FAIL: libmudflap.c++/pass41-frag.cxx (-static) execution test
FAIL: libmudflap.c++/pass41-frag.cxx ( -O) execution test
FAIL: libmudflap.c++/pass41-frag.cxx (-O2) execution test
FAIL: libmudflap.c++/pass41-frag.cxx (-O3) execution test

		=== libmudflap Summary for unix/-mabi=64 ===

# of expected passes		1898
# of unexpected failures	8

Running target unix/-mabi=n32
FAIL: libmudflap.c/fail37-frag.c (-O2) crash test
FAIL: libmudflap.c/fail37-frag.c (-O2) output pattern test
FAIL: libmudflap.c/fail37-frag.c (-O3) crash test
FAIL: libmudflap.c/fail37-frag.c (-O3) output pattern test
FAIL: libmudflap.c++/pass41-frag.cxx (-static) execution test
FAIL: libmudflap.c++/pass41-frag.cxx ( -O) execution test
FAIL: libmudflap.c++/pass41-frag.cxx (-O2) execution test
FAIL: libmudflap.c++/pass41-frag.cxx (-O3) execution test

		=== libmudflap Summary for unix/-mabi=n32 ===

# of expected passes		1898
# of unexpected failures	8

		=== libmudflap Summary ===

# of expected passes		7592
# of unexpected failures	32

Compiler version: 4.8.0 20130228 (experimental) [trunk revision 196362] (Debian 4.8-20130228-1) 
Platform: mipsel-unknown-linux-gnu
configure flags: -v --with-pkgversion='Debian 4.8-20130228-1' --with-bugurl=file:///usr/share/doc/gcc-4.8/README.Bugs --enable-languages=c,c++,go,fortran,objc,obj-c++ --prefix=/usr --program-suffix=-4.8 --enable-shared --enable-linker-build-id --libexecdir=/usr/lib --without-included-gettext --enable-threads=posix --with-gxx-include-dir=/usr/include/c++/4.8 --libdir=/usr/lib --enable-nls --with-sysroot=/ --enable-clocale=gnu --enable-libstdcxx-debug --enable-libstdcxx-time=yes --enable-gnu-unique-object --disable-libitm --enable-plugin --with-system-zlib --enable-multiarch --with-mips-plt --with-arch-32=mips2 --with-tune-32=mips32 --enable-targets=all --with-arch-64=mips3 --with-tune-64=mips64 --enable-checking=release --build=mipsel-linux-gnu --host=mipsel-linux-gnu --target=mipsel-linux-gnu
BOOT_CFLAGS=


Build Dependencies:
Desired=Unknown/Install/Remove/Purge/Hold
| Status=Not/Inst/Conf-files/Unpacked/halF-conf/Half-inst/trig-aWait/Trig-pend
|/ Err?=(none)/Reinst-required (Status,Err: uppercase=bad)
||/ Name                               Version                Architecture Description
+++-==================================-======================-============-===============================================================================
ii  binutils                           2.22-7.1               mipsel       GNU assembler, linker and binary utilities
ii  g++-4.6                            4.6.3-15               mipsel       GNU C++ compiler
ii  g++-4.6-multilib                   4.6.3-15               mipsel       GNU C++ compiler (multilib files)
ii  g++-multilib                       4:4.6.3-8              mipsel       GNU C++ compiler (multilib files)
ii  libc6:mipsel                       2.13-38                mipsel       Embedded GNU C Library: Shared libraries
ii  libcloog-isl-dev:mipsel            0.18.0-1               mipsel       Chunky Loop Generator (development files)
ii  libgmp-dev:mipsel                  2:5.0.5+dfsg-2         mipsel       Multiprecision arithmetic library developers tools
ii  libisl-dev:mipsel                  0.11.1-2               mipsel       manipulating sets and relations of integer points bounded by linear constraints
ii  libmpc-dev:mipsel                  0.9-4                  mipsel       multiple precision complex floating-point library development package
ii  libmpfr-dev:mipsel                 3.1.1-1                mipsel       multiple precision floating-point computation developers tools


gcc-gfdl-build:
  Build a dummy s-tm-texi without access to the texinfo sources

gcc-textdomain:
  Set gettext's domain and textdomain to the versioned package name.

gcc-driver-extra-langs:
  Add options and specs for languages that are not built from a source
  (but built from separate sources).

gcc-hash-style-both:
  Link using --hash-style=both (alpha, amd64, armel, armhf, ia64, i386, powerpc, ppc64, s390, sparc)

libstdc++-pic:
  Build and install libstdc++_pic.a library.

libstdc++-doclink:
  adjust hrefs to point to the local documentation

libstdc++-man-3cxx:
  Install libstdc++ man pages with suffix .3cxx instead of .3

libstdc++-test-installed:
  Add support to run the libstdc++-v3 testsuite using the
  installed shared libraries.

libjava-stacktrace:
  libgcj: Lookup source file name and line number in separated
  debug files found in /usr/lib/debug

libjava-jnipath:
  - Add /usr/lib/jni and /usr/lib/<multiarch>/jni to java.library.path.
  - When running the i386 binaries on amd64, look in
  - /usr/lib32/gcj-x.y and /usr/lib32/jni instead.

libjava-sjlj:
  Don't try to use _Unwind_Backtrace on SJLJ targets.
  See bug #387875, #388505, GCC PR 29206.

libjava-disable-plugin:
  Don't build the gcjwebplugin, even when configured with --enable-plugin

alpha-no-ev4-directive:
  never emit .ev4 directive.

boehm-gc-getnprocs:
  boehm-gc/pthread_support.c (GC_get_nprocs): Use sysconf as fallback.

note-gnu-stack:
  Add .note.GNU-stack sections for gcc's crt files, libffi and boehm-gc
  Taken from FC.

libgomp-omp_h-multilib:
  Fix up omp.h for multilibs.

sparc-force-cpu:
  On sparc default to ultrasparc (v9a) in 32bit mode

pr24619:
  Proposed patch for PR mudflap/24619 (instrumentation of dlopen)

gccgo-version:
  Omit the subminor number from the go libdir

pr45078:
  Proposed patch for PR plugin/45078

pr47818:
  Fix PR ada/47818: Pragma Assert is rejected with No_Implementation_Pragmas restriction.

pr49940:
  Apply proposed patch for PR ada/49940.

pr49944:
  apply proposed patch for PR ada/49444.

gcc-base-version:
  Set base version to 4.8, introduce full version 4.8.x.

mudflapth-link:
  Link libmudflapth.so with -lpthread

libmudflap-x32:
  Fix libmudflap build failure for x32 multilibs

libgo-testsuite:
  Only run the libgo testsuite for flags configured in RUNTESTFLAGS

gcc-target-include-asm:
  Search \$(builddir)/sys-include for the asm header files

libgo-revert-timeout-exp:

gcc-sysroot:
  Allow building --with-sysroot=/

ada-kfreebsd:
  Fix gnat build failure on kfreebsd.

arm-multilib-soft:
  ARM hard/soft float multilib support

arm-multilib-defaults:
  Set MULTILIB_DEFAULTS for ARM multilib builds

gcc-ice-hack:
  Retry the build on an ice, save the calling options and preprocessed
  source when the ice is reproducible.

gcc-ice-apport:
  Report an ICE to apport (if apport is available
  and the environment variable GCC_NOAPPORT is not set)

libjava-fixed-symlinks:
  Remove unneed '..' elements from symlinks in JAVA_HOME

libstdc++-arm-wno-abi:
  Temporary work around:
  On arm-linux-gnueabi run the libstdc++v3 testsuite with -Wno-abi

libstdc++-no-testsuite:
  Don't run the libstdc++ testsuite on hppa and mipsel (timeouts on the buildds)

ada-mips:
  Improve support for mips.

libffi-ro-eh_frame_sect:
  PR libffi/47248, force a read only eh frame section.

gcc-multiarch:
  - Remaining multiarch patches, not yet submitted upstream.
  - Add MULTIARCH_DIRNAME definitions for multilib configurations,
  which are used for the non-multilib builds.

libjava-multiarch:
  Install libjava libraries to multiarch location

libjava-nobiarch-check:
  For biarch builds, disable the testsuite for the non-default architecture
  for runtime libraries, which are not built by default (libjava).

config-ml:
  - Disable some biarch libraries for biarch builds.
  - Fix multilib builds on kernels which don't support all multilibs.

g++-multiarch-incdir:
  Use /usr/include/<multiarch>/c++/4.x as the include directory
  for host dependent c++ header files.

gcc-multilib-multiarch:
  Don't auto-detect multilib osdirnames.

mips-fix-loongson2f-nop:
  On mips, pass -mfix-loongson2f-nop to as, if -mno-fix-loongson2f-nop
  is not passed.

libgomp-kfreebsd-testsuite:
  Disable lock-2.c test on kfreebsd-*

Counting all warnings,
there are 0 warnings in stage3 of this bootstrap.

Number of warnings per file:

Number of warning types:


Index Nav: [Date Index] [Subject Index] [Author Index] [Thread Index]
Message Nav: [Date Prev] [Date Next] [Thread Prev] [Thread Next]