This is the mail archive of the gcc-testresults@gcc.gnu.org mailing list for the GCC project.


Index Nav: [Date Index] [Subject Index] [Author Index] [Thread Index]
Message Nav: [Date Prev] [Date Next] [Thread Prev] [Thread Next]
Other format: [Raw text]

Results for 4.6.4 20130301 (prerelease) [gcc-4_6-branch revision 196363] (GCC) testsuite on sparc-sun-solaris2.11


LAST_UPDATED: Fri Mar  1 14:02:53 UTC 2013 (revision 196363)

		=== acats tests ===

		=== acats Summary ===
# of expected passes		2321
# of unexpected failures	0
Native configuration is sparc-sun-solaris2.11

		=== g++ tests ===


Running target unix
XPASS: g++.dg/uninit-pred-3_b.C (test for excess errors)

		=== g++ Summary for unix ===

# of expected passes		26642
# of unexpected successes	1
# of expected failures		169
# of unsupported tests		439

Running target unix/-m64
FAIL: g++.dg/cpp0x/nullptr28.C execution test
XPASS: g++.dg/uninit-pred-3_b.C (test for excess errors)

		=== g++ Summary for unix/-m64 ===

# of expected passes		27253
# of unexpected failures	1
# of unexpected successes	1
# of expected failures		169
# of unsupported tests		436

		=== g++ Summary ===

# of expected passes		53895
# of unexpected failures	1
# of unexpected successes	2
# of expected failures		338
# of unsupported tests		875
/var/gcc/regression/gcc-4.6-branch/11-gcc-gas/build/gcc/testsuite/g++/../../g++  version 4.6.4 20130301 (prerelease) [gcc-4_6-branch revision 196363] (GCC) 

		=== gcc tests ===


Running target unix
FAIL: gcc.dg/lto/20110201-1 c_lto_20110201-1_0.o-c_lto_20110201-1_0.o link,  -O0 -flto 
UNRESOLVED: gcc.dg/lto/20110201-1 c_lto_20110201-1_0.o-c_lto_20110201-1_0.o execute  -O0 -flto 

		=== gcc Summary for unix ===

# of expected passes		70827
# of unexpected failures	1
# of expected failures		240
# of unresolved testcases	1
# of unsupported tests		1170

Running target unix/-m64

		=== gcc Summary for unix/-m64 ===

# of expected passes		71416
# of expected failures		231
# of unsupported tests		1173

		=== gcc Summary ===

# of expected passes		142243
# of unexpected failures	1
# of expected failures		471
# of unresolved testcases	1
# of unsupported tests		2343
/var/gcc/regression/gcc-4.6-branch/11-gcc-gas/build/gcc/xgcc  version 4.6.4 20130301 (prerelease) [gcc-4_6-branch revision 196363] (GCC) 

		=== gfortran tests ===


Running target unix

		=== gfortran Summary for unix ===

# of expected passes		38871
# of expected failures		43
# of unsupported tests		258

Running target unix/-m64

		=== gfortran Summary for unix/-m64 ===

# of expected passes		39205
# of expected failures		43
# of unsupported tests		90

		=== gfortran Summary ===

# of expected passes		78076
# of expected failures		86
# of unsupported tests		348
/var/gcc/regression/gcc-4.6-branch/11-gcc-gas/build/gcc/testsuite/gfortran/../../gfortran  version 4.6.4 20130301 (prerelease) [gcc-4_6-branch revision 196363] (GCC) 

		=== gnat tests ===


Running target unix

		=== gnat Summary for unix ===

# of expected passes		877
# of expected failures		10
# of unsupported tests		4

Running target unix/-m64

		=== gnat Summary for unix/-m64 ===

# of expected passes		877
# of expected failures		10
# of unsupported tests		4

		=== gnat Summary ===

# of expected passes		1754
# of expected failures		20
# of unsupported tests		8
/var/gcc/regression/gcc-4.6-branch/11-gcc-gas/build/gcc/gnatmake version 4.6.4 20130301 (prerelease) [gcc-4_6-branch revision 196363]

		=== objc tests ===


Running target unix

		=== objc Summary for unix ===

# of expected passes		2916
# of expected failures		10
# of unsupported tests		74

Running target unix/-m64

		=== objc Summary for unix/-m64 ===

# of expected passes		2916
# of expected failures		10
# of unsupported tests		74

		=== objc Summary ===

# of expected passes		5832
# of expected failures		20
# of unsupported tests		148
/var/gcc/regression/gcc-4.6-branch/11-gcc-gas/build/gcc/xgcc  version 4.6.4 20130301 (prerelease) [gcc-4_6-branch revision 196363] (GCC) 

		=== libffi tests ===


Running target unix

		=== libffi Summary for unix ===

# of expected passes		1634
# of expected failures		10
# of unsupported tests		15

Running target unix/-m64

		=== libffi Summary for unix/-m64 ===

# of expected passes		1634
# of expected failures		10
# of unsupported tests		15

		=== libffi Summary ===

# of expected passes		3268
# of expected failures		20
# of unsupported tests		30
		=== libgomp tests ===


Running target unix

		=== libgomp Summary for unix ===

# of expected passes		2614
# of unsupported tests		10

Running target unix/-m64

		=== libgomp Summary for unix/-m64 ===

# of expected passes		2614
# of unsupported tests		10

		=== libgomp Summary ===

# of expected passes		5228
# of unsupported tests		20
		=== libjava tests ===


Running target unix

		=== libjava Summary for unix ===

# of expected passes		2574

Running target unix/-m64

		=== libjava Summary for unix/-m64 ===

# of expected passes		2574

		=== libjava Summary ===

# of expected passes		5148
		=== libstdc++ tests ===


Running target unix

		=== libstdc++ Summary for unix ===

# of expected passes		7432
# of expected failures		82
# of unsupported tests		463

Running target unix/-m64

		=== libstdc++ Summary for unix/-m64 ===

# of expected passes		7432
# of expected failures		82
# of unsupported tests		463

		=== libstdc++ Summary ===

# of expected passes		14864
# of expected failures		164
# of unsupported tests		926

Compiler version: 4.6.4 20130301 (prerelease) [gcc-4_6-branch revision 196363] (GCC) 
Platform: sparc-sun-solaris2.11
configure flags: --prefix=/vol/gcc --target=sparc-sun-solaris2.11 --with-as=/vol/gcc/bin/gas-2.23.1 --with-gnu-as --with-gmp-include=/vol/gcc/include --with-gmp-lib=/vol/gcc/lib --with-mpfr-include=/vol/gcc/include --with-mpfr-lib=/vol/gcc/lib --with-mpc-include=/vol/gcc/include --with-mpc-lib=/vol/gcc/lib --enable-languages=all,ada --without-ppl --without-isl --without-cloog
BOOT_CFLAGS=-g -O2


Index Nav: [Date Index] [Subject Index] [Author Index] [Thread Index]
Message Nav: [Date Prev] [Date Next] [Thread Prev] [Thread Next]