This is the mail archive of the gcc-testresults@gcc.gnu.org mailing list for the GCC project.


Index Nav: [Date Index] [Subject Index] [Author Index] [Thread Index]
Message Nav: [Date Prev] [Date Next] [Thread Prev] [Thread Next]
Other format: [Raw text]

Results for 4.8.0 20130301 (experimental) (GCC) testsuite on i386-unknown-freebsd10.0


Native configuration is i386-unknown-freebsd10.0

		=== g++ tests ===


Running target unix
FAIL: g++.dg/cdce3.C -std=gnu++98 (test for excess errors)
UNRESOLVED: g++.dg/cdce3.C -std=gnu++98 compilation failed to produce executable
UNRESOLVED: g++.dg/cdce3.C -std=gnu++98  scan-tree-dump cdce "cdce3.C:95: note: function call is shrink-wrapped into error conditions."
UNRESOLVED: g++.dg/cdce3.C -std=gnu++98  scan-tree-dump cdce "cdce3.C:96: note: function call is shrink-wrapped into error conditions."
UNRESOLVED: g++.dg/cdce3.C -std=gnu++98  scan-tree-dump cdce "cdce3.C:97: note: function call is shrink-wrapped into error conditions."
UNRESOLVED: g++.dg/cdce3.C -std=gnu++98  scan-tree-dump cdce "cdce3.C:98: note: function call is shrink-wrapped into error conditions."
UNRESOLVED: g++.dg/cdce3.C -std=gnu++98  scan-tree-dump cdce "cdce3.C:99: note: function call is shrink-wrapped into error conditions."
UNRESOLVED: g++.dg/cdce3.C -std=gnu++98  scan-tree-dump cdce "cdce3.C:100: note: function call is shrink-wrapped into error conditions."
UNRESOLVED: g++.dg/cdce3.C -std=gnu++98  scan-tree-dump cdce "cdce3.C:101: note: function call is shrink-wrapped into error conditions."
UNRESOLVED: g++.dg/cdce3.C -std=gnu++98  scan-tree-dump cdce "cdce3.C:102: note: function call is shrink-wrapped into error conditions."
UNRESOLVED: g++.dg/cdce3.C -std=gnu++98  scan-tree-dump cdce "cdce3.C:103: note: function call is shrink-wrapped into error conditions."
UNRESOLVED: g++.dg/cdce3.C -std=gnu++98  scan-tree-dump cdce "cdce3.C:104: note: function call is shrink-wrapped into error conditions."
UNRESOLVED: g++.dg/cdce3.C -std=gnu++98  scan-tree-dump cdce "cdce3.C:105: note: function call is shrink-wrapped into error conditions."
UNRESOLVED: g++.dg/cdce3.C -std=gnu++98  scan-tree-dump cdce "cdce3.C:106: note: function call is shrink-wrapped into error conditions."
UNRESOLVED: g++.dg/cdce3.C -std=gnu++98  scan-tree-dump cdce "cdce3.C:107: note: function call is shrink-wrapped into error conditions."
UNRESOLVED: g++.dg/cdce3.C -std=gnu++98  scan-tree-dump cdce "cdce3.C:108: note: function call is shrink-wrapped into error conditions."
FAIL: g++.dg/cdce3.C -std=gnu++11 (test for excess errors)
UNRESOLVED: g++.dg/cdce3.C -std=gnu++11 compilation failed to produce executable
UNRESOLVED: g++.dg/cdce3.C -std=gnu++11  scan-tree-dump cdce "cdce3.C:95: note: function call is shrink-wrapped into error conditions."
UNRESOLVED: g++.dg/cdce3.C -std=gnu++11  scan-tree-dump cdce "cdce3.C:96: note: function call is shrink-wrapped into error conditions."
UNRESOLVED: g++.dg/cdce3.C -std=gnu++11  scan-tree-dump cdce "cdce3.C:97: note: function call is shrink-wrapped into error conditions."
UNRESOLVED: g++.dg/cdce3.C -std=gnu++11  scan-tree-dump cdce "cdce3.C:98: note: function call is shrink-wrapped into error conditions."
UNRESOLVED: g++.dg/cdce3.C -std=gnu++11  scan-tree-dump cdce "cdce3.C:99: note: function call is shrink-wrapped into error conditions."
UNRESOLVED: g++.dg/cdce3.C -std=gnu++11  scan-tree-dump cdce "cdce3.C:100: note: function call is shrink-wrapped into error conditions."
UNRESOLVED: g++.dg/cdce3.C -std=gnu++11  scan-tree-dump cdce "cdce3.C:101: note: function call is shrink-wrapped into error conditions."
UNRESOLVED: g++.dg/cdce3.C -std=gnu++11  scan-tree-dump cdce "cdce3.C:102: note: function call is shrink-wrapped into error conditions."
UNRESOLVED: g++.dg/cdce3.C -std=gnu++11  scan-tree-dump cdce "cdce3.C:103: note: function call is shrink-wrapped into error conditions."
UNRESOLVED: g++.dg/cdce3.C -std=gnu++11  scan-tree-dump cdce "cdce3.C:104: note: function call is shrink-wrapped into error conditions."
UNRESOLVED: g++.dg/cdce3.C -std=gnu++11  scan-tree-dump cdce "cdce3.C:105: note: function call is shrink-wrapped into error conditions."
UNRESOLVED: g++.dg/cdce3.C -std=gnu++11  scan-tree-dump cdce "cdce3.C:106: note: function call is shrink-wrapped into error conditions."
UNRESOLVED: g++.dg/cdce3.C -std=gnu++11  scan-tree-dump cdce "cdce3.C:107: note: function call is shrink-wrapped into error conditions."
UNRESOLVED: g++.dg/cdce3.C -std=gnu++11  scan-tree-dump cdce "cdce3.C:108: note: function call is shrink-wrapped into error conditions."
FAIL: c-c++-common/Wconversion-real.c -std=gnu++98  (test for warnings, line 27)
FAIL: c-c++-common/Wconversion-real.c -std=gnu++98  (test for warnings, line 28)
FAIL: c-c++-common/Wconversion-real.c -std=gnu++11  (test for warnings, line 27)
FAIL: c-c++-common/Wconversion-real.c -std=gnu++11  (test for warnings, line 28)
FAIL: g++.dg/plugin/attribute_plugin.c compilation
FAIL: g++.dg/plugin/pragma_plugin.c compilation
FAIL: g++.dg/plugin/selfassign.c compilation
FAIL: g++.dg/plugin/dumb_plugin.c compilation
FAIL: g++.dg/plugin/header_plugin.c compilation
FAIL: g++.dg/plugin/decl_plugin.c compilation
XPASS: g++.dg/tls/thread_local-order2.C execution test
FAIL: g++.old-deja/g++.other/init18.C -std=c++98 execution test
FAIL: g++.old-deja/g++.other/init18.C -std=c++11 execution test
FAIL: g++.old-deja/g++.other/init19.C -std=c++98 execution test
FAIL: g++.old-deja/g++.other/init19.C -std=c++11 execution test

		=== g++ Summary ===

# of expected passes		50494
# of unexpected failures	16
# of unexpected successes	1
# of expected failures		289
# of unresolved testcases	30
# of unsupported tests		594
/scratch2/tmp/gerald/OBJ-0301-1638/gcc/testsuite/g++/../../xg++  version 4.8.0 20130301 (experimental) (GCC) 

		=== gcc tests ===


Running target unix
FAIL: gcc.c-torture/execute/20080502-1.c execution,  -O0 
FAIL: gcc.c-torture/execute/conversion.c execution,  -O0 
FAIL: gcc.c-torture/execute/conversion.c execution,  -Og -g 
FAIL: gcc.c-torture/execute/ieee/copysign1.c execution,  -O1 
FAIL: gcc.c-torture/execute/ieee/copysign1.c execution,  -Og -g 
FAIL: gcc.c-torture/execute/ieee/copysign2.c execution,  -O1 
FAIL: gcc.c-torture/execute/ieee/copysign2.c execution,  -O2 
FAIL: gcc.c-torture/execute/ieee/copysign2.c execution,  -O3 -fomit-frame-pointer 
FAIL: gcc.c-torture/execute/ieee/copysign2.c execution,  -O3 -fomit-frame-pointer -funroll-loops 
FAIL: gcc.c-torture/execute/ieee/copysign2.c execution,  -O3 -fomit-frame-pointer -funroll-all-loops -finline-functions 
FAIL: gcc.c-torture/execute/ieee/copysign2.c execution,  -O3 -g 
FAIL: gcc.c-torture/execute/ieee/copysign2.c execution,  -Os 
FAIL: gcc.c-torture/execute/ieee/copysign2.c execution,  -Og -g 
FAIL: gcc.c-torture/execute/ieee/copysign2.c execution,  -O2 -flto -fno-use-linker-plugin -flto-partition=none 
FAIL: gcc.c-torture/execute/ieee/copysign2.c execution,  -O2 -flto -fuse-linker-plugin -fno-fat-lto-objects 
FAIL: gcc.dg/builtins-20.c (test for excess errors)
FAIL: gcc.dg/builtins-57.c (test for excess errors)
FAIL: gcc.dg/builtins-58.c scan-assembler-not pow
FAIL: gcc.dg/builtins-59.c scan-tree-dump gimple "__builtin_cexpi"
FAIL: gcc.dg/builtins-59.c scan-tree-dump-not gimple "sincos"
FAIL: gcc.dg/builtins-61.c scan-tree-dump optimized "cexpi"
FAIL: gcc.dg/builtins-61.c scan-tree-dump optimized "sin"
FAIL: gcc.dg/builtins-61.c scan-tree-dump optimized "cos"
FAIL: gcc.dg/builtins-61.c scan-tree-dump optimized "return 0.0"
FAIL: gcc.dg/builtins-62.c scan-tree-dump-times optimized "cexpi" 3
FAIL: gcc.dg/builtins-65.c (test for excess errors)
FAIL: gcc.dg/c99-stdint-7.c (test for excess errors)
FAIL: gcc.dg/c99-tgmath-2.c (test for excess errors)
FAIL: gcc.dg/c99-tgmath-3.c (test for excess errors)
FAIL: gcc.dg/c99-tgmath-4.c (test for excess errors)
UNRESOLVED: gcc.dg/c99-tgmath-4.c scan-assembler cpowf
FAIL: gcc.dg/utf-array-short-wchar.c  (test for errors, line 39)
FAIL: gcc.dg/utf-array-short-wchar.c  (test for errors, line 41)
FAIL: gcc.dg/utf-array-short-wchar.c (test for excess errors)
FAIL: c-c++-common/Wconversion-real.c  -Wc++-compat   (test for warnings, line 27)
FAIL: c-c++-common/Wconversion-real.c  -Wc++-compat   (test for warnings, line 28)
FAIL: gcc.dg/plugin/selfassign.c compilation
FAIL: gcc.dg/plugin/ggcplug.c compilation
FAIL: gcc.dg/plugin/one_time_plugin.c compilation
FAIL: gcc.dg/plugin/start_unit_plugin.c compilation
FAIL: gcc.dg/plugin/finish_unit_plugin.c compilation
FAIL: gcc.dg/torture/builtin-convert-1.c  -O1  (test for excess errors)
FAIL: gcc.dg/torture/builtin-convert-1.c  -O2  (test for excess errors)
FAIL: gcc.dg/torture/builtin-convert-1.c  -O3 -fomit-frame-pointer  (test for excess errors)
FAIL: gcc.dg/torture/builtin-convert-1.c  -O3 -g  (test for excess errors)
FAIL: gcc.dg/torture/builtin-convert-1.c  -Os  (test for excess errors)
FAIL: gcc.dg/torture/builtin-convert-1.c  -O2 -flto -fno-use-linker-plugin -flto-partition=none  (test for excess errors)
FAIL: gcc.dg/torture/builtin-convert-2.c  -O1  (test for excess errors)
FAIL: gcc.dg/torture/builtin-convert-2.c  -O2  (test for excess errors)
FAIL: gcc.dg/torture/builtin-convert-2.c  -O3 -fomit-frame-pointer  (test for excess errors)
FAIL: gcc.dg/torture/builtin-convert-2.c  -O3 -g  (test for excess errors)
FAIL: gcc.dg/torture/builtin-convert-2.c  -Os  (test for excess errors)
FAIL: gcc.dg/torture/builtin-convert-2.c  -O2 -flto -fno-use-linker-plugin -flto-partition=none  (test for excess errors)
FAIL: gcc.dg/torture/builtin-convert-3.c  -O1  (test for excess errors)
FAIL: gcc.dg/torture/builtin-convert-3.c  -O2  (test for excess errors)
FAIL: gcc.dg/torture/builtin-convert-3.c  -O3 -fomit-frame-pointer  (test for excess errors)
FAIL: gcc.dg/torture/builtin-convert-3.c  -O3 -g  (test for excess errors)
FAIL: gcc.dg/torture/builtin-convert-3.c  -Os  (test for excess errors)
FAIL: gcc.dg/torture/builtin-convert-3.c  -O2 -flto -fno-use-linker-plugin -flto-partition=none  (test for excess errors)
FAIL: gcc.dg/torture/builtin-power-1.c  -O1  (test for excess errors)
FAIL: gcc.dg/torture/builtin-power-1.c  -O2  (test for excess errors)
FAIL: gcc.dg/torture/builtin-power-1.c  -O3 -fomit-frame-pointer  (test for excess errors)
FAIL: gcc.dg/torture/builtin-power-1.c  -O3 -g  (test for excess errors)
FAIL: gcc.dg/torture/builtin-power-1.c  -Os  (test for excess errors)
FAIL: gcc.dg/torture/builtin-power-1.c  -O2 -flto -fno-use-linker-plugin -flto-partition=none  (test for excess errors)
FAIL: gcc.dg/torture/fp-int-convert-float.c  -O0  execution test
FAIL: gcc.dg/torture/fp-int-convert-float.c  -O1  execution test
FAIL: gcc.dg/torture/fp-int-convert-float.c  -O2  execution test
FAIL: gcc.dg/torture/fp-int-convert-float.c  -O3 -fomit-frame-pointer  execution test
FAIL: gcc.dg/torture/fp-int-convert-float.c  -O3 -g  execution test
FAIL: gcc.dg/torture/fp-int-convert-float.c  -Os  execution test
FAIL: gcc.dg/torture/fp-int-convert-float.c  -O2 -flto -fno-use-linker-plugin -flto-partition=none  execution test
FAIL: gcc.dg/torture/fp-int-convert-float.c  -O2 -flto -fuse-linker-plugin -fno-fat-lto-objects  execution test
FAIL: gcc.dg/torture/fp-int-convert-float80.c  -O0  execution test
FAIL: gcc.dg/torture/fp-int-convert-float80.c  -O1  execution test
FAIL: gcc.dg/torture/fp-int-convert-float80.c  -O2  execution test
FAIL: gcc.dg/torture/fp-int-convert-float80.c  -O3 -fomit-frame-pointer  execution test
FAIL: gcc.dg/torture/fp-int-convert-float80.c  -O3 -g  execution test
FAIL: gcc.dg/torture/fp-int-convert-float80.c  -Os  execution test
FAIL: gcc.dg/torture/fp-int-convert-float80.c  -O2 -flto -fno-use-linker-plugin -flto-partition=none  execution test
FAIL: gcc.dg/torture/fp-int-convert-float80.c  -O2 -flto -fuse-linker-plugin -fno-fat-lto-objects  execution test
FAIL: gcc.dg/torture/fp-int-convert-long-double.c  -O0  execution test
FAIL: gcc.dg/torture/fp-int-convert-long-double.c  -O1  execution test
FAIL: gcc.dg/torture/fp-int-convert-long-double.c  -O2  execution test
FAIL: gcc.dg/torture/fp-int-convert-long-double.c  -O3 -fomit-frame-pointer  execution test
FAIL: gcc.dg/torture/fp-int-convert-long-double.c  -O3 -g  execution test
FAIL: gcc.dg/torture/fp-int-convert-long-double.c  -Os  execution test
FAIL: gcc.dg/torture/fp-int-convert-long-double.c  -O2 -flto -fno-use-linker-plugin -flto-partition=none  execution test
FAIL: gcc.dg/torture/fp-int-convert-long-double.c  -O2 -flto -fuse-linker-plugin -fno-fat-lto-objects  execution test
FAIL: gcc.target/i386/excess-precision-1.c execution test
FAIL: gcc.target/i386/excess-precision-3.c execution test
FAIL: gcc.target/i386/pr36578-1.c execution test
FAIL: gcc.target/i386/pr36578-2.c execution test

		=== gcc Summary ===

# of expected passes		90405
# of unexpected failures	92
# of expected failures		255
# of unresolved testcases	1
# of unsupported tests		1206
/scratch2/tmp/gerald/OBJ-0301-1638/gcc/xgcc  version 4.8.0 20130301 (experimental) (GCC) 

		=== gfortran tests ===


Running target unix
XPASS: gfortran.dg/do_1.f90  -O0  execution test
XPASS: gfortran.dg/do_1.f90  -O1  execution test
XPASS: gfortran.dg/large_real_kind_2.F90  -O0  (test for excess errors)
XPASS: gfortran.dg/large_real_kind_2.F90  -O1  (test for excess errors)
XPASS: gfortran.dg/large_real_kind_2.F90  -O2  (test for excess errors)
XPASS: gfortran.dg/large_real_kind_2.F90  -O3 -fomit-frame-pointer  (test for excess errors)
XPASS: gfortran.dg/large_real_kind_2.F90  -O3 -fomit-frame-pointer -funroll-loops  (test for excess errors)
XPASS: gfortran.dg/large_real_kind_2.F90  -O3 -fomit-frame-pointer -funroll-all-loops -finline-functions  (test for excess errors)
XPASS: gfortran.dg/large_real_kind_2.F90  -O3 -g  (test for excess errors)
XPASS: gfortran.dg/large_real_kind_2.F90  -Os  (test for excess errors)
XPASS: gfortran.dg/large_real_kind_3.F90  -O0  (test for excess errors)
XPASS: gfortran.dg/large_real_kind_3.F90  -O1  (test for excess errors)
XPASS: gfortran.dg/large_real_kind_3.F90  -O2  (test for excess errors)
XPASS: gfortran.dg/large_real_kind_3.F90  -O3 -fomit-frame-pointer  (test for excess errors)
XPASS: gfortran.dg/large_real_kind_3.F90  -O3 -fomit-frame-pointer -funroll-loops  (test for excess errors)
XPASS: gfortran.dg/large_real_kind_3.F90  -O3 -fomit-frame-pointer -funroll-all-loops -finline-functions  (test for excess errors)
XPASS: gfortran.dg/large_real_kind_3.F90  -O3 -g  (test for excess errors)
XPASS: gfortran.dg/large_real_kind_3.F90  -Os  (test for excess errors)
FAIL: gfortran.dg/lto/pr45586-2 f_lto_pr45586-2_0.o-f_lto_pr45586-2_0.o link, -O0 -flto -flto-partition=none -fuse-linker-plugin (internal compiler error)
UNRESOLVED: gfortran.dg/lto/pr45586-2 f_lto_pr45586-2_0.o-f_lto_pr45586-2_0.o execute -O0 -flto -flto-partition=none -fuse-linker-plugin
FAIL: gfortran.dg/lto/pr45586-2 f_lto_pr45586-2_0.o-f_lto_pr45586-2_0.o link, -O0 -flto -flto-partition=1to1 -fno-use-linker-plugin  (internal compiler error)
UNRESOLVED: gfortran.dg/lto/pr45586-2 f_lto_pr45586-2_0.o-f_lto_pr45586-2_0.o execute -O0 -flto -flto-partition=1to1 -fno-use-linker-plugin 
FAIL: gfortran.dg/lto/pr45586-2 f_lto_pr45586-2_0.o-f_lto_pr45586-2_0.o link, -O0 -flto -fuse-linker-plugin -fno-fat-lto-objects  (internal compiler error)
UNRESOLVED: gfortran.dg/lto/pr45586-2 f_lto_pr45586-2_0.o-f_lto_pr45586-2_0.o execute -O0 -flto -fuse-linker-plugin -fno-fat-lto-objects 
FAIL: gfortran.dg/lto/pr45586 f_lto_pr45586_0.o-f_lto_pr45586_0.o link, -O0 -flto -flto-partition=none -fuse-linker-plugin (internal compiler error)
UNRESOLVED: gfortran.dg/lto/pr45586 f_lto_pr45586_0.o-f_lto_pr45586_0.o execute -O0 -flto -flto-partition=none -fuse-linker-plugin
FAIL: gfortran.dg/lto/pr45586 f_lto_pr45586_0.o-f_lto_pr45586_0.o link, -O0 -flto -flto-partition=1to1 -fno-use-linker-plugin  (internal compiler error)
UNRESOLVED: gfortran.dg/lto/pr45586 f_lto_pr45586_0.o-f_lto_pr45586_0.o execute -O0 -flto -flto-partition=1to1 -fno-use-linker-plugin 
FAIL: gfortran.dg/lto/pr45586 f_lto_pr45586_0.o-f_lto_pr45586_0.o link, -O0 -flto -fuse-linker-plugin -fno-fat-lto-objects  (internal compiler error)
UNRESOLVED: gfortran.dg/lto/pr45586 f_lto_pr45586_0.o-f_lto_pr45586_0.o execute -O0 -flto -fuse-linker-plugin -fno-fat-lto-objects 

		=== gfortran Summary ===

# of expected passes		42932
# of unexpected failures	6
# of unexpected successes	18
# of expected failures		48
# of unresolved testcases	6
# of unsupported tests		229
/scratch2/tmp/gerald/OBJ-0301-1638/gcc/testsuite/gfortran/../../gfortran  version 4.8.0 20130301 (experimental) (GCC) 

		=== objc tests ===


Running target unix

		=== objc Summary ===

# of expected passes		2988
# of expected failures		6
# of unsupported tests		74
/scratch2/tmp/gerald/OBJ-0301-1638/gcc/xgcc  version 4.8.0 20130301 (experimental) (GCC) 

		=== boehm-gc tests ===


Running target unix

		=== boehm-gc Summary ===

# of expected passes		12
# of unsupported tests		1
		=== libatomic tests ===


Running target unix

		=== libatomic Summary ===

# of expected passes		44
# of unsupported tests		5
		=== libffi tests ===


Running target unix

		=== libffi Summary ===

# of expected passes		1819
# of unsupported tests		55
		=== libgomp tests ===


Running target unix

		=== libgomp Summary ===

# of expected passes		2943
# of unsupported tests		3
		=== libitm tests ===


Running target unix

		=== libitm Summary ===

# of expected passes		26
# of expected failures		3
# of unsupported tests		1
		=== libjava tests ===


Running target unix
FAIL: PR16923.c compilation
FAIL: Throw_2 execution - source compiled test
FAIL: Throw_2 -findirect-dispatch execution - source compiled test
FAIL: Throw_2 -O3 execution - source compiled test
FAIL: Throw_2 -O3 -findirect-dispatch execution - source compiled test
FAIL: sourcelocation output - source compiled test
FAIL: sourcelocation -findirect-dispatch output - source compiled test
FAIL: sourcelocation -O3 output - source compiled test
FAIL: sourcelocation -O3 -findirect-dispatch output - source compiled test

		=== libjava Summary ===

# of expected passes		2572
# of unexpected failures	9
# of untested testcases		4
		=== libmudflap tests ===


Running target unix
FAIL: libmudflap.c/fail37-frag.c (-O2) crash test
FAIL: libmudflap.c/fail37-frag.c (-O2) output pattern test
FAIL: libmudflap.c/fail37-frag.c (-O3) crash test
FAIL: libmudflap.c/fail37-frag.c (-O3) output pattern test
FAIL: libmudflap.c++/pass41-frag.cxx (-static) execution test
FAIL: libmudflap.c++/pass41-frag.cxx ( -O) execution test
FAIL: libmudflap.c++/pass41-frag.cxx (-O2) execution test
FAIL: libmudflap.c++/pass41-frag.cxx (-O3) execution test

		=== libmudflap Summary ===

# of expected passes		1898
# of unexpected failures	8
		=== libstdc++ tests ===


Running target unix
FAIL: 22_locale/locale/cons/12438.cc execution test
FAIL: 26_numerics/complex/56111.cc (test for excess errors)
FAIL: 26_numerics/complex/c99.cc (test for excess errors)
FAIL: 26_numerics/headers/cmath/c99_classification_macros_c.cc (test for excess errors)

		=== libstdc++ Summary ===

# of expected passes		8114
# of unexpected failures	4
# of expected failures		44
# of unsupported tests		620

Compiler version: 4.8.0 20130301 (experimental) (GCC) 
Platform: i386-unknown-freebsd10.0
configure flags: --prefix=/home/gerald/gcc-ref10-i386 --with-gmp=/home/gerald/10-i386 --with-as=/home/gerald/10-i386/bin/as --with-ld=/home/gerald/10-i386/bin/ld


Index Nav: [Date Index] [Subject Index] [Author Index] [Thread Index]
Message Nav: [Date Prev] [Date Next] [Thread Prev] [Thread Next]