This is the mail archive of the
gcc-testresults@gcc.gnu.org
mailing list for the GCC project.
Results for 4.7.3 20130215 (prerelease) [gcc-4_7-branch revision 196078] (GCC) testsuite on i386-pc-solaris2.11
- From: Rainer Orth <ro at CeBiTec dot Uni-Bielefeld dot DE>
- To: gcc-testresults at gcc dot gnu dot org
- Date: Mon, 18 Feb 2013 12:00:03 +0100 (MET)
- Subject: Results for 4.7.3 20130215 (prerelease) [gcc-4_7-branch revision 196078] (GCC) testsuite on i386-pc-solaris2.11
LAST_UPDATED: Fri Feb 15 14:39:43 UTC 2013 (revision 196078)
=== acats tests ===
=== acats Summary ===
# of expected passes 2320
# of unexpected failures 0
Native configuration is i386-pc-solaris2.11
=== g++ tests ===
Running target unix
=== g++ Summary for unix ===
# of expected passes 47292
# of expected failures 288
# of unsupported tests 406
Running target unix/-m64
=== g++ Summary for unix/-m64 ===
# of expected passes 48073
# of expected failures 288
# of unsupported tests 646
=== g++ Summary ===
# of expected passes 95365
# of expected failures 576
# of unsupported tests 1052
/var/gcc/regression/gcc-4.7-branch/11-gcc/build/gcc/testsuite/g++/../../g++ version 4.7.3 20130215 (prerelease) [gcc-4_7-branch revision 196078] (GCC)
=== gcc tests ===
Running target unix
FAIL: gcc.target/i386/avx2-cvt-1.c execution test
FAIL: gcc.target/i386/avx2-gather-1.c execution test
FAIL: gcc.target/i386/avx2-gather-3.c execution test
FAIL: gcc.target/i386/avx2-gather-4.c execution test
FAIL: gcc.target/i386/avx2-i32gatherd-2.c execution test
FAIL: gcc.target/i386/avx2-i32gatherd-4.c execution test
FAIL: gcc.target/i386/avx2-i32gatherd256-2.c execution test
FAIL: gcc.target/i386/avx2-i32gatherd256-4.c execution test
FAIL: gcc.target/i386/avx2-i32gatherpd-2.c execution test
FAIL: gcc.target/i386/avx2-i32gatherpd-4.c execution test
FAIL: gcc.target/i386/avx2-i32gatherpd256-2.c execution test
FAIL: gcc.target/i386/avx2-i32gatherpd256-4.c execution test
FAIL: gcc.target/i386/avx2-i32gatherps-2.c execution test
FAIL: gcc.target/i386/avx2-i32gatherps-4.c execution test
FAIL: gcc.target/i386/avx2-i32gatherps256-2.c execution test
FAIL: gcc.target/i386/avx2-i32gatherps256-4.c execution test
FAIL: gcc.target/i386/avx2-i32gatherq-2.c execution test
FAIL: gcc.target/i386/avx2-i32gatherq-4.c execution test
FAIL: gcc.target/i386/avx2-i32gatherq256-2.c execution test
FAIL: gcc.target/i386/avx2-i32gatherq256-4.c execution test
FAIL: gcc.target/i386/avx2-i64gatherd-2.c execution test
FAIL: gcc.target/i386/avx2-i64gatherd-4.c execution test
FAIL: gcc.target/i386/avx2-i64gatherd256-2.c execution test
FAIL: gcc.target/i386/avx2-i64gatherd256-4.c execution test
FAIL: gcc.target/i386/avx2-i64gatherpd-2.c execution test
FAIL: gcc.target/i386/avx2-i64gatherpd-4.c execution test
FAIL: gcc.target/i386/avx2-i64gatherpd256-2.c execution test
FAIL: gcc.target/i386/avx2-i64gatherpd256-4.c execution test
FAIL: gcc.target/i386/avx2-i64gatherps-2.c execution test
FAIL: gcc.target/i386/avx2-i64gatherps-4.c execution test
FAIL: gcc.target/i386/avx2-i64gatherps256-2.c execution test
FAIL: gcc.target/i386/avx2-i64gatherps256-4.c execution test
FAIL: gcc.target/i386/avx2-i64gatherq-2.c execution test
FAIL: gcc.target/i386/avx2-i64gatherq-4.c execution test
FAIL: gcc.target/i386/avx2-i64gatherq256-2.c execution test
FAIL: gcc.target/i386/avx2-i64gatherq256-4.c execution test
FAIL: gcc.target/i386/avx2-mpsadbw-2.c execution test
FAIL: gcc.target/i386/avx2-mul-1.c execution test
FAIL: gcc.target/i386/avx2-vbroadcastsd_pd-2.c execution test
FAIL: gcc.target/i386/avx2-vbroadcastsi128-2.c execution test
FAIL: gcc.target/i386/avx2-vbroadcastss_ps-2.c execution test
FAIL: gcc.target/i386/avx2-vbroadcastss_ps256-2.c execution test
FAIL: gcc.target/i386/avx2-vextracti128-2.c execution test
FAIL: gcc.target/i386/avx2-vinserti128-2.c execution test
FAIL: gcc.target/i386/avx2-vmovntdqa-2.c execution test
FAIL: gcc.target/i386/avx2-vpabsb256-2.c execution test
FAIL: gcc.target/i386/avx2-vpabsd256-2.c execution test
FAIL: gcc.target/i386/avx2-vpabsw256-2.c execution test
FAIL: gcc.target/i386/avx2-vpackssdw-2.c execution test
FAIL: gcc.target/i386/avx2-vpacksswb-2.c execution test
FAIL: gcc.target/i386/avx2-vpackusdw-2.c execution test
FAIL: gcc.target/i386/avx2-vpackuswb-2.c execution test
FAIL: gcc.target/i386/avx2-vpaddb-2.c execution test
FAIL: gcc.target/i386/avx2-vpaddb-3.c execution test
FAIL: gcc.target/i386/avx2-vpaddd-2.c execution test
FAIL: gcc.target/i386/avx2-vpaddd-3.c execution test
FAIL: gcc.target/i386/avx2-vpaddq-2.c execution test
FAIL: gcc.target/i386/avx2-vpaddq-3.c execution test
FAIL: gcc.target/i386/avx2-vpaddsb-2.c execution test
FAIL: gcc.target/i386/avx2-vpaddsw-2.c execution test
FAIL: gcc.target/i386/avx2-vpaddusb-2.c execution test
FAIL: gcc.target/i386/avx2-vpaddusw-2.c execution test
FAIL: gcc.target/i386/avx2-vpaddw-2.c execution test
FAIL: gcc.target/i386/avx2-vpaddw-3.c execution test
FAIL: gcc.target/i386/avx2-vpalignr256-2.c execution test
FAIL: gcc.target/i386/avx2-vpand-2.c execution test
FAIL: gcc.target/i386/avx2-vpand-3.c execution test
FAIL: gcc.target/i386/avx2-vpandn-2.c execution test
FAIL: gcc.target/i386/avx2-vpavgb-2.c execution test
FAIL: gcc.target/i386/avx2-vpavgw-2.c execution test
FAIL: gcc.target/i386/avx2-vpblendd128-2.c execution test
FAIL: gcc.target/i386/avx2-vpblendd256-2.c execution test
FAIL: gcc.target/i386/avx2-vpblendvb-2.c execution test
FAIL: gcc.target/i386/avx2-vpblendw-2.c execution test
FAIL: gcc.target/i386/avx2-vpbroadcastb128-2.c execution test
FAIL: gcc.target/i386/avx2-vpbroadcastb256-2.c execution test
FAIL: gcc.target/i386/avx2-vpbroadcastd128-2.c execution test
FAIL: gcc.target/i386/avx2-vpbroadcastd256-2.c execution test
FAIL: gcc.target/i386/avx2-vpbroadcastq128-2.c execution test
FAIL: gcc.target/i386/avx2-vpbroadcastq256-2.c execution test
FAIL: gcc.target/i386/avx2-vpbroadcastw128-2.c execution test
FAIL: gcc.target/i386/avx2-vpbroadcastw256-2.c execution test
FAIL: gcc.target/i386/avx2-vpcmpeqb-2.c execution test
FAIL: gcc.target/i386/avx2-vpcmpeqd-2.c execution test
FAIL: gcc.target/i386/avx2-vpcmpeqq-2.c execution test
FAIL: gcc.target/i386/avx2-vpcmpeqw-2.c execution test
FAIL: gcc.target/i386/avx2-vpcmpgtb-2.c execution test
FAIL: gcc.target/i386/avx2-vpcmpgtd-2.c execution test
FAIL: gcc.target/i386/avx2-vpcmpgtq-2.c execution test
FAIL: gcc.target/i386/avx2-vpcmpgtw-2.c execution test
FAIL: gcc.target/i386/avx2-vperm2i128-2.c execution test
FAIL: gcc.target/i386/avx2-vpermd-2.c execution test
FAIL: gcc.target/i386/avx2-vpermpd-2.c execution test
FAIL: gcc.target/i386/avx2-vpermps-2.c execution test
FAIL: gcc.target/i386/avx2-vpermq-2.c execution test
FAIL: gcc.target/i386/avx2-vphaddd-2.c execution test
FAIL: gcc.target/i386/avx2-vphaddsw-2.c execution test
FAIL: gcc.target/i386/avx2-vphaddw-2.c execution test
FAIL: gcc.target/i386/avx2-vphsubd-2.c execution test
FAIL: gcc.target/i386/avx2-vphsubsw-2.c execution test
FAIL: gcc.target/i386/avx2-vpmaddubsw-2.c execution test
FAIL: gcc.target/i386/avx2-vpmaddwd-2.c execution test
FAIL: gcc.target/i386/avx2-vpmaskloadd-2.c execution test
FAIL: gcc.target/i386/avx2-vpmaskloadd256-2.c execution test
FAIL: gcc.target/i386/avx2-vpmaskloadq-2.c execution test
FAIL: gcc.target/i386/avx2-vpmaskloadq256-2.c execution test
FAIL: gcc.target/i386/avx2-vpmaskstored-2.c execution test
FAIL: gcc.target/i386/avx2-vpmaskstored256-2.c execution test
FAIL: gcc.target/i386/avx2-vpmaskstoreq-2.c execution test
FAIL: gcc.target/i386/avx2-vpmaskstoreq256-2.c execution test
FAIL: gcc.target/i386/avx2-vpmaxsb-2.c execution test
FAIL: gcc.target/i386/avx2-vpmaxsd-2.c execution test
FAIL: gcc.target/i386/avx2-vpmaxsw-2.c execution test
FAIL: gcc.target/i386/avx2-vpmaxub-2.c execution test
FAIL: gcc.target/i386/avx2-vpmaxud-2.c execution test
FAIL: gcc.target/i386/avx2-vpmaxuw-2.c execution test
FAIL: gcc.target/i386/avx2-vpminsb-2.c execution test
FAIL: gcc.target/i386/avx2-vpminsd-2.c execution test
FAIL: gcc.target/i386/avx2-vpminsw-2.c execution test
FAIL: gcc.target/i386/avx2-vpminub-2.c execution test
FAIL: gcc.target/i386/avx2-vpminud-2.c execution test
FAIL: gcc.target/i386/avx2-vpminuw-2.c execution test
FAIL: gcc.target/i386/avx2-vpmovsxbd-2.c execution test
FAIL: gcc.target/i386/avx2-vpmovsxbq-2.c execution test
FAIL: gcc.target/i386/avx2-vpmovsxbw-2.c execution test
FAIL: gcc.target/i386/avx2-vpmovsxdq-2.c execution test
FAIL: gcc.target/i386/avx2-vpmovsxwd-2.c execution test
FAIL: gcc.target/i386/avx2-vpmovsxwq-2.c execution test
FAIL: gcc.target/i386/avx2-vpmovzxbd-2.c execution test
FAIL: gcc.target/i386/avx2-vpmovzxbq-2.c execution test
FAIL: gcc.target/i386/avx2-vpmovzxbw-2.c execution test
FAIL: gcc.target/i386/avx2-vpmovzxdq-2.c execution test
FAIL: gcc.target/i386/avx2-vpmovzxwd-2.c execution test
FAIL: gcc.target/i386/avx2-vpmovzxwq-2.c execution test
FAIL: gcc.target/i386/avx2-vpmuldq-2.c execution test
FAIL: gcc.target/i386/avx2-vpmulhrsw-2.c execution test
FAIL: gcc.target/i386/avx2-vpmulhuw-2.c execution test
FAIL: gcc.target/i386/avx2-vpmulhw-2.c execution test
FAIL: gcc.target/i386/avx2-vpmulld-2.c execution test
FAIL: gcc.target/i386/avx2-vpmulld-3.c execution test
FAIL: gcc.target/i386/avx2-vpmullw-2.c execution test
FAIL: gcc.target/i386/avx2-vpmullw-3.c execution test
FAIL: gcc.target/i386/avx2-vpmuludq-2.c execution test
FAIL: gcc.target/i386/avx2-vpor-2.c execution test
FAIL: gcc.target/i386/avx2-vpsadbw-2.c execution test
FAIL: gcc.target/i386/avx2-vpshufb-2.c execution test
FAIL: gcc.target/i386/avx2-vpshufd-2.c execution test
FAIL: gcc.target/i386/avx2-vpshufhw-2.c execution test
FAIL: gcc.target/i386/avx2-vpshuflw-2.c execution test
FAIL: gcc.target/i386/avx2-vpsignb-2.c execution test
FAIL: gcc.target/i386/avx2-vpsignd-2.c execution test
FAIL: gcc.target/i386/avx2-vpsignw-2.c execution test
FAIL: gcc.target/i386/avx2-vpslld-2.c execution test
FAIL: gcc.target/i386/avx2-vpslldi-2.c execution test
FAIL: gcc.target/i386/avx2-vpslldq-2.c execution test
FAIL: gcc.target/i386/avx2-vpsllq-2.c execution test
FAIL: gcc.target/i386/avx2-vpsllqi-2.c execution test
FAIL: gcc.target/i386/avx2-vpsllvd128-2.c execution test
FAIL: gcc.target/i386/avx2-vpsllvd256-2.c execution test
FAIL: gcc.target/i386/avx2-vpsllvq128-2.c execution test
FAIL: gcc.target/i386/avx2-vpsllvq256-2.c execution test
FAIL: gcc.target/i386/avx2-vpsllw-2.c execution test
FAIL: gcc.target/i386/avx2-vpsllwi-2.c execution test
FAIL: gcc.target/i386/avx2-vpsrad-2.c execution test
FAIL: gcc.target/i386/avx2-vpsrad-3.c execution test
FAIL: gcc.target/i386/avx2-vpsradi-2.c execution test
FAIL: gcc.target/i386/avx2-vpsravd128-2.c execution test
FAIL: gcc.target/i386/avx2-vpsravd256-2.c execution test
FAIL: gcc.target/i386/avx2-vpsraw-2.c execution test
FAIL: gcc.target/i386/avx2-vpsraw-3.c execution test
FAIL: gcc.target/i386/avx2-vpsrawi-2.c execution test
FAIL: gcc.target/i386/avx2-vpsrld-2.c execution test
FAIL: gcc.target/i386/avx2-vpsrld-3.c execution test
FAIL: gcc.target/i386/avx2-vpsrldi-2.c execution test
FAIL: gcc.target/i386/avx2-vpsrldq-2.c execution test
FAIL: gcc.target/i386/avx2-vpsrlq-2.c execution test
FAIL: gcc.target/i386/avx2-vpsrlqi-2.c execution test
FAIL: gcc.target/i386/avx2-vpsrlvd128-2.c execution test
FAIL: gcc.target/i386/avx2-vpsrlvd256-2.c execution test
FAIL: gcc.target/i386/avx2-vpsrlvq128-2.c execution test
FAIL: gcc.target/i386/avx2-vpsrlvq256-2.c execution test
FAIL: gcc.target/i386/avx2-vpsrlw-2.c execution test
FAIL: gcc.target/i386/avx2-vpsrlw-3.c execution test
FAIL: gcc.target/i386/avx2-vpsrlwi-2.c execution test
FAIL: gcc.target/i386/avx2-vpsubb-2.c execution test
FAIL: gcc.target/i386/avx2-vpsubb-3.c execution test
FAIL: gcc.target/i386/avx2-vpsubd-2.c execution test
FAIL: gcc.target/i386/avx2-vpsubd-3.c execution test
FAIL: gcc.target/i386/avx2-vpsubq-2.c execution test
FAIL: gcc.target/i386/avx2-vpsubq-3.c execution test
FAIL: gcc.target/i386/avx2-vpsubsb-2.c execution test
FAIL: gcc.target/i386/avx2-vpsubsw-2.c execution test
FAIL: gcc.target/i386/avx2-vpsubusb-2.c execution test
FAIL: gcc.target/i386/avx2-vpsubusw-2.c execution test
FAIL: gcc.target/i386/avx2-vpsubw-3.c execution test
FAIL: gcc.target/i386/avx2-vpunpckhbw-2.c execution test
FAIL: gcc.target/i386/avx2-vpunpckhdq-2.c execution test
FAIL: gcc.target/i386/avx2-vpunpckhqdq-2.c execution test
FAIL: gcc.target/i386/avx2-vpunpckhwd-2.c execution test
FAIL: gcc.target/i386/avx2-vpunpcklbw-2.c execution test
FAIL: gcc.target/i386/avx2-vpunpckldq-2.c execution test
FAIL: gcc.target/i386/avx2-vpunpcklqdq-2.c execution test
FAIL: gcc.target/i386/avx2-vpunpcklwd-2.c execution test
FAIL: gcc.target/i386/avx2-vpxor-2.c execution test
FAIL: gcc.target/i386/avx2-vshift-1.c execution test
FAIL: gcc.target/i386/fma-256-fmaddXX.c execution test
FAIL: gcc.target/i386/fma-256-fmaddsubXX.c execution test
FAIL: gcc.target/i386/fma-256-fmsubXX.c execution test
FAIL: gcc.target/i386/fma-256-fmsubaddXX.c execution test
FAIL: gcc.target/i386/fma-256-fnmaddXX.c execution test
FAIL: gcc.target/i386/fma-256-fnmsubXX.c execution test
FAIL: gcc.target/i386/fma-fmaddXX.c execution test
FAIL: gcc.target/i386/fma-fmaddsubXX.c execution test
FAIL: gcc.target/i386/fma-fmsubXX.c execution test
FAIL: gcc.target/i386/fma-fmsubaddXX.c execution test
FAIL: gcc.target/i386/fma-fnmaddXX.c execution test
FAIL: gcc.target/i386/fma-fnmsubXX.c execution test
FAIL: gcc.target/i386/fma_run_double_1.c execution test
FAIL: gcc.target/i386/fma_run_double_2.c execution test
FAIL: gcc.target/i386/fma_run_double_3.c execution test
FAIL: gcc.target/i386/fma_run_double_4.c execution test
FAIL: gcc.target/i386/fma_run_double_5.c execution test
FAIL: gcc.target/i386/fma_run_double_6.c execution test
FAIL: gcc.target/i386/fma_run_float_1.c execution test
FAIL: gcc.target/i386/fma_run_float_2.c execution test
FAIL: gcc.target/i386/fma_run_float_3.c execution test
FAIL: gcc.target/i386/fma_run_float_4.c execution test
FAIL: gcc.target/i386/fma_run_float_5.c execution test
FAIL: gcc.target/i386/fma_run_float_6.c execution test
FAIL: gcc.target/i386/l_fma_run_double_1.c execution test
FAIL: gcc.target/i386/l_fma_run_double_2.c execution test
FAIL: gcc.target/i386/l_fma_run_double_3.c execution test
FAIL: gcc.target/i386/l_fma_run_double_4.c execution test
FAIL: gcc.target/i386/l_fma_run_double_5.c execution test
FAIL: gcc.target/i386/l_fma_run_double_6.c execution test
FAIL: gcc.target/i386/l_fma_run_float_1.c execution test
FAIL: gcc.target/i386/l_fma_run_float_2.c execution test
FAIL: gcc.target/i386/l_fma_run_float_3.c execution test
FAIL: gcc.target/i386/l_fma_run_float_4.c execution test
FAIL: gcc.target/i386/l_fma_run_float_5.c execution test
FAIL: gcc.target/i386/l_fma_run_float_6.c execution test
FAIL: gcc.target/i386/vcvtph2ps-1.c execution test
FAIL: gcc.target/i386/vcvtph2ps-2.c execution test
FAIL: gcc.target/i386/vcvtph2ps-3.c execution test
FAIL: gcc.target/i386/vcvtps2ph-1.c execution test
FAIL: gcc.target/i386/vcvtps2ph-2.c execution test
FAIL: gcc.target/i386/vcvtps2ph-3.c execution test
=== gcc Summary for unix ===
# of expected passes 84116
# of unexpected failures 247
# of expected failures 257
# of unsupported tests 1082
Running target unix/-m64
FAIL: gcc.target/i386/avx2-cvt-1.c execution test
FAIL: gcc.target/i386/avx2-gather-1.c execution test
FAIL: gcc.target/i386/avx2-gather-3.c execution test
FAIL: gcc.target/i386/avx2-gather-4.c execution test
FAIL: gcc.target/i386/avx2-i32gatherd-2.c execution test
FAIL: gcc.target/i386/avx2-i32gatherd-4.c execution test
FAIL: gcc.target/i386/avx2-i32gatherd256-2.c execution test
FAIL: gcc.target/i386/avx2-i32gatherd256-4.c execution test
FAIL: gcc.target/i386/avx2-i32gatherpd-2.c execution test
FAIL: gcc.target/i386/avx2-i32gatherpd-4.c execution test
FAIL: gcc.target/i386/avx2-i32gatherpd256-2.c execution test
FAIL: gcc.target/i386/avx2-i32gatherpd256-4.c execution test
FAIL: gcc.target/i386/avx2-i32gatherps-2.c execution test
FAIL: gcc.target/i386/avx2-i32gatherps-4.c execution test
FAIL: gcc.target/i386/avx2-i32gatherps256-2.c execution test
FAIL: gcc.target/i386/avx2-i32gatherps256-4.c execution test
FAIL: gcc.target/i386/avx2-i32gatherq-2.c execution test
FAIL: gcc.target/i386/avx2-i32gatherq-4.c execution test
FAIL: gcc.target/i386/avx2-i32gatherq256-2.c execution test
FAIL: gcc.target/i386/avx2-i32gatherq256-4.c execution test
FAIL: gcc.target/i386/avx2-i64gatherd-2.c execution test
FAIL: gcc.target/i386/avx2-i64gatherd-4.c execution test
FAIL: gcc.target/i386/avx2-i64gatherd256-2.c execution test
FAIL: gcc.target/i386/avx2-i64gatherd256-4.c execution test
FAIL: gcc.target/i386/avx2-i64gatherpd-2.c execution test
FAIL: gcc.target/i386/avx2-i64gatherpd-4.c execution test
FAIL: gcc.target/i386/avx2-i64gatherpd256-2.c execution test
FAIL: gcc.target/i386/avx2-i64gatherpd256-4.c execution test
FAIL: gcc.target/i386/avx2-i64gatherps-2.c execution test
FAIL: gcc.target/i386/avx2-i64gatherps-4.c execution test
FAIL: gcc.target/i386/avx2-i64gatherps256-2.c execution test
FAIL: gcc.target/i386/avx2-i64gatherps256-4.c execution test
FAIL: gcc.target/i386/avx2-i64gatherq-2.c execution test
FAIL: gcc.target/i386/avx2-i64gatherq-4.c execution test
FAIL: gcc.target/i386/avx2-i64gatherq256-2.c execution test
FAIL: gcc.target/i386/avx2-i64gatherq256-4.c execution test
FAIL: gcc.target/i386/avx2-mpsadbw-2.c execution test
FAIL: gcc.target/i386/avx2-mul-1.c execution test
FAIL: gcc.target/i386/avx2-vbroadcastsd_pd-2.c execution test
FAIL: gcc.target/i386/avx2-vbroadcastsi128-2.c execution test
FAIL: gcc.target/i386/avx2-vbroadcastss_ps-2.c execution test
FAIL: gcc.target/i386/avx2-vbroadcastss_ps256-2.c execution test
FAIL: gcc.target/i386/avx2-vextracti128-2.c execution test
FAIL: gcc.target/i386/avx2-vinserti128-2.c execution test
FAIL: gcc.target/i386/avx2-vmovntdqa-2.c execution test
FAIL: gcc.target/i386/avx2-vpabsb256-2.c execution test
FAIL: gcc.target/i386/avx2-vpabsd256-2.c execution test
FAIL: gcc.target/i386/avx2-vpabsw256-2.c execution test
FAIL: gcc.target/i386/avx2-vpackssdw-2.c execution test
FAIL: gcc.target/i386/avx2-vpacksswb-2.c execution test
FAIL: gcc.target/i386/avx2-vpackusdw-2.c execution test
FAIL: gcc.target/i386/avx2-vpackuswb-2.c execution test
FAIL: gcc.target/i386/avx2-vpaddb-2.c execution test
FAIL: gcc.target/i386/avx2-vpaddb-3.c execution test
FAIL: gcc.target/i386/avx2-vpaddd-2.c execution test
FAIL: gcc.target/i386/avx2-vpaddd-3.c execution test
FAIL: gcc.target/i386/avx2-vpaddq-2.c execution test
FAIL: gcc.target/i386/avx2-vpaddq-3.c execution test
FAIL: gcc.target/i386/avx2-vpaddsb-2.c execution test
FAIL: gcc.target/i386/avx2-vpaddsw-2.c execution test
FAIL: gcc.target/i386/avx2-vpaddusb-2.c execution test
FAIL: gcc.target/i386/avx2-vpaddusw-2.c execution test
FAIL: gcc.target/i386/avx2-vpaddw-2.c execution test
FAIL: gcc.target/i386/avx2-vpaddw-3.c execution test
FAIL: gcc.target/i386/avx2-vpalignr256-2.c execution test
FAIL: gcc.target/i386/avx2-vpand-2.c execution test
FAIL: gcc.target/i386/avx2-vpand-3.c execution test
FAIL: gcc.target/i386/avx2-vpandn-2.c execution test
FAIL: gcc.target/i386/avx2-vpavgb-2.c execution test
FAIL: gcc.target/i386/avx2-vpavgw-2.c execution test
FAIL: gcc.target/i386/avx2-vpblendd128-2.c execution test
FAIL: gcc.target/i386/avx2-vpblendd256-2.c execution test
FAIL: gcc.target/i386/avx2-vpblendvb-2.c execution test
FAIL: gcc.target/i386/avx2-vpblendw-2.c execution test
FAIL: gcc.target/i386/avx2-vpbroadcastb128-2.c execution test
FAIL: gcc.target/i386/avx2-vpbroadcastb256-2.c execution test
FAIL: gcc.target/i386/avx2-vpbroadcastd128-2.c execution test
FAIL: gcc.target/i386/avx2-vpbroadcastd256-2.c execution test
FAIL: gcc.target/i386/avx2-vpbroadcastq128-2.c execution test
FAIL: gcc.target/i386/avx2-vpbroadcastq256-2.c execution test
FAIL: gcc.target/i386/avx2-vpbroadcastw128-2.c execution test
FAIL: gcc.target/i386/avx2-vpbroadcastw256-2.c execution test
FAIL: gcc.target/i386/avx2-vpcmpeqb-2.c execution test
FAIL: gcc.target/i386/avx2-vpcmpeqd-2.c execution test
FAIL: gcc.target/i386/avx2-vpcmpeqq-2.c execution test
FAIL: gcc.target/i386/avx2-vpcmpeqw-2.c execution test
FAIL: gcc.target/i386/avx2-vpcmpgtb-2.c execution test
FAIL: gcc.target/i386/avx2-vpcmpgtd-2.c execution test
FAIL: gcc.target/i386/avx2-vpcmpgtq-2.c execution test
FAIL: gcc.target/i386/avx2-vpcmpgtw-2.c execution test
FAIL: gcc.target/i386/avx2-vperm2i128-2.c execution test
FAIL: gcc.target/i386/avx2-vpermd-2.c execution test
FAIL: gcc.target/i386/avx2-vpermpd-2.c execution test
FAIL: gcc.target/i386/avx2-vpermps-2.c execution test
FAIL: gcc.target/i386/avx2-vpermq-2.c execution test
FAIL: gcc.target/i386/avx2-vphaddd-2.c execution test
FAIL: gcc.target/i386/avx2-vphaddsw-2.c execution test
FAIL: gcc.target/i386/avx2-vphaddw-2.c execution test
FAIL: gcc.target/i386/avx2-vphsubd-2.c execution test
FAIL: gcc.target/i386/avx2-vphsubsw-2.c execution test
FAIL: gcc.target/i386/avx2-vpmaddubsw-2.c execution test
FAIL: gcc.target/i386/avx2-vpmaddwd-2.c execution test
FAIL: gcc.target/i386/avx2-vpmaskloadd-2.c execution test
FAIL: gcc.target/i386/avx2-vpmaskloadd256-2.c execution test
FAIL: gcc.target/i386/avx2-vpmaskloadq-2.c execution test
FAIL: gcc.target/i386/avx2-vpmaskloadq256-2.c execution test
FAIL: gcc.target/i386/avx2-vpmaskstored-2.c execution test
FAIL: gcc.target/i386/avx2-vpmaskstored256-2.c execution test
FAIL: gcc.target/i386/avx2-vpmaskstoreq-2.c execution test
FAIL: gcc.target/i386/avx2-vpmaskstoreq256-2.c execution test
FAIL: gcc.target/i386/avx2-vpmaxsb-2.c execution test
FAIL: gcc.target/i386/avx2-vpmaxsd-2.c execution test
FAIL: gcc.target/i386/avx2-vpmaxsw-2.c execution test
FAIL: gcc.target/i386/avx2-vpmaxub-2.c execution test
FAIL: gcc.target/i386/avx2-vpmaxud-2.c execution test
FAIL: gcc.target/i386/avx2-vpmaxuw-2.c execution test
FAIL: gcc.target/i386/avx2-vpminsb-2.c execution test
FAIL: gcc.target/i386/avx2-vpminsd-2.c execution test
FAIL: gcc.target/i386/avx2-vpminsw-2.c execution test
FAIL: gcc.target/i386/avx2-vpminub-2.c execution test
FAIL: gcc.target/i386/avx2-vpminud-2.c execution test
FAIL: gcc.target/i386/avx2-vpminuw-2.c execution test
FAIL: gcc.target/i386/avx2-vpmovsxbd-2.c execution test
FAIL: gcc.target/i386/avx2-vpmovsxbq-2.c execution test
FAIL: gcc.target/i386/avx2-vpmovsxbw-2.c execution test
FAIL: gcc.target/i386/avx2-vpmovsxdq-2.c execution test
FAIL: gcc.target/i386/avx2-vpmovsxwd-2.c execution test
FAIL: gcc.target/i386/avx2-vpmovsxwq-2.c execution test
FAIL: gcc.target/i386/avx2-vpmovzxbd-2.c execution test
FAIL: gcc.target/i386/avx2-vpmovzxbq-2.c execution test
FAIL: gcc.target/i386/avx2-vpmovzxbw-2.c execution test
FAIL: gcc.target/i386/avx2-vpmovzxdq-2.c execution test
FAIL: gcc.target/i386/avx2-vpmovzxwd-2.c execution test
FAIL: gcc.target/i386/avx2-vpmovzxwq-2.c execution test
FAIL: gcc.target/i386/avx2-vpmuldq-2.c execution test
FAIL: gcc.target/i386/avx2-vpmulhrsw-2.c execution test
FAIL: gcc.target/i386/avx2-vpmulhuw-2.c execution test
FAIL: gcc.target/i386/avx2-vpmulhw-2.c execution test
FAIL: gcc.target/i386/avx2-vpmulld-2.c execution test
FAIL: gcc.target/i386/avx2-vpmulld-3.c execution test
FAIL: gcc.target/i386/avx2-vpmullw-2.c execution test
FAIL: gcc.target/i386/avx2-vpmullw-3.c execution test
FAIL: gcc.target/i386/avx2-vpmuludq-2.c execution test
FAIL: gcc.target/i386/avx2-vpor-2.c execution test
FAIL: gcc.target/i386/avx2-vpsadbw-2.c execution test
FAIL: gcc.target/i386/avx2-vpshufb-2.c execution test
FAIL: gcc.target/i386/avx2-vpshufd-2.c execution test
FAIL: gcc.target/i386/avx2-vpshufhw-2.c execution test
FAIL: gcc.target/i386/avx2-vpshuflw-2.c execution test
FAIL: gcc.target/i386/avx2-vpsignb-2.c execution test
FAIL: gcc.target/i386/avx2-vpsignd-2.c execution test
FAIL: gcc.target/i386/avx2-vpsignw-2.c execution test
FAIL: gcc.target/i386/avx2-vpslld-2.c execution test
FAIL: gcc.target/i386/avx2-vpslldi-2.c execution test
FAIL: gcc.target/i386/avx2-vpslldq-2.c execution test
FAIL: gcc.target/i386/avx2-vpsllq-2.c execution test
FAIL: gcc.target/i386/avx2-vpsllqi-2.c execution test
FAIL: gcc.target/i386/avx2-vpsllvd128-2.c execution test
FAIL: gcc.target/i386/avx2-vpsllvd256-2.c execution test
FAIL: gcc.target/i386/avx2-vpsllvq128-2.c execution test
FAIL: gcc.target/i386/avx2-vpsllvq256-2.c execution test
FAIL: gcc.target/i386/avx2-vpsllw-2.c execution test
FAIL: gcc.target/i386/avx2-vpsllwi-2.c execution test
FAIL: gcc.target/i386/avx2-vpsrad-2.c execution test
FAIL: gcc.target/i386/avx2-vpsrad-3.c execution test
FAIL: gcc.target/i386/avx2-vpsradi-2.c execution test
FAIL: gcc.target/i386/avx2-vpsravd128-2.c execution test
FAIL: gcc.target/i386/avx2-vpsravd256-2.c execution test
FAIL: gcc.target/i386/avx2-vpsraw-2.c execution test
FAIL: gcc.target/i386/avx2-vpsraw-3.c execution test
FAIL: gcc.target/i386/avx2-vpsrawi-2.c execution test
FAIL: gcc.target/i386/avx2-vpsrld-2.c execution test
FAIL: gcc.target/i386/avx2-vpsrld-3.c execution test
FAIL: gcc.target/i386/avx2-vpsrldi-2.c execution test
FAIL: gcc.target/i386/avx2-vpsrldq-2.c execution test
FAIL: gcc.target/i386/avx2-vpsrlq-2.c execution test
FAIL: gcc.target/i386/avx2-vpsrlqi-2.c execution test
FAIL: gcc.target/i386/avx2-vpsrlvd128-2.c execution test
FAIL: gcc.target/i386/avx2-vpsrlvd256-2.c execution test
FAIL: gcc.target/i386/avx2-vpsrlvq128-2.c execution test
FAIL: gcc.target/i386/avx2-vpsrlvq256-2.c execution test
FAIL: gcc.target/i386/avx2-vpsrlw-2.c execution test
FAIL: gcc.target/i386/avx2-vpsrlw-3.c execution test
FAIL: gcc.target/i386/avx2-vpsrlwi-2.c execution test
FAIL: gcc.target/i386/avx2-vpsubb-2.c execution test
FAIL: gcc.target/i386/avx2-vpsubb-3.c execution test
FAIL: gcc.target/i386/avx2-vpsubd-2.c execution test
FAIL: gcc.target/i386/avx2-vpsubd-3.c execution test
FAIL: gcc.target/i386/avx2-vpsubq-2.c execution test
FAIL: gcc.target/i386/avx2-vpsubq-3.c execution test
FAIL: gcc.target/i386/avx2-vpsubsb-2.c execution test
FAIL: gcc.target/i386/avx2-vpsubsw-2.c execution test
FAIL: gcc.target/i386/avx2-vpsubusb-2.c execution test
FAIL: gcc.target/i386/avx2-vpsubusw-2.c execution test
FAIL: gcc.target/i386/avx2-vpsubw-3.c execution test
FAIL: gcc.target/i386/avx2-vpunpckhbw-2.c execution test
FAIL: gcc.target/i386/avx2-vpunpckhdq-2.c execution test
FAIL: gcc.target/i386/avx2-vpunpckhqdq-2.c execution test
FAIL: gcc.target/i386/avx2-vpunpckhwd-2.c execution test
FAIL: gcc.target/i386/avx2-vpunpcklbw-2.c execution test
FAIL: gcc.target/i386/avx2-vpunpckldq-2.c execution test
FAIL: gcc.target/i386/avx2-vpunpcklqdq-2.c execution test
FAIL: gcc.target/i386/avx2-vpunpcklwd-2.c execution test
FAIL: gcc.target/i386/avx2-vpxor-2.c execution test
FAIL: gcc.target/i386/avx2-vshift-1.c execution test
FAIL: gcc.target/i386/fma-256-fmaddXX.c execution test
FAIL: gcc.target/i386/fma-256-fmaddsubXX.c execution test
FAIL: gcc.target/i386/fma-256-fmsubXX.c execution test
FAIL: gcc.target/i386/fma-256-fmsubaddXX.c execution test
FAIL: gcc.target/i386/fma-256-fnmaddXX.c execution test
FAIL: gcc.target/i386/fma-256-fnmsubXX.c execution test
FAIL: gcc.target/i386/fma-fmaddXX.c execution test
FAIL: gcc.target/i386/fma-fmaddsubXX.c execution test
FAIL: gcc.target/i386/fma-fmsubXX.c execution test
FAIL: gcc.target/i386/fma-fmsubaddXX.c execution test
FAIL: gcc.target/i386/fma-fnmaddXX.c execution test
FAIL: gcc.target/i386/fma-fnmsubXX.c execution test
FAIL: gcc.target/i386/fma_run_double_1.c execution test
FAIL: gcc.target/i386/fma_run_double_2.c execution test
FAIL: gcc.target/i386/fma_run_double_3.c execution test
FAIL: gcc.target/i386/fma_run_double_4.c execution test
FAIL: gcc.target/i386/fma_run_double_5.c execution test
FAIL: gcc.target/i386/fma_run_double_6.c execution test
FAIL: gcc.target/i386/fma_run_float_1.c execution test
FAIL: gcc.target/i386/fma_run_float_2.c execution test
FAIL: gcc.target/i386/fma_run_float_3.c execution test
FAIL: gcc.target/i386/fma_run_float_4.c execution test
FAIL: gcc.target/i386/fma_run_float_5.c execution test
FAIL: gcc.target/i386/fma_run_float_6.c execution test
FAIL: gcc.target/i386/l_fma_run_double_1.c execution test
FAIL: gcc.target/i386/l_fma_run_double_2.c execution test
FAIL: gcc.target/i386/l_fma_run_double_3.c execution test
FAIL: gcc.target/i386/l_fma_run_double_4.c execution test
FAIL: gcc.target/i386/l_fma_run_double_5.c execution test
FAIL: gcc.target/i386/l_fma_run_double_6.c execution test
FAIL: gcc.target/i386/l_fma_run_float_1.c execution test
FAIL: gcc.target/i386/l_fma_run_float_2.c execution test
FAIL: gcc.target/i386/l_fma_run_float_3.c execution test
FAIL: gcc.target/i386/l_fma_run_float_4.c execution test
FAIL: gcc.target/i386/l_fma_run_float_5.c execution test
FAIL: gcc.target/i386/l_fma_run_float_6.c execution test
FAIL: gcc.target/i386/vcvtph2ps-1.c execution test
FAIL: gcc.target/i386/vcvtph2ps-2.c execution test
FAIL: gcc.target/i386/vcvtph2ps-3.c execution test
FAIL: gcc.target/i386/vcvtps2ph-1.c execution test
FAIL: gcc.target/i386/vcvtps2ph-2.c execution test
FAIL: gcc.target/i386/vcvtps2ph-3.c execution test
=== gcc Summary for unix/-m64 ===
# of expected passes 84362
# of unexpected failures 247
# of expected failures 257
# of unsupported tests 1447
=== gcc Summary ===
# of expected passes 168478
# of unexpected failures 494
# of expected failures 514
# of unsupported tests 2529
/var/gcc/regression/gcc-4.7-branch/11-gcc/build/gcc/xgcc version 4.7.3 20130215 (prerelease) [gcc-4_7-branch revision 196078] (GCC)
=== gfortran tests ===
Running target unix
=== gfortran Summary for unix ===
# of expected passes 40778
# of expected failures 42
# of unsupported tests 227
Running target unix/-m64
=== gfortran Summary for unix/-m64 ===
# of expected passes 41083
# of expected failures 42
# of unsupported tests 79
=== gfortran Summary ===
# of expected passes 81861
# of expected failures 84
# of unsupported tests 306
/var/gcc/regression/gcc-4.7-branch/11-gcc/build/gcc/testsuite/gfortran/../../gfortran version 4.7.3 20130215 (prerelease) [gcc-4_7-branch revision 196078] (GCC)
=== gnat tests ===
Running target unix
=== gnat Summary for unix ===
# of expected passes 1116
# of expected failures 14
# of unsupported tests 6
Running target unix/-m64
=== gnat Summary for unix/-m64 ===
# of expected passes 1116
# of expected failures 14
# of unsupported tests 6
=== gnat Summary ===
# of expected passes 2232
# of expected failures 28
# of unsupported tests 12
/var/gcc/regression/gcc-4.7-branch/11-gcc/build/gcc/gnatmake version 4.7.3 20130215 (prerelease) [gcc-4_7-branch revision 196078]
=== go tests ===
Running target unix
=== go Summary for unix ===
# of expected passes 3290
# of expected failures 4
# of untested testcases 6
Running target unix/-m64
FAIL: go.test/test/chan/powser1.go execution, -O2 -g
=== go Summary for unix/-m64 ===
# of expected passes 3289
# of unexpected failures 1
# of expected failures 4
# of untested testcases 6
=== go Summary ===
# of expected passes 6579
# of unexpected failures 1
# of expected failures 8
# of untested testcases 12
/var/gcc/regression/gcc-4.7-branch/11-gcc/build/gcc/testsuite/go/../../gccgo version 4.7.3 20130215 (prerelease) [gcc-4_7-branch revision 196078] (GCC)
=== obj-c++ tests ===
Running target unix
=== obj-c++ Summary for unix ===
# of expected passes 1450
# of expected failures 2
# of unsupported tests 86
Running target unix/-m64
=== obj-c++ Summary for unix/-m64 ===
# of expected passes 1442
# of expected failures 10
# of unsupported tests 86
=== obj-c++ Summary ===
# of expected passes 2892
# of expected failures 12
# of unsupported tests 172
/var/gcc/regression/gcc-4.7-branch/11-gcc/build/gcc/testsuite/obj-c++/../../g++ version 4.7.3 20130215 (prerelease) [gcc-4_7-branch revision 196078] (GCC)
=== objc tests ===
Running target unix
=== objc Summary for unix ===
# of expected passes 2988
# of expected failures 6
# of unsupported tests 74
Running target unix/-m64
=== objc Summary for unix/-m64 ===
# of expected passes 2988
# of expected failures 6
# of unsupported tests 74
=== objc Summary ===
# of expected passes 5976
# of expected failures 12
# of unsupported tests 148
/var/gcc/regression/gcc-4.7-branch/11-gcc/build/gcc/xgcc version 4.7.3 20130215 (prerelease) [gcc-4_7-branch revision 196078] (GCC)
=== boehm-gc tests ===
Running target unix
FAIL: boehm-gc.c/gctest.c -O2 execution test
FAIL: boehm-gc.c/leak_test.c -O2 execution test
FAIL: boehm-gc.c/thread_leak_test.c -O2 execution test
FAIL: boehm-gc.lib/staticrootstest.c -O2 execution test
=== boehm-gc Summary for unix ===
# of expected passes 8
# of unexpected failures 4
# of unsupported tests 1
Running target unix/-m64
=== boehm-gc Summary for unix/-m64 ===
# of expected passes 12
# of unsupported tests 1
=== boehm-gc Summary ===
# of expected passes 20
# of unexpected failures 4
# of unsupported tests 2
=== libffi tests ===
Running target unix
=== libffi Summary for unix ===
# of expected passes 1634
# of expected failures 10
# of unsupported tests 55
Running target unix/-m64
=== libffi Summary for unix/-m64 ===
# of expected passes 1634
# of expected failures 10
# of unsupported tests 55
=== libffi Summary ===
# of expected passes 3268
# of expected failures 20
# of unsupported tests 110
=== libgo tests ===
Running target unix
=== libgo Summary for unix ===
# of expected passes 124
Running target unix/-m64
FAIL: bufio
FAIL: net
FAIL: path
FAIL: reflect
FAIL: unicode
FAIL: archive/tar
FAIL: archive/zip
FAIL: compress/bzip2
FAIL: compress/flate
FAIL: compress/gzip
FAIL: compress/lzw
FAIL: container/heap
FAIL: container/list
FAIL: container/ring
FAIL: crypto/cipher
FAIL: crypto/elliptic
FAIL: crypto/hmac
FAIL: crypto/md5
FAIL: crypto/rand
FAIL: crypto/rc4
FAIL: crypto/sha1
FAIL: crypto/sha256
FAIL: crypto/sha512
FAIL: crypto/subtle
FAIL: database/sql
FAIL: database/sql/driver
FAIL: debug/dwarf
FAIL: debug/macho
FAIL: encoding/base32
FAIL: encoding/base64
FAIL: encoding/csv
FAIL: encoding/gob
FAIL: encoding/hex
FAIL: encoding/pem
FAIL: encoding/xml
FAIL: exp/norm
FAIL: exp/terminal
FAIL: exp/utf8string
FAIL: html/template
FAIL: go/doc
FAIL: go/parser
FAIL: hash/adler32
FAIL: image/color
FAIL: image/jpeg
FAIL: index/suffixarray
FAIL: math/rand
FAIL: mime/multipart
FAIL: net/http
FAIL: net/http/fcgi
FAIL: net/http/httptest
FAIL: net/http/httputil
FAIL: net/rpc
FAIL: net/textproto
FAIL: net/url
FAIL: net/rpc/jsonrpc
FAIL: old/netchan
FAIL: old/template
FAIL: runtime/pprof
FAIL: text/scanner
FAIL: text/tabwriter
FAIL: text/template
FAIL: unicode/utf8
=== libgo Summary for unix/-m64 ===
# of expected passes 62
# of unexpected failures 62
=== libgo Summary ===
# of expected passes 186
# of unexpected failures 62
/var/gcc/regression/gcc-4.7-branch/11-gcc/build/./gcc/gccgo version 4.7.3 20130215 (prerelease) [gcc-4_7-branch revision 196078] (GCC)
=== libgomp tests ===
Running target unix
=== libgomp Summary for unix ===
# of expected passes 2924
# of unsupported tests 3
Running target unix/-m64
=== libgomp Summary for unix/-m64 ===
# of expected passes 2924
# of unsupported tests 3
=== libgomp Summary ===
# of expected passes 5848
# of unsupported tests 6
=== libitm tests ===
Running target unix
=== libitm Summary for unix ===
# of expected passes 26
# of expected failures 3
# of unsupported tests 1
Running target unix/-m64
=== libitm Summary for unix/-m64 ===
# of expected passes 26
# of expected failures 3
# of unsupported tests 1
=== libitm Summary ===
# of expected passes 52
# of expected failures 6
# of unsupported tests 2
=== libjava tests ===
Running target unix
=== libjava Summary for unix ===
# of expected passes 2574
Running target unix/-m64
=== libjava Summary for unix/-m64 ===
# of expected passes 2574
=== libjava Summary ===
# of expected passes 5148
=== libmudflap tests ===
Running target unix
=== libmudflap Summary for unix ===
# of expected passes 1442
Running target unix/-m64
FAIL: libmudflap.c++/pass55-frag.cxx ( -O) execution test
=== libmudflap Summary for unix/-m64 ===
# of expected passes 1441
# of unexpected failures 1
=== libmudflap Summary ===
# of expected passes 2883
# of unexpected failures 1
=== libstdc++ tests ===
Running target unix
FAIL: libstdc++-prettyprinters/shared_ptr.cc print esp
FAIL: libstdc++-prettyprinters/shared_ptr.cc print ewp1
FAIL: libstdc++-prettyprinters/shared_ptr.cc print ewp2
FAIL: libstdc++-prettyprinters/shared_ptr.cc print sp1
FAIL: libstdc++-prettyprinters/shared_ptr.cc print wp1
FAIL: libstdc++-prettyprinters/shared_ptr.cc print wp2
=== libstdc++ Summary for unix ===
# of expected passes 8005
# of unexpected failures 6
# of expected failures 43
# of unsupported tests 514
Running target unix/-m64
FAIL: libstdc++-abi/abi_check
FAIL: libstdc++-prettyprinters/shared_ptr.cc print esp
FAIL: libstdc++-prettyprinters/shared_ptr.cc print ewp1
FAIL: libstdc++-prettyprinters/shared_ptr.cc print ewp2
FAIL: libstdc++-prettyprinters/shared_ptr.cc print sp1
FAIL: libstdc++-prettyprinters/shared_ptr.cc print wp1
FAIL: libstdc++-prettyprinters/shared_ptr.cc print wp2
=== libstdc++ Summary for unix/-m64 ===
# of expected passes 8004
# of unexpected failures 7
# of expected failures 43
# of unsupported tests 514
=== libstdc++ Summary ===
# of expected passes 16009
# of unexpected failures 13
# of expected failures 86
# of unsupported tests 1028
Compiler version: 4.7.3 20130215 (prerelease) [gcc-4_7-branch revision 196078] (GCC)
Platform: i386-pc-solaris2.11
configure flags: --prefix=/vol/gcc --target=i386-pc-solaris2.11 --enable-objc-gc --enable-libmudflap --with-gmp-include=/vol/gcc/include --with-gmp-lib=/vol/gcc/lib --with-mpfr-include=/vol/gcc/include --with-mpfr-lib=/vol/gcc/lib --with-mpc-include=/vol/gcc/include --with-mpc-lib=/vol/gcc/lib --enable-languages=all,ada,obj-c++,go --without-ppl --without-isl --without-cloog
BOOT_CFLAGS=-g -O2