This is the mail archive of the
gcc-testresults@gcc.gnu.org
mailing list for the GCC project.
Results for 4.8.0 20130215 (experimental) [trunk revision 196077] (GCC) testsuite on sparcv9-sun-solaris2.11
- From: Rainer Orth <ro at CeBiTec dot Uni-Bielefeld dot DE>
- To: gcc-testresults at gcc dot gnu dot org
- Date: Mon, 18 Feb 2013 12:01:08 +0100 (MET)
- Subject: Results for 4.8.0 20130215 (experimental) [trunk revision 196077] (GCC) testsuite on sparcv9-sun-solaris2.11
LAST_UPDATED: Fri Feb 15 14:38:33 UTC 2013 (revision 196077)
=== acats tests ===
=== acats Summary ===
# of expected passes 2320
# of unexpected failures 0
Native configuration is sparcv9-sun-solaris2.11
=== g++ tests ===
Running target unix
FAIL: g++.dg/lto/20091219 cp_lto_20091219_0.o-cp_lto_20091219_0.o link, -O3 -flto
UNRESOLVED: g++.dg/lto/20091219 cp_lto_20091219_0.o-cp_lto_20091219_0.o execute -O3 -flto
=== g++ Summary for unix ===
# of expected passes 51022
# of unexpected failures 1
# of expected failures 291
# of unresolved testcases 1
# of unsupported tests 922
Running target unix/-m32
FAIL: g++.dg/lto/20091219 cp_lto_20091219_0.o-cp_lto_20091219_0.o link, -O3 -flto
UNRESOLVED: g++.dg/lto/20091219 cp_lto_20091219_0.o-cp_lto_20091219_0.o execute -O3 -flto
=== g++ Summary for unix/-m32 ===
# of expected passes 49782
# of unexpected failures 1
# of expected failures 291
# of unresolved testcases 1
# of unsupported tests 932
=== g++ Summary ===
# of expected passes 100804
# of unexpected failures 2
# of expected failures 582
# of unresolved testcases 2
# of unsupported tests 1854
/var/gcc/regression/trunk/11-gcc-64/build/gcc/testsuite/g++/../../xg++ version 4.8.0 20130215 (experimental) [trunk revision 196077] (GCC)
=== gcc tests ===
Running target unix
=== gcc Summary for unix ===
# of expected passes 82586
# of expected failures 308
# of unsupported tests 1607
Running target unix/-m32
FAIL: gcc.c-torture/execute/20010910-1.c compilation, -O1 (internal compiler error)
UNRESOLVED: gcc.c-torture/execute/20010910-1.c execution, -O1
FAIL: gcc.c-torture/execute/20010915-1.c compilation, -O2 (internal compiler error)
UNRESOLVED: gcc.c-torture/execute/20010915-1.c execution, -O2
FAIL: gcc.c-torture/execute/20010915-1.c compilation, -O3 -g (internal compiler error)
UNRESOLVED: gcc.c-torture/execute/20010915-1.c execution, -O3 -g
FAIL: gcc.c-torture/execute/20010915-1.c compilation, -Og -g (internal compiler error)
UNRESOLVED: gcc.c-torture/execute/20010915-1.c execution, -Og -g
FAIL: gcc.c-torture/execute/20010915-1.c compilation, -O2 -flto -flto-partition=none (internal compiler error)
UNRESOLVED: gcc.c-torture/execute/20010915-1.c execution, -O2 -flto -flto-partition=none
FAIL: gcc.c-torture/execute/20010924-1.c compilation, -O3 -g (internal compiler error)
UNRESOLVED: gcc.c-torture/execute/20010924-1.c execution, -O3 -g
FAIL: gcc.c-torture/execute/20010925-1.c compilation, -O1 (internal compiler error)
UNRESOLVED: gcc.c-torture/execute/20010925-1.c execution, -O1
FAIL: gcc.c-torture/execute/20011008-3.c compilation, -O3 -g (internal compiler error)
UNRESOLVED: gcc.c-torture/execute/20011008-3.c execution, -O3 -g
FAIL: gcc.c-torture/execute/20011109-1.c compilation, -O3 -fomit-frame-pointer (internal compiler error)
UNRESOLVED: gcc.c-torture/execute/20011109-1.c execution, -O3 -fomit-frame-pointer
FAIL: gcc.c-torture/execute/20011109-1.c compilation, -O2 -flto -flto-partition=none (internal compiler error)
UNRESOLVED: gcc.c-torture/execute/20011109-1.c execution, -O2 -flto -flto-partition=none
FAIL: gcc.c-torture/execute/931004-14.c compilation, -O3 -fomit-frame-pointer (internal compiler error)
UNRESOLVED: gcc.c-torture/execute/931004-14.c execution, -O3 -fomit-frame-pointer
FAIL: gcc.c-torture/execute/931004-2.c compilation, -O1 (internal compiler error)
UNRESOLVED: gcc.c-torture/execute/931004-2.c execution, -O1
FAIL: gcc.c-torture/execute/931004-5.c compilation, -Os (internal compiler error)
UNRESOLVED: gcc.c-torture/execute/931004-5.c execution, -Os
FAIL: gcc.c-torture/execute/931004-6.c compilation, -O3 -fomit-frame-pointer -funroll-loops (internal compiler error)
UNRESOLVED: gcc.c-torture/execute/931004-6.c execution, -O3 -fomit-frame-pointer -funroll-loops
FAIL: gcc.c-torture/execute/931004-6.c compilation, -O3 -fomit-frame-pointer -funroll-all-loops -finline-functions (internal compiler error)
UNRESOLVED: gcc.c-torture/execute/931004-6.c execution, -O3 -fomit-frame-pointer -funroll-all-loops -finline-functions
FAIL: gcc.c-torture/execute/931004-7.c compilation, -O2 -flto (internal compiler error)
UNRESOLVED: gcc.c-torture/execute/931004-7.c execution, -O2 -flto
FAIL: gcc.c-torture/execute/931004-8.c compilation, -O3 -g (internal compiler error)
UNRESOLVED: gcc.c-torture/execute/931004-8.c execution, -O3 -g
FAIL: gcc.c-torture/execute/931004-8.c compilation, -Og -g (internal compiler error)
UNRESOLVED: gcc.c-torture/execute/931004-8.c execution, -Og -g
FAIL: gcc.c-torture/execute/931004-8.c compilation, -O2 -flto -flto-partition=none (internal compiler error)
UNRESOLVED: gcc.c-torture/execute/931004-8.c execution, -O2 -flto -flto-partition=none
FAIL: gcc.c-torture/execute/931004-9.c compilation, -O3 -fomit-frame-pointer (internal compiler error)
UNRESOLVED: gcc.c-torture/execute/931004-9.c execution, -O3 -fomit-frame-pointer
FAIL: gcc.c-torture/execute/pr22061-1.c compilation, -O3 -g (internal compiler error)
UNRESOLVED: gcc.c-torture/execute/pr22061-1.c execution, -O3 -g
FAIL: gcc.c-torture/execute/pr22061-3.c compilation, -O2 -flto -flto-partition=none (internal compiler error)
UNRESOLVED: gcc.c-torture/execute/pr22061-3.c execution, -O2 -flto -flto-partition=none
FAIL: gcc.c-torture/execute/pr22061-4.c compilation, -O2 -flto -flto-partition=none (internal compiler error)
UNRESOLVED: gcc.c-torture/execute/pr22061-4.c execution, -O2 -flto -flto-partition=none
FAIL: gcc.c-torture/execute/pr22061-4.c compilation, -O2 -flto (internal compiler error)
UNRESOLVED: gcc.c-torture/execute/pr22061-4.c execution, -O2 -flto
FAIL: gcc.c-torture/execute/pr22098-1.c compilation, -O3 -fomit-frame-pointer (internal compiler error)
UNRESOLVED: gcc.c-torture/execute/pr22098-1.c execution, -O3 -fomit-frame-pointer
FAIL: gcc.c-torture/execute/pr22098-1.c compilation, -O2 -flto -flto-partition=none (internal compiler error)
UNRESOLVED: gcc.c-torture/execute/pr22098-1.c execution, -O2 -flto -flto-partition=none
FAIL: gcc.c-torture/execute/pr22098-2.c compilation, -O2 -flto (internal compiler error)
UNRESOLVED: gcc.c-torture/execute/pr22098-2.c execution, -O2 -flto
FAIL: gcc.c-torture/execute/pr22098-3.c compilation, -O2 -flto (internal compiler error)
UNRESOLVED: gcc.c-torture/execute/pr22098-3.c execution, -O2 -flto
FAIL: gcc.c-torture/execute/pr22348.c compilation, -O3 -fomit-frame-pointer (internal compiler error)
UNRESOLVED: gcc.c-torture/execute/pr22348.c execution, -O3 -fomit-frame-pointer
FAIL: gcc.c-torture/execute/pr22348.c compilation, -O2 -flto (internal compiler error)
UNRESOLVED: gcc.c-torture/execute/pr22348.c execution, -O2 -flto
FAIL: gcc.c-torture/execute/pr22429.c compilation, -O2 -flto -flto-partition=none (internal compiler error)
UNRESOLVED: gcc.c-torture/execute/pr22429.c execution, -O2 -flto -flto-partition=none
FAIL: gcc.c-torture/execute/pr22493-1.c compilation, -O1 (internal compiler error)
UNRESOLVED: gcc.c-torture/execute/pr22493-1.c execution, -O1
FAIL: gcc.c-torture/execute/pr22493-1.c compilation, -O3 -fomit-frame-pointer (internal compiler error)
UNRESOLVED: gcc.c-torture/execute/pr22493-1.c execution, -O3 -fomit-frame-pointer
FAIL: gcc.c-torture/execute/pr22630.c compilation, -O2 -flto (internal compiler error)
UNRESOLVED: gcc.c-torture/execute/pr22630.c execution, -O2 -flto
FAIL: gcc.c-torture/execute/pr23135.c compilation, -O1 (internal compiler error)
UNRESOLVED: gcc.c-torture/execute/pr23135.c execution, -O1
FAIL: gcc.c-torture/execute/pr23135.c compilation, -O2 -flto -flto-partition=none (internal compiler error)
UNRESOLVED: gcc.c-torture/execute/pr23135.c execution, -O2 -flto -flto-partition=none
FAIL: gcc.c-torture/execute/pr23467.c compilation, -O1 (internal compiler error)
UNRESOLVED: gcc.c-torture/execute/pr23467.c execution, -O1
FAIL: gcc.dg/debug/vta-1.c -gdwarf-2 -O (internal compiler error)
FAIL: gcc.dg/debug/vta-1.c -gdwarf-2 -O (test for excess errors)
FAIL: gcc.dg/debug/vta-1.c -gdwarf-2 -g3 -O (internal compiler error)
FAIL: gcc.dg/debug/vta-1.c -gdwarf-2 -g3 -O (test for excess errors)
FAIL: gcc.dg/debug/vta-1.c -gstabs+ -O (internal compiler error)
FAIL: gcc.dg/debug/vta-1.c -gstabs+ -O (test for excess errors)
FAIL: gcc.dg/debug/vta-2.c -gstabs (internal compiler error)
FAIL: gcc.dg/debug/vta-2.c -gstabs (test for excess errors)
FAIL: gcc.dg/debug/vta-2.c -gstabs+1 (internal compiler error)
FAIL: gcc.dg/debug/vta-2.c -gstabs+1 (test for excess errors)
FAIL: gcc.dg/debug/vta-3.c -gstabs+3 -O (internal compiler error)
FAIL: gcc.dg/debug/vta-3.c -gstabs+3 -O (test for excess errors)
FAIL: gcc.dg/debug/dwarf2/dwarf-die5.c (internal compiler error)
FAIL: gcc.dg/debug/dwarf2/dwarf-die5.c (test for excess errors)
UNRESOLVED: gcc.dg/debug/dwarf2/dwarf-die5.c scan-assembler 3.*DW_AT_inline
FAIL: gcc.dg/debug/dwarf2/fesd-reduced.c (internal compiler error)
FAIL: gcc.dg/debug/dwarf2/fesd-reduced.c (test for excess errors)
UNRESOLVED: gcc.dg/debug/dwarf2/fesd-reduced.c scan-assembler timespec.*DW_AT_name
UNRESOLVED: gcc.dg/debug/dwarf2/fesd-reduced.c scan-assembler tv_sec.*DW_AT_name
UNRESOLVED: gcc.dg/debug/dwarf2/fesd-reduced.c scan-assembler tv_nsec.*DW_AT_name
UNRESOLVED: gcc.dg/debug/dwarf2/fesd-reduced.c scan-assembler itimerspec.*DW_AT_name
UNRESOLVED: gcc.dg/debug/dwarf2/fesd-reduced.c scan-assembler it_interval.*DW_AT_name
UNRESOLVED: gcc.dg/debug/dwarf2/fesd-reduced.c scan-assembler it_value.*DW_AT_name
UNRESOLVED: gcc.dg/debug/dwarf2/fesd-reduced.c scan-assembler-not gstruct_head_ordy_defn_ref_head.*DW_AT_name
UNRESOLVED: gcc.dg/debug/dwarf2/fesd-reduced.c scan-assembler-not field_head_ordy_defn_ref_head.*DW_AT_name
UNRESOLVED: gcc.dg/debug/dwarf2/fesd-reduced.c scan-assembler-not gstruct_head_ordy_defn_ptr_head.*DW_AT_name
UNRESOLVED: gcc.dg/debug/dwarf2/fesd-reduced.c scan-assembler-not field_head_ordy_defn_ptr_head.*DW_AT_name
UNRESOLVED: gcc.dg/debug/dwarf2/fesd-reduced.c scan-assembler-not gstruct_head_ordy_defn_fld_head.*DW_AT_name
UNRESOLVED: gcc.dg/debug/dwarf2/fesd-reduced.c scan-assembler-not field_head_ordy_defn_fld_head.*DW_AT_name
UNRESOLVED: gcc.dg/debug/dwarf2/fesd-reduced.c scan-assembler gstruct_head_ordy_defn_var_head.*DW_AT_name
UNRESOLVED: gcc.dg/debug/dwarf2/fesd-reduced.c scan-assembler-not field_head_ordy_defn_var_head_inc.*DW_AT_name
UNRESOLVED: gcc.dg/debug/dwarf2/fesd-reduced.c scan-assembler-not field_head_ordy_defn_var_head_ref.*DW_AT_name
UNRESOLVED: gcc.dg/debug/dwarf2/fesd-reduced.c scan-assembler-not field_head_ordy_defn_var_head_ptr.*DW_AT_name
UNRESOLVED: gcc.dg/debug/dwarf2/fesd-reduced.c scan-assembler-not field_head_ordy_defn_var_head_fld.*DW_AT_name
UNRESOLVED: gcc.dg/debug/dwarf2/fesd-reduced.c scan-assembler-not gstruct_head_ordy_decl_ref_head.*DW_AT_name
UNRESOLVED: gcc.dg/debug/dwarf2/fesd-reduced.c scan-assembler gstruct_head_ordy_defn_ref_base.*DW_AT_name
UNRESOLVED: gcc.dg/debug/dwarf2/fesd-reduced.c scan-assembler-not field_head_ordy_defn_ref_base.*DW_AT_name
UNRESOLVED: gcc.dg/debug/dwarf2/fesd-reduced.c scan-assembler gstruct_head_ordy_defn_ptr_base.*DW_AT_name
UNRESOLVED: gcc.dg/debug/dwarf2/fesd-reduced.c scan-assembler-not field_head_ordy_defn_ptr_base.*DW_AT_name
UNRESOLVED: gcc.dg/debug/dwarf2/fesd-reduced.c scan-assembler gstruct_head_ordy_defn_fld_base.*DW_AT_name
UNRESOLVED: gcc.dg/debug/dwarf2/fesd-reduced.c scan-assembler-not field_head_ordy_defn_fld_base.*DW_AT_name
UNRESOLVED: gcc.dg/debug/dwarf2/fesd-reduced.c scan-assembler gstruct_head_ordy_defn_var_base.*DW_AT_name
UNRESOLVED: gcc.dg/debug/dwarf2/fesd-reduced.c scan-assembler-not field_head_ordy_defn_var_base.*DW_AT_name
UNRESOLVED: gcc.dg/debug/dwarf2/fesd-reduced.c scan-assembler gstruct_base_ordy_defn_ref_base.*DW_AT_name
UNRESOLVED: gcc.dg/debug/dwarf2/fesd-reduced.c scan-assembler field_base_ordy_defn_ref_base.*DW_AT_name
UNRESOLVED: gcc.dg/debug/dwarf2/fesd-reduced.c scan-assembler gstruct_base_ordy_defn_ptr_base.*DW_AT_name
UNRESOLVED: gcc.dg/debug/dwarf2/fesd-reduced.c scan-assembler field_base_ordy_defn_ptr_base.*DW_AT_name
UNRESOLVED: gcc.dg/debug/dwarf2/fesd-reduced.c scan-assembler gstruct_base_ordy_defn_fld_base.*DW_AT_name
UNRESOLVED: gcc.dg/debug/dwarf2/fesd-reduced.c scan-assembler field_base_ordy_defn_fld_base.*DW_AT_name
UNRESOLVED: gcc.dg/debug/dwarf2/fesd-reduced.c scan-assembler gstruct_base_ordy_defn_var_base.*DW_AT_name
UNRESOLVED: gcc.dg/debug/dwarf2/fesd-reduced.c scan-assembler field1_base_ordy_defn_var_base_inc.*DW_AT_name
UNRESOLVED: gcc.dg/debug/dwarf2/fesd-reduced.c scan-assembler field1_base_ordy_defn_var_base_ref.*DW_AT_name
UNRESOLVED: gcc.dg/debug/dwarf2/fesd-reduced.c scan-assembler field1_base_ordy_defn_var_base_ptr.*DW_AT_name
UNRESOLVED: gcc.dg/debug/dwarf2/fesd-reduced.c scan-assembler field1_base_ordy_defn_var_base_fld.*DW_AT_name
UNRESOLVED: gcc.dg/debug/dwarf2/fesd-reduced.c scan-assembler field2_base_ordy_defn_var_base_inc.*DW_AT_name
UNRESOLVED: gcc.dg/debug/dwarf2/fesd-reduced.c scan-assembler field2_base_ordy_defn_var_base_ref.*DW_AT_name
UNRESOLVED: gcc.dg/debug/dwarf2/fesd-reduced.c scan-assembler field2_base_ordy_defn_var_base_ptr.*DW_AT_name
UNRESOLVED: gcc.dg/debug/dwarf2/fesd-reduced.c scan-assembler field2_base_ordy_defn_var_base_fld.*DW_AT_name
UNRESOLVED: gcc.dg/debug/dwarf2/fesd-reduced.c scan-assembler gstruct_head_ordy_decl_ref_base.*DW_AT_name
UNRESOLVED: gcc.dg/debug/dwarf2/fesd-reduced.c scan-assembler gstruct_base_ordy_decl_ref_base.*DW_AT_name
FAIL: gcc.dg/simulate-thread/atomic-other-int.c -O2 -g thread simulation test
FAIL: gcc.dg/simulate-thread/atomic-other-int.c -O3 -g thread simulation test
FAIL: gcc.dg/simulate-thread/speculative-store-4.c -O0 -g thread simulation test
FAIL: gcc.dg/simulate-thread/speculative-store-4.c -O2 -g thread simulation test
FAIL: gcc.dg/simulate-thread/speculative-store-4.c -O3 -g thread simulation test
FAIL: gcc.dg/simulate-thread/speculative-store.c -O0 -g thread simulation test
=== gcc Summary for unix/-m32 ===
# of expected passes 81708
# of unexpected failures 59
# of expected failures 319
# of unresolved testcases 81
# of unsupported tests 1664
=== gcc Summary ===
# of expected passes 164294
# of unexpected failures 59
# of expected failures 627
# of unresolved testcases 81
# of unsupported tests 3271
/var/gcc/regression/trunk/11-gcc-64/build/gcc/xgcc version 4.8.0 20130215 (experimental) [trunk revision 196077] (GCC)
=== gfortran tests ===
Running target unix
XPASS: gfortran.dg/do_1.f90 -O0 execution test
XPASS: gfortran.dg/do_1.f90 -O1 execution test
FAIL: gfortran.dg/lto/pr45586-2 f_lto_pr45586-2_0.o-f_lto_pr45586-2_0.o link, -O0 -flto -flto-partition=none (internal compiler error)
UNRESOLVED: gfortran.dg/lto/pr45586-2 f_lto_pr45586-2_0.o-f_lto_pr45586-2_0.o execute -O0 -flto -flto-partition=none
FAIL: gfortran.dg/lto/pr45586-2 f_lto_pr45586-2_0.o-f_lto_pr45586-2_0.o link, -O0 -flto -flto-partition=1to1 (internal compiler error)
UNRESOLVED: gfortran.dg/lto/pr45586-2 f_lto_pr45586-2_0.o-f_lto_pr45586-2_0.o execute -O0 -flto -flto-partition=1to1
FAIL: gfortran.dg/lto/pr45586-2 f_lto_pr45586-2_0.o-f_lto_pr45586-2_0.o link, -O0 -flto (internal compiler error)
UNRESOLVED: gfortran.dg/lto/pr45586-2 f_lto_pr45586-2_0.o-f_lto_pr45586-2_0.o execute -O0 -flto
FAIL: gfortran.dg/lto/pr45586 f_lto_pr45586_0.o-f_lto_pr45586_0.o link, -O0 -flto -flto-partition=none (internal compiler error)
UNRESOLVED: gfortran.dg/lto/pr45586 f_lto_pr45586_0.o-f_lto_pr45586_0.o execute -O0 -flto -flto-partition=none
FAIL: gfortran.dg/lto/pr45586 f_lto_pr45586_0.o-f_lto_pr45586_0.o link, -O0 -flto -flto-partition=1to1 (internal compiler error)
UNRESOLVED: gfortran.dg/lto/pr45586 f_lto_pr45586_0.o-f_lto_pr45586_0.o execute -O0 -flto -flto-partition=1to1
FAIL: gfortran.dg/lto/pr45586 f_lto_pr45586_0.o-f_lto_pr45586_0.o link, -O0 -flto (internal compiler error)
UNRESOLVED: gfortran.dg/lto/pr45586 f_lto_pr45586_0.o-f_lto_pr45586_0.o execute -O0 -flto
=== gfortran Summary for unix ===
# of expected passes 43192
# of unexpected failures 6
# of unexpected successes 2
# of expected failures 50
# of unresolved testcases 6
# of unsupported tests 99
Running target unix/-m32
FAIL: gfortran.dg/c_ptr_tests_7.f03 -O3 -fomit-frame-pointer (internal compiler error)
FAIL: gfortran.dg/c_ptr_tests_7.f03 -O3 -fomit-frame-pointer (test for excess errors)
WARNING: gfortran.dg/c_ptr_tests_7.f03 -O3 -fomit-frame-pointer compilation failed to produce executable
FAIL: gfortran.dg/c_ptr_tests_8.f03 -O1 (internal compiler error)
FAIL: gfortran.dg/c_ptr_tests_8.f03 -O1 (test for excess errors)
WARNING: gfortran.dg/c_ptr_tests_8.f03 -O1 compilation failed to produce executable
XPASS: gfortran.dg/do_1.f90 -O0 execution test
XPASS: gfortran.dg/do_1.f90 -O1 execution test
FAIL: gfortran.dg/lto/pr45586-2 f_lto_pr45586-2_0.o-f_lto_pr45586-2_0.o link, -O0 -flto -flto-partition=none (internal compiler error)
UNRESOLVED: gfortran.dg/lto/pr45586-2 f_lto_pr45586-2_0.o-f_lto_pr45586-2_0.o execute -O0 -flto -flto-partition=none
FAIL: gfortran.dg/lto/pr45586-2 f_lto_pr45586-2_0.o-f_lto_pr45586-2_0.o link, -O0 -flto -flto-partition=1to1 (internal compiler error)
UNRESOLVED: gfortran.dg/lto/pr45586-2 f_lto_pr45586-2_0.o-f_lto_pr45586-2_0.o execute -O0 -flto -flto-partition=1to1
FAIL: gfortran.dg/lto/pr45586-2 f_lto_pr45586-2_0.o-f_lto_pr45586-2_0.o link, -O0 -flto (internal compiler error)
UNRESOLVED: gfortran.dg/lto/pr45586-2 f_lto_pr45586-2_0.o-f_lto_pr45586-2_0.o execute -O0 -flto
FAIL: gfortran.dg/lto/pr45586 f_lto_pr45586_0.o-f_lto_pr45586_0.o link, -O0 -flto -flto-partition=none (internal compiler error)
UNRESOLVED: gfortran.dg/lto/pr45586 f_lto_pr45586_0.o-f_lto_pr45586_0.o execute -O0 -flto -flto-partition=none
FAIL: gfortran.dg/lto/pr45586 f_lto_pr45586_0.o-f_lto_pr45586_0.o link, -O0 -flto -flto-partition=1to1 (internal compiler error)
UNRESOLVED: gfortran.dg/lto/pr45586 f_lto_pr45586_0.o-f_lto_pr45586_0.o execute -O0 -flto -flto-partition=1to1
FAIL: gfortran.dg/lto/pr45586 f_lto_pr45586_0.o-f_lto_pr45586_0.o link, -O0 -flto (internal compiler error)
UNRESOLVED: gfortran.dg/lto/pr45586 f_lto_pr45586_0.o-f_lto_pr45586_0.o execute -O0 -flto
=== gfortran Summary for unix/-m32 ===
# of expected passes 42862
# of unexpected failures 10
# of unexpected successes 2
# of expected failures 50
# of unresolved testcases 6
# of unsupported tests 259
=== gfortran Summary ===
# of expected passes 86054
# of unexpected failures 16
# of unexpected successes 4
# of expected failures 100
# of unresolved testcases 12
# of unsupported tests 358
/var/gcc/regression/trunk/11-gcc-64/build/gcc/testsuite/gfortran/../../gfortran version 4.8.0 20130215 (experimental) [trunk revision 196077] (GCC)
=== gnat tests ===
Running target unix/-m32
=== gnat Summary for unix/-m32 ===
# of expected passes 1142
# of expected failures 17
# of unsupported tests 13
Running target unix
=== gnat Summary for unix ===
# of expected passes 1142
# of expected failures 17
# of unsupported tests 13
=== gnat Summary ===
# of expected passes 2284
# of expected failures 34
# of unsupported tests 26
/var/gcc/regression/trunk/11-gcc-64/build/gcc/gnatmake version 4.8.0 20130215 (experimental) [trunk revision 196077]
=== go tests ===
Running target unix
=== go Summary for unix ===
# of expected passes 4961
# of expected failures 1
# of untested testcases 6
Running target unix/-m32
=== go Summary for unix/-m32 ===
# of expected passes 5081
# of expected failures 1
# of untested testcases 6
=== go Summary ===
# of expected passes 10042
# of expected failures 2
# of untested testcases 12
/var/gcc/regression/trunk/11-gcc-64/build/gcc/testsuite/go/../../gccgo version 4.8.0 20130215 (experimental) [trunk revision 196077] (GCC)
=== obj-c++ tests ===
Running target unix/-m32
=== obj-c++ Summary for unix/-m32 ===
# of expected passes 1450
# of expected failures 2
# of unsupported tests 86
Running target unix
=== obj-c++ Summary for unix ===
# of expected passes 1442
# of expected failures 10
# of unsupported tests 86
=== obj-c++ Summary ===
# of expected passes 2892
# of expected failures 12
# of unsupported tests 172
/var/gcc/regression/trunk/11-gcc-64/build/gcc/testsuite/obj-c++/../../xg++ version 4.8.0 20130215 (experimental) [trunk revision 196077] (GCC)
=== objc tests ===
Running target unix
=== objc Summary for unix ===
# of expected passes 2994
# of unsupported tests 74
Running target unix/-m32
=== objc Summary for unix/-m32 ===
# of expected passes 2994
# of unsupported tests 74
=== objc Summary ===
# of expected passes 5988
# of unsupported tests 148
/var/gcc/regression/trunk/11-gcc-64/build/gcc/xgcc version 4.8.0 20130215 (experimental) [trunk revision 196077] (GCC)
=== boehm-gc tests ===
Running target unix/-m32
=== boehm-gc Summary for unix/-m32 ===
# of expected passes 12
# of unsupported tests 1
Running target unix
=== boehm-gc Summary for unix ===
# of expected passes 12
# of unsupported tests 1
=== boehm-gc Summary ===
# of expected passes 24
# of unsupported tests 2
=== libatomic tests ===
Running target unix/-m32
=== libatomic Summary for unix/-m32 ===
# of expected passes 34
# of unsupported tests 10
Running target unix
=== libatomic Summary for unix ===
# of expected passes 44
# of unsupported tests 5
=== libatomic Summary ===
# of expected passes 78
# of unsupported tests 15
=== libffi tests ===
Running target unix/-m32
=== libffi Summary for unix/-m32 ===
# of expected passes 1819
# of unsupported tests 55
Running target unix
FAIL: libffi.call/cls_struct_va1.c -O0 -W -Wall output pattern test, is 4 5 6 10 11 12 13 14 20 21
FAIL: libffi.call/cls_uint_va.c -O0 -W -Wall output pattern test, is 67: 67 4
FAIL: libffi.call/va_1.c -O0 -W -Wall output pattern test, is 5 6 10 11 12 13 14 7 8 uc=9 sc=10 11 12 13 14 15 16 2.120000 3.130000
FAIL: libffi.call/va_struct1.c -O0 -W -Wall output pattern test, is 5 6 10 11 12 13 14 7 8
FAIL: libffi.call/cls_struct_va1.c -O2 output pattern test, is 4 5 6 10 11 12 13 14 20 21
FAIL: libffi.call/cls_uint_va.c -O2 output pattern test, is 67: 67 4
FAIL: libffi.call/va_1.c -O2 execution test
FAIL: libffi.call/va_struct1.c -O2 output pattern test, is 5 6 10 11 12 13 14 7 8
FAIL: libffi.call/cls_struct_va1.c -O3 output pattern test, is 4 5 6 10 11 12 13 14 20 21
FAIL: libffi.call/cls_uint_va.c -O3 output pattern test, is 67: 67 4
FAIL: libffi.call/va_1.c -O3 execution test
FAIL: libffi.call/va_struct1.c -O3 execution test
FAIL: libffi.call/cls_align_uint32.c -Os (test for excess errors)
WARNING: libffi.call/cls_align_uint32.c -Os compilation failed to produce executable
FAIL: libffi.call/cls_align_uint64.c -Os (test for excess errors)
WARNING: libffi.call/cls_align_uint64.c -Os compilation failed to produce executable
FAIL: libffi.call/cls_longdouble.c -Os (test for excess errors)
WARNING: libffi.call/cls_longdouble.c -Os compilation failed to produce executable
FAIL: libffi.call/cls_sshort.c -Os (test for excess errors)
WARNING: libffi.call/cls_sshort.c -Os compilation failed to produce executable
FAIL: libffi.call/cls_struct_va1.c -Os output pattern test, is 4 5 6 10 11 12 13 14 20 21
FAIL: libffi.call/cls_uint_va.c -Os output pattern test, is 67: 67 4
FAIL: libffi.call/huge_struct.c -Os (test for excess errors)
WARNING: libffi.call/huge_struct.c -Os compilation failed to produce executable
FAIL: libffi.call/va_1.c -Os execution test
FAIL: libffi.call/va_struct1.c -Os output pattern test, is 5 6 10 11 12 13 14 7 8
FAIL: libffi.call/cls_struct_va1.c -O2 -fomit-frame-pointer output pattern test, is 4 5 6 10 11 12 13 14 20 21
FAIL: libffi.call/cls_uint_va.c -O2 -fomit-frame-pointer output pattern test, is 67: 67 4
FAIL: libffi.call/va_1.c -O2 -fomit-frame-pointer execution test
FAIL: libffi.call/va_struct1.c -O2 -fomit-frame-pointer output pattern test, is 5 6 10 11 12 13 14 7 8
=== libffi Summary for unix ===
# of expected passes 1779
# of unexpected failures 25
# of unsupported tests 55
=== libffi Summary ===
# of expected passes 3598
# of unexpected failures 25
# of unsupported tests 110
=== libgo tests ===
Running target unix
FAIL: exp/locale/collate/build
FAIL: exp/norm
=== libgo Summary for unix ===
# of expected passes 129
# of unexpected failures 2
Running target unix/-m32
FAIL: text/template
FAIL: testing/quick
=== libgo Summary for unix/-m32 ===
# of expected passes 129
# of unexpected failures 2
=== libgo Summary ===
# of expected passes 258
# of unexpected failures 4
/var/gcc/regression/trunk/11-gcc-64/build/./gcc/gccgo version 4.8.0 20130215 (experimental) [trunk revision 196077] (GCC)
=== libgomp tests ===
Running target unix/-m32
=== libgomp Summary for unix/-m32 ===
# of expected passes 2943
# of unsupported tests 3
Running target unix
=== libgomp Summary for unix ===
# of expected passes 2943
# of unsupported tests 3
=== libgomp Summary ===
# of expected passes 5886
# of unsupported tests 6
=== libitm tests ===
Running target unix/-m32
=== libitm Summary for unix/-m32 ===
# of expected passes 26
# of expected failures 3
# of unsupported tests 1
Running target unix
=== libitm Summary for unix ===
# of expected passes 26
# of expected failures 3
# of unsupported tests 1
=== libitm Summary ===
# of expected passes 52
# of expected failures 6
# of unsupported tests 2
=== libjava tests ===
Running target unix/-m32
FAIL: PR27908 -O3 -findirect-dispatch compilation from source
FAIL: PR5057 -O3 -findirect-dispatch compilation from source
FAIL: PR6204 -O3 compilation from source
FAIL: Process_1 -O3 -findirect-dispatch compilation from source
FAIL: Process_2 -findirect-dispatch compilation from source
FAIL: Process_6 -O3 compilation from source
FAIL: StaticConstructor -O3 compilation from source
FAIL: sourcelocation output - source compiled test
FAIL: sourcelocation -findirect-dispatch output - source compiled test
FAIL: sourcelocation -O3 output - source compiled test
FAIL: sourcelocation -O3 -findirect-dispatch output - source compiled test
=== libjava Summary for unix/-m32 ===
# of expected passes 2561
# of unexpected failures 11
# of untested testcases 14
Running target unix
FAIL: sourcelocation output - source compiled test
FAIL: sourcelocation -findirect-dispatch output - source compiled test
FAIL: sourcelocation -O3 output - source compiled test
FAIL: sourcelocation -O3 -findirect-dispatch output - source compiled test
=== libjava Summary for unix ===
# of expected passes 2582
# of unexpected failures 4
=== libjava Summary ===
# of expected passes 5143
# of unexpected failures 15
# of untested testcases 14
=== libmudflap tests ===
Running target unix/-m32
FAIL: libmudflap.c/fail37-frag.c (-O2) crash test
FAIL: libmudflap.c/fail37-frag.c (-O2) output pattern test
FAIL: libmudflap.c/fail37-frag.c (-O3) crash test
FAIL: libmudflap.c/fail37-frag.c (-O3) output pattern test
FAIL: libmudflap.c++/pass41-frag.cxx ( -O) execution test
FAIL: libmudflap.c++/pass41-frag.cxx (-O2) execution test
FAIL: libmudflap.c++/pass41-frag.cxx (-O3) execution test
=== libmudflap Summary for unix/-m32 ===
# of expected passes 1435
# of unexpected failures 7
Running target unix
FAIL: libmudflap.c/fail37-frag.c (-O2) crash test
FAIL: libmudflap.c/fail37-frag.c (-O2) output pattern test
FAIL: libmudflap.c/fail37-frag.c (-O3) crash test
FAIL: libmudflap.c/fail37-frag.c (-O3) output pattern test
FAIL: libmudflap.c/fail7-frag.c (-O3) (test for excess errors)
WARNING: libmudflap.c/fail7-frag.c (-O3) compilation failed to produce executable
FAIL: libmudflap.c/heap-scalestress.c (-O3) (test for excess errors)
WARNING: libmudflap.c/heap-scalestress.c (-O3) compilation failed to produce executable
FAIL: libmudflap.c/pass30-frag.c (-O3) (test for excess errors)
WARNING: libmudflap.c/pass30-frag.c (-O3) compilation failed to produce executable
FAIL: libmudflap.c/pass33-frag.c (-O3) (test for excess errors)
WARNING: libmudflap.c/pass33-frag.c (-O3) compilation failed to produce executable
FAIL: libmudflap.c/pass34-frag.c (-O3) (test for excess errors)
WARNING: libmudflap.c/pass34-frag.c (-O3) compilation failed to produce executable
FAIL: libmudflap.c/pass34-frag.c (-O3) (test for excess errors)
WARNING: libmudflap.c/pass34-frag.c (-O3) compilation failed to produce executable
FAIL: libmudflap.c/pass38-frag.c (-O3) (test for excess errors)
WARNING: libmudflap.c/pass38-frag.c (-O3) compilation failed to produce executable
FAIL: libmudflap.c/pass4-frag.c (-O3) (test for excess errors)
WARNING: libmudflap.c/pass4-frag.c (-O3) compilation failed to produce executable
FAIL: libmudflap.c/pass4-frag.c (-O3) (test for excess errors)
WARNING: libmudflap.c/pass4-frag.c (-O3) compilation failed to produce executable
FAIL: libmudflap.c/pass46-frag.c (-O3) (test for excess errors)
WARNING: libmudflap.c/pass46-frag.c (-O3) compilation failed to produce executable
FAIL: libmudflap.c++/pass41-frag.cxx ( -O) execution test
FAIL: libmudflap.c++/pass41-frag.cxx (-O2) execution test
FAIL: libmudflap.c++/pass41-frag.cxx (-O3) execution test
=== libmudflap Summary for unix ===
# of expected passes 1413
# of unexpected failures 17
=== libmudflap Summary ===
# of expected passes 2848
# of unexpected failures 24
=== libstdc++ tests ===
Running target unix
=== libstdc++ Summary for unix ===
# of expected passes 8253
# of expected failures 45
# of unsupported tests 584
Running target unix/-m32
=== libstdc++ Summary for unix/-m32 ===
# of expected passes 8253
# of expected failures 45
# of unsupported tests 584
=== libstdc++ Summary ===
# of expected passes 16506
# of expected failures 90
# of unsupported tests 1168
Compiler version: 4.8.0 20130215 (experimental) [trunk revision 196077] (GCC)
Platform: sparcv9-sun-solaris2.11
configure flags: --prefix=/vol/gcc --target=sparcv9-sun-solaris2.11 --enable-objc-gc --enable-libmudflap --with-gmp-include=/vol/gcc/include --with-gmp-lib=/vol/gcc/lib/sparcv9 --with-mpfr-include=/vol/gcc/include --with-mpfr-lib=/vol/gcc/lib/sparcv9 --with-mpc-include=/vol/gcc/include --with-mpc-lib=/vol/gcc/lib/sparcv9 --enable-languages=all,ada,obj-c++,go --without-isl --without-cloog --build=sparcv9-sun-solaris2.11 --host=sparcv9-sun-solaris2.11
BOOT_CFLAGS=-g -O2