This is the mail archive of the
gcc-testresults@gcc.gnu.org
mailing list for the GCC project.
Results for 4.8.0 20130213 (experimental) [trunk revision 196013] (GCC) testsuite on x86_64-unknown-linux-gnu
- From: intel64corei7 at gnu-34 dot sc dot intel dot com (H.J. Lu (Intel64 Core 2/i7))
- To: gcc-testresults at gcc dot gnu dot org
- Date: Wed, 13 Feb 2013 08:42:35 -0800
- Subject: Results for 4.8.0 20130213 (experimental) [trunk revision 196013] (GCC) testsuite on x86_64-unknown-linux-gnu
Native configuration is x86_64-unknown-linux-gnu
=== g++ tests ===
Running target unix
FAIL: c-c++-common/asan/clone-test-1.c -O0 execution test
FAIL: c-c++-common/asan/clone-test-1.c -O1 execution test
FAIL: c-c++-common/asan/clone-test-1.c -O2 execution test
FAIL: c-c++-common/asan/clone-test-1.c -O3 -fomit-frame-pointer execution test
FAIL: c-c++-common/asan/clone-test-1.c -O3 -fomit-frame-pointer -funroll-loops execution test
FAIL: c-c++-common/asan/clone-test-1.c -O3 -fomit-frame-pointer -funroll-all-loops -finline-functions execution test
FAIL: c-c++-common/asan/clone-test-1.c -O3 -g execution test
FAIL: c-c++-common/asan/clone-test-1.c -Os execution test
FAIL: c-c++-common/asan/clone-test-1.c -O2 -flto -fno-use-linker-plugin -flto-partition=none execution test
FAIL: c-c++-common/asan/clone-test-1.c -O2 -flto -fuse-linker-plugin -fno-fat-lto-objects execution test
FAIL: c-c++-common/asan/global-overflow-1.c -O0 output pattern test, is ==1105== Shadow memory range interleaves with an existing memory mapping. ASan cannot proceed correctly. ABORTING.
FAIL: c-c++-common/asan/global-overflow-1.c -O1 output pattern test, is ==1251== Shadow memory range interleaves with an existing memory mapping. ASan cannot proceed correctly. ABORTING.
FAIL: c-c++-common/asan/global-overflow-1.c -O2 output pattern test, is ==1393== Shadow memory range interleaves with an existing memory mapping. ASan cannot proceed correctly. ABORTING.
FAIL: c-c++-common/asan/global-overflow-1.c -O3 -fomit-frame-pointer output pattern test, is ==1515== Shadow memory range interleaves with an existing memory mapping. ASan cannot proceed correctly. ABORTING.
FAIL: c-c++-common/asan/global-overflow-1.c -O3 -g output pattern test, is ==1654== Shadow memory range interleaves with an existing memory mapping. ASan cannot proceed correctly. ABORTING.
FAIL: c-c++-common/asan/global-overflow-1.c -Os output pattern test, is ==1754== Shadow memory range interleaves with an existing memory mapping. ASan cannot proceed correctly. ABORTING.
FAIL: c-c++-common/asan/global-overflow-1.c -O2 -flto -fno-use-linker-plugin -flto-partition=none output pattern test, is ==1969== Shadow memory range interleaves with an existing memory mapping. ASan cannot proceed correctly. ABORTING.
FAIL: c-c++-common/asan/global-overflow-1.c -O2 -flto -fuse-linker-plugin -fno-fat-lto-objects output pattern test, is ==2079== Shadow memory range interleaves with an existing memory mapping. ASan cannot proceed correctly. ABORTING.
FAIL: c-c++-common/asan/heap-overflow-1.c -O0 output pattern test, is ==2136== Shadow memory range interleaves with an existing memory mapping. ASan cannot proceed correctly. ABORTING.
FAIL: c-c++-common/asan/heap-overflow-1.c -O1 output pattern test, is ==2197== Shadow memory range interleaves with an existing memory mapping. ASan cannot proceed correctly. ABORTING.
FAIL: c-c++-common/asan/heap-overflow-1.c -O2 output pattern test, is ==2296== Shadow memory range interleaves with an existing memory mapping. ASan cannot proceed correctly. ABORTING.
FAIL: c-c++-common/asan/heap-overflow-1.c -O3 -fomit-frame-pointer output pattern test, is ==2382== Shadow memory range interleaves with an existing memory mapping. ASan cannot proceed correctly. ABORTING.
FAIL: c-c++-common/asan/heap-overflow-1.c -O3 -g output pattern test, is ==2464== Shadow memory range interleaves with an existing memory mapping. ASan cannot proceed correctly. ABORTING.
FAIL: c-c++-common/asan/heap-overflow-1.c -Os output pattern test, is ==2548== Shadow memory range interleaves with an existing memory mapping. ASan cannot proceed correctly. ABORTING.
FAIL: c-c++-common/asan/heap-overflow-1.c -O2 -flto -fno-use-linker-plugin -flto-partition=none output pattern test, is ==2724== Shadow memory range interleaves with an existing memory mapping. ASan cannot proceed correctly. ABORTING.
FAIL: c-c++-common/asan/heap-overflow-1.c -O2 -flto -fuse-linker-plugin -fno-fat-lto-objects output pattern test, is ==2889== Shadow memory range interleaves with an existing memory mapping. ASan cannot proceed correctly. ABORTING.
FAIL: c-c++-common/asan/memcmp-1.c -O0 output pattern test, is ==3047== Shadow memory range interleaves with an existing memory mapping. ASan cannot proceed correctly. ABORTING.
FAIL: c-c++-common/asan/memcmp-1.c -O1 output pattern test, is ==3157== Shadow memory range interleaves with an existing memory mapping. ASan cannot proceed correctly. ABORTING.
FAIL: c-c++-common/asan/memcmp-1.c -O2 output pattern test, is ==3274== Shadow memory range interleaves with an existing memory mapping. ASan cannot proceed correctly. ABORTING.
FAIL: c-c++-common/asan/memcmp-1.c -O3 -fomit-frame-pointer output pattern test, is ==3370== Shadow memory range interleaves with an existing memory mapping. ASan cannot proceed correctly. ABORTING.
FAIL: c-c++-common/asan/memcmp-1.c -O3 -g output pattern test, is ==3483== Shadow memory range interleaves with an existing memory mapping. ASan cannot proceed correctly. ABORTING.
FAIL: c-c++-common/asan/memcmp-1.c -Os output pattern test, is ==3594== Shadow memory range interleaves with an existing memory mapping. ASan cannot proceed correctly. ABORTING.
FAIL: c-c++-common/asan/memcmp-1.c -O2 -flto -fno-use-linker-plugin -flto-partition=none output pattern test, is ==3823== Shadow memory range interleaves with an existing memory mapping. ASan cannot proceed correctly. ABORTING.
FAIL: c-c++-common/asan/memcmp-1.c -O2 -flto -fuse-linker-plugin -fno-fat-lto-objects output pattern test, is ==3963== Shadow memory range interleaves with an existing memory mapping. ASan cannot proceed correctly. ABORTING.
FAIL: c-c++-common/asan/null-deref-1.c -O0 output pattern test, is ==4202== Shadow memory range interleaves with an existing memory mapping. ASan cannot proceed correctly. ABORTING.
FAIL: c-c++-common/asan/null-deref-1.c -O1 output pattern test, is ==4313== Shadow memory range interleaves with an existing memory mapping. ASan cannot proceed correctly. ABORTING.
FAIL: c-c++-common/asan/null-deref-1.c -O2 output pattern test, is ==4395== Shadow memory range interleaves with an existing memory mapping. ASan cannot proceed correctly. ABORTING.
FAIL: c-c++-common/asan/null-deref-1.c -O3 -fomit-frame-pointer output pattern test, is ==4522== Shadow memory range interleaves with an existing memory mapping. ASan cannot proceed correctly. ABORTING.
FAIL: c-c++-common/asan/null-deref-1.c -O3 -g output pattern test, is ==4618== Shadow memory range interleaves with an existing memory mapping. ASan cannot proceed correctly. ABORTING.
FAIL: c-c++-common/asan/null-deref-1.c -Os output pattern test, is ==4709== Shadow memory range interleaves with an existing memory mapping. ASan cannot proceed correctly. ABORTING.
FAIL: c-c++-common/asan/null-deref-1.c -O2 -flto -fno-use-linker-plugin -flto-partition=none output pattern test, is ==4892== Shadow memory range interleaves with an existing memory mapping. ASan cannot proceed correctly. ABORTING.
FAIL: c-c++-common/asan/null-deref-1.c -O2 -flto -fuse-linker-plugin -fno-fat-lto-objects output pattern test, is ==5059== Shadow memory range interleaves with an existing memory mapping. ASan cannot proceed correctly. ABORTING.
FAIL: c-c++-common/asan/rlimit-mmap-test-1.c -O0 output pattern test, is ==5226== Shadow memory range interleaves with an existing memory mapping. ASan cannot proceed correctly. ABORTING.
FAIL: c-c++-common/asan/sanity-check-pure-c-1.c -O0 output pattern test, is ==5338== Shadow memory range interleaves with an existing memory mapping. ASan cannot proceed correctly. ABORTING.
FAIL: c-c++-common/asan/sanity-check-pure-c-1.c -O1 output pattern test, is ==5453== Shadow memory range interleaves with an existing memory mapping. ASan cannot proceed correctly. ABORTING.
FAIL: c-c++-common/asan/sanity-check-pure-c-1.c -O2 output pattern test, is ==5592== Shadow memory range interleaves with an existing memory mapping. ASan cannot proceed correctly. ABORTING.
FAIL: c-c++-common/asan/sanity-check-pure-c-1.c -O3 -fomit-frame-pointer output pattern test, is ==5712== Shadow memory range interleaves with an existing memory mapping. ASan cannot proceed correctly. ABORTING.
FAIL: c-c++-common/asan/sanity-check-pure-c-1.c -O3 -g output pattern test, is ==5803== Shadow memory range interleaves with an existing memory mapping. ASan cannot proceed correctly. ABORTING.
FAIL: c-c++-common/asan/sanity-check-pure-c-1.c -Os output pattern test, is ==5897== Shadow memory range interleaves with an existing memory mapping. ASan cannot proceed correctly. ABORTING.
FAIL: c-c++-common/asan/sanity-check-pure-c-1.c -O2 -flto -fno-use-linker-plugin -flto-partition=none output pattern test, is ==6157== Shadow memory range interleaves with an existing memory mapping. ASan cannot proceed correctly. ABORTING.
FAIL: c-c++-common/asan/sanity-check-pure-c-1.c -O2 -flto -fuse-linker-plugin -fno-fat-lto-objects output pattern test, is ==6300== Shadow memory range interleaves with an existing memory mapping. ASan cannot proceed correctly. ABORTING.
FAIL: c-c++-common/asan/stack-overflow-1.c -O0 output pattern test, is ==10137== Shadow memory range interleaves with an existing memory mapping. ASan cannot proceed correctly. ABORTING.
FAIL: c-c++-common/asan/stack-overflow-1.c -O1 output pattern test, is ==10256== Shadow memory range interleaves with an existing memory mapping. ASan cannot proceed correctly. ABORTING.
FAIL: c-c++-common/asan/stack-overflow-1.c -O2 output pattern test, is ==10351== Shadow memory range interleaves with an existing memory mapping. ASan cannot proceed correctly. ABORTING.
FAIL: c-c++-common/asan/stack-overflow-1.c -O3 -fomit-frame-pointer output pattern test, is ==10484== Shadow memory range interleaves with an existing memory mapping. ASan cannot proceed correctly. ABORTING.
FAIL: c-c++-common/asan/stack-overflow-1.c -O3 -g output pattern test, is ==10572== Shadow memory range interleaves with an existing memory mapping. ASan cannot proceed correctly. ABORTING.
FAIL: c-c++-common/asan/stack-overflow-1.c -Os output pattern test, is ==10674== Shadow memory range interleaves with an existing memory mapping. ASan cannot proceed correctly. ABORTING.
FAIL: c-c++-common/asan/stack-overflow-1.c -O2 -flto -fno-use-linker-plugin -flto-partition=none output pattern test, is ==10932== Shadow memory range interleaves with an existing memory mapping. ASan cannot proceed correctly. ABORTING.
FAIL: c-c++-common/asan/stack-overflow-1.c -O2 -flto -fuse-linker-plugin -fno-fat-lto-objects output pattern test, is ==11119== Shadow memory range interleaves with an existing memory mapping. ASan cannot proceed correctly. ABORTING.
FAIL: c-c++-common/asan/strip-path-prefix-1.c -O2 output pattern test, is ==11244== Shadow memory range interleaves with an existing memory mapping. ASan cannot proceed correctly. ABORTING.
FAIL: c-c++-common/asan/strip-path-prefix-1.c -O2 -flto -fno-use-linker-plugin -flto-partition=none output pattern test, is ==11492== Shadow memory range interleaves with an existing memory mapping. ASan cannot proceed correctly. ABORTING.
FAIL: c-c++-common/asan/strip-path-prefix-1.c -O2 -flto -fuse-linker-plugin -fno-fat-lto-objects output pattern test, is ==11631== Shadow memory range interleaves with an existing memory mapping. ASan cannot proceed correctly. ABORTING.
FAIL: c-c++-common/asan/strncpy-overflow-1.c -O0 output pattern test, is ==11734== Shadow memory range interleaves with an existing memory mapping. ASan cannot proceed correctly. ABORTING.
FAIL: c-c++-common/asan/strncpy-overflow-1.c -O1 output pattern test, is ==11857== Shadow memory range interleaves with an existing memory mapping. ASan cannot proceed correctly. ABORTING.
FAIL: c-c++-common/asan/strncpy-overflow-1.c -O2 output pattern test, is ==12003== Shadow memory range interleaves with an existing memory mapping. ASan cannot proceed correctly. ABORTING.
FAIL: c-c++-common/asan/strncpy-overflow-1.c -O3 -fomit-frame-pointer output pattern test, is ==12110== Shadow memory range interleaves with an existing memory mapping. ASan cannot proceed correctly. ABORTING.
FAIL: c-c++-common/asan/strncpy-overflow-1.c -O3 -g output pattern test, is ==12233== Shadow memory range interleaves with an existing memory mapping. ASan cannot proceed correctly. ABORTING.
FAIL: c-c++-common/asan/strncpy-overflow-1.c -Os output pattern test, is ==12329== Shadow memory range interleaves with an existing memory mapping. ASan cannot proceed correctly. ABORTING.
FAIL: c-c++-common/asan/strncpy-overflow-1.c -O2 -flto -fno-use-linker-plugin -flto-partition=none output pattern test, is ==12580== Shadow memory range interleaves with an existing memory mapping. ASan cannot proceed correctly. ABORTING.
FAIL: c-c++-common/asan/strncpy-overflow-1.c -O2 -flto -fuse-linker-plugin -fno-fat-lto-objects output pattern test, is ==12764== Shadow memory range interleaves with an existing memory mapping. ASan cannot proceed correctly. ABORTING.
FAIL: c-c++-common/asan/swapcontext-test-1.c -O0 execution test
FAIL: c-c++-common/asan/swapcontext-test-1.c -O1 execution test
FAIL: c-c++-common/asan/swapcontext-test-1.c -O2 execution test
FAIL: c-c++-common/asan/swapcontext-test-1.c -O3 -fomit-frame-pointer execution test
FAIL: c-c++-common/asan/swapcontext-test-1.c -O3 -fomit-frame-pointer -funroll-loops execution test
FAIL: c-c++-common/asan/swapcontext-test-1.c -O3 -fomit-frame-pointer -funroll-all-loops -finline-functions execution test
FAIL: c-c++-common/asan/swapcontext-test-1.c -O3 -g execution test
FAIL: c-c++-common/asan/swapcontext-test-1.c -Os execution test
FAIL: c-c++-common/asan/swapcontext-test-1.c -O2 -flto -fno-use-linker-plugin -flto-partition=none execution test
FAIL: c-c++-common/asan/swapcontext-test-1.c -O2 -flto -fuse-linker-plugin -fno-fat-lto-objects execution test
FAIL: c-c++-common/asan/use-after-free-1.c -O0 output pattern test, is ==14203== Shadow memory range interleaves with an existing memory mapping. ASan cannot proceed correctly. ABORTING.
FAIL: c-c++-common/asan/use-after-free-1.c -O1 output pattern test, is ==14289== Shadow memory range interleaves with an existing memory mapping. ASan cannot proceed correctly. ABORTING.
FAIL: c-c++-common/asan/use-after-free-1.c -O2 output pattern test, is ==14384== Shadow memory range interleaves with an existing memory mapping. ASan cannot proceed correctly. ABORTING.
FAIL: c-c++-common/asan/use-after-free-1.c -O3 -fomit-frame-pointer output pattern test, is ==14505== Shadow memory range interleaves with an existing memory mapping. ASan cannot proceed correctly. ABORTING.
FAIL: c-c++-common/asan/use-after-free-1.c -O3 -g output pattern test, is ==14625== Shadow memory range interleaves with an existing memory mapping. ASan cannot proceed correctly. ABORTING.
FAIL: c-c++-common/asan/use-after-free-1.c -Os output pattern test, is ==14757== Shadow memory range interleaves with an existing memory mapping. ASan cannot proceed correctly. ABORTING.
FAIL: c-c++-common/asan/use-after-free-1.c -O2 -flto -fno-use-linker-plugin -flto-partition=none output pattern test, is ==14982== Shadow memory range interleaves with an existing memory mapping. ASan cannot proceed correctly. ABORTING.
FAIL: c-c++-common/asan/use-after-free-1.c -O2 -flto -fuse-linker-plugin -fno-fat-lto-objects output pattern test, is ==15167== Shadow memory range interleaves with an existing memory mapping. ASan cannot proceed correctly. ABORTING.
FAIL: g++.dg/asan/deep-stack-uaf-1.C -O0 output pattern test, is ==15643== Shadow memory range interleaves with an existing memory mapping. ASan cannot proceed correctly. ABORTING.
FAIL: g++.dg/asan/deep-stack-uaf-1.C -O1 output pattern test, is ==16050== Shadow memory range interleaves with an existing memory mapping. ASan cannot proceed correctly. ABORTING.
FAIL: g++.dg/asan/deep-stack-uaf-1.C -O2 output pattern test, is ==16627== Shadow memory range interleaves with an existing memory mapping. ASan cannot proceed correctly. ABORTING.
FAIL: g++.dg/asan/deep-stack-uaf-1.C -O3 -fomit-frame-pointer output pattern test, is ==17266== Shadow memory range interleaves with an existing memory mapping. ASan cannot proceed correctly. ABORTING.
FAIL: g++.dg/asan/deep-stack-uaf-1.C -O3 -g output pattern test, is ==17853== Shadow memory range interleaves with an existing memory mapping. ASan cannot proceed correctly. ABORTING.
FAIL: g++.dg/asan/deep-stack-uaf-1.C -Os output pattern test, is ==18394== Shadow memory range interleaves with an existing memory mapping. ASan cannot proceed correctly. ABORTING.
FAIL: g++.dg/asan/deep-tail-call-1.C -O0 output pattern test, is ==18523== Shadow memory range interleaves with an existing memory mapping. ASan cannot proceed correctly. ABORTING.
FAIL: g++.dg/asan/deep-tail-call-1.C -O1 output pattern test, is ==18632== Shadow memory range interleaves with an existing memory mapping. ASan cannot proceed correctly. ABORTING.
FAIL: g++.dg/asan/deep-tail-call-1.C -O2 output pattern test, is ==18737== Shadow memory range interleaves with an existing memory mapping. ASan cannot proceed correctly. ABORTING.
FAIL: g++.dg/asan/deep-tail-call-1.C -O3 -fomit-frame-pointer output pattern test, is ==18828== Shadow memory range interleaves with an existing memory mapping. ASan cannot proceed correctly. ABORTING.
FAIL: g++.dg/asan/deep-tail-call-1.C -O3 -g output pattern test, is ==18936== Shadow memory range interleaves with an existing memory mapping. ASan cannot proceed correctly. ABORTING.
FAIL: g++.dg/asan/deep-tail-call-1.C -Os output pattern test, is ==19061== Shadow memory range interleaves with an existing memory mapping. ASan cannot proceed correctly. ABORTING.
FAIL: g++.dg/asan/deep-tail-call-1.C -O2 -flto -fno-use-linker-plugin -flto-partition=none output pattern test, is ==19323== Shadow memory range interleaves with an existing memory mapping. ASan cannot proceed correctly. ABORTING.
FAIL: g++.dg/asan/deep-tail-call-1.C -O2 -flto -fuse-linker-plugin -fno-fat-lto-objects output pattern test, is ==19465== Shadow memory range interleaves with an existing memory mapping. ASan cannot proceed correctly. ABORTING.
FAIL: g++.dg/asan/deep-thread-stack-1.C -O0 output pattern test, is ==19607== Shadow memory range interleaves with an existing memory mapping. ASan cannot proceed correctly. ABORTING.
FAIL: g++.dg/asan/deep-thread-stack-1.C -O1 output pattern test, is ==19761== Shadow memory range interleaves with an existing memory mapping. ASan cannot proceed correctly. ABORTING.
FAIL: g++.dg/asan/deep-thread-stack-1.C -O2 output pattern test, is ==19892== Shadow memory range interleaves with an existing memory mapping. ASan cannot proceed correctly. ABORTING.
FAIL: g++.dg/asan/deep-thread-stack-1.C -O3 -fomit-frame-pointer output pattern test, is ==20031== Shadow memory range interleaves with an existing memory mapping. ASan cannot proceed correctly. ABORTING.
FAIL: g++.dg/asan/deep-thread-stack-1.C -O3 -g output pattern test, is ==20180== Shadow memory range interleaves with an existing memory mapping. ASan cannot proceed correctly. ABORTING.
FAIL: g++.dg/asan/deep-thread-stack-1.C -Os output pattern test, is ==20305== Shadow memory range interleaves with an existing memory mapping. ASan cannot proceed correctly. ABORTING.
FAIL: g++.dg/asan/deep-thread-stack-1.C -O2 -flto -fno-use-linker-plugin -flto-partition=none output pattern test, is ==20593== Shadow memory range interleaves with an existing memory mapping. ASan cannot proceed correctly. ABORTING.
FAIL: g++.dg/asan/deep-thread-stack-1.C -O2 -flto -fuse-linker-plugin -fno-fat-lto-objects output pattern test, is ==20730== Shadow memory range interleaves with an existing memory mapping. ASan cannot proceed correctly. ABORTING.
FAIL: g++.dg/asan/default-options-1.C -O0 execution test
FAIL: g++.dg/asan/default-options-1.C -O1 execution test
FAIL: g++.dg/asan/default-options-1.C -O2 execution test
FAIL: g++.dg/asan/default-options-1.C -O3 -fomit-frame-pointer execution test
FAIL: g++.dg/asan/default-options-1.C -O3 -g execution test
FAIL: g++.dg/asan/default-options-1.C -Os execution test
FAIL: g++.dg/asan/default-options-1.C -O2 -flto -fno-use-linker-plugin -flto-partition=none execution test
FAIL: g++.dg/asan/default-options-1.C -O2 -flto -fuse-linker-plugin -fno-fat-lto-objects execution test
FAIL: g++.dg/asan/interception-failure-test-1.C -O0 execution test
FAIL: g++.dg/asan/interception-failure-test-1.C -O1 execution test
FAIL: g++.dg/asan/interception-failure-test-1.C -O2 execution test
FAIL: g++.dg/asan/interception-failure-test-1.C -O3 -fomit-frame-pointer execution test
FAIL: g++.dg/asan/interception-failure-test-1.C -O3 -g execution test
FAIL: g++.dg/asan/interception-failure-test-1.C -Os execution test
FAIL: g++.dg/asan/interception-failure-test-1.C -O2 -flto -fno-use-linker-plugin -flto-partition=none execution test
FAIL: g++.dg/asan/interception-failure-test-1.C -O2 -flto -fuse-linker-plugin -fno-fat-lto-objects execution test
FAIL: g++.dg/asan/interception-malloc-test-1.C -O0 output pattern test, is ==22741== Shadow memory range interleaves with an existing memory mapping. ASan cannot proceed correctly. ABORTING.
FAIL: g++.dg/asan/interception-malloc-test-1.C -O1 output pattern test, is ==22856== Shadow memory range interleaves with an existing memory mapping. ASan cannot proceed correctly. ABORTING.
FAIL: g++.dg/asan/interception-malloc-test-1.C -O2 output pattern test, is ==22998== Shadow memory range interleaves with an existing memory mapping. ASan cannot proceed correctly. ABORTING.
FAIL: g++.dg/asan/interception-malloc-test-1.C -O3 -fomit-frame-pointer output pattern test, is ==23092== Shadow memory range interleaves with an existing memory mapping. ASan cannot proceed correctly. ABORTING.
FAIL: g++.dg/asan/interception-malloc-test-1.C -O3 -g output pattern test, is ==23207== Shadow memory range interleaves with an existing memory mapping. ASan cannot proceed correctly. ABORTING.
FAIL: g++.dg/asan/interception-malloc-test-1.C -Os output pattern test, is ==23338== Shadow memory range interleaves with an existing memory mapping. ASan cannot proceed correctly. ABORTING.
FAIL: g++.dg/asan/interception-malloc-test-1.C -O2 -flto -fno-use-linker-plugin -flto-partition=none output pattern test, is ==23528== Shadow memory range interleaves with an existing memory mapping. ASan cannot proceed correctly. ABORTING.
FAIL: g++.dg/asan/interception-malloc-test-1.C -O2 -flto -fuse-linker-plugin -fno-fat-lto-objects output pattern test, is ==23680== Shadow memory range interleaves with an existing memory mapping. ASan cannot proceed correctly. ABORTING.
FAIL: g++.dg/asan/interception-test-1.C -O0 output pattern test, is ==23779== Shadow memory range interleaves with an existing memory mapping. ASan cannot proceed correctly. ABORTING.
FAIL: g++.dg/asan/interception-test-1.C -O1 output pattern test, is ==23885== Shadow memory range interleaves with an existing memory mapping. ASan cannot proceed correctly. ABORTING.
FAIL: g++.dg/asan/interception-test-1.C -O2 output pattern test, is ==23976== Shadow memory range interleaves with an existing memory mapping. ASan cannot proceed correctly. ABORTING.
FAIL: g++.dg/asan/interception-test-1.C -O3 -fomit-frame-pointer output pattern test, is ==24064== Shadow memory range interleaves with an existing memory mapping. ASan cannot proceed correctly. ABORTING.
FAIL: g++.dg/asan/interception-test-1.C -O3 -g output pattern test, is ==24185== Shadow memory range interleaves with an existing memory mapping. ASan cannot proceed correctly. ABORTING.
FAIL: g++.dg/asan/interception-test-1.C -Os output pattern test, is ==24278== Shadow memory range interleaves with an existing memory mapping. ASan cannot proceed correctly. ABORTING.
FAIL: g++.dg/asan/interception-test-1.C -O2 -flto -fno-use-linker-plugin -flto-partition=none output pattern test, is ==24496== Shadow memory range interleaves with an existing memory mapping. ASan cannot proceed correctly. ABORTING.
FAIL: g++.dg/asan/interception-test-1.C -O2 -flto -fuse-linker-plugin -fno-fat-lto-objects output pattern test, is ==24616== Shadow memory range interleaves with an existing memory mapping. ASan cannot proceed correctly. ABORTING.
FAIL: g++.dg/asan/large-func-test-1.C -O0 output pattern test, is ==24726== Shadow memory range interleaves with an existing memory mapping. ASan cannot proceed correctly. ABORTING.
FAIL: g++.dg/asan/large-func-test-1.C -O1 output pattern test, is ==24876== Shadow memory range interleaves with an existing memory mapping. ASan cannot proceed correctly. ABORTING.
FAIL: g++.dg/asan/large-func-test-1.C -O2 output pattern test, is ==25007== Shadow memory range interleaves with an existing memory mapping. ASan cannot proceed correctly. ABORTING.
FAIL: g++.dg/asan/large-func-test-1.C -O3 -fomit-frame-pointer output pattern test, is ==25150== Shadow memory range interleaves with an existing memory mapping. ASan cannot proceed correctly. ABORTING.
FAIL: g++.dg/asan/large-func-test-1.C -O3 -g output pattern test, is ==25302== Shadow memory range interleaves with an existing memory mapping. ASan cannot proceed correctly. ABORTING.
FAIL: g++.dg/asan/large-func-test-1.C -Os output pattern test, is ==25440== Shadow memory range interleaves with an existing memory mapping. ASan cannot proceed correctly. ABORTING.
FAIL: g++.dg/asan/large-func-test-1.C -O2 -flto -fno-use-linker-plugin -flto-partition=none output pattern test, is ==25720== Shadow memory range interleaves with an existing memory mapping. ASan cannot proceed correctly. ABORTING.
FAIL: g++.dg/asan/large-func-test-1.C -O2 -flto -fuse-linker-plugin -fno-fat-lto-objects output pattern test, is ==25950== Shadow memory range interleaves with an existing memory mapping. ASan cannot proceed correctly. ABORTING.
FAIL: g++.dg/asan/pr55617.C -O0 execution test
FAIL: g++.dg/asan/pr55617.C -O1 execution test
FAIL: g++.dg/asan/pr55617.C -O2 execution test
FAIL: g++.dg/asan/pr55617.C -O3 -fomit-frame-pointer execution test
FAIL: g++.dg/asan/pr55617.C -O3 -g execution test
FAIL: g++.dg/asan/pr55617.C -Os execution test
FAIL: g++.dg/asan/pr55617.C -O2 -flto -fno-use-linker-plugin -flto-partition=none execution test
FAIL: g++.dg/asan/pr55617.C -O2 -flto -fuse-linker-plugin -fno-fat-lto-objects execution test
FAIL: g++.dg/asan/symbolize-callback-1.C -O2 output pattern test, is ==27126== Shadow memory range interleaves with an existing memory mapping. ASan cannot proceed correctly. ABORTING.
FAIL: g++.dg/asan/symbolize-callback-1.C -O2 -flto -fno-use-linker-plugin -flto-partition=none output pattern test, is ==27389== Shadow memory range interleaves with an existing memory mapping. ASan cannot proceed correctly. ABORTING.
FAIL: g++.dg/asan/symbolize-callback-1.C -O2 -flto -fuse-linker-plugin -fno-fat-lto-objects output pattern test, is ==27561== Shadow memory range interleaves with an existing memory mapping. ASan cannot proceed correctly. ABORTING.
=== g++ Summary for unix ===
# of expected passes 44633
# of expected failures 281
# of unsupported tests 516
Running target unix/-m32
=== g++ Summary for unix/-m32 ===
# of expected passes 43557
# of expected failures 281
# of unsupported tests 446
=== g++ Summary ===
# of expected passes 88190
# of expected failures 562
# of unsupported tests 962
/export/gnu/import/git/gcc-test-intel64corei7/bld/gcc/testsuite/g++/../../xg++ version 4.8.0 20130213 (experimental) [trunk revision 196013] (GCC)
=== gcc tests ===
Running target unix
FAIL: c-c++-common/asan/clone-test-1.c -O0 execution test
FAIL: c-c++-common/asan/clone-test-1.c -O1 execution test
FAIL: c-c++-common/asan/clone-test-1.c -O2 execution test
FAIL: c-c++-common/asan/clone-test-1.c -O3 -fomit-frame-pointer execution test
FAIL: c-c++-common/asan/clone-test-1.c -O3 -fomit-frame-pointer -funroll-loops execution test
FAIL: c-c++-common/asan/clone-test-1.c -O3 -fomit-frame-pointer -funroll-all-loops -finline-functions execution test
FAIL: c-c++-common/asan/clone-test-1.c -O3 -g execution test
FAIL: c-c++-common/asan/clone-test-1.c -Os execution test
FAIL: c-c++-common/asan/clone-test-1.c -O2 -flto -fno-use-linker-plugin -flto-partition=none execution test
FAIL: c-c++-common/asan/clone-test-1.c -O2 -flto -fuse-linker-plugin -fno-fat-lto-objects execution test
FAIL: c-c++-common/asan/global-overflow-1.c -O0 output pattern test, is ==24205== Shadow memory range interleaves with an existing memory mapping. ASan cannot proceed correctly. ABORTING.
FAIL: c-c++-common/asan/global-overflow-1.c -O1 output pattern test, is ==24340== Shadow memory range interleaves with an existing memory mapping. ASan cannot proceed correctly. ABORTING.
FAIL: c-c++-common/asan/global-overflow-1.c -O2 output pattern test, is ==24444== Shadow memory range interleaves with an existing memory mapping. ASan cannot proceed correctly. ABORTING.
FAIL: c-c++-common/asan/global-overflow-1.c -O3 -fomit-frame-pointer output pattern test, is ==24626== Shadow memory range interleaves with an existing memory mapping. ASan cannot proceed correctly. ABORTING.
FAIL: c-c++-common/asan/global-overflow-1.c -O3 -g output pattern test, is ==24760== Shadow memory range interleaves with an existing memory mapping. ASan cannot proceed correctly. ABORTING.
FAIL: c-c++-common/asan/global-overflow-1.c -Os output pattern test, is ==24904== Shadow memory range interleaves with an existing memory mapping. ASan cannot proceed correctly. ABORTING.
FAIL: c-c++-common/asan/global-overflow-1.c -O2 -flto -fno-use-linker-plugin -flto-partition=none output pattern test, is ==25217== Shadow memory range interleaves with an existing memory mapping. ASan cannot proceed correctly. ABORTING.
FAIL: c-c++-common/asan/global-overflow-1.c -O2 -flto -fuse-linker-plugin -fno-fat-lto-objects output pattern test, is ==25366== Shadow memory range interleaves with an existing memory mapping. ASan cannot proceed correctly. ABORTING.
FAIL: c-c++-common/asan/heap-overflow-1.c -O0 output pattern test, is ==25440== Shadow memory range interleaves with an existing memory mapping. ASan cannot proceed correctly. ABORTING.
FAIL: c-c++-common/asan/heap-overflow-1.c -O1 output pattern test, is ==25586== Shadow memory range interleaves with an existing memory mapping. ASan cannot proceed correctly. ABORTING.
FAIL: c-c++-common/asan/heap-overflow-1.c -O2 output pattern test, is ==25660== Shadow memory range interleaves with an existing memory mapping. ASan cannot proceed correctly. ABORTING.
FAIL: c-c++-common/asan/heap-overflow-1.c -O3 -fomit-frame-pointer output pattern test, is ==25769== Shadow memory range interleaves with an existing memory mapping. ASan cannot proceed correctly. ABORTING.
FAIL: c-c++-common/asan/heap-overflow-1.c -O3 -g output pattern test, is ==25847== Shadow memory range interleaves with an existing memory mapping. ASan cannot proceed correctly. ABORTING.
FAIL: c-c++-common/asan/heap-overflow-1.c -Os output pattern test, is ==25917== Shadow memory range interleaves with an existing memory mapping. ASan cannot proceed correctly. ABORTING.
FAIL: c-c++-common/asan/heap-overflow-1.c -O2 -flto -fno-use-linker-plugin -flto-partition=none output pattern test, is ==26072== Shadow memory range interleaves with an existing memory mapping. ASan cannot proceed correctly. ABORTING.
FAIL: c-c++-common/asan/heap-overflow-1.c -O2 -flto -fuse-linker-plugin -fno-fat-lto-objects output pattern test, is ==26229== Shadow memory range interleaves with an existing memory mapping. ASan cannot proceed correctly. ABORTING.
FAIL: c-c++-common/asan/memcmp-1.c -O0 output pattern test, is ==26344== Shadow memory range interleaves with an existing memory mapping. ASan cannot proceed correctly. ABORTING.
FAIL: c-c++-common/asan/memcmp-1.c -O1 output pattern test, is ==26437== Shadow memory range interleaves with an existing memory mapping. ASan cannot proceed correctly. ABORTING.
FAIL: c-c++-common/asan/memcmp-1.c -O2 output pattern test, is ==26514== Shadow memory range interleaves with an existing memory mapping. ASan cannot proceed correctly. ABORTING.
FAIL: c-c++-common/asan/memcmp-1.c -O3 -fomit-frame-pointer output pattern test, is ==26596== Shadow memory range interleaves with an existing memory mapping. ASan cannot proceed correctly. ABORTING.
FAIL: c-c++-common/asan/memcmp-1.c -O3 -g output pattern test, is ==26702== Shadow memory range interleaves with an existing memory mapping. ASan cannot proceed correctly. ABORTING.
FAIL: c-c++-common/asan/memcmp-1.c -Os output pattern test, is ==26780== Shadow memory range interleaves with an existing memory mapping. ASan cannot proceed correctly. ABORTING.
FAIL: c-c++-common/asan/memcmp-1.c -O2 -flto -fno-use-linker-plugin -flto-partition=none output pattern test, is ==27012== Shadow memory range interleaves with an existing memory mapping. ASan cannot proceed correctly. ABORTING.
FAIL: c-c++-common/asan/memcmp-1.c -O2 -flto -fuse-linker-plugin -fno-fat-lto-objects output pattern test, is ==27085== Shadow memory range interleaves with an existing memory mapping. ASan cannot proceed correctly. ABORTING.
FAIL: c-c++-common/asan/null-deref-1.c -O0 output pattern test, is ==27256== Shadow memory range interleaves with an existing memory mapping. ASan cannot proceed correctly. ABORTING.
FAIL: c-c++-common/asan/null-deref-1.c -O1 output pattern test, is ==27318== Shadow memory range interleaves with an existing memory mapping. ASan cannot proceed correctly. ABORTING.
FAIL: c-c++-common/asan/null-deref-1.c -O2 output pattern test, is ==27410== Shadow memory range interleaves with an existing memory mapping. ASan cannot proceed correctly. ABORTING.
FAIL: c-c++-common/asan/null-deref-1.c -O3 -fomit-frame-pointer output pattern test, is ==27508== Shadow memory range interleaves with an existing memory mapping. ASan cannot proceed correctly. ABORTING.
FAIL: c-c++-common/asan/null-deref-1.c -O3 -g output pattern test, is ==27571== Shadow memory range interleaves with an existing memory mapping. ASan cannot proceed correctly. ABORTING.
FAIL: c-c++-common/asan/null-deref-1.c -Os output pattern test, is ==27624== Shadow memory range interleaves with an existing memory mapping. ASan cannot proceed correctly. ABORTING.
FAIL: c-c++-common/asan/null-deref-1.c -O2 -flto -fno-use-linker-plugin -flto-partition=none output pattern test, is ==27783== Shadow memory range interleaves with an existing memory mapping. ASan cannot proceed correctly. ABORTING.
FAIL: c-c++-common/asan/null-deref-1.c -O2 -flto -fuse-linker-plugin -fno-fat-lto-objects output pattern test, is ==27923== Shadow memory range interleaves with an existing memory mapping. ASan cannot proceed correctly. ABORTING.
FAIL: c-c++-common/asan/rlimit-mmap-test-1.c -O0 output pattern test, is ==28082== Shadow memory range interleaves with an existing memory mapping. ASan cannot proceed correctly. ABORTING.
FAIL: c-c++-common/asan/sanity-check-pure-c-1.c -O0 output pattern test, is ==28163== Shadow memory range interleaves with an existing memory mapping. ASan cannot proceed correctly. ABORTING.
FAIL: c-c++-common/asan/sanity-check-pure-c-1.c -O1 output pattern test, is ==28267== Shadow memory range interleaves with an existing memory mapping. ASan cannot proceed correctly. ABORTING.
FAIL: c-c++-common/asan/sanity-check-pure-c-1.c -O2 output pattern test, is ==28358== Shadow memory range interleaves with an existing memory mapping. ASan cannot proceed correctly. ABORTING.
FAIL: c-c++-common/asan/sanity-check-pure-c-1.c -O3 -fomit-frame-pointer output pattern test, is ==28455== Shadow memory range interleaves with an existing memory mapping. ASan cannot proceed correctly. ABORTING.
FAIL: c-c++-common/asan/sanity-check-pure-c-1.c -O3 -g output pattern test, is ==28558== Shadow memory range interleaves with an existing memory mapping. ASan cannot proceed correctly. ABORTING.
FAIL: c-c++-common/asan/sanity-check-pure-c-1.c -Os output pattern test, is ==28620== Shadow memory range interleaves with an existing memory mapping. ASan cannot proceed correctly. ABORTING.
FAIL: c-c++-common/asan/sanity-check-pure-c-1.c -O2 -flto -fno-use-linker-plugin -flto-partition=none output pattern test, is ==28797== Shadow memory range interleaves with an existing memory mapping. ASan cannot proceed correctly. ABORTING.
FAIL: c-c++-common/asan/sanity-check-pure-c-1.c -O2 -flto -fuse-linker-plugin -fno-fat-lto-objects output pattern test, is ==28916== Shadow memory range interleaves with an existing memory mapping. ASan cannot proceed correctly. ABORTING.
FAIL: c-c++-common/asan/stack-overflow-1.c -O0 output pattern test, is ==742== Shadow memory range interleaves with an existing memory mapping. ASan cannot proceed correctly. ABORTING.
FAIL: c-c++-common/asan/stack-overflow-1.c -O1 output pattern test, is ==797== Shadow memory range interleaves with an existing memory mapping. ASan cannot proceed correctly. ABORTING.
FAIL: c-c++-common/asan/stack-overflow-1.c -O2 output pattern test, is ==863== Shadow memory range interleaves with an existing memory mapping. ASan cannot proceed correctly. ABORTING.
FAIL: c-c++-common/asan/stack-overflow-1.c -O3 -fomit-frame-pointer output pattern test, is ==922== Shadow memory range interleaves with an existing memory mapping. ASan cannot proceed correctly. ABORTING.
FAIL: c-c++-common/asan/stack-overflow-1.c -O3 -g output pattern test, is ==1010== Shadow memory range interleaves with an existing memory mapping. ASan cannot proceed correctly. ABORTING.
FAIL: c-c++-common/asan/stack-overflow-1.c -Os output pattern test, is ==1085== Shadow memory range interleaves with an existing memory mapping. ASan cannot proceed correctly. ABORTING.
FAIL: c-c++-common/asan/stack-overflow-1.c -O2 -flto -fno-use-linker-plugin -flto-partition=none output pattern test, is ==1191== Shadow memory range interleaves with an existing memory mapping. ASan cannot proceed correctly. ABORTING.
FAIL: c-c++-common/asan/stack-overflow-1.c -O2 -flto -fuse-linker-plugin -fno-fat-lto-objects output pattern test, is ==1245== Shadow memory range interleaves with an existing memory mapping. ASan cannot proceed correctly. ABORTING.
FAIL: c-c++-common/asan/strip-path-prefix-1.c -O2 output pattern test, is ==1297== Shadow memory range interleaves with an existing memory mapping. ASan cannot proceed correctly. ABORTING.
FAIL: c-c++-common/asan/strip-path-prefix-1.c -O2 -flto -fno-use-linker-plugin -flto-partition=none output pattern test, is ==1512== Shadow memory range interleaves with an existing memory mapping. ASan cannot proceed correctly. ABORTING.
FAIL: c-c++-common/asan/strip-path-prefix-1.c -O2 -flto -fuse-linker-plugin -fno-fat-lto-objects output pattern test, is ==1598== Shadow memory range interleaves with an existing memory mapping. ASan cannot proceed correctly. ABORTING.
FAIL: c-c++-common/asan/strncpy-overflow-1.c -O0 output pattern test, is ==1644== Shadow memory range interleaves with an existing memory mapping. ASan cannot proceed correctly. ABORTING.
FAIL: c-c++-common/asan/strncpy-overflow-1.c -O1 output pattern test, is ==1710== Shadow memory range interleaves with an existing memory mapping. ASan cannot proceed correctly. ABORTING.
FAIL: c-c++-common/asan/strncpy-overflow-1.c -O2 output pattern test, is ==1781== Shadow memory range interleaves with an existing memory mapping. ASan cannot proceed correctly. ABORTING.
FAIL: c-c++-common/asan/strncpy-overflow-1.c -O3 -fomit-frame-pointer output pattern test, is ==1864== Shadow memory range interleaves with an existing memory mapping. ASan cannot proceed correctly. ABORTING.
FAIL: c-c++-common/asan/strncpy-overflow-1.c -O3 -g output pattern test, is ==1943== Shadow memory range interleaves with an existing memory mapping. ASan cannot proceed correctly. ABORTING.
FAIL: c-c++-common/asan/strncpy-overflow-1.c -Os output pattern test, is ==1998== Shadow memory range interleaves with an existing memory mapping. ASan cannot proceed correctly. ABORTING.
FAIL: c-c++-common/asan/strncpy-overflow-1.c -O2 -flto -fno-use-linker-plugin -flto-partition=none output pattern test, is ==2113== Shadow memory range interleaves with an existing memory mapping. ASan cannot proceed correctly. ABORTING.
FAIL: c-c++-common/asan/strncpy-overflow-1.c -O2 -flto -fuse-linker-plugin -fno-fat-lto-objects output pattern test, is ==2187== Shadow memory range interleaves with an existing memory mapping. ASan cannot proceed correctly. ABORTING.
FAIL: c-c++-common/asan/swapcontext-test-1.c -O0 execution test
FAIL: c-c++-common/asan/swapcontext-test-1.c -O1 execution test
FAIL: c-c++-common/asan/swapcontext-test-1.c -O2 execution test
FAIL: c-c++-common/asan/swapcontext-test-1.c -O3 -fomit-frame-pointer execution test
FAIL: c-c++-common/asan/swapcontext-test-1.c -O3 -fomit-frame-pointer -funroll-loops execution test
FAIL: c-c++-common/asan/swapcontext-test-1.c -O3 -fomit-frame-pointer -funroll-all-loops -finline-functions execution test
FAIL: c-c++-common/asan/swapcontext-test-1.c -O3 -g execution test
FAIL: c-c++-common/asan/swapcontext-test-1.c -Os execution test
FAIL: c-c++-common/asan/swapcontext-test-1.c -O2 -flto -fno-use-linker-plugin -flto-partition=none execution test
FAIL: c-c++-common/asan/swapcontext-test-1.c -O2 -flto -fuse-linker-plugin -fno-fat-lto-objects execution test
FAIL: c-c++-common/asan/use-after-free-1.c -O0 output pattern test, is ==3000== Shadow memory range interleaves with an existing memory mapping. ASan cannot proceed correctly. ABORTING.
FAIL: c-c++-common/asan/use-after-free-1.c -O1 output pattern test, is ==3056== Shadow memory range interleaves with an existing memory mapping. ASan cannot proceed correctly. ABORTING.
FAIL: c-c++-common/asan/use-after-free-1.c -O2 output pattern test, is ==3112== Shadow memory range interleaves with an existing memory mapping. ASan cannot proceed correctly. ABORTING.
FAIL: c-c++-common/asan/use-after-free-1.c -O3 -fomit-frame-pointer output pattern test, is ==3182== Shadow memory range interleaves with an existing memory mapping. ASan cannot proceed correctly. ABORTING.
FAIL: c-c++-common/asan/use-after-free-1.c -O3 -g output pattern test, is ==3261== Shadow memory range interleaves with an existing memory mapping. ASan cannot proceed correctly. ABORTING.
FAIL: c-c++-common/asan/use-after-free-1.c -Os output pattern test, is ==3319== Shadow memory range interleaves with an existing memory mapping. ASan cannot proceed correctly. ABORTING.
FAIL: c-c++-common/asan/use-after-free-1.c -O2 -flto -fno-use-linker-plugin -flto-partition=none output pattern test, is ==3448== Shadow memory range interleaves with an existing memory mapping. ASan cannot proceed correctly. ABORTING.
FAIL: c-c++-common/asan/use-after-free-1.c -O2 -flto -fuse-linker-plugin -fno-fat-lto-objects output pattern test, is ==3525== Shadow memory range interleaves with an existing memory mapping. ASan cannot proceed correctly. ABORTING.
XPASS: gcc.dg/inline_3.c (test for excess errors)
XPASS: gcc.dg/inline_4.c (test for excess errors)
XPASS: gcc.dg/unroll_2.c (test for excess errors)
XPASS: gcc.dg/unroll_3.c (test for excess errors)
XPASS: gcc.dg/unroll_4.c (test for excess errors)
XPASS: gcc.dg/guality/example.c -O0 execution test
XPASS: gcc.dg/guality/example.c -O2 execution test
XPASS: gcc.dg/guality/example.c -O2 -flto -fno-use-linker-plugin -flto-partition=none execution test
XPASS: gcc.dg/guality/guality.c -O0 execution test
XPASS: gcc.dg/guality/guality.c -O1 execution test
XPASS: gcc.dg/guality/guality.c -O2 execution test
XPASS: gcc.dg/guality/guality.c -O3 -fomit-frame-pointer execution test
XPASS: gcc.dg/guality/guality.c -O3 -g execution test
XPASS: gcc.dg/guality/guality.c -Os execution test
XPASS: gcc.dg/guality/guality.c -O2 -flto -fno-use-linker-plugin -flto-partition=none execution test
XPASS: gcc.dg/guality/guality.c -O2 -flto -fuse-linker-plugin -fno-fat-lto-objects execution test
XPASS: gcc.dg/guality/inline-params.c -O2 execution test
XPASS: gcc.dg/guality/inline-params.c -O3 -fomit-frame-pointer execution test
XPASS: gcc.dg/guality/inline-params.c -O3 -g execution test
XPASS: gcc.dg/guality/inline-params.c -Os execution test
XPASS: gcc.dg/guality/inline-params.c -O2 -flto -fno-use-linker-plugin -flto-partition=none execution test
XPASS: gcc.dg/guality/pr41353-1.c -O0 line 28 j == 28 + 37
XPASS: gcc.dg/guality/pr41353-1.c -O1 line 28 j == 28 + 37
XPASS: gcc.dg/guality/pr41353-1.c -O2 line 28 j == 28 + 37
XPASS: gcc.dg/guality/pr41353-1.c -O3 -fomit-frame-pointer line 28 j == 28 + 37
XPASS: gcc.dg/guality/pr41353-1.c -O3 -g line 28 j == 28 + 37
XPASS: gcc.dg/guality/pr41353-1.c -Os line 28 j == 28 + 37
XPASS: gcc.dg/guality/pr41353-1.c -O2 -flto -fno-use-linker-plugin -flto-partition=none line 28 j == 28 + 37
XPASS: gcc.dg/guality/pr41353-1.c -O2 -flto -fuse-linker-plugin -fno-fat-lto-objects line 28 j == 28 + 37
XPASS: gcc.dg/guality/pr41447-1.c -O0 execution test
XPASS: gcc.dg/guality/pr41447-1.c -O1 execution test
XPASS: gcc.dg/guality/pr41447-1.c -O2 execution test
XPASS: gcc.dg/guality/pr41447-1.c -O3 -fomit-frame-pointer execution test
XPASS: gcc.dg/guality/pr41447-1.c -O3 -g execution test
XPASS: gcc.dg/guality/pr41447-1.c -Os execution test
XPASS: gcc.dg/guality/pr41447-1.c -O2 -flto -fno-use-linker-plugin -flto-partition=none execution test
XPASS: gcc.dg/guality/pr41447-1.c -O2 -flto -fuse-linker-plugin -fno-fat-lto-objects execution test
XPASS: gcc.dg/guality/pr41616-1.c -O0 execution test
XPASS: gcc.dg/guality/pr41616-1.c -O1 execution test
XPASS: gcc.dg/guality/pr41616-1.c -O2 execution test
XPASS: gcc.dg/guality/pr41616-1.c -O3 -fomit-frame-pointer execution test
XPASS: gcc.dg/guality/pr41616-1.c -O3 -g execution test
XPASS: gcc.dg/guality/pr41616-1.c -Os execution test
XPASS: gcc.dg/guality/pr41616-1.c -O2 -flto -fno-use-linker-plugin -flto-partition=none execution test
FAIL: gcc.dg/guality/pr43051-1.c -O3 -fomit-frame-pointer -funroll-loops line 39 c == &a[0]
FAIL: gcc.dg/guality/pr43051-1.c -O3 -fomit-frame-pointer -funroll-all-loops -finline-functions line 39 c == &a[0]
FAIL: gcc.dg/guality/pr54200.c -Os line 20 z == 3
FAIL: gcc.dg/guality/pr54519-1.c -O2 -flto -fno-use-linker-plugin -flto-partition=none line 20 y == 25
FAIL: gcc.dg/guality/pr54519-1.c -O2 -flto -fno-use-linker-plugin -flto-partition=none line 20 z == 6
FAIL: gcc.dg/guality/pr54519-1.c -O2 -flto -fno-use-linker-plugin -flto-partition=none line 23 y == 117
FAIL: gcc.dg/guality/pr54519-1.c -O2 -flto -fno-use-linker-plugin -flto-partition=none line 23 z == 8
FAIL: gcc.dg/guality/pr54519-1.c -O2 -flto -fuse-linker-plugin -fno-fat-lto-objects line 20 y == 25
FAIL: gcc.dg/guality/pr54519-1.c -O2 -flto -fuse-linker-plugin -fno-fat-lto-objects line 20 z == 6
FAIL: gcc.dg/guality/pr54519-2.c -O2 -flto -fno-use-linker-plugin -flto-partition=none line 17 y == 25
FAIL: gcc.dg/guality/pr54519-2.c -O2 -flto -fuse-linker-plugin -fno-fat-lto-objects line 17 y == 25
FAIL: gcc.dg/guality/pr54519-3.c -O2 -flto -fuse-linker-plugin -fno-fat-lto-objects line 20 z == 6
FAIL: gcc.dg/guality/pr54519-3.c -O2 -flto -fuse-linker-plugin -fno-fat-lto-objects line 23 z == 8
FAIL: gcc.dg/guality/pr54519-4.c -O2 -flto -fuse-linker-plugin -fno-fat-lto-objects line 17 y == 25
FAIL: gcc.dg/guality/pr54519-5.c -O2 -flto -fno-use-linker-plugin -flto-partition=none line 17 y == 25
FAIL: gcc.dg/guality/pr54519-5.c -O2 -flto -fuse-linker-plugin -fno-fat-lto-objects line 17 y == 25
FAIL: gcc.dg/guality/pr54693-2.c -Os line 21 x == 10 - i
FAIL: gcc.dg/guality/pr54693-2.c -Os line 21 y == 20 - 2 * i
FAIL: gcc.dg/guality/vla-1.c -O0 line 17 sizeof (a) == 6
FAIL: gcc.dg/guality/vla-1.c -O0 line 24 sizeof (a) == 17 * sizeof (short)
FAIL: gcc.dg/guality/vla-1.c -O1 line 17 sizeof (a) == 6
FAIL: gcc.dg/guality/vla-1.c -O1 line 24 sizeof (a) == 17 * sizeof (short)
FAIL: gcc.dg/guality/vla-1.c -O2 line 17 sizeof (a) == 6
FAIL: gcc.dg/guality/vla-1.c -O2 line 24 sizeof (a) == 17 * sizeof (short)
FAIL: gcc.dg/guality/vla-1.c -O3 -fomit-frame-pointer line 17 sizeof (a) == 6
FAIL: gcc.dg/guality/vla-1.c -O3 -fomit-frame-pointer line 24 sizeof (a) == 17 * sizeof (short)
FAIL: gcc.dg/guality/vla-1.c -O3 -g line 17 sizeof (a) == 6
FAIL: gcc.dg/guality/vla-1.c -O3 -g line 24 sizeof (a) == 17 * sizeof (short)
FAIL: gcc.dg/guality/vla-1.c -Os line 17 sizeof (a) == 6
FAIL: gcc.dg/guality/vla-1.c -Os line 24 sizeof (a) == 17 * sizeof (short)
FAIL: gcc.dg/guality/vla-1.c -O2 -flto -fno-use-linker-plugin -flto-partition=none line 17 sizeof (a) == 6
FAIL: gcc.dg/guality/vla-1.c -O2 -flto -fno-use-linker-plugin -flto-partition=none line 24 sizeof (a) == 17 * sizeof (short)
FAIL: gcc.dg/guality/vla-1.c -O2 -flto -fuse-linker-plugin -fno-fat-lto-objects line 17 sizeof (a) == 6
FAIL: gcc.dg/guality/vla-1.c -O2 -flto -fuse-linker-plugin -fno-fat-lto-objects line 24 sizeof (a) == 17 * sizeof (short)
FAIL: gcc.dg/guality/vla-2.c -O0 line 16 sizeof (a) == 5 * sizeof (int)
FAIL: gcc.dg/guality/vla-2.c -O0 line 25 sizeof (a) == 6 * sizeof (int)
FAIL: gcc.dg/guality/vla-2.c -O1 line 16 sizeof (a) == 5 * sizeof (int)
FAIL: gcc.dg/guality/vla-2.c -O1 line 25 sizeof (a) == 6 * sizeof (int)
FAIL: gcc.dg/guality/vla-2.c -O2 line 16 sizeof (a) == 5 * sizeof (int)
FAIL: gcc.dg/guality/vla-2.c -O2 line 25 sizeof (a) == 6 * sizeof (int)
FAIL: gcc.dg/guality/vla-2.c -O3 -fomit-frame-pointer line 16 sizeof (a) == 5 * sizeof (int)
FAIL: gcc.dg/guality/vla-2.c -O3 -fomit-frame-pointer line 25 sizeof (a) == 6 * sizeof (int)
FAIL: gcc.dg/guality/vla-2.c -O3 -g line 16 sizeof (a) == 5 * sizeof (int)
FAIL: gcc.dg/guality/vla-2.c -O3 -g line 25 sizeof (a) == 6 * sizeof (int)
FAIL: gcc.dg/guality/vla-2.c -Os line 16 sizeof (a) == 5 * sizeof (int)
FAIL: gcc.dg/guality/vla-2.c -Os line 25 sizeof (a) == 6 * sizeof (int)
FAIL: gcc.dg/guality/vla-2.c -O2 -flto -fno-use-linker-plugin -flto-partition=none line 16 sizeof (a) == 5 * sizeof (int)
FAIL: gcc.dg/guality/vla-2.c -O2 -flto -fno-use-linker-plugin -flto-partition=none line 25 sizeof (a) == 6 * sizeof (int)
FAIL: gcc.dg/guality/vla-2.c -O2 -flto -fuse-linker-plugin -fno-fat-lto-objects line 16 sizeof (a) == 5 * sizeof (int)
FAIL: gcc.dg/guality/vla-2.c -O2 -flto -fuse-linker-plugin -fno-fat-lto-objects line 25 sizeof (a) == 6 * sizeof (int)
=== gcc Summary for unix ===
# of expected passes 98655
# of unexpected failures 88
# of unexpected successes 5
# of expected failures 309
# of unsupported tests 1729
Running target unix/-m32
XPASS: gcc.dg/inline_3.c (test for excess errors)
XPASS: gcc.dg/inline_4.c (test for excess errors)
XPASS: gcc.dg/unroll_2.c (test for excess errors)
XPASS: gcc.dg/unroll_3.c (test for excess errors)
XPASS: gcc.dg/unroll_4.c (test for excess errors)
XPASS: gcc.dg/guality/example.c -O0 execution test
XPASS: gcc.dg/guality/example.c -O1 execution test
XPASS: gcc.dg/guality/example.c -O2 execution test
XPASS: gcc.dg/guality/example.c -O2 -flto -fno-use-linker-plugin -flto-partition=none execution test
XPASS: gcc.dg/guality/guality.c -O0 execution test
XPASS: gcc.dg/guality/guality.c -O1 execution test
XPASS: gcc.dg/guality/guality.c -O2 execution test
XPASS: gcc.dg/guality/guality.c -O3 -fomit-frame-pointer execution test
XPASS: gcc.dg/guality/guality.c -O3 -g execution test
XPASS: gcc.dg/guality/guality.c -Os execution test
XPASS: gcc.dg/guality/guality.c -O2 -flto -fno-use-linker-plugin -flto-partition=none execution test
XPASS: gcc.dg/guality/guality.c -O2 -flto -fuse-linker-plugin -fno-fat-lto-objects execution test
XPASS: gcc.dg/guality/inline-params.c -O2 execution test
XPASS: gcc.dg/guality/inline-params.c -O3 -fomit-frame-pointer execution test
XPASS: gcc.dg/guality/inline-params.c -O3 -g execution test
XPASS: gcc.dg/guality/inline-params.c -Os execution test
XPASS: gcc.dg/guality/inline-params.c -O2 -flto -fno-use-linker-plugin -flto-partition=none execution test
XPASS: gcc.dg/guality/pr41353-1.c -O0 line 28 j == 28 + 37
XPASS: gcc.dg/guality/pr41353-1.c -O1 line 28 j == 28 + 37
XPASS: gcc.dg/guality/pr41353-1.c -O2 line 28 j == 28 + 37
XPASS: gcc.dg/guality/pr41353-1.c -O3 -fomit-frame-pointer line 28 j == 28 + 37
XPASS: gcc.dg/guality/pr41353-1.c -O3 -g line 28 j == 28 + 37
XPASS: gcc.dg/guality/pr41353-1.c -Os line 28 j == 28 + 37
XPASS: gcc.dg/guality/pr41353-1.c -O2 -flto -fno-use-linker-plugin -flto-partition=none line 28 j == 28 + 37
XPASS: gcc.dg/guality/pr41353-1.c -O2 -flto -fuse-linker-plugin -fno-fat-lto-objects line 28 j == 28 + 37
XPASS: gcc.dg/guality/pr41447-1.c -O0 execution test
XPASS: gcc.dg/guality/pr41447-1.c -O1 execution test
XPASS: gcc.dg/guality/pr41447-1.c -Os execution test
XPASS: gcc.dg/guality/pr41447-1.c -O2 -flto -fuse-linker-plugin -fno-fat-lto-objects execution test
XPASS: gcc.dg/guality/pr41616-1.c -O0 execution test
XPASS: gcc.dg/guality/pr41616-1.c -O1 execution test
XPASS: gcc.dg/guality/pr41616-1.c -O2 execution test
XPASS: gcc.dg/guality/pr41616-1.c -O3 -fomit-frame-pointer execution test
XPASS: gcc.dg/guality/pr41616-1.c -O3 -g execution test
XPASS: gcc.dg/guality/pr41616-1.c -Os execution test
XPASS: gcc.dg/guality/pr41616-1.c -O2 -flto -fno-use-linker-plugin -flto-partition=none execution test
FAIL: gcc.dg/guality/pr54200.c -O2 -flto -fuse-linker-plugin -fno-fat-lto-objects line 20 z == 3
FAIL: gcc.dg/guality/pr54519-1.c -O2 -flto -fno-use-linker-plugin -flto-partition=none line 20 y == 25
FAIL: gcc.dg/guality/pr54519-1.c -O2 -flto -fno-use-linker-plugin -flto-partition=none line 20 z == 6
FAIL: gcc.dg/guality/pr54519-1.c -O2 -flto -fno-use-linker-plugin -flto-partition=none line 23 y == 117
FAIL: gcc.dg/guality/pr54519-1.c -O2 -flto -fno-use-linker-plugin -flto-partition=none line 23 z == 8
FAIL: gcc.dg/guality/pr54519-1.c -O2 -flto -fuse-linker-plugin -fno-fat-lto-objects line 20 y == 25
FAIL: gcc.dg/guality/pr54519-1.c -O2 -flto -fuse-linker-plugin -fno-fat-lto-objects line 20 z == 6
FAIL: gcc.dg/guality/pr54519-2.c -O2 -flto -fno-use-linker-plugin -flto-partition=none line 17 y == 25
FAIL: gcc.dg/guality/pr54519-2.c -O2 -flto -fuse-linker-plugin -fno-fat-lto-objects line 17 y == 25
FAIL: gcc.dg/guality/pr54519-5.c -O2 -flto -fno-use-linker-plugin -flto-partition=none line 17 y == 25
FAIL: gcc.dg/guality/pr54519-5.c -O2 -flto -fuse-linker-plugin -fno-fat-lto-objects line 17 y == 25
FAIL: gcc.dg/guality/pr54970.c -Os line 15 a[0] == 1
FAIL: gcc.dg/guality/pr54970.c -Os line 20 a[0] == 1
FAIL: gcc.dg/guality/pr54970.c -Os line 25 a[0] == 1
FAIL: gcc.dg/guality/pr54970.c -Os line 31 *p == 6
FAIL: gcc.dg/guality/pr54970.c -Os line 31 *q == 5
FAIL: gcc.dg/guality/pr54970.c -Os line 36 *p == 26
FAIL: gcc.dg/guality/pr54970.c -Os line 36 *q == 5
FAIL: gcc.dg/guality/pr54970.c -Os line 45 *p == 26
FAIL: gcc.dg/guality/pr54970.c -Os line 45 p[-1] == 25
FAIL: gcc.dg/guality/pr54970.c -Os line 45 p[-2] == 4
FAIL: gcc.dg/guality/pr54970.c -Os line 45 q[-1] == 4
FAIL: gcc.dg/guality/pr54970.c -Os line 45 q[1] == 26
FAIL: gcc.dg/guality/pr54970.c -Os line 45 *q == 25
FAIL: gcc.dg/guality/vla-1.c -O0 line 17 sizeof (a) == 6
FAIL: gcc.dg/guality/vla-1.c -O0 line 24 sizeof (a) == 17 * sizeof (short)
FAIL: gcc.dg/guality/vla-1.c -O1 line 17 sizeof (a) == 6
FAIL: gcc.dg/guality/vla-1.c -O1 line 24 sizeof (a) == 17 * sizeof (short)
FAIL: gcc.dg/guality/vla-1.c -O2 line 17 sizeof (a) == 6
FAIL: gcc.dg/guality/vla-1.c -O2 line 24 sizeof (a) == 17 * sizeof (short)
FAIL: gcc.dg/guality/vla-1.c -O3 -fomit-frame-pointer line 17 sizeof (a) == 6
FAIL: gcc.dg/guality/vla-1.c -O3 -fomit-frame-pointer line 24 sizeof (a) == 17 * sizeof (short)
FAIL: gcc.dg/guality/vla-1.c -O3 -g line 17 sizeof (a) == 6
FAIL: gcc.dg/guality/vla-1.c -O3 -g line 24 sizeof (a) == 17 * sizeof (short)
FAIL: gcc.dg/guality/vla-1.c -Os line 17 sizeof (a) == 6
FAIL: gcc.dg/guality/vla-1.c -Os line 24 sizeof (a) == 17 * sizeof (short)
FAIL: gcc.dg/guality/vla-1.c -O2 -flto -fno-use-linker-plugin -flto-partition=none line 17 sizeof (a) == 6
FAIL: gcc.dg/guality/vla-1.c -O2 -flto -fno-use-linker-plugin -flto-partition=none line 24 sizeof (a) == 17 * sizeof (short)
FAIL: gcc.dg/guality/vla-1.c -O2 -flto -fuse-linker-plugin -fno-fat-lto-objects line 17 sizeof (a) == 6
FAIL: gcc.dg/guality/vla-1.c -O2 -flto -fuse-linker-plugin -fno-fat-lto-objects line 24 sizeof (a) == 17 * sizeof (short)
FAIL: gcc.dg/guality/vla-2.c -O0 line 16 sizeof (a) == 5 * sizeof (int)
FAIL: gcc.dg/guality/vla-2.c -O0 line 25 sizeof (a) == 6 * sizeof (int)
FAIL: gcc.dg/guality/vla-2.c -O1 line 16 sizeof (a) == 5 * sizeof (int)
FAIL: gcc.dg/guality/vla-2.c -O1 line 25 sizeof (a) == 6 * sizeof (int)
FAIL: gcc.dg/guality/vla-2.c -O2 line 16 sizeof (a) == 5 * sizeof (int)
FAIL: gcc.dg/guality/vla-2.c -O2 line 25 sizeof (a) == 6 * sizeof (int)
FAIL: gcc.dg/guality/vla-2.c -O3 -fomit-frame-pointer line 16 sizeof (a) == 5 * sizeof (int)
FAIL: gcc.dg/guality/vla-2.c -O3 -fomit-frame-pointer line 25 sizeof (a) == 6 * sizeof (int)
FAIL: gcc.dg/guality/vla-2.c -O3 -g line 16 sizeof (a) == 5 * sizeof (int)
FAIL: gcc.dg/guality/vla-2.c -O3 -g line 25 sizeof (a) == 6 * sizeof (int)
FAIL: gcc.dg/guality/vla-2.c -Os line 16 sizeof (a) == 5 * sizeof (int)
FAIL: gcc.dg/guality/vla-2.c -Os line 25 sizeof (a) == 6 * sizeof (int)
FAIL: gcc.dg/guality/vla-2.c -O2 -flto -fno-use-linker-plugin -flto-partition=none line 16 sizeof (a) == 5 * sizeof (int)
FAIL: gcc.dg/guality/vla-2.c -O2 -flto -fno-use-linker-plugin -flto-partition=none line 25 sizeof (a) == 6 * sizeof (int)
FAIL: gcc.dg/guality/vla-2.c -O2 -flto -fuse-linker-plugin -fno-fat-lto-objects line 16 sizeof (a) == 5 * sizeof (int)
FAIL: gcc.dg/guality/vla-2.c -O2 -flto -fuse-linker-plugin -fno-fat-lto-objects line 25 sizeof (a) == 6 * sizeof (int)
=== gcc Summary for unix/-m32 ===
# of expected passes 45378
# of unexpected successes 5
# of expected failures 203
# of unsupported tests 584
=== gcc Summary ===
# of expected passes 144033
# of unexpected failures 88
# of unexpected successes 10
# of expected failures 512
# of unsupported tests 2313
/export/gnu/import/git/gcc-test-intel64corei7/bld/gcc/xgcc version 4.8.0 20130213 (experimental) [trunk revision 196013] (GCC)
=== gfortran tests ===
Running target unix
XPASS: gfortran.dg/do_1.f90 -O0 execution test
XPASS: gfortran.dg/do_1.f90 -O1 execution test
FAIL: gfortran.dg/lto/pr45586-2 f_lto_pr45586-2_0.o-f_lto_pr45586-2_0.o link, -O0 -flto -flto-partition=none -fuse-linker-plugin (internal compiler error)
UNRESOLVED: gfortran.dg/lto/pr45586-2 f_lto_pr45586-2_0.o-f_lto_pr45586-2_0.o execute -O0 -flto -flto-partition=none -fuse-linker-plugin
FAIL: gfortran.dg/lto/pr45586-2 f_lto_pr45586-2_0.o-f_lto_pr45586-2_0.o link, -O0 -flto -flto-partition=1to1 -fno-use-linker-plugin (internal compiler error)
UNRESOLVED: gfortran.dg/lto/pr45586-2 f_lto_pr45586-2_0.o-f_lto_pr45586-2_0.o execute -O0 -flto -flto-partition=1to1 -fno-use-linker-plugin
FAIL: gfortran.dg/lto/pr45586-2 f_lto_pr45586-2_0.o-f_lto_pr45586-2_0.o link, -O0 -flto -fuse-linker-plugin -fno-fat-lto-objects (internal compiler error)
UNRESOLVED: gfortran.dg/lto/pr45586-2 f_lto_pr45586-2_0.o-f_lto_pr45586-2_0.o execute -O0 -flto -fuse-linker-plugin -fno-fat-lto-objects
FAIL: gfortran.dg/lto/pr45586 f_lto_pr45586_0.o-f_lto_pr45586_0.o link, -O0 -flto -flto-partition=none -fuse-linker-plugin (internal compiler error)
UNRESOLVED: gfortran.dg/lto/pr45586 f_lto_pr45586_0.o-f_lto_pr45586_0.o execute -O0 -flto -flto-partition=none -fuse-linker-plugin
FAIL: gfortran.dg/lto/pr45586 f_lto_pr45586_0.o-f_lto_pr45586_0.o link, -O0 -flto -flto-partition=1to1 -fno-use-linker-plugin (internal compiler error)
UNRESOLVED: gfortran.dg/lto/pr45586 f_lto_pr45586_0.o-f_lto_pr45586_0.o execute -O0 -flto -flto-partition=1to1 -fno-use-linker-plugin
FAIL: gfortran.dg/lto/pr45586 f_lto_pr45586_0.o-f_lto_pr45586_0.o link, -O0 -flto -fuse-linker-plugin -fno-fat-lto-objects (internal compiler error)
UNRESOLVED: gfortran.dg/lto/pr45586 f_lto_pr45586_0.o-f_lto_pr45586_0.o execute -O0 -flto -fuse-linker-plugin -fno-fat-lto-objects
=== gfortran Summary for unix ===
# of expected passes 41737
# of unexpected successes 2
# of expected failures 45
# of unsupported tests 37
Running target unix/-m32
XPASS: gfortran.dg/do_1.f90 -O0 execution test
XPASS: gfortran.dg/do_1.f90 -O1 execution test
FAIL: gfortran.dg/lto/pr45586-2 f_lto_pr45586-2_0.o-f_lto_pr45586-2_0.o link, -O0 -flto -flto-partition=none -fuse-linker-plugin (internal compiler error)
UNRESOLVED: gfortran.dg/lto/pr45586-2 f_lto_pr45586-2_0.o-f_lto_pr45586-2_0.o execute -O0 -flto -flto-partition=none -fuse-linker-plugin
FAIL: gfortran.dg/lto/pr45586-2 f_lto_pr45586-2_0.o-f_lto_pr45586-2_0.o link, -O0 -flto -flto-partition=1to1 -fno-use-linker-plugin (internal compiler error)
UNRESOLVED: gfortran.dg/lto/pr45586-2 f_lto_pr45586-2_0.o-f_lto_pr45586-2_0.o execute -O0 -flto -flto-partition=1to1 -fno-use-linker-plugin
FAIL: gfortran.dg/lto/pr45586-2 f_lto_pr45586-2_0.o-f_lto_pr45586-2_0.o link, -O0 -flto -fuse-linker-plugin -fno-fat-lto-objects (internal compiler error)
UNRESOLVED: gfortran.dg/lto/pr45586-2 f_lto_pr45586-2_0.o-f_lto_pr45586-2_0.o execute -O0 -flto -fuse-linker-plugin -fno-fat-lto-objects
FAIL: gfortran.dg/lto/pr45586 f_lto_pr45586_0.o-f_lto_pr45586_0.o link, -O0 -flto -flto-partition=none -fuse-linker-plugin (internal compiler error)
UNRESOLVED: gfortran.dg/lto/pr45586 f_lto_pr45586_0.o-f_lto_pr45586_0.o execute -O0 -flto -flto-partition=none -fuse-linker-plugin
FAIL: gfortran.dg/lto/pr45586 f_lto_pr45586_0.o-f_lto_pr45586_0.o link, -O0 -flto -flto-partition=1to1 -fno-use-linker-plugin (internal compiler error)
UNRESOLVED: gfortran.dg/lto/pr45586 f_lto_pr45586_0.o-f_lto_pr45586_0.o execute -O0 -flto -flto-partition=1to1 -fno-use-linker-plugin
FAIL: gfortran.dg/lto/pr45586 f_lto_pr45586_0.o-f_lto_pr45586_0.o link, -O0 -flto -fuse-linker-plugin -fno-fat-lto-objects (internal compiler error)
UNRESOLVED: gfortran.dg/lto/pr45586 f_lto_pr45586_0.o-f_lto_pr45586_0.o execute -O0 -flto -fuse-linker-plugin -fno-fat-lto-objects
=== gfortran Summary for unix/-m32 ===
# of expected passes 41447
# of unexpected successes 2
# of expected failures 45
# of unsupported tests 178
=== gfortran Summary ===
# of expected passes 83184
# of unexpected successes 4
# of expected failures 90
# of unsupported tests 215
/export/gnu/import/git/gcc-test-intel64corei7/bld/gcc/testsuite/gfortran/../../gfortran version 4.8.0 20130213 (experimental) [trunk revision 196013] (GCC)
=== objc tests ===
Running target unix
=== objc Summary for unix ===
# of expected passes 1304
# of expected failures 6
Running target unix/-m32
=== objc Summary for unix/-m32 ===
# of expected passes 1304
# of expected failures 6
=== objc Summary ===
# of expected passes 2608
# of expected failures 12
/export/gnu/import/git/gcc-test-intel64corei7/bld/gcc/xgcc version 4.8.0 20130213 (experimental) [trunk revision 196013] (GCC)
=== boehm-gc tests ===
Running target unix/-m32
=== boehm-gc Summary for unix/-m32 ===
# of expected passes 4
Running target unix
=== boehm-gc Summary for unix ===
# of expected passes 4
=== boehm-gc Summary ===
# of expected passes 24
# of unsupported tests 2
=== libatomic tests ===
Running target unix/-m32
=== libatomic Summary for unix/-m32 ===
# of expected passes 44
# of unsupported tests 5
Running target unix
=== libatomic Summary for unix ===
# of expected passes 54
=== libatomic Summary ===
# of expected passes 98
# of unsupported tests 5
=== libffi tests ===
Running target unix/-m32
=== libffi Summary for unix/-m32 ===
# of expected passes 24
Running target unix
=== libffi Summary for unix ===
# of expected passes 24
=== libffi Summary ===
# of expected passes 3638
# of unsupported tests 110
=== libgomp tests ===
Running target unix/-m32
=== libgomp Summary for unix/-m32 ===
Running target unix
=== libgomp Summary for unix ===
=== libgomp Summary ===
# of expected passes 5898
=== libitm tests ===
Running target unix/-m32
=== libitm Summary for unix/-m32 ===
# of expected passes 4
# of expected failures 1
# of unsupported tests 1
Running target unix
=== libitm Summary for unix ===
# of expected passes 4
# of expected failures 1
# of unsupported tests 1
=== libitm Summary ===
# of expected passes 52
# of expected failures 6
# of unsupported tests 2
=== libjava tests ===
Running target unix/-m32
FAIL: sourcelocation output - source compiled test
FAIL: sourcelocation -findirect-dispatch output - source compiled test
FAIL: sourcelocation -O3 output - source compiled test
FAIL: sourcelocation -O3 -findirect-dispatch output - source compiled test
=== libjava Summary for unix/-m32 ===
Running target unix
FAIL: sourcelocation output - source compiled test
FAIL: sourcelocation -findirect-dispatch output - source compiled test
FAIL: sourcelocation -O3 output - source compiled test
FAIL: sourcelocation -O3 -findirect-dispatch output - source compiled test
=== libjava Summary for unix ===
=== libjava Summary ===
# of expected passes 5164
# of unexpected failures 8
=== libmudflap tests ===
Running target unix/-m32
FAIL: libmudflap.c/fail37-frag.c (-O2) crash test
FAIL: libmudflap.c/fail37-frag.c (-O2) output pattern test
FAIL: libmudflap.c/fail37-frag.c (-O3) crash test
FAIL: libmudflap.c/fail37-frag.c (-O3) output pattern test
FAIL: libmudflap.c++/pass41-frag.cxx ( -O) execution test
FAIL: libmudflap.c++/pass41-frag.cxx (-O2) execution test
FAIL: libmudflap.c++/pass41-frag.cxx (-O3) execution test
=== libmudflap Summary for unix/-m32 ===
# of expected passes 264
Running target unix
FAIL: libmudflap.c/fail37-frag.c (-O2) crash test
FAIL: libmudflap.c/fail37-frag.c (-O2) output pattern test
FAIL: libmudflap.c/fail37-frag.c (-O3) crash test
FAIL: libmudflap.c/fail37-frag.c (-O3) output pattern test
FAIL: libmudflap.c++/pass41-frag.cxx ( -O) execution test
FAIL: libmudflap.c++/pass41-frag.cxx (-O2) execution test
FAIL: libmudflap.c++/pass41-frag.cxx (-O3) execution test
=== libmudflap Summary for unix ===
# of expected passes 264
=== libmudflap Summary ===
# of expected passes 2858
# of unexpected failures 14
=== libstdc++ tests ===
Running target unix
=== libstdc++ Summary for unix ===
# of expected passes 9279
# of expected failures 45
# of unsupported tests 211
Running target unix/-m32
=== libstdc++ Summary for unix/-m32 ===
# of expected passes 9279
# of expected failures 45
# of unsupported tests 211
=== libstdc++ Summary ===
# of expected passes 18558
# of expected failures 90
# of unsupported tests 422
Compiler version: 4.8.0 20130213 (experimental) [trunk revision 196013] (GCC)
Platform: x86_64-unknown-linux-gnu
configure flags: --with-arch=corei7 --with-cpu=corei7 --prefix=/usr/local --enable-clocale=gnu --with-system-zlib --enable-shared --with-demangler-in-ld --with-fpmath=sse --enable-languages=c,c++,fortran,java,lto,objc