This is the mail archive of the
gcc-testresults@gcc.gnu.org
mailing list for the GCC project.
Results for 4.8.0 20130208 (experimental) [trunk revision 195874] (GCC) testsuite on powerpc64-unknown-linux-gnu
- From: Pat Haugen <pthaugen at us dot ibm dot com>
- To: gcc-testresults at gcc dot gnu dot org
- Date: Fri, 8 Feb 2013 12:49:20 -0600
- Subject: Results for 4.8.0 20130208 (experimental) [trunk revision 195874] (GCC) testsuite on powerpc64-unknown-linux-gnu
Linux 2.6.16.60-0.83.2-ppc64 ppc64
GNU C Library stable release version 2.4 (20110922)
GNU ld (GNU Binutils) 2.21.1
GNU assembler (GNU Binutils) 2.21.1
GNU Make 3.80
DejaGnu:
Expect version is 5.43.0
Tcl version is 8.4
Framework version is 1.4.4
32-bit biarch default32
LAST_UPDATED: Fri Feb 8 04:44:05 UTC 2013 (revision 195874)
Native configuration is powerpc64-unknown-linux-gnu
=== gcc tests ===
Running target unix/-m32
FAIL: c-c++-common/asan/null-deref-1.c -O0 output pattern test, is ASAN:SIGSEGV
FAIL: c-c++-common/asan/null-deref-1.c -O1 output pattern test, is ASAN:SIGSEGV
FAIL: c-c++-common/asan/null-deref-1.c -O2 output pattern test, is ASAN:SIGSEGV
FAIL: c-c++-common/asan/null-deref-1.c -O3 -fomit-frame-pointer output pattern test, is ASAN:SIGSEGV
FAIL: c-c++-common/asan/null-deref-1.c -O3 -g output pattern test, is ASAN:SIGSEGV
FAIL: c-c++-common/asan/null-deref-1.c -Os output pattern test, is ASAN:SIGSEGV
FAIL: c-c++-common/asan/null-deref-1.c -O2 -flto -fno-use-linker-plugin -flto-partition=none output pattern test, is ASAN:SIGSEGV
FAIL: c-c++-common/asan/null-deref-1.c -O2 -flto -fuse-linker-plugin -fno-fat-lto-objects output pattern test, is ASAN:SIGSEGV
FAIL: c-c++-common/asan/sleep-before-dying-1.c -O2 output pattern test, is =================================================================
FAIL: c-c++-common/asan/sleep-before-dying-1.c -O2 -flto -fno-use-linker-plugin -flto-partition=none output pattern test, is =================================================================
FAIL: c-c++-common/asan/sleep-before-dying-1.c -O2 -flto -fuse-linker-plugin -fno-fat-lto-objects output pattern test, is =================================================================
FAIL: c-c++-common/asan/strip-path-prefix-1.c -O2 output pattern test, is =================================================================
FAIL: c-c++-common/asan/strip-path-prefix-1.c -O2 -flto -fno-use-linker-plugin -flto-partition=none output pattern test, is =================================================================
FAIL: c-c++-common/asan/strip-path-prefix-1.c -O2 -flto -fuse-linker-plugin -fno-fat-lto-objects output pattern test, is =================================================================
FAIL: gcc.dg/and-1.c scan-assembler-not nand
FAIL: gcc.dg/cproj-fails-with-broken-glibc.c execution test
FAIL: gcc.dg/tree-ssa/sra-12.c scan-tree-dump-times release_ssa "l;" 0
FAIL: gcc.dg/tree-ssa/ssa-dom-thread-4.c scan-tree-dump-times dom1 "Threaded" 3
FAIL: gcc.dg/tree-ssa/vrp47.c scan-tree-dump-times vrp1 "[xy][^ ]* !=" 0
FAIL: gcc.dg/tree-ssa/vrp47.c scan-tree-dump-times dom2 "x[^ ]* & y" 1
FAIL: gcc.target/powerpc/405-dlmzb-strlen-1.c scan-assembler dlmzb\\\\.
FAIL: gcc.target/powerpc/440-dlmzb-strlen-1.c scan-assembler dlmzb\\\\.
FAIL: gcc.target/powerpc/ppc-vector-memcpy.c scan-assembler lvx
=== gcc Summary for unix/-m32 ===
# of expected passes 85533
# of unexpected failures 23
# of expected failures 223
# of unsupported tests 1335
Running target unix/-m64
FAIL: c-c++-common/asan/heap-overflow-1.c -O0 output pattern test, is ==2432== AddressSanitizer CHECK failed: /home/gccbuild/gcc_trunk_anonsvn/gcc/libsanitizer/sanitizer_common/sanitizer_allocator.h:215 "((kSpaceBeg)) == ((reinterpret_cast<uptr>(Mprotect(kSpaceBeg, kSpaceSize))))" (0x600000000000, 0xffffffffffffffff)
FAIL: c-c++-common/asan/heap-overflow-1.c -O1 output pattern test, is ==2463== AddressSanitizer CHECK failed: /home/gccbuild/gcc_trunk_anonsvn/gcc/libsanitizer/sanitizer_common/sanitizer_allocator.h:215 "((kSpaceBeg)) == ((reinterpret_cast<uptr>(Mprotect(kSpaceBeg, kSpaceSize))))" (0x600000000000, 0xffffffffffffffff)
FAIL: c-c++-common/asan/heap-overflow-1.c -O2 output pattern test, is ==2490== AddressSanitizer CHECK failed: /home/gccbuild/gcc_trunk_anonsvn/gcc/libsanitizer/sanitizer_common/sanitizer_allocator.h:215 "((kSpaceBeg)) == ((reinterpret_cast<uptr>(Mprotect(kSpaceBeg, kSpaceSize))))" (0x600000000000, 0xffffffffffffffff)
FAIL: c-c++-common/asan/heap-overflow-1.c -O3 -fomit-frame-pointer output pattern test, is ==2518== AddressSanitizer CHECK failed: /home/gccbuild/gcc_trunk_anonsvn/gcc/libsanitizer/sanitizer_common/sanitizer_allocator.h:215 "((kSpaceBeg)) == ((reinterpret_cast<uptr>(Mprotect(kSpaceBeg, kSpaceSize))))" (0x600000000000, 0xffffffffffffffff)
FAIL: c-c++-common/asan/heap-overflow-1.c -O3 -g output pattern test, is ==2545== AddressSanitizer CHECK failed: /home/gccbuild/gcc_trunk_anonsvn/gcc/libsanitizer/sanitizer_common/sanitizer_allocator.h:215 "((kSpaceBeg)) == ((reinterpret_cast<uptr>(Mprotect(kSpaceBeg, kSpaceSize))))" (0x600000000000, 0xffffffffffffffff)
FAIL: c-c++-common/asan/heap-overflow-1.c -Os output pattern test, is ==2564== AddressSanitizer CHECK failed: /home/gccbuild/gcc_trunk_anonsvn/gcc/libsanitizer/sanitizer_common/sanitizer_allocator.h:215 "((kSpaceBeg)) == ((reinterpret_cast<uptr>(Mprotect(kSpaceBeg, kSpaceSize))))" (0x600000000000, 0xffffffffffffffff)
FAIL: c-c++-common/asan/heap-overflow-1.c -O2 -flto -fno-use-linker-plugin -flto-partition=none output pattern test, is ==2616== AddressSanitizer CHECK failed: /home/gccbuild/gcc_trunk_anonsvn/gcc/libsanitizer/sanitizer_common/sanitizer_allocator.h:215 "((kSpaceBeg)) == ((reinterpret_cast<uptr>(Mprotect(kSpaceBeg, kSpaceSize))))" (0x600000000000, 0xffffffffffffffff)
FAIL: c-c++-common/asan/heap-overflow-1.c -O2 -flto -fuse-linker-plugin -fno-fat-lto-objects output pattern test, is ==2649== AddressSanitizer CHECK failed: /home/gccbuild/gcc_trunk_anonsvn/gcc/libsanitizer/sanitizer_common/sanitizer_allocator.h:215 "((kSpaceBeg)) == ((reinterpret_cast<uptr>(Mprotect(kSpaceBeg, kSpaceSize))))" (0x600000000000, 0xffffffffffffffff)
FAIL: c-c++-common/asan/memcmp-1.c -O0 output pattern test, is =================================================================
FAIL: c-c++-common/asan/memcmp-1.c -O1 output pattern test, is =================================================================
FAIL: c-c++-common/asan/memcmp-1.c -O2 output pattern test, is =================================================================
FAIL: c-c++-common/asan/memcmp-1.c -O3 -fomit-frame-pointer output pattern test, is =================================================================
FAIL: c-c++-common/asan/memcmp-1.c -O3 -g output pattern test, is =================================================================
FAIL: c-c++-common/asan/memcmp-1.c -Os output pattern test, is =================================================================
FAIL: c-c++-common/asan/memcmp-1.c -O2 -flto -fno-use-linker-plugin -flto-partition=none output pattern test, is =================================================================
FAIL: c-c++-common/asan/memcmp-1.c -O2 -flto -fuse-linker-plugin -fno-fat-lto-objects output pattern test, is =================================================================
FAIL: c-c++-common/asan/null-deref-1.c -O0 output pattern test, is ASAN:SIGSEGV
FAIL: c-c++-common/asan/null-deref-1.c -O1 output pattern test, is ASAN:SIGSEGV
FAIL: c-c++-common/asan/null-deref-1.c -O2 output pattern test, is ASAN:SIGSEGV
FAIL: c-c++-common/asan/null-deref-1.c -O3 -fomit-frame-pointer output pattern test, is ASAN:SIGSEGV
FAIL: c-c++-common/asan/null-deref-1.c -O3 -g output pattern test, is ASAN:SIGSEGV
FAIL: c-c++-common/asan/null-deref-1.c -Os output pattern test, is ASAN:SIGSEGV
FAIL: c-c++-common/asan/null-deref-1.c -O2 -flto -fno-use-linker-plugin -flto-partition=none output pattern test, is ASAN:SIGSEGV
FAIL: c-c++-common/asan/null-deref-1.c -O2 -flto -fuse-linker-plugin -fno-fat-lto-objects output pattern test, is ASAN:SIGSEGV
FAIL: c-c++-common/asan/sanity-check-pure-c-1.c -O0 output pattern test, is ==3231== AddressSanitizer CHECK failed: /home/gccbuild/gcc_trunk_anonsvn/gcc/libsanitizer/sanitizer_common/sanitizer_allocator.h:215 "((kSpaceBeg)) == ((reinterpret_cast<uptr>(Mprotect(kSpaceBeg, kSpaceSize))))" (0x600000000000, 0xffffffffffffffff)
FAIL: c-c++-common/asan/sanity-check-pure-c-1.c -O1 output pattern test, is ==3260== AddressSanitizer CHECK failed: /home/gccbuild/gcc_trunk_anonsvn/gcc/libsanitizer/sanitizer_common/sanitizer_allocator.h:215 "((kSpaceBeg)) == ((reinterpret_cast<uptr>(Mprotect(kSpaceBeg, kSpaceSize))))" (0x600000000000, 0xffffffffffffffff)
FAIL: c-c++-common/asan/sanity-check-pure-c-1.c -O2 output pattern test, is ==3292== AddressSanitizer CHECK failed: /home/gccbuild/gcc_trunk_anonsvn/gcc/libsanitizer/sanitizer_common/sanitizer_allocator.h:215 "((kSpaceBeg)) == ((reinterpret_cast<uptr>(Mprotect(kSpaceBeg, kSpaceSize))))" (0x600000000000, 0xffffffffffffffff)
FAIL: c-c++-common/asan/sanity-check-pure-c-1.c -O3 -fomit-frame-pointer output pattern test, is ==3324== AddressSanitizer CHECK failed: /home/gccbuild/gcc_trunk_anonsvn/gcc/libsanitizer/sanitizer_common/sanitizer_allocator.h:215 "((kSpaceBeg)) == ((reinterpret_cast<uptr>(Mprotect(kSpaceBeg, kSpaceSize))))" (0x600000000000, 0xffffffffffffffff)
FAIL: c-c++-common/asan/sanity-check-pure-c-1.c -O3 -g output pattern test, is ==3358== AddressSanitizer CHECK failed: /home/gccbuild/gcc_trunk_anonsvn/gcc/libsanitizer/sanitizer_common/sanitizer_allocator.h:215 "((kSpaceBeg)) == ((reinterpret_cast<uptr>(Mprotect(kSpaceBeg, kSpaceSize))))" (0x600000000000, 0xffffffffffffffff)
FAIL: c-c++-common/asan/sanity-check-pure-c-1.c -Os output pattern test, is ==3401== AddressSanitizer CHECK failed: /home/gccbuild/gcc_trunk_anonsvn/gcc/libsanitizer/sanitizer_common/sanitizer_allocator.h:215 "((kSpaceBeg)) == ((reinterpret_cast<uptr>(Mprotect(kSpaceBeg, kSpaceSize))))" (0x600000000000, 0xffffffffffffffff)
FAIL: c-c++-common/asan/sanity-check-pure-c-1.c -O2 -flto -fno-use-linker-plugin -flto-partition=none output pattern test, is ==3485== AddressSanitizer CHECK failed: /home/gccbuild/gcc_trunk_anonsvn/gcc/libsanitizer/sanitizer_common/sanitizer_allocator.h:215 "((kSpaceBeg)) == ((reinterpret_cast<uptr>(Mprotect(kSpaceBeg, kSpaceSize))))" (0x600000000000, 0xffffffffffffffff)
FAIL: c-c++-common/asan/sanity-check-pure-c-1.c -O2 -flto -fuse-linker-plugin -fno-fat-lto-objects output pattern test, is ==3527== AddressSanitizer CHECK failed: /home/gccbuild/gcc_trunk_anonsvn/gcc/libsanitizer/sanitizer_common/sanitizer_allocator.h:215 "((kSpaceBeg)) == ((reinterpret_cast<uptr>(Mprotect(kSpaceBeg, kSpaceSize))))" (0x600000000000, 0xffffffffffffffff)
FAIL: c-c++-common/asan/sleep-before-dying-1.c -O2 output pattern test, is ==3564== AddressSanitizer CHECK failed: /home/gccbuild/gcc_trunk_anonsvn/gcc/libsanitizer/sanitizer_common/sanitizer_allocator.h:215 "((kSpaceBeg)) == ((reinterpret_cast<uptr>(Mprotect(kSpaceBeg, kSpaceSize))))" (0x600000000000, 0xffffffffffffffff)
FAIL: c-c++-common/asan/sleep-before-dying-1.c -O2 -flto -fno-use-linker-plugin -flto-partition=none output pattern test, is ==3626== AddressSanitizer CHECK failed: /home/gccbuild/gcc_trunk_anonsvn/gcc/libsanitizer/sanitizer_common/sanitizer_allocator.h:215 "((kSpaceBeg)) == ((reinterpret_cast<uptr>(Mprotect(kSpaceBeg, kSpaceSize))))" (0x600000000000, 0xffffffffffffffff)
FAIL: c-c++-common/asan/sleep-before-dying-1.c -O2 -flto -fuse-linker-plugin -fno-fat-lto-objects output pattern test, is ==3665== AddressSanitizer CHECK failed: /home/gccbuild/gcc_trunk_anonsvn/gcc/libsanitizer/sanitizer_common/sanitizer_allocator.h:215 "((kSpaceBeg)) == ((reinterpret_cast<uptr>(Mprotect(kSpaceBeg, kSpaceSize))))" (0x600000000000, 0xffffffffffffffff)
FAIL: c-c++-common/asan/strip-path-prefix-1.c -O2 output pattern test, is ==3913== AddressSanitizer CHECK failed: /home/gccbuild/gcc_trunk_anonsvn/gcc/libsanitizer/sanitizer_common/sanitizer_allocator.h:215 "((kSpaceBeg)) == ((reinterpret_cast<uptr>(Mprotect(kSpaceBeg, kSpaceSize))))" (0x600000000000, 0xffffffffffffffff)
FAIL: c-c++-common/asan/strip-path-prefix-1.c -O2 -flto -fno-use-linker-plugin -flto-partition=none output pattern test, is ==3968== AddressSanitizer CHECK failed: /home/gccbuild/gcc_trunk_anonsvn/gcc/libsanitizer/sanitizer_common/sanitizer_allocator.h:215 "((kSpaceBeg)) == ((reinterpret_cast<uptr>(Mprotect(kSpaceBeg, kSpaceSize))))" (0x600000000000, 0xffffffffffffffff)
FAIL: c-c++-common/asan/strip-path-prefix-1.c -O2 -flto -fuse-linker-plugin -fno-fat-lto-objects output pattern test, is ==4011== AddressSanitizer CHECK failed: /home/gccbuild/gcc_trunk_anonsvn/gcc/libsanitizer/sanitizer_common/sanitizer_allocator.h:215 "((kSpaceBeg)) == ((reinterpret_cast<uptr>(Mprotect(kSpaceBeg, kSpaceSize))))" (0x600000000000, 0xffffffffffffffff)
FAIL: c-c++-common/asan/strncpy-overflow-1.c -O0 output pattern test, is ==4040== AddressSanitizer CHECK failed: /home/gccbuild/gcc_trunk_anonsvn/gcc/libsanitizer/sanitizer_common/sanitizer_allocator.h:215 "((kSpaceBeg)) == ((reinterpret_cast<uptr>(Mprotect(kSpaceBeg, kSpaceSize))))" (0x600000000000, 0xffffffffffffffff)
FAIL: c-c++-common/asan/strncpy-overflow-1.c -O1 output pattern test, is ==4069== AddressSanitizer CHECK failed: /home/gccbuild/gcc_trunk_anonsvn/gcc/libsanitizer/sanitizer_common/sanitizer_allocator.h:215 "((kSpaceBeg)) == ((reinterpret_cast<uptr>(Mprotect(kSpaceBeg, kSpaceSize))))" (0x600000000000, 0xffffffffffffffff)
FAIL: c-c++-common/asan/strncpy-overflow-1.c -O2 output pattern test, is ==4104== AddressSanitizer CHECK failed: /home/gccbuild/gcc_trunk_anonsvn/gcc/libsanitizer/sanitizer_common/sanitizer_allocator.h:215 "((kSpaceBeg)) == ((reinterpret_cast<uptr>(Mprotect(kSpaceBeg, kSpaceSize))))" (0x600000000000, 0xffffffffffffffff)
FAIL: c-c++-common/asan/strncpy-overflow-1.c -O3 -fomit-frame-pointer output pattern test, is ==4142== AddressSanitizer CHECK failed: /home/gccbuild/gcc_trunk_anonsvn/gcc/libsanitizer/sanitizer_common/sanitizer_allocator.h:215 "((kSpaceBeg)) == ((reinterpret_cast<uptr>(Mprotect(kSpaceBeg, kSpaceSize))))" (0x600000000000, 0xffffffffffffffff)
FAIL: c-c++-common/asan/strncpy-overflow-1.c -O3 -g output pattern test, is ==4176== AddressSanitizer CHECK failed: /home/gccbuild/gcc_trunk_anonsvn/gcc/libsanitizer/sanitizer_common/sanitizer_allocator.h:215 "((kSpaceBeg)) == ((reinterpret_cast<uptr>(Mprotect(kSpaceBeg, kSpaceSize))))" (0x600000000000, 0xffffffffffffffff)
FAIL: c-c++-common/asan/strncpy-overflow-1.c -Os output pattern test, is ==4205== AddressSanitizer CHECK failed: /home/gccbuild/gcc_trunk_anonsvn/gcc/libsanitizer/sanitizer_common/sanitizer_allocator.h:215 "((kSpaceBeg)) == ((reinterpret_cast<uptr>(Mprotect(kSpaceBeg, kSpaceSize))))" (0x600000000000, 0xffffffffffffffff)
FAIL: c-c++-common/asan/strncpy-overflow-1.c -O2 -flto -fno-use-linker-plugin -flto-partition=none output pattern test, is ==4261== AddressSanitizer CHECK failed: /home/gccbuild/gcc_trunk_anonsvn/gcc/libsanitizer/sanitizer_common/sanitizer_allocator.h:215 "((kSpaceBeg)) == ((reinterpret_cast<uptr>(Mprotect(kSpaceBeg, kSpaceSize))))" (0x600000000000, 0xffffffffffffffff)
FAIL: c-c++-common/asan/strncpy-overflow-1.c -O2 -flto -fuse-linker-plugin -fno-fat-lto-objects output pattern test, is ==4310== AddressSanitizer CHECK failed: /home/gccbuild/gcc_trunk_anonsvn/gcc/libsanitizer/sanitizer_common/sanitizer_allocator.h:215 "((kSpaceBeg)) == ((reinterpret_cast<uptr>(Mprotect(kSpaceBeg, kSpaceSize))))" (0x600000000000, 0xffffffffffffffff)
FAIL: c-c++-common/asan/use-after-free-1.c -O0 output pattern test, is ==4702== AddressSanitizer CHECK failed: /home/gccbuild/gcc_trunk_anonsvn/gcc/libsanitizer/sanitizer_common/sanitizer_allocator.h:215 "((kSpaceBeg)) == ((reinterpret_cast<uptr>(Mprotect(kSpaceBeg, kSpaceSize))))" (0x600000000000, 0xffffffffffffffff)
FAIL: c-c++-common/asan/use-after-free-1.c -O1 output pattern test, is ==4733== AddressSanitizer CHECK failed: /home/gccbuild/gcc_trunk_anonsvn/gcc/libsanitizer/sanitizer_common/sanitizer_allocator.h:215 "((kSpaceBeg)) == ((reinterpret_cast<uptr>(Mprotect(kSpaceBeg, kSpaceSize))))" (0x600000000000, 0xffffffffffffffff)
FAIL: c-c++-common/asan/use-after-free-1.c -O2 output pattern test, is ==4762== AddressSanitizer CHECK failed: /home/gccbuild/gcc_trunk_anonsvn/gcc/libsanitizer/sanitizer_common/sanitizer_allocator.h:215 "((kSpaceBeg)) == ((reinterpret_cast<uptr>(Mprotect(kSpaceBeg, kSpaceSize))))" (0x600000000000, 0xffffffffffffffff)
FAIL: c-c++-common/asan/use-after-free-1.c -O3 -fomit-frame-pointer output pattern test, is ==4795== AddressSanitizer CHECK failed: /home/gccbuild/gcc_trunk_anonsvn/gcc/libsanitizer/sanitizer_common/sanitizer_allocator.h:215 "((kSpaceBeg)) == ((reinterpret_cast<uptr>(Mprotect(kSpaceBeg, kSpaceSize))))" (0x600000000000, 0xffffffffffffffff)
FAIL: c-c++-common/asan/use-after-free-1.c -O3 -g output pattern test, is ==4827== AddressSanitizer CHECK failed: /home/gccbuild/gcc_trunk_anonsvn/gcc/libsanitizer/sanitizer_common/sanitizer_allocator.h:215 "((kSpaceBeg)) == ((reinterpret_cast<uptr>(Mprotect(kSpaceBeg, kSpaceSize))))" (0x600000000000, 0xffffffffffffffff)
FAIL: c-c++-common/asan/use-after-free-1.c -Os output pattern test, is ==4854== AddressSanitizer CHECK failed: /home/gccbuild/gcc_trunk_anonsvn/gcc/libsanitizer/sanitizer_common/sanitizer_allocator.h:215 "((kSpaceBeg)) == ((reinterpret_cast<uptr>(Mprotect(kSpaceBeg, kSpaceSize))))" (0x600000000000, 0xffffffffffffffff)
FAIL: c-c++-common/asan/use-after-free-1.c -O2 -flto -fno-use-linker-plugin -flto-partition=none output pattern test, is ==4917== AddressSanitizer CHECK failed: /home/gccbuild/gcc_trunk_anonsvn/gcc/libsanitizer/sanitizer_common/sanitizer_allocator.h:215 "((kSpaceBeg)) == ((reinterpret_cast<uptr>(Mprotect(kSpaceBeg, kSpaceSize))))" (0x600000000000, 0xffffffffffffffff)
FAIL: c-c++-common/asan/use-after-free-1.c -O2 -flto -fuse-linker-plugin -fno-fat-lto-objects output pattern test, is ==4961== AddressSanitizer CHECK failed: /home/gccbuild/gcc_trunk_anonsvn/gcc/libsanitizer/sanitizer_common/sanitizer_allocator.h:215 "((kSpaceBeg)) == ((reinterpret_cast<uptr>(Mprotect(kSpaceBeg, kSpaceSize))))" (0x600000000000, 0xffffffffffffffff)
FAIL: gcc.dg/and-1.c scan-assembler-not nand
FAIL: gcc.dg/cproj-fails-with-broken-glibc.c execution test
FAIL: gcc.dg/pr44194-1.c scan-rtl-dump dse1 "global deletions = (2|3)"
FAIL: gcc.dg/tree-ssa/ssa-dom-thread-4.c scan-tree-dump-times dom1 "Threaded" 3
FAIL: gcc.dg/tree-ssa/vrp47.c scan-tree-dump-times vrp1 "[xy][^ ]* !=" 0
FAIL: gcc.dg/tree-ssa/vrp47.c scan-tree-dump-times dom2 "x[^ ]* & y" 1
FAIL: gcc.target/powerpc/ppc-vector-memcpy.c scan-assembler lvx
=== gcc Summary for unix/-m64 ===
# of expected passes 86146
# of unexpected failures 61
# of expected failures 236
# of unsupported tests 1380
=== gcc Summary ===
# of expected passes 171679
# of unexpected failures 84
# of expected failures 459
# of unsupported tests 2715
/home/gccbuild/build/nightly/build-gcc-trunk/gcc/xgcc version 4.8.0 20130208 (experimental) [trunk revision 195874] (GCC)
=== gfortran tests ===
Running target unix/-m32
XPASS: gfortran.dg/default_format_denormal_2.f90 -O0 execution test
XPASS: gfortran.dg/default_format_denormal_2.f90 -O1 execution test
XPASS: gfortran.dg/default_format_denormal_2.f90 -O2 execution test
XPASS: gfortran.dg/default_format_denormal_2.f90 -O3 -fomit-frame-pointer execution test
XPASS: gfortran.dg/default_format_denormal_2.f90 -O3 -fomit-frame-pointer -funroll-loops execution test
XPASS: gfortran.dg/default_format_denormal_2.f90 -O3 -fomit-frame-pointer -funroll-all-loops -finline-functions execution test
XPASS: gfortran.dg/default_format_denormal_2.f90 -O3 -g execution test
XPASS: gfortran.dg/default_format_denormal_2.f90 -Os execution test
XPASS: gfortran.dg/do_1.f90 -O0 execution test
XPASS: gfortran.dg/do_1.f90 -O1 execution test
FAIL: gfortran.dg/lto/pr45586-2 f_lto_pr45586-2_0.o-f_lto_pr45586-2_0.o link, -O0 -flto -flto-partition=none -fuse-linker-plugin (internal compiler error)
UNRESOLVED: gfortran.dg/lto/pr45586-2 f_lto_pr45586-2_0.o-f_lto_pr45586-2_0.o execute -O0 -flto -flto-partition=none -fuse-linker-plugin
FAIL: gfortran.dg/lto/pr45586-2 f_lto_pr45586-2_0.o-f_lto_pr45586-2_0.o link, -O0 -flto -flto-partition=1to1 -fno-use-linker-plugin (internal compiler error)
UNRESOLVED: gfortran.dg/lto/pr45586-2 f_lto_pr45586-2_0.o-f_lto_pr45586-2_0.o execute -O0 -flto -flto-partition=1to1 -fno-use-linker-plugin
FAIL: gfortran.dg/lto/pr45586-2 f_lto_pr45586-2_0.o-f_lto_pr45586-2_0.o link, -O0 -flto -fuse-linker-plugin -fno-fat-lto-objects (internal compiler error)
UNRESOLVED: gfortran.dg/lto/pr45586-2 f_lto_pr45586-2_0.o-f_lto_pr45586-2_0.o execute -O0 -flto -fuse-linker-plugin -fno-fat-lto-objects
FAIL: gfortran.dg/lto/pr45586 f_lto_pr45586_0.o-f_lto_pr45586_0.o link, -O0 -flto -flto-partition=none -fuse-linker-plugin (internal compiler error)
UNRESOLVED: gfortran.dg/lto/pr45586 f_lto_pr45586_0.o-f_lto_pr45586_0.o execute -O0 -flto -flto-partition=none -fuse-linker-plugin
FAIL: gfortran.dg/lto/pr45586 f_lto_pr45586_0.o-f_lto_pr45586_0.o link, -O0 -flto -flto-partition=1to1 -fno-use-linker-plugin (internal compiler error)
UNRESOLVED: gfortran.dg/lto/pr45586 f_lto_pr45586_0.o-f_lto_pr45586_0.o execute -O0 -flto -flto-partition=1to1 -fno-use-linker-plugin
FAIL: gfortran.dg/lto/pr45586 f_lto_pr45586_0.o-f_lto_pr45586_0.o link, -O0 -flto -fuse-linker-plugin -fno-fat-lto-objects (internal compiler error)
UNRESOLVED: gfortran.dg/lto/pr45586 f_lto_pr45586_0.o-f_lto_pr45586_0.o execute -O0 -flto -fuse-linker-plugin -fno-fat-lto-objects
=== gfortran Summary for unix/-m32 ===
# of expected passes 42323
# of unexpected failures 6
# of unexpected successes 10
# of expected failures 66
# of unresolved testcases 6
# of unsupported tests 244
Running target unix/-m64
XPASS: gfortran.dg/default_format_denormal_2.f90 -O0 execution test
XPASS: gfortran.dg/default_format_denormal_2.f90 -O1 execution test
XPASS: gfortran.dg/default_format_denormal_2.f90 -O2 execution test
XPASS: gfortran.dg/default_format_denormal_2.f90 -O3 -fomit-frame-pointer execution test
XPASS: gfortran.dg/default_format_denormal_2.f90 -O3 -fomit-frame-pointer -funroll-loops execution test
XPASS: gfortran.dg/default_format_denormal_2.f90 -O3 -fomit-frame-pointer -funroll-all-loops -finline-functions execution test
XPASS: gfortran.dg/default_format_denormal_2.f90 -O3 -g execution test
XPASS: gfortran.dg/default_format_denormal_2.f90 -Os execution test
XPASS: gfortran.dg/do_1.f90 -O0 execution test
XPASS: gfortran.dg/do_1.f90 -O1 execution test
FAIL: gfortran.dg/lto/pr45586-2 f_lto_pr45586-2_0.o-f_lto_pr45586-2_0.o link, -O0 -flto -flto-partition=none -fuse-linker-plugin (internal compiler error)
UNRESOLVED: gfortran.dg/lto/pr45586-2 f_lto_pr45586-2_0.o-f_lto_pr45586-2_0.o execute -O0 -flto -flto-partition=none -fuse-linker-plugin
FAIL: gfortran.dg/lto/pr45586-2 f_lto_pr45586-2_0.o-f_lto_pr45586-2_0.o link, -O0 -flto -flto-partition=1to1 -fno-use-linker-plugin (internal compiler error)
UNRESOLVED: gfortran.dg/lto/pr45586-2 f_lto_pr45586-2_0.o-f_lto_pr45586-2_0.o execute -O0 -flto -flto-partition=1to1 -fno-use-linker-plugin
FAIL: gfortran.dg/lto/pr45586-2 f_lto_pr45586-2_0.o-f_lto_pr45586-2_0.o link, -O0 -flto -fuse-linker-plugin -fno-fat-lto-objects (internal compiler error)
UNRESOLVED: gfortran.dg/lto/pr45586-2 f_lto_pr45586-2_0.o-f_lto_pr45586-2_0.o execute -O0 -flto -fuse-linker-plugin -fno-fat-lto-objects
FAIL: gfortran.dg/lto/pr45586 f_lto_pr45586_0.o-f_lto_pr45586_0.o link, -O0 -flto -flto-partition=none -fuse-linker-plugin (internal compiler error)
UNRESOLVED: gfortran.dg/lto/pr45586 f_lto_pr45586_0.o-f_lto_pr45586_0.o execute -O0 -flto -flto-partition=none -fuse-linker-plugin
FAIL: gfortran.dg/lto/pr45586 f_lto_pr45586_0.o-f_lto_pr45586_0.o link, -O0 -flto -flto-partition=1to1 -fno-use-linker-plugin (internal compiler error)
UNRESOLVED: gfortran.dg/lto/pr45586 f_lto_pr45586_0.o-f_lto_pr45586_0.o execute -O0 -flto -flto-partition=1to1 -fno-use-linker-plugin
FAIL: gfortran.dg/lto/pr45586 f_lto_pr45586_0.o-f_lto_pr45586_0.o link, -O0 -flto -fuse-linker-plugin -fno-fat-lto-objects (internal compiler error)
UNRESOLVED: gfortran.dg/lto/pr45586 f_lto_pr45586_0.o-f_lto_pr45586_0.o execute -O0 -flto -fuse-linker-plugin -fno-fat-lto-objects
=== gfortran Summary for unix/-m64 ===
# of expected passes 42650
# of unexpected failures 6
# of unexpected successes 10
# of expected failures 66
# of unresolved testcases 6
# of unsupported tests 83
=== gfortran Summary ===
# of expected passes 84973
# of unexpected failures 12
# of unexpected successes 20
# of expected failures 132
# of unresolved testcases 12
# of unsupported tests 327
/home/gccbuild/build/nightly/build-gcc-trunk/gcc/testsuite/gfortran/../../gfortran version 4.8.0 20130208 (experimental) [trunk revision 195874] (GCC)
=== g++ tests ===
Running target unix/-m32
FAIL: c-c++-common/asan/null-deref-1.c -O0 output pattern test, is ASAN:SIGSEGV
FAIL: c-c++-common/asan/null-deref-1.c -O1 output pattern test, is ASAN:SIGSEGV
FAIL: c-c++-common/asan/null-deref-1.c -O2 output pattern test, is ASAN:SIGSEGV
FAIL: c-c++-common/asan/null-deref-1.c -O3 -fomit-frame-pointer output pattern test, is ASAN:SIGSEGV
FAIL: c-c++-common/asan/null-deref-1.c -O3 -g output pattern test, is ASAN:SIGSEGV
FAIL: c-c++-common/asan/null-deref-1.c -Os output pattern test, is ASAN:SIGSEGV
FAIL: c-c++-common/asan/null-deref-1.c -O2 -flto -fno-use-linker-plugin -flto-partition=none output pattern test, is ASAN:SIGSEGV
FAIL: c-c++-common/asan/null-deref-1.c -O2 -flto -fuse-linker-plugin -fno-fat-lto-objects output pattern test, is ASAN:SIGSEGV
FAIL: c-c++-common/asan/sleep-before-dying-1.c -O2 output pattern test, is =================================================================
FAIL: c-c++-common/asan/sleep-before-dying-1.c -O2 -flto -fno-use-linker-plugin -flto-partition=none output pattern test, is =================================================================
FAIL: c-c++-common/asan/sleep-before-dying-1.c -O2 -flto -fuse-linker-plugin -fno-fat-lto-objects output pattern test, is =================================================================
FAIL: c-c++-common/asan/strip-path-prefix-1.c -O2 output pattern test, is =================================================================
FAIL: c-c++-common/asan/strip-path-prefix-1.c -O2 -flto -fno-use-linker-plugin -flto-partition=none output pattern test, is =================================================================
FAIL: c-c++-common/asan/strip-path-prefix-1.c -O2 -flto -fuse-linker-plugin -fno-fat-lto-objects output pattern test, is =================================================================
FAIL: g++.dg/asan/deep-stack-uaf-1.C -O0 output pattern test, is =================================================================
FAIL: g++.dg/asan/deep-stack-uaf-1.C -O1 output pattern test, is =================================================================
FAIL: g++.dg/asan/deep-stack-uaf-1.C -O2 output pattern test, is =================================================================
FAIL: g++.dg/asan/deep-stack-uaf-1.C -O3 -fomit-frame-pointer output pattern test, is =================================================================
FAIL: g++.dg/asan/deep-stack-uaf-1.C -O3 -g output pattern test, is =================================================================
FAIL: g++.dg/asan/deep-stack-uaf-1.C -Os output pattern test, is =================================================================
FAIL: g++.dg/asan/deep-tail-call-1.C -O0 output pattern test, is =================================================================
FAIL: g++.dg/asan/deep-tail-call-1.C -O1 output pattern test, is =================================================================
FAIL: g++.dg/asan/deep-tail-call-1.C -O2 output pattern test, is =================================================================
FAIL: g++.dg/asan/deep-tail-call-1.C -O3 -fomit-frame-pointer output pattern test, is =================================================================
FAIL: g++.dg/asan/deep-tail-call-1.C -O3 -g output pattern test, is =================================================================
FAIL: g++.dg/asan/deep-tail-call-1.C -Os output pattern test, is =================================================================
FAIL: g++.dg/asan/deep-tail-call-1.C -O2 -flto -fno-use-linker-plugin -flto-partition=none output pattern test, is =================================================================
FAIL: g++.dg/asan/deep-tail-call-1.C -O2 -flto -fuse-linker-plugin -fno-fat-lto-objects output pattern test, is =================================================================
FAIL: g++.dg/asan/interception-failure-test-1.C -O1 (test for excess errors)
WARNING: g++.dg/asan/interception-failure-test-1.C -O1 compilation failed to produce executable
FAIL: g++.dg/asan/interception-failure-test-1.C -O2 (test for excess errors)
WARNING: g++.dg/asan/interception-failure-test-1.C -O2 compilation failed to produce executable
FAIL: g++.dg/asan/interception-failure-test-1.C -O3 -fomit-frame-pointer (test for excess errors)
WARNING: g++.dg/asan/interception-failure-test-1.C -O3 -fomit-frame-pointer compilation failed to produce executable
FAIL: g++.dg/asan/interception-failure-test-1.C -O3 -g (test for excess errors)
WARNING: g++.dg/asan/interception-failure-test-1.C -O3 -g compilation failed to produce executable
FAIL: g++.dg/asan/interception-failure-test-1.C -O2 -flto -fno-use-linker-plugin -flto-partition=none (test for excess errors)
WARNING: g++.dg/asan/interception-failure-test-1.C -O2 -flto -fno-use-linker-plugin -flto-partition=none compilation failed to produce executable
FAIL: g++.dg/asan/interception-failure-test-1.C -O2 -flto -fuse-linker-plugin -fno-fat-lto-objects (test for excess errors)
WARNING: g++.dg/asan/interception-failure-test-1.C -O2 -flto -fuse-linker-plugin -fno-fat-lto-objects compilation failed to produce executable
FAIL: g++.dg/asan/interception-malloc-test-1.C -O1 execution test
FAIL: g++.dg/asan/interception-malloc-test-1.C -O2 execution test
FAIL: g++.dg/asan/interception-malloc-test-1.C -O3 -fomit-frame-pointer execution test
FAIL: g++.dg/asan/interception-malloc-test-1.C -O3 -g execution test
FAIL: g++.dg/asan/interception-malloc-test-1.C -O2 -flto -fno-use-linker-plugin -flto-partition=none execution test
FAIL: g++.dg/asan/interception-malloc-test-1.C -O2 -flto -fuse-linker-plugin -fno-fat-lto-objects execution test
FAIL: g++.dg/asan/interception-test-1.C -O1 (test for excess errors)
WARNING: g++.dg/asan/interception-test-1.C -O1 compilation failed to produce executable
FAIL: g++.dg/asan/interception-test-1.C -O2 (test for excess errors)
WARNING: g++.dg/asan/interception-test-1.C -O2 compilation failed to produce executable
FAIL: g++.dg/asan/interception-test-1.C -O3 -fomit-frame-pointer (test for excess errors)
WARNING: g++.dg/asan/interception-test-1.C -O3 -fomit-frame-pointer compilation failed to produce executable
FAIL: g++.dg/asan/interception-test-1.C -O3 -g (test for excess errors)
WARNING: g++.dg/asan/interception-test-1.C -O3 -g compilation failed to produce executable
FAIL: g++.dg/asan/interception-test-1.C -O2 -flto -fno-use-linker-plugin -flto-partition=none (test for excess errors)
WARNING: g++.dg/asan/interception-test-1.C -O2 -flto -fno-use-linker-plugin -flto-partition=none compilation failed to produce executable
FAIL: g++.dg/asan/interception-test-1.C -O2 -flto -fuse-linker-plugin -fno-fat-lto-objects (test for excess errors)
WARNING: g++.dg/asan/interception-test-1.C -O2 -flto -fuse-linker-plugin -fno-fat-lto-objects compilation failed to produce executable
=== g++ Summary for unix/-m32 ===
# of expected passes 51010
# of unexpected failures 46
# of expected failures 289
# of unsupported tests 824
Running target unix/-m64
FAIL: c-c++-common/asan/heap-overflow-1.c -O0 output pattern test, is ==3264== AddressSanitizer CHECK failed: /home/gccbuild/gcc_trunk_anonsvn/gcc/libsanitizer/sanitizer_common/sanitizer_allocator.h:215 "((kSpaceBeg)) == ((reinterpret_cast<uptr>(Mprotect(kSpaceBeg, kSpaceSize))))" (0x600000000000, 0xffffffffffffffff)
FAIL: c-c++-common/asan/heap-overflow-1.c -O1 output pattern test, is ==3299== AddressSanitizer CHECK failed: /home/gccbuild/gcc_trunk_anonsvn/gcc/libsanitizer/sanitizer_common/sanitizer_allocator.h:215 "((kSpaceBeg)) == ((reinterpret_cast<uptr>(Mprotect(kSpaceBeg, kSpaceSize))))" (0x600000000000, 0xffffffffffffffff)
FAIL: c-c++-common/asan/heap-overflow-1.c -O2 output pattern test, is ==3333== AddressSanitizer CHECK failed: /home/gccbuild/gcc_trunk_anonsvn/gcc/libsanitizer/sanitizer_common/sanitizer_allocator.h:215 "((kSpaceBeg)) == ((reinterpret_cast<uptr>(Mprotect(kSpaceBeg, kSpaceSize))))" (0x600000000000, 0xffffffffffffffff)
FAIL: c-c++-common/asan/heap-overflow-1.c -O3 -fomit-frame-pointer output pattern test, is ==3367== AddressSanitizer CHECK failed: /home/gccbuild/gcc_trunk_anonsvn/gcc/libsanitizer/sanitizer_common/sanitizer_allocator.h:215 "((kSpaceBeg)) == ((reinterpret_cast<uptr>(Mprotect(kSpaceBeg, kSpaceSize))))" (0x600000000000, 0xffffffffffffffff)
FAIL: c-c++-common/asan/heap-overflow-1.c -O3 -g output pattern test, is ==3414== AddressSanitizer CHECK failed: /home/gccbuild/gcc_trunk_anonsvn/gcc/libsanitizer/sanitizer_common/sanitizer_allocator.h:215 "((kSpaceBeg)) == ((reinterpret_cast<uptr>(Mprotect(kSpaceBeg, kSpaceSize))))" (0x600000000000, 0xffffffffffffffff)
FAIL: c-c++-common/asan/heap-overflow-1.c -Os output pattern test, is ==3470== AddressSanitizer CHECK failed: /home/gccbuild/gcc_trunk_anonsvn/gcc/libsanitizer/sanitizer_common/sanitizer_allocator.h:215 "((kSpaceBeg)) == ((reinterpret_cast<uptr>(Mprotect(kSpaceBeg, kSpaceSize))))" (0x600000000000, 0xffffffffffffffff)
FAIL: c-c++-common/asan/heap-overflow-1.c -O2 -flto -fno-use-linker-plugin -flto-partition=none output pattern test, is ==3529== AddressSanitizer CHECK failed: /home/gccbuild/gcc_trunk_anonsvn/gcc/libsanitizer/sanitizer_common/sanitizer_allocator.h:215 "((kSpaceBeg)) == ((reinterpret_cast<uptr>(Mprotect(kSpaceBeg, kSpaceSize))))" (0x600000000000, 0xffffffffffffffff)
FAIL: c-c++-common/asan/heap-overflow-1.c -O2 -flto -fuse-linker-plugin -fno-fat-lto-objects output pattern test, is ==3578== AddressSanitizer CHECK failed: /home/gccbuild/gcc_trunk_anonsvn/gcc/libsanitizer/sanitizer_common/sanitizer_allocator.h:215 "((kSpaceBeg)) == ((reinterpret_cast<uptr>(Mprotect(kSpaceBeg, kSpaceSize))))" (0x600000000000, 0xffffffffffffffff)
FAIL: c-c++-common/asan/memcmp-1.c -O0 output pattern test, is =================================================================
FAIL: c-c++-common/asan/memcmp-1.c -O1 output pattern test, is =================================================================
FAIL: c-c++-common/asan/memcmp-1.c -O2 output pattern test, is =================================================================
FAIL: c-c++-common/asan/memcmp-1.c -O3 -fomit-frame-pointer output pattern test, is =================================================================
FAIL: c-c++-common/asan/memcmp-1.c -O3 -g output pattern test, is =================================================================
FAIL: c-c++-common/asan/memcmp-1.c -Os output pattern test, is =================================================================
FAIL: c-c++-common/asan/memcmp-1.c -O2 -flto -fno-use-linker-plugin -flto-partition=none output pattern test, is =================================================================
FAIL: c-c++-common/asan/memcmp-1.c -O2 -flto -fuse-linker-plugin -fno-fat-lto-objects output pattern test, is =================================================================
FAIL: c-c++-common/asan/null-deref-1.c -O0 output pattern test, is ASAN:SIGSEGV
FAIL: c-c++-common/asan/null-deref-1.c -O1 output pattern test, is ASAN:SIGSEGV
FAIL: c-c++-common/asan/null-deref-1.c -O2 output pattern test, is ASAN:SIGSEGV
FAIL: c-c++-common/asan/null-deref-1.c -O3 -fomit-frame-pointer output pattern test, is ASAN:SIGSEGV
FAIL: c-c++-common/asan/null-deref-1.c -O3 -g output pattern test, is ASAN:SIGSEGV
FAIL: c-c++-common/asan/null-deref-1.c -Os output pattern test, is ASAN:SIGSEGV
FAIL: c-c++-common/asan/null-deref-1.c -O2 -flto -fno-use-linker-plugin -flto-partition=none output pattern test, is ASAN:SIGSEGV
FAIL: c-c++-common/asan/null-deref-1.c -O2 -flto -fuse-linker-plugin -fno-fat-lto-objects output pattern test, is ASAN:SIGSEGV
FAIL: c-c++-common/asan/sanity-check-pure-c-1.c -O0 output pattern test, is ==4259== AddressSanitizer CHECK failed: /home/gccbuild/gcc_trunk_anonsvn/gcc/libsanitizer/sanitizer_common/sanitizer_allocator.h:215 "((kSpaceBeg)) == ((reinterpret_cast<uptr>(Mprotect(kSpaceBeg, kSpaceSize))))" (0x600000000000, 0xffffffffffffffff)
FAIL: c-c++-common/asan/sanity-check-pure-c-1.c -O1 output pattern test, is ==4296== AddressSanitizer CHECK failed: /home/gccbuild/gcc_trunk_anonsvn/gcc/libsanitizer/sanitizer_common/sanitizer_allocator.h:215 "((kSpaceBeg)) == ((reinterpret_cast<uptr>(Mprotect(kSpaceBeg, kSpaceSize))))" (0x600000000000, 0xffffffffffffffff)
FAIL: c-c++-common/asan/sanity-check-pure-c-1.c -O2 output pattern test, is ==4326== AddressSanitizer CHECK failed: /home/gccbuild/gcc_trunk_anonsvn/gcc/libsanitizer/sanitizer_common/sanitizer_allocator.h:215 "((kSpaceBeg)) == ((reinterpret_cast<uptr>(Mprotect(kSpaceBeg, kSpaceSize))))" (0x600000000000, 0xffffffffffffffff)
FAIL: c-c++-common/asan/sanity-check-pure-c-1.c -O3 -fomit-frame-pointer output pattern test, is ==4353== AddressSanitizer CHECK failed: /home/gccbuild/gcc_trunk_anonsvn/gcc/libsanitizer/sanitizer_common/sanitizer_allocator.h:215 "((kSpaceBeg)) == ((reinterpret_cast<uptr>(Mprotect(kSpaceBeg, kSpaceSize))))" (0x600000000000, 0xffffffffffffffff)
FAIL: c-c++-common/asan/sanity-check-pure-c-1.c -O3 -g output pattern test, is ==4376== AddressSanitizer CHECK failed: /home/gccbuild/gcc_trunk_anonsvn/gcc/libsanitizer/sanitizer_common/sanitizer_allocator.h:215 "((kSpaceBeg)) == ((reinterpret_cast<uptr>(Mprotect(kSpaceBeg, kSpaceSize))))" (0x600000000000, 0xffffffffffffffff)
FAIL: c-c++-common/asan/sanity-check-pure-c-1.c -Os output pattern test, is ==4402== AddressSanitizer CHECK failed: /home/gccbuild/gcc_trunk_anonsvn/gcc/libsanitizer/sanitizer_common/sanitizer_allocator.h:215 "((kSpaceBeg)) == ((reinterpret_cast<uptr>(Mprotect(kSpaceBeg, kSpaceSize))))" (0x600000000000, 0xffffffffffffffff)
FAIL: c-c++-common/asan/sanity-check-pure-c-1.c -O2 -flto -fno-use-linker-plugin -flto-partition=none output pattern test, is ==4448== AddressSanitizer CHECK failed: /home/gccbuild/gcc_trunk_anonsvn/gcc/libsanitizer/sanitizer_common/sanitizer_allocator.h:215 "((kSpaceBeg)) == ((reinterpret_cast<uptr>(Mprotect(kSpaceBeg, kSpaceSize))))" (0x600000000000, 0xffffffffffffffff)
FAIL: c-c++-common/asan/sanity-check-pure-c-1.c -O2 -flto -fuse-linker-plugin -fno-fat-lto-objects output pattern test, is ==4482== AddressSanitizer CHECK failed: /home/gccbuild/gcc_trunk_anonsvn/gcc/libsanitizer/sanitizer_common/sanitizer_allocator.h:215 "((kSpaceBeg)) == ((reinterpret_cast<uptr>(Mprotect(kSpaceBeg, kSpaceSize))))" (0x600000000000, 0xffffffffffffffff)
FAIL: c-c++-common/asan/sleep-before-dying-1.c -O2 output pattern test, is ==4506== AddressSanitizer CHECK failed: /home/gccbuild/gcc_trunk_anonsvn/gcc/libsanitizer/sanitizer_common/sanitizer_allocator.h:215 "((kSpaceBeg)) == ((reinterpret_cast<uptr>(Mprotect(kSpaceBeg, kSpaceSize))))" (0x600000000000, 0xffffffffffffffff)
FAIL: c-c++-common/asan/sleep-before-dying-1.c -O2 -flto -fno-use-linker-plugin -flto-partition=none output pattern test, is ==4556== AddressSanitizer CHECK failed: /home/gccbuild/gcc_trunk_anonsvn/gcc/libsanitizer/sanitizer_common/sanitizer_allocator.h:215 "((kSpaceBeg)) == ((reinterpret_cast<uptr>(Mprotect(kSpaceBeg, kSpaceSize))))" (0x600000000000, 0xffffffffffffffff)
FAIL: c-c++-common/asan/sleep-before-dying-1.c -O2 -flto -fuse-linker-plugin -fno-fat-lto-objects output pattern test, is ==4588== AddressSanitizer CHECK failed: /home/gccbuild/gcc_trunk_anonsvn/gcc/libsanitizer/sanitizer_common/sanitizer_allocator.h:215 "((kSpaceBeg)) == ((reinterpret_cast<uptr>(Mprotect(kSpaceBeg, kSpaceSize))))" (0x600000000000, 0xffffffffffffffff)
FAIL: c-c++-common/asan/strip-path-prefix-1.c -O2 output pattern test, is ==4870== AddressSanitizer CHECK failed: /home/gccbuild/gcc_trunk_anonsvn/gcc/libsanitizer/sanitizer_common/sanitizer_allocator.h:215 "((kSpaceBeg)) == ((reinterpret_cast<uptr>(Mprotect(kSpaceBeg, kSpaceSize))))" (0x600000000000, 0xffffffffffffffff)
FAIL: c-c++-common/asan/strip-path-prefix-1.c -O2 -flto -fno-use-linker-plugin -flto-partition=none output pattern test, is ==4939== AddressSanitizer CHECK failed: /home/gccbuild/gcc_trunk_anonsvn/gcc/libsanitizer/sanitizer_common/sanitizer_allocator.h:215 "((kSpaceBeg)) == ((reinterpret_cast<uptr>(Mprotect(kSpaceBeg, kSpaceSize))))" (0x600000000000, 0xffffffffffffffff)
FAIL: c-c++-common/asan/strip-path-prefix-1.c -O2 -flto -fuse-linker-plugin -fno-fat-lto-objects output pattern test, is ==4986== AddressSanitizer CHECK failed: /home/gccbuild/gcc_trunk_anonsvn/gcc/libsanitizer/sanitizer_common/sanitizer_allocator.h:215 "((kSpaceBeg)) == ((reinterpret_cast<uptr>(Mprotect(kSpaceBeg, kSpaceSize))))" (0x600000000000, 0xffffffffffffffff)
FAIL: c-c++-common/asan/strncpy-overflow-1.c -O0 output pattern test, is ==5009== AddressSanitizer CHECK failed: /home/gccbuild/gcc_trunk_anonsvn/gcc/libsanitizer/sanitizer_common/sanitizer_allocator.h:215 "((kSpaceBeg)) == ((reinterpret_cast<uptr>(Mprotect(kSpaceBeg, kSpaceSize))))" (0x600000000000, 0xffffffffffffffff)
FAIL: c-c++-common/asan/strncpy-overflow-1.c -O1 output pattern test, is ==5044== AddressSanitizer CHECK failed: /home/gccbuild/gcc_trunk_anonsvn/gcc/libsanitizer/sanitizer_common/sanitizer_allocator.h:215 "((kSpaceBeg)) == ((reinterpret_cast<uptr>(Mprotect(kSpaceBeg, kSpaceSize))))" (0x600000000000, 0xffffffffffffffff)
FAIL: c-c++-common/asan/strncpy-overflow-1.c -O2 output pattern test, is ==5072== AddressSanitizer CHECK failed: /home/gccbuild/gcc_trunk_anonsvn/gcc/libsanitizer/sanitizer_common/sanitizer_allocator.h:215 "((kSpaceBeg)) == ((reinterpret_cast<uptr>(Mprotect(kSpaceBeg, kSpaceSize))))" (0x600000000000, 0xffffffffffffffff)
FAIL: c-c++-common/asan/strncpy-overflow-1.c -O3 -fomit-frame-pointer output pattern test, is ==5110== AddressSanitizer CHECK failed: /home/gccbuild/gcc_trunk_anonsvn/gcc/libsanitizer/sanitizer_common/sanitizer_allocator.h:215 "((kSpaceBeg)) == ((reinterpret_cast<uptr>(Mprotect(kSpaceBeg, kSpaceSize))))" (0x600000000000, 0xffffffffffffffff)
FAIL: c-c++-common/asan/strncpy-overflow-1.c -O3 -g output pattern test, is ==5134== AddressSanitizer CHECK failed: /home/gccbuild/gcc_trunk_anonsvn/gcc/libsanitizer/sanitizer_common/sanitizer_allocator.h:215 "((kSpaceBeg)) == ((reinterpret_cast<uptr>(Mprotect(kSpaceBeg, kSpaceSize))))" (0x600000000000, 0xffffffffffffffff)
FAIL: c-c++-common/asan/strncpy-overflow-1.c -Os output pattern test, is ==5162== AddressSanitizer CHECK failed: /home/gccbuild/gcc_trunk_anonsvn/gcc/libsanitizer/sanitizer_common/sanitizer_allocator.h:215 "((kSpaceBeg)) == ((reinterpret_cast<uptr>(Mprotect(kSpaceBeg, kSpaceSize))))" (0x600000000000, 0xffffffffffffffff)
FAIL: c-c++-common/asan/strncpy-overflow-1.c -O2 -flto -fno-use-linker-plugin -flto-partition=none output pattern test, is ==5212== AddressSanitizer CHECK failed: /home/gccbuild/gcc_trunk_anonsvn/gcc/libsanitizer/sanitizer_common/sanitizer_allocator.h:215 "((kSpaceBeg)) == ((reinterpret_cast<uptr>(Mprotect(kSpaceBeg, kSpaceSize))))" (0x600000000000, 0xffffffffffffffff)
FAIL: c-c++-common/asan/strncpy-overflow-1.c -O2 -flto -fuse-linker-plugin -fno-fat-lto-objects output pattern test, is ==5235== AddressSanitizer CHECK failed: /home/gccbuild/gcc_trunk_anonsvn/gcc/libsanitizer/sanitizer_common/sanitizer_allocator.h:215 "((kSpaceBeg)) == ((reinterpret_cast<uptr>(Mprotect(kSpaceBeg, kSpaceSize))))" (0x600000000000, 0xffffffffffffffff)
FAIL: c-c++-common/asan/use-after-free-1.c -O0 output pattern test, is ==5569== AddressSanitizer CHECK failed: /home/gccbuild/gcc_trunk_anonsvn/gcc/libsanitizer/sanitizer_common/sanitizer_allocator.h:215 "((kSpaceBeg)) == ((reinterpret_cast<uptr>(Mprotect(kSpaceBeg, kSpaceSize))))" (0x600000000000, 0xffffffffffffffff)
FAIL: c-c++-common/asan/use-after-free-1.c -O1 output pattern test, is ==5613== AddressSanitizer CHECK failed: /home/gccbuild/gcc_trunk_anonsvn/gcc/libsanitizer/sanitizer_common/sanitizer_allocator.h:215 "((kSpaceBeg)) == ((reinterpret_cast<uptr>(Mprotect(kSpaceBeg, kSpaceSize))))" (0x600000000000, 0xffffffffffffffff)
FAIL: c-c++-common/asan/use-after-free-1.c -O2 output pattern test, is ==5651== AddressSanitizer CHECK failed: /home/gccbuild/gcc_trunk_anonsvn/gcc/libsanitizer/sanitizer_common/sanitizer_allocator.h:215 "((kSpaceBeg)) == ((reinterpret_cast<uptr>(Mprotect(kSpaceBeg, kSpaceSize))))" (0x600000000000, 0xffffffffffffffff)
FAIL: c-c++-common/asan/use-after-free-1.c -O3 -fomit-frame-pointer output pattern test, is ==5690== AddressSanitizer CHECK failed: /home/gccbuild/gcc_trunk_anonsvn/gcc/libsanitizer/sanitizer_common/sanitizer_allocator.h:215 "((kSpaceBeg)) == ((reinterpret_cast<uptr>(Mprotect(kSpaceBeg, kSpaceSize))))" (0x600000000000, 0xffffffffffffffff)
FAIL: c-c++-common/asan/use-after-free-1.c -O3 -g output pattern test, is ==5732== AddressSanitizer CHECK failed: /home/gccbuild/gcc_trunk_anonsvn/gcc/libsanitizer/sanitizer_common/sanitizer_allocator.h:215 "((kSpaceBeg)) == ((reinterpret_cast<uptr>(Mprotect(kSpaceBeg, kSpaceSize))))" (0x600000000000, 0xffffffffffffffff)
FAIL: c-c++-common/asan/use-after-free-1.c -Os output pattern test, is ==5770== AddressSanitizer CHECK failed: /home/gccbuild/gcc_trunk_anonsvn/gcc/libsanitizer/sanitizer_common/sanitizer_allocator.h:215 "((kSpaceBeg)) == ((reinterpret_cast<uptr>(Mprotect(kSpaceBeg, kSpaceSize))))" (0x600000000000, 0xffffffffffffffff)
FAIL: c-c++-common/asan/use-after-free-1.c -O2 -flto -fno-use-linker-plugin -flto-partition=none output pattern test, is ==5838== AddressSanitizer CHECK failed: /home/gccbuild/gcc_trunk_anonsvn/gcc/libsanitizer/sanitizer_common/sanitizer_allocator.h:215 "((kSpaceBeg)) == ((reinterpret_cast<uptr>(Mprotect(kSpaceBeg, kSpaceSize))))" (0x600000000000, 0xffffffffffffffff)
FAIL: c-c++-common/asan/use-after-free-1.c -O2 -flto -fuse-linker-plugin -fno-fat-lto-objects output pattern test, is ==5860== AddressSanitizer CHECK failed: /home/gccbuild/gcc_trunk_anonsvn/gcc/libsanitizer/sanitizer_common/sanitizer_allocator.h:215 "((kSpaceBeg)) == ((reinterpret_cast<uptr>(Mprotect(kSpaceBeg, kSpaceSize))))" (0x600000000000, 0xffffffffffffffff)
FAIL: g++.dg/asan/deep-stack-uaf-1.C -O0 output pattern test, is ==5903== AddressSanitizer CHECK failed: /home/gccbuild/gcc_trunk_anonsvn/gcc/libsanitizer/sanitizer_common/sanitizer_allocator.h:215 "((kSpaceBeg)) == ((reinterpret_cast<uptr>(Mprotect(kSpaceBeg, kSpaceSize))))" (0x600000000000, 0xffffffffffffffff)
FAIL: g++.dg/asan/deep-stack-uaf-1.C -O1 output pattern test, is ==5964== AddressSanitizer CHECK failed: /home/gccbuild/gcc_trunk_anonsvn/gcc/libsanitizer/sanitizer_common/sanitizer_allocator.h:215 "((kSpaceBeg)) == ((reinterpret_cast<uptr>(Mprotect(kSpaceBeg, kSpaceSize))))" (0x600000000000, 0xffffffffffffffff)
FAIL: g++.dg/asan/deep-stack-uaf-1.C -O2 output pattern test, is ==6041== AddressSanitizer CHECK failed: /home/gccbuild/gcc_trunk_anonsvn/gcc/libsanitizer/sanitizer_common/sanitizer_allocator.h:215 "((kSpaceBeg)) == ((reinterpret_cast<uptr>(Mprotect(kSpaceBeg, kSpaceSize))))" (0x600000000000, 0xffffffffffffffff)
FAIL: g++.dg/asan/deep-stack-uaf-1.C -O3 -fomit-frame-pointer output pattern test, is ==6114== AddressSanitizer CHECK failed: /home/gccbuild/gcc_trunk_anonsvn/gcc/libsanitizer/sanitizer_common/sanitizer_allocator.h:215 "((kSpaceBeg)) == ((reinterpret_cast<uptr>(Mprotect(kSpaceBeg, kSpaceSize))))" (0x600000000000, 0xffffffffffffffff)
FAIL: g++.dg/asan/deep-stack-uaf-1.C -O3 -g output pattern test, is ==6223== AddressSanitizer CHECK failed: /home/gccbuild/gcc_trunk_anonsvn/gcc/libsanitizer/sanitizer_common/sanitizer_allocator.h:215 "((kSpaceBeg)) == ((reinterpret_cast<uptr>(Mprotect(kSpaceBeg, kSpaceSize))))" (0x600000000000, 0xffffffffffffffff)
FAIL: g++.dg/asan/deep-stack-uaf-1.C -Os output pattern test, is ==6330== AddressSanitizer CHECK failed: /home/gccbuild/gcc_trunk_anonsvn/gcc/libsanitizer/sanitizer_common/sanitizer_allocator.h:215 "((kSpaceBeg)) == ((reinterpret_cast<uptr>(Mprotect(kSpaceBeg, kSpaceSize))))" (0x600000000000, 0xffffffffffffffff)
FAIL: g++.dg/asan/deep-tail-call-1.C -O0 output pattern test, is =================================================================
FAIL: g++.dg/asan/deep-tail-call-1.C -O1 output pattern test, is =================================================================
FAIL: g++.dg/asan/deep-tail-call-1.C -O2 output pattern test, is =================================================================
FAIL: g++.dg/asan/deep-tail-call-1.C -O3 -fomit-frame-pointer output pattern test, is =================================================================
FAIL: g++.dg/asan/deep-tail-call-1.C -O3 -g output pattern test, is =================================================================
FAIL: g++.dg/asan/deep-tail-call-1.C -Os output pattern test, is =================================================================
FAIL: g++.dg/asan/deep-tail-call-1.C -O2 -flto -fno-use-linker-plugin -flto-partition=none output pattern test, is =================================================================
FAIL: g++.dg/asan/deep-tail-call-1.C -O2 -flto -fuse-linker-plugin -fno-fat-lto-objects output pattern test, is =================================================================
FAIL: g++.dg/asan/deep-thread-stack-1.C -O0 output pattern test, is ==6525== AddressSanitizer CHECK failed: /home/gccbuild/gcc_trunk_anonsvn/gcc/libsanitizer/sanitizer_common/sanitizer_allocator.h:215 "((kSpaceBeg)) == ((reinterpret_cast<uptr>(Mprotect(kSpaceBeg, kSpaceSize))))" (0x600000000000, 0xffffffffffffffff)
FAIL: g++.dg/asan/deep-thread-stack-1.C -O1 output pattern test, is ==6550== AddressSanitizer CHECK failed: /home/gccbuild/gcc_trunk_anonsvn/gcc/libsanitizer/sanitizer_common/sanitizer_allocator.h:215 "((kSpaceBeg)) == ((reinterpret_cast<uptr>(Mprotect(kSpaceBeg, kSpaceSize))))" (0x600000000000, 0xffffffffffffffff)
FAIL: g++.dg/asan/deep-thread-stack-1.C -O2 output pattern test, is ==6576== AddressSanitizer CHECK failed: /home/gccbuild/gcc_trunk_anonsvn/gcc/libsanitizer/sanitizer_common/sanitizer_allocator.h:215 "((kSpaceBeg)) == ((reinterpret_cast<uptr>(Mprotect(kSpaceBeg, kSpaceSize))))" (0x600000000000, 0xffffffffffffffff)
FAIL: g++.dg/asan/deep-thread-stack-1.C -O3 -fomit-frame-pointer output pattern test, is ==6605== AddressSanitizer CHECK failed: /home/gccbuild/gcc_trunk_anonsvn/gcc/libsanitizer/sanitizer_common/sanitizer_allocator.h:215 "((kSpaceBeg)) == ((reinterpret_cast<uptr>(Mprotect(kSpaceBeg, kSpaceSize))))" (0x600000000000, 0xffffffffffffffff)
FAIL: g++.dg/asan/deep-thread-stack-1.C -O3 -g output pattern test, is ==6636== AddressSanitizer CHECK failed: /home/gccbuild/gcc_trunk_anonsvn/gcc/libsanitizer/sanitizer_common/sanitizer_allocator.h:215 "((kSpaceBeg)) == ((reinterpret_cast<uptr>(Mprotect(kSpaceBeg, kSpaceSize))))" (0x600000000000, 0xffffffffffffffff)
FAIL: g++.dg/asan/deep-thread-stack-1.C -Os output pattern test, is ==6676== AddressSanitizer CHECK failed: /home/gccbuild/gcc_trunk_anonsvn/gcc/libsanitizer/sanitizer_common/sanitizer_allocator.h:215 "((kSpaceBeg)) == ((reinterpret_cast<uptr>(Mprotect(kSpaceBeg, kSpaceSize))))" (0x600000000000, 0xffffffffffffffff)
FAIL: g++.dg/asan/deep-thread-stack-1.C -O2 -flto -fno-use-linker-plugin -flto-partition=none output pattern test, is ==6718== AddressSanitizer CHECK failed: /home/gccbuild/gcc_trunk_anonsvn/gcc/libsanitizer/sanitizer_common/sanitizer_allocator.h:215 "((kSpaceBeg)) == ((reinterpret_cast<uptr>(Mprotect(kSpaceBeg, kSpaceSize))))" (0x600000000000, 0xffffffffffffffff)
FAIL: g++.dg/asan/deep-thread-stack-1.C -O2 -flto -fuse-linker-plugin -fno-fat-lto-objects output pattern test, is ==6749== AddressSanitizer CHECK failed: /home/gccbuild/gcc_trunk_anonsvn/gcc/libsanitizer/sanitizer_common/sanitizer_allocator.h:215 "((kSpaceBeg)) == ((reinterpret_cast<uptr>(Mprotect(kSpaceBeg, kSpaceSize))))" (0x600000000000, 0xffffffffffffffff)
FAIL: g++.dg/asan/interception-failure-test-1.C -O0 execution test
FAIL: g++.dg/asan/interception-failure-test-1.C -O1 (test for excess errors)
WARNING: g++.dg/asan/interception-failure-test-1.C -O1 compilation failed to produce executable
FAIL: g++.dg/asan/interception-failure-test-1.C -O2 (test for excess errors)
WARNING: g++.dg/asan/interception-failure-test-1.C -O2 compilation failed to produce executable
FAIL: g++.dg/asan/interception-failure-test-1.C -O3 -fomit-frame-pointer (test for excess errors)
WARNING: g++.dg/asan/interception-failure-test-1.C -O3 -fomit-frame-pointer compilation failed to produce executable
FAIL: g++.dg/asan/interception-failure-test-1.C -O3 -g (test for excess errors)
WARNING: g++.dg/asan/interception-failure-test-1.C -O3 -g compilation failed to produce executable
FAIL: g++.dg/asan/interception-failure-test-1.C -Os execution test
FAIL: g++.dg/asan/interception-failure-test-1.C -O2 -flto -fno-use-linker-plugin -flto-partition=none (test for excess errors)
WARNING: g++.dg/asan/interception-failure-test-1.C -O2 -flto -fno-use-linker-plugin -flto-partition=none compilation failed to produce executable
FAIL: g++.dg/asan/interception-failure-test-1.C -O2 -flto -fuse-linker-plugin -fno-fat-lto-objects (test for excess errors)
WARNING: g++.dg/asan/interception-failure-test-1.C -O2 -flto -fuse-linker-plugin -fno-fat-lto-objects compilation failed to produce executable
FAIL: g++.dg/asan/interception-malloc-test-1.C -O0 output pattern test, is malloc call
FAIL: g++.dg/asan/interception-malloc-test-1.C -O1 output pattern test, is malloc call
FAIL: g++.dg/asan/interception-malloc-test-1.C -O2 output pattern test, is malloc call
FAIL: g++.dg/asan/interception-malloc-test-1.C -O3 -fomit-frame-pointer output pattern test, is malloc call
FAIL: g++.dg/asan/interception-malloc-test-1.C -O3 -g output pattern test, is malloc call
FAIL: g++.dg/asan/interception-malloc-test-1.C -Os output pattern test, is malloc call
FAIL: g++.dg/asan/interception-malloc-test-1.C -O2 -flto -fno-use-linker-plugin -flto-partition=none output pattern test, is malloc call
FAIL: g++.dg/asan/interception-malloc-test-1.C -O2 -flto -fuse-linker-plugin -fno-fat-lto-objects output pattern test, is malloc call
FAIL: g++.dg/asan/interception-test-1.C -O0 output pattern test, is ==7142== AddressSanitizer CHECK failed: /home/gccbuild/gcc_trunk_anonsvn/gcc/libsanitizer/sanitizer_common/sanitizer_allocator.h:215 "((kSpaceBeg)) == ((reinterpret_cast<uptr>(Mprotect(kSpaceBeg, kSpaceSize))))" (0x600000000000, 0xffffffffffffffff)
FAIL: g++.dg/asan/interception-test-1.C -O1 (test for excess errors)
WARNING: g++.dg/asan/interception-test-1.C -O1 compilation failed to produce executable
FAIL: g++.dg/asan/interception-test-1.C -O2 (test for excess errors)
WARNING: g++.dg/asan/interception-test-1.C -O2 compilation failed to produce executable
FAIL: g++.dg/asan/interception-test-1.C -O3 -fomit-frame-pointer (test for excess errors)
WARNING: g++.dg/asan/interception-test-1.C -O3 -fomit-frame-pointer compilation failed to produce executable
FAIL: g++.dg/asan/interception-test-1.C -O3 -g (test for excess errors)
WARNING: g++.dg/asan/interception-test-1.C -O3 -g compilation failed to produce executable
FAIL: g++.dg/asan/interception-test-1.C -Os output pattern test, is ==7183== AddressSanitizer CHECK failed: /home/gccbuild/gcc_trunk_anonsvn/gcc/libsanitizer/sanitizer_common/sanitizer_allocator.h:215 "((kSpaceBeg)) == ((reinterpret_cast<uptr>(Mprotect(kSpaceBeg, kSpaceSize))))" (0x600000000000, 0xffffffffffffffff)
FAIL: g++.dg/asan/interception-test-1.C -O2 -flto -fno-use-linker-plugin -flto-partition=none (test for excess errors)
WARNING: g++.dg/asan/interception-test-1.C -O2 -flto -fno-use-linker-plugin -flto-partition=none compilation failed to produce executable
FAIL: g++.dg/asan/interception-test-1.C -O2 -flto -fuse-linker-plugin -fno-fat-lto-objects (test for excess errors)
WARNING: g++.dg/asan/interception-test-1.C -O2 -flto -fuse-linker-plugin -fno-fat-lto-objects compilation failed to produce executable
FAIL: g++.dg/asan/large-func-test-1.C -O0 output pattern test, is ==7209== AddressSanitizer CHECK failed: /home/gccbuild/gcc_trunk_anonsvn/gcc/libsanitizer/sanitizer_common/sanitizer_allocator.h:215 "((kSpaceBeg)) == ((reinterpret_cast<uptr>(Mprotect(kSpaceBeg, kSpaceSize))))" (0x600000000000, 0xffffffffffffffff)
FAIL: g++.dg/asan/large-func-test-1.C -O1 output pattern test, is ==7252== AddressSanitizer CHECK failed: /home/gccbuild/gcc_trunk_anonsvn/gcc/libsanitizer/sanitizer_common/sanitizer_allocator.h:215 "((kSpaceBeg)) == ((reinterpret_cast<uptr>(Mprotect(kSpaceBeg, kSpaceSize))))" (0x600000000000, 0xffffffffffffffff)
FAIL: g++.dg/asan/large-func-test-1.C -O2 output pattern test, is ==7274== AddressSanitizer CHECK failed: /home/gccbuild/gcc_trunk_anonsvn/gcc/libsanitizer/sanitizer_common/sanitizer_allocator.h:215 "((kSpaceBeg)) == ((reinterpret_cast<uptr>(Mprotect(kSpaceBeg, kSpaceSize))))" (0x600000000000, 0xffffffffffffffff)
FAIL: g++.dg/asan/large-func-test-1.C -O3 -fomit-frame-pointer output pattern test, is ==7296== AddressSanitizer CHECK failed: /home/gccbuild/gcc_trunk_anonsvn/gcc/libsanitizer/sanitizer_common/sanitizer_allocator.h:215 "((kSpaceBeg)) == ((reinterpret_cast<uptr>(Mprotect(kSpaceBeg, kSpaceSize))))" (0x600000000000, 0xffffffffffffffff)
FAIL: g++.dg/asan/large-func-test-1.C -O3 -g output pattern test, is ==7319== AddressSanitizer CHECK failed: /home/gccbuild/gcc_trunk_anonsvn/gcc/libsanitizer/sanitizer_common/sanitizer_allocator.h:215 "((kSpaceBeg)) == ((reinterpret_cast<uptr>(Mprotect(kSpaceBeg, kSpaceSize))))" (0x600000000000, 0xffffffffffffffff)
FAIL: g++.dg/asan/large-func-test-1.C -Os output pattern test, is ==7345== AddressSanitizer CHECK failed: /home/gccbuild/gcc_trunk_anonsvn/gcc/libsanitizer/sanitizer_common/sanitizer_allocator.h:215 "((kSpaceBeg)) == ((reinterpret_cast<uptr>(Mprotect(kSpaceBeg, kSpaceSize))))" (0x600000000000, 0xffffffffffffffff)
FAIL: g++.dg/asan/large-func-test-1.C -O2 -flto -fno-use-linker-plugin -flto-partition=none output pattern test, is ==7405== AddressSanitizer CHECK failed: /home/gccbuild/gcc_trunk_anonsvn/gcc/libsanitizer/sanitizer_common/sanitizer_allocator.h:215 "((kSpaceBeg)) == ((reinterpret_cast<uptr>(Mprotect(kSpaceBeg, kSpaceSize))))" (0x600000000000, 0xffffffffffffffff)
FAIL: g++.dg/asan/large-func-test-1.C -O2 -flto -fuse-linker-plugin -fno-fat-lto-objects output pattern test, is ==7433== AddressSanitizer CHECK failed: /home/gccbuild/gcc_trunk_anonsvn/gcc/libsanitizer/sanitizer_common/sanitizer_allocator.h:215 "((kSpaceBeg)) == ((reinterpret_cast<uptr>(Mprotect(kSpaceBeg, kSpaceSize))))" (0x600000000000, 0xffffffffffffffff)
=== g++ Summary for unix/-m64 ===
# of expected passes 52147
# of unexpected failures 108
# of expected failures 289
# of unsupported tests 859
=== g++ Summary ===
# of expected passes 103157
# of unexpected failures 154
# of expected failures 578
# of unsupported tests 1683
/home/gccbuild/build/nightly/build-gcc-trunk/gcc/testsuite/g++/../../xg++ version 4.8.0 20130208 (experimental) [trunk revision 195874] (GCC)
=== go tests ===
Running target unix/-m32
=== go Summary for unix/-m32 ===
# of expected passes 5081
# of expected failures 1
# of untested testcases 6
Running target unix/-m64
FAIL: go.test/test/chan/doubleselect.go execution, -O2 -g
=== go Summary for unix/-m64 ===
# of expected passes 4960
# of unexpected failures 1
# of expected failures 1
# of untested testcases 6
=== go Summary ===
# of expected passes 10041
# of unexpected failures 1
# of expected failures 2
# of untested testcases 12
/home/gccbuild/build/nightly/build-gcc-trunk/gcc/testsuite/go/../../gccgo version 4.8.0 20130208 (experimental) [trunk revision 195874] (GCC)
=== obj-c++ tests ===
Running target unix/-m32
=== obj-c++ Summary for unix/-m32 ===
# of expected passes 1450
# of expected failures 2
# of unsupported tests 86
Running target unix/-m64
=== obj-c++ Summary for unix/-m64 ===
# of expected passes 1442
# of expected failures 10
# of unsupported tests 86
=== obj-c++ Summary ===
# of expected passes 2892
# of expected failures 12
# of unsupported tests 172
/home/gccbuild/build/nightly/build-gcc-trunk/gcc/testsuite/obj-c++/../../xg++ version 4.8.0 20130208 (experimental) [trunk revision 195874] (GCC)
=== objc tests ===
Running target unix/-m32
=== objc Summary for unix/-m32 ===
# of expected passes 2994
# of unsupported tests 74
Running target unix/-m64
=== objc Summary for unix/-m64 ===
# of expected passes 2994
# of unsupported tests 74
=== objc Summary ===
# of expected passes 5988
# of unsupported tests 148
/home/gccbuild/build/nightly/build-gcc-trunk/gcc/xgcc version 4.8.0 20130208 (experimental) [trunk revision 195874] (GCC)
=== libatomic tests ===
Running target unix/-m32
=== libatomic Summary for unix/-m32 ===
# of expected passes 34
# of unsupported tests 10
Running target unix/-m64
=== libatomic Summary for unix/-m64 ===
# of expected passes 44
# of unsupported tests 5
=== libatomic Summary ===
# of expected passes 78
# of unsupported tests 15
=== libffi tests ===
Running target unix/-m32
=== libffi Summary for unix/-m32 ===
# of expected passes 1819
# of unsupported tests 55
Running target unix/-m64
FAIL: libffi.call/cls_struct_va1.c -O0 -W -Wall output pattern test, is 4 5 6 10 11 12 13 14 20 21
FAIL: libffi.call/cls_uint_va.c -O0 -W -Wall output pattern test, is 67: 67 4
FAIL: libffi.call/va_1.c -O0 -W -Wall output pattern test, is 5 6 10 11 12 13 14 7 8 uc=9 sc=10 11 12 13 14 15 16 2.120000 3.130000
FAIL: libffi.call/va_struct1.c -O0 -W -Wall output pattern test, is 5 6 10 11 12 13 14 7 8
FAIL: libffi.call/cls_struct_va1.c -O2 output pattern test, is 4 5 6 10 11 12 13 14 20 21
FAIL: libffi.call/cls_uint_va.c -O2 output pattern test, is 67: 67 4
FAIL: libffi.call/va_1.c -O2 output pattern test, is 5 6 10 11 12 13 14 7 8 uc=9 sc=10 11 12 13 14 15 16 2.120000 3.130000
FAIL: libffi.call/va_struct1.c -O2 output pattern test, is 5 6 10 11 12 13 14 7 8
FAIL: libffi.call/cls_struct_va1.c -O3 output pattern test, is 4 5 6 10 11 12 13 14 20 21
FAIL: libffi.call/cls_uint_va.c -O3 output pattern test, is 67: 67 4
FAIL: libffi.call/va_1.c -O3 output pattern test, is 5 6 10 11 12 13 14 7 8 uc=9 sc=10 11 12 13 14 15 16 2.120000 3.130000
FAIL: libffi.call/va_struct1.c -O3 output pattern test, is 5 6 10 11 12 13 14 7 8
FAIL: libffi.call/cls_struct_va1.c -Os output pattern test, is 4 5 6 10 11 12 13 14 20 21
FAIL: libffi.call/cls_uint_va.c -Os output pattern test, is 67: 67 4
FAIL: libffi.call/va_1.c -Os output pattern test, is 5 6 10 11 12 13 14 7 8 uc=9 sc=10 11 12 13 14 15 16 2.120000 3.130000
FAIL: libffi.call/va_struct1.c -Os output pattern test, is 5 6 10 11 12 13 14 7 8
FAIL: libffi.call/cls_struct_va1.c -O2 -fomit-frame-pointer output pattern test, is 4 5 6 10 11 12 13 14 20 21
FAIL: libffi.call/cls_uint_va.c -O2 -fomit-frame-pointer output pattern test, is 67: 67 4
FAIL: libffi.call/va_1.c -O2 -fomit-frame-pointer output pattern test, is 5 6 10 11 12 13 14 7 8 uc=9 sc=10 11 12 13 14 15 16 2.120000 3.130000
FAIL: libffi.call/va_struct1.c -O2 -fomit-frame-pointer output pattern test, is 5 6 10 11 12 13 14 7 8
=== libffi Summary for unix/-m64 ===
# of expected passes 1799
# of unexpected failures 20
# of unsupported tests 55
=== libffi Summary ===
# of expected passes 3618
# of unexpected failures 20
# of unsupported tests 110
=== libgo tests ===
Running target unix
FAIL: math
FAIL: net/http
FAIL: os/signal
FAIL: testing/quick
=== libgo Summary for unix ===
# of expected passes 127
# of unexpected failures 4
Running target unix/-m64 -fPIC
FAIL: math
FAIL: sync
FAIL: math/big
FAIL: net/http
FAIL: net/http/httputil
FAIL: net/rpc
FAIL: net/smtp
FAIL: os/exec
FAIL: testing/quick
=== libgo Summary for unix/-m64 -fPIC ===
# of expected passes 122
# of unexpected failures 9
=== libgo Summary ===
# of expected passes 249
# of unexpected failures 13
/home/gccbuild/build/nightly/build-gcc-trunk/./gcc/gccgo version 4.8.0 20130208 (experimental) [trunk revision 195874] (GCC)
=== libgomp tests ===
Running target unix/-m32
=== libgomp Summary for unix/-m32 ===
# of expected passes 2947
# of unsupported tests 1
Running target unix/-m64
=== libgomp Summary for unix/-m64 ===
# of expected passes 2947
# of unsupported tests 1
=== libgomp Summary ===
# of expected passes 5894
# of unsupported tests 2
=== libitm tests ===
Running target unix/-m32
=== libitm Summary for unix/-m32 ===
# of expected passes 26
# of expected failures 3
# of unsupported tests 1
Running target unix/-m64
=== libitm Summary for unix/-m64 ===
# of expected passes 26
# of expected failures 3
# of unsupported tests 1
=== libitm Summary ===
# of expected passes 52
# of expected failures 6
# of unsupported tests 2
=== libmudflap tests ===
Running target unix/-m32
FAIL: libmudflap.c/fail37-frag.c (-O2) crash test
FAIL: libmudflap.c/fail37-frag.c (-O2) output pattern test
FAIL: libmudflap.c/fail37-frag.c (-O3) crash test
FAIL: libmudflap.c/fail37-frag.c (-O3) output pattern test
FAIL: libmudflap.c++/pass41-frag.cxx (-static) execution test
FAIL: libmudflap.c++/pass41-frag.cxx ( -O) execution test
FAIL: libmudflap.c++/pass41-frag.cxx (-O2) execution test
FAIL: libmudflap.c++/pass41-frag.cxx (-O3) execution test
=== libmudflap Summary for unix/-m32 ===
# of expected passes 1898
# of unexpected failures 8
Running target unix/-m64
FAIL: libmudflap.c/fail37-frag.c (-O2) crash test
FAIL: libmudflap.c/fail37-frag.c (-O2) output pattern test
FAIL: libmudflap.c/fail37-frag.c (-O3) crash test
FAIL: libmudflap.c/fail37-frag.c (-O3) output pattern test
FAIL: libmudflap.c++/pass41-frag.cxx (-static) execution test
FAIL: libmudflap.c++/pass41-frag.cxx ( -O) execution test
FAIL: libmudflap.c++/pass41-frag.cxx (-O2) execution test
FAIL: libmudflap.c++/pass41-frag.cxx (-O3) execution test
=== libmudflap Summary for unix/-m64 ===
# of expected passes 1898
# of unexpected failures 8
=== libmudflap Summary ===
# of expected passes 3796
# of unexpected failures 16
=== libstdc++ tests ===
Running target unix/-m32
FAIL: libstdc++-abi/abi_check
=== libstdc++ Summary for unix/-m32 ===
# of expected passes 9169
# of unexpected failures 1
# of expected failures 45
# of unsupported tests 227
Running target unix/-m64
=== libstdc++ Summary for unix/-m64 ===
# of expected passes 9170
# of expected failures 45
# of unsupported tests 227
=== libstdc++ Summary ===
# of expected passes 18339
# of unexpected failures 1
# of expected failures 90
# of unsupported tests 454
Compiler version: 4.8.0 20130208 (experimental) [trunk revision 195874] (GCC)
Platform: powerpc64-unknown-linux-gnu
configure flags: --prefix=/opt/gcc-nightly/trunk-20130208 --build=powerpc64-linux --host=powerpc64-linux --target=powerpc64-linux --with-cpu=default32 --with-as=/opt/gcc-nightly/binutils-2.21.1/bin/as --with-ld=/opt/gcc-nightly/binutils-2.21.1/bin/ld --enable-threads=posix --enable-shared --enable-__cxa_atexit --enable-languages=c,c++,fortran,objc,obj-c++,go --with-long-double-128 --enable-secureplt --enable-checking --disable-alsa --enable-decimal-float --with-gmp=/opt/gcc-nightly/gcc-host-libs --with-mpfr=/opt/gcc-nightly/gcc-host-libs --with-ppl=/opt/gcc-nightly/gcc-host-libs --with-cloog=/opt/gcc-nightly/gcc-host-libs --with-mpc=/opt/gcc-nightly/gcc-host-libs --with-libelf=/opt/gcc-nightly/gcc-host-libs --with-host-libstdcxx=-Wl,-Bstatic,-L/opt/gcc-nightly/gcc-host-libs/lib,-lstdc++,-Bdynamic,-lm
=== Test Framework Summary ===
# of expected passes 2531