This is the mail archive of the
gcc-testresults@gcc.gnu.org
mailing list for the GCC project.
Results for 4.8.0 20130118 (experimental) [trunk revision 195293] (GCC) testsuite on sparc-sun-solaris2.11
- From: Rainer Orth <ro at CeBiTec dot Uni-Bielefeld dot DE>
- To: gcc-testresults at gcc dot gnu dot org
- Date: Mon, 21 Jan 2013 10:30:39 +0100 (MET)
- Subject: Results for 4.8.0 20130118 (experimental) [trunk revision 195293] (GCC) testsuite on sparc-sun-solaris2.11
LAST_UPDATED: Fri Jan 18 14:08:20 UTC 2013 (revision 195293)
=== acats tests ===
FAIL: c9a011b
=== acats Summary ===
# of expected passes 2319
# of unexpected failures 1
Native configuration is sparc-sun-solaris2.11
=== g++ tests ===
Running target unix
=== g++ Summary for unix ===
# of expected passes 49689
# of expected failures 291
# of unsupported tests 894
Running target unix/-m64
=== g++ Summary for unix/-m64 ===
# of expected passes 50926
# of expected failures 291
# of unsupported tests 887
=== g++ Summary ===
# of expected passes 100615
# of expected failures 582
# of unsupported tests 1781
/var/gcc/regression/trunk/11-gcc-gas/build/gcc/testsuite/g++/../../xg++ version 4.8.0 20130118 (experimental) [trunk revision 195293] (GCC)
=== gcc tests ===
Running target unix
FAIL: gcc.dg/simulate-thread/atomic-other-int.c -O2 -g thread simulation test
FAIL: gcc.dg/simulate-thread/atomic-other-int.c -O3 -g thread simulation test
FAIL: gcc.dg/simulate-thread/atomic-other-short.c -O0 -g thread simulation test
FAIL: gcc.dg/simulate-thread/speculative-store-4.c -O0 -g thread simulation test
FAIL: gcc.dg/simulate-thread/speculative-store-4.c -O2 -g thread simulation test
FAIL: gcc.dg/simulate-thread/speculative-store-4.c -O3 -g thread simulation test
FAIL: gcc.dg/simulate-thread/speculative-store.c -O0 -g thread simulation test
=== gcc Summary for unix ===
# of expected passes 81952
# of unexpected failures 7
# of expected failures 323
# of unsupported tests 1652
Running target unix/-m64
=== gcc Summary for unix/-m64 ===
# of expected passes 82679
# of expected failures 312
# of unsupported tests 1613
=== gcc Summary ===
# of expected passes 164631
# of unexpected failures 7
# of expected failures 635
# of unsupported tests 3265
/var/gcc/regression/trunk/11-gcc-gas/build/gcc/xgcc version 4.8.0 20130118 (experimental) [trunk revision 195293] (GCC)
=== gfortran tests ===
Running target unix
FAIL: gfortran.dg/class_optional_2.f90 -O2 execution test
FAIL: gfortran.dg/class_optional_2.f90 -O3 -fomit-frame-pointer execution test
FAIL: gfortran.dg/class_optional_2.f90 -O3 -fomit-frame-pointer -funroll-loops execution test
FAIL: gfortran.dg/class_optional_2.f90 -O3 -fomit-frame-pointer -funroll-all-loops -finline-functions execution test
FAIL: gfortran.dg/class_optional_2.f90 -O3 -g execution test
XPASS: gfortran.dg/do_1.f90 -O0 execution test
XPASS: gfortran.dg/do_1.f90 -O1 execution test
FAIL: gfortran.dg/minlocval_3.f90 -O3 -fomit-frame-pointer (test for excess errors)
WARNING: gfortran.dg/minlocval_3.f90 -O3 -fomit-frame-pointer compilation failed to produce executable
FAIL: gfortran.dg/minlocval_3.f90 -O3 -fomit-frame-pointer -funroll-loops (test for excess errors)
WARNING: gfortran.dg/minlocval_3.f90 -O3 -fomit-frame-pointer -funroll-loops compilation failed to produce executable
FAIL: gfortran.dg/minlocval_3.f90 -O3 -fomit-frame-pointer -funroll-all-loops -finline-functions (test for excess errors)
WARNING: gfortran.dg/minlocval_3.f90 -O3 -fomit-frame-pointer -funroll-all-loops -finline-functions compilation failed to produce executable
FAIL: gfortran.dg/minlocval_3.f90 -O3 -g (test for excess errors)
WARNING: gfortran.dg/minlocval_3.f90 -O3 -g compilation failed to produce executable
WARNING: program timed out.
WARNING: program timed out.
WARNING: program timed out.
WARNING: program timed out.
FAIL: gfortran.dg/lto/pr45586-2 f_lto_pr45586-2_0.o-f_lto_pr45586-2_0.o link, -O0 -flto -flto-partition=none (internal compiler error)
UNRESOLVED: gfortran.dg/lto/pr45586-2 f_lto_pr45586-2_0.o-f_lto_pr45586-2_0.o execute -O0 -flto -flto-partition=none
FAIL: gfortran.dg/lto/pr45586-2 f_lto_pr45586-2_0.o-f_lto_pr45586-2_0.o link, -O0 -flto -flto-partition=1to1 (internal compiler error)
UNRESOLVED: gfortran.dg/lto/pr45586-2 f_lto_pr45586-2_0.o-f_lto_pr45586-2_0.o execute -O0 -flto -flto-partition=1to1
FAIL: gfortran.dg/lto/pr45586-2 f_lto_pr45586-2_0.o-f_lto_pr45586-2_0.o link, -O0 -flto (internal compiler error)
UNRESOLVED: gfortran.dg/lto/pr45586-2 f_lto_pr45586-2_0.o-f_lto_pr45586-2_0.o execute -O0 -flto
FAIL: gfortran.dg/lto/pr45586 f_lto_pr45586_0.o-f_lto_pr45586_0.o link, -O0 -flto -flto-partition=none (internal compiler error)
UNRESOLVED: gfortran.dg/lto/pr45586 f_lto_pr45586_0.o-f_lto_pr45586_0.o execute -O0 -flto -flto-partition=none
FAIL: gfortran.dg/lto/pr45586 f_lto_pr45586_0.o-f_lto_pr45586_0.o link, -O0 -flto -flto-partition=1to1 (internal compiler error)
UNRESOLVED: gfortran.dg/lto/pr45586 f_lto_pr45586_0.o-f_lto_pr45586_0.o execute -O0 -flto -flto-partition=1to1
FAIL: gfortran.dg/lto/pr45586 f_lto_pr45586_0.o-f_lto_pr45586_0.o link, -O0 -flto (internal compiler error)
UNRESOLVED: gfortran.dg/lto/pr45586 f_lto_pr45586_0.o-f_lto_pr45586_0.o execute -O0 -flto
=== gfortran Summary for unix ===
# of expected passes 42816
# of unexpected failures 15
# of unexpected successes 2
# of expected failures 64
# of unresolved testcases 6
# of unsupported tests 262
Running target unix/-m64
XPASS: gfortran.dg/do_1.f90 -O0 execution test
XPASS: gfortran.dg/do_1.f90 -O1 execution test
FAIL: gfortran.dg/minlocval_3.f90 -O3 -fomit-frame-pointer -funroll-loops (test for excess errors)
WARNING: gfortran.dg/minlocval_3.f90 -O3 -fomit-frame-pointer -funroll-loops compilation failed to produce executable
FAIL: gfortran.dg/minlocval_3.f90 -O3 -fomit-frame-pointer -funroll-all-loops -finline-functions (test for excess errors)
WARNING: gfortran.dg/minlocval_3.f90 -O3 -fomit-frame-pointer -funroll-all-loops -finline-functions compilation failed to produce executable
FAIL: gfortran.dg/minlocval_3.f90 -O3 -g (test for excess errors)
WARNING: gfortran.dg/minlocval_3.f90 -O3 -g compilation failed to produce executable
WARNING: program timed out.
WARNING: program timed out.
WARNING: program timed out.
FAIL: gfortran.dg/lto/pr45586-2 f_lto_pr45586-2_0.o-f_lto_pr45586-2_0.o link, -O0 -flto -flto-partition=none (internal compiler error)
UNRESOLVED: gfortran.dg/lto/pr45586-2 f_lto_pr45586-2_0.o-f_lto_pr45586-2_0.o execute -O0 -flto -flto-partition=none
FAIL: gfortran.dg/lto/pr45586-2 f_lto_pr45586-2_0.o-f_lto_pr45586-2_0.o link, -O0 -flto -flto-partition=1to1 (internal compiler error)
UNRESOLVED: gfortran.dg/lto/pr45586-2 f_lto_pr45586-2_0.o-f_lto_pr45586-2_0.o execute -O0 -flto -flto-partition=1to1
FAIL: gfortran.dg/lto/pr45586-2 f_lto_pr45586-2_0.o-f_lto_pr45586-2_0.o link, -O0 -flto (internal compiler error)
UNRESOLVED: gfortran.dg/lto/pr45586-2 f_lto_pr45586-2_0.o-f_lto_pr45586-2_0.o execute -O0 -flto
FAIL: gfortran.dg/lto/pr45586 f_lto_pr45586_0.o-f_lto_pr45586_0.o link, -O0 -flto -flto-partition=none (internal compiler error)
UNRESOLVED: gfortran.dg/lto/pr45586 f_lto_pr45586_0.o-f_lto_pr45586_0.o execute -O0 -flto -flto-partition=none
FAIL: gfortran.dg/lto/pr45586 f_lto_pr45586_0.o-f_lto_pr45586_0.o link, -O0 -flto -flto-partition=1to1 (internal compiler error)
UNRESOLVED: gfortran.dg/lto/pr45586 f_lto_pr45586_0.o-f_lto_pr45586_0.o execute -O0 -flto -flto-partition=1to1
FAIL: gfortran.dg/lto/pr45586 f_lto_pr45586_0.o-f_lto_pr45586_0.o link, -O0 -flto (internal compiler error)
UNRESOLVED: gfortran.dg/lto/pr45586 f_lto_pr45586_0.o-f_lto_pr45586_0.o execute -O0 -flto
=== gfortran Summary for unix/-m64 ===
# of expected passes 43149
# of unexpected failures 9
# of unexpected successes 2
# of expected failures 64
# of unresolved testcases 6
# of unsupported tests 102
=== gfortran Summary ===
# of expected passes 85965
# of unexpected failures 24
# of unexpected successes 4
# of expected failures 128
# of unresolved testcases 12
# of unsupported tests 364
/var/gcc/regression/trunk/11-gcc-gas/build/gcc/testsuite/gfortran/../../gfortran version 4.8.0 20130118 (experimental) [trunk revision 195293] (GCC)
=== gnat tests ===
Running target unix
=== gnat Summary for unix ===
# of expected passes 1138
# of expected failures 17
# of unsupported tests 13
Running target unix/-m64
=== gnat Summary for unix/-m64 ===
# of expected passes 1138
# of expected failures 17
# of unsupported tests 13
=== gnat Summary ===
# of expected passes 2276
# of expected failures 34
# of unsupported tests 26
/var/gcc/regression/trunk/11-gcc-gas/build/gcc/gnatmake version 4.8.0 20130118 (experimental) [trunk revision 195293]
=== go tests ===
Running target unix
FAIL: ./64bit-out.go compilation, -O0 -g -fno-var-tracking-assignments
FAIL: ./index0-out.go compilation, -O0 -g -fno-var-tracking-assignments
FAIL: ./select5-out.go compilation, -O0 -g -fno-var-tracking-assignments
FAIL: go.test/test/cmplxdivide.go
FAIL: go.test/test/fixedbugs/bug257.go execution, -O2 -g
WARNING: program timed out.
WARNING: program timed out.
WARNING: program timed out.
WARNING: program timed out.
=== go Summary for unix ===
# of expected passes 5073
# of unexpected failures 5
# of expected failures 1
# of untested testcases 9
Running target unix/-m64
FAIL: go.go-torture/execute/array-2.go execution, -O0
FAIL: go.go-torture/execute/array-2.go execution, -O1
FAIL: go.go-torture/execute/array-2.go execution, -O2
FAIL: go.go-torture/execute/array-2.go execution, -O2 -fomit-frame-pointer -finline-functions
FAIL: go.go-torture/execute/array-2.go execution, -O2 -fomit-frame-pointer -finline-functions -funroll-loops
FAIL: go.go-torture/execute/array-2.go execution, -O2 -fbounds-check
FAIL: go.go-torture/execute/array-2.go execution, -O3 -g
FAIL: go.go-torture/execute/array-2.go execution, -Os
FAIL: go.go-torture/execute/chan-1.go execution, -O0
FAIL: go.go-torture/execute/chan-1.go execution, -O1
FAIL: go.go-torture/execute/chan-1.go execution, -O2
FAIL: go.go-torture/execute/chan-1.go execution, -O2 -fomit-frame-pointer -finline-functions
FAIL: go.go-torture/execute/chan-1.go execution, -O2 -fomit-frame-pointer -finline-functions -funroll-loops
FAIL: go.go-torture/execute/chan-1.go execution, -O2 -fbounds-check
FAIL: go.go-torture/execute/chan-1.go execution, -O3 -g
FAIL: go.go-torture/execute/chan-1.go execution, -Os
FAIL: go.go-torture/execute/go-1.go execution, -O0
FAIL: go.go-torture/execute/go-1.go execution, -O1
FAIL: go.go-torture/execute/go-1.go execution, -O2
FAIL: go.go-torture/execute/go-1.go execution, -O2 -fomit-frame-pointer -finline-functions
FAIL: go.go-torture/execute/go-1.go execution, -O2 -fomit-frame-pointer -finline-functions -funroll-loops
FAIL: go.go-torture/execute/go-1.go execution, -O2 -fbounds-check
FAIL: go.go-torture/execute/go-1.go execution, -O3 -g
FAIL: go.go-torture/execute/go-1.go execution, -Os
FAIL: go.go-torture/execute/go-2.go execution, -O0
FAIL: go.go-torture/execute/go-2.go execution, -O1
FAIL: go.go-torture/execute/go-2.go execution, -O2
FAIL: go.go-torture/execute/go-2.go execution, -O2 -fomit-frame-pointer -finline-functions
FAIL: go.go-torture/execute/go-2.go execution, -O2 -fomit-frame-pointer -finline-functions -funroll-loops
FAIL: go.go-torture/execute/go-2.go execution, -O2 -fbounds-check
FAIL: go.go-torture/execute/go-2.go execution, -O3 -g
FAIL: go.go-torture/execute/go-2.go execution, -Os
FAIL: go.go-torture/execute/go-3.go execution, -O0
FAIL: go.go-torture/execute/go-3.go execution, -O1
FAIL: go.go-torture/execute/go-3.go execution, -O2
FAIL: go.go-torture/execute/go-3.go execution, -O2 -fomit-frame-pointer -finline-functions
FAIL: go.go-torture/execute/go-3.go execution, -O2 -fomit-frame-pointer -finline-functions -funroll-loops
FAIL: go.go-torture/execute/go-3.go execution, -O2 -fbounds-check
FAIL: go.go-torture/execute/go-3.go execution, -O3 -g
FAIL: go.go-torture/execute/go-3.go execution, -Os
FAIL: go.go-torture/execute/method-1.go execution, -O0
FAIL: go.go-torture/execute/method-1.go execution, -O1
FAIL: go.go-torture/execute/method-1.go execution, -O2
FAIL: go.go-torture/execute/method-1.go execution, -O2 -fomit-frame-pointer -finline-functions
FAIL: go.go-torture/execute/method-1.go execution, -O2 -fomit-frame-pointer -finline-functions -funroll-loops
FAIL: go.go-torture/execute/method-1.go execution, -O2 -fbounds-check
FAIL: go.go-torture/execute/method-1.go execution, -O3 -g
FAIL: go.go-torture/execute/method-1.go execution, -Os
FAIL: go.go-torture/execute/pointer-1.go execution, -O0
FAIL: go.go-torture/execute/pointer-1.go execution, -O1
FAIL: go.go-torture/execute/pointer-1.go execution, -O2
FAIL: go.go-torture/execute/pointer-1.go execution, -O2 -fomit-frame-pointer -finline-functions
FAIL: go.go-torture/execute/pointer-1.go execution, -O2 -fomit-frame-pointer -finline-functions -funroll-loops
FAIL: go.go-torture/execute/pointer-1.go execution, -O2 -fbounds-check
FAIL: go.go-torture/execute/pointer-1.go execution, -O3 -g
FAIL: go.go-torture/execute/pointer-1.go execution, -Os
FAIL: go.go-torture/execute/select-1.go execution, -O0
FAIL: go.go-torture/execute/select-1.go execution, -O1
FAIL: go.go-torture/execute/select-1.go execution, -O2
FAIL: go.go-torture/execute/select-1.go execution, -O2 -fomit-frame-pointer -finline-functions
FAIL: go.go-torture/execute/select-1.go execution, -O2 -fomit-frame-pointer -finline-functions -funroll-loops
FAIL: go.go-torture/execute/select-1.go execution, -O2 -fbounds-check
FAIL: go.go-torture/execute/select-1.go execution, -O3 -g
FAIL: go.go-torture/execute/select-1.go execution, -Os
FAIL: go.go-torture/execute/string-2.go execution, -O0
FAIL: go.go-torture/execute/string-2.go execution, -O1
FAIL: go.go-torture/execute/string-2.go execution, -O2
FAIL: go.go-torture/execute/string-2.go execution, -O2 -fomit-frame-pointer -finline-functions
FAIL: go.go-torture/execute/string-2.go execution, -O2 -fomit-frame-pointer -finline-functions -funroll-loops
FAIL: go.go-torture/execute/string-2.go execution, -O2 -fbounds-check
FAIL: go.go-torture/execute/string-2.go execution, -O3 -g
FAIL: go.go-torture/execute/string-2.go execution, -Os
FAIL: go.test/test/235.go execution, -O2 -g
FAIL: go.test/test/64bit.go execution
FAIL: go.test/test/alias1.go execution, -O2 -g
FAIL: go.test/test/append.go execution, -O2 -g
FAIL: go.test/test/bigalg.go execution, -O2 -g
FAIL: go.test/test/blank.go execution, -O2 -g
FAIL: go.test/test/bom.go execution
FAIL: go.test/test/chan/doubleselect.go execution, -O2 -g
FAIL: go.test/test/chan/fifo.go execution, -O2 -g
FAIL: go.test/test/chan/goroutines.go execution, -O2 -g
FAIL: go.test/test/chan/nonblock.go execution, -O2 -g
FAIL: go.test/test/chan/powser1.go execution, -O2 -g
FAIL: go.test/test/chan/powser2.go execution, -O2 -g
FAIL: go.test/test/chan/select.go execution, -O2 -g
FAIL: go.test/test/chan/select3.go execution, -O2 -g
FAIL: go.test/test/chan/select4.go execution, -O2 -g
FAIL: go.test/test/chan/select5.go execution
FAIL: go.test/test/chan/select6.go execution, -O2 -g
FAIL: go.test/test/chan/select7.go execution, -O2 -g
FAIL: go.test/test/chan/sendstmt.go execution, -O2 -g
FAIL: go.test/test/chan/sieve1.go execution, -O2 -g
FAIL: go.test/test/chan/sieve2.go execution, -O2 -g
FAIL: go.test/test/chan/zerosize.go execution, -O2 -g
FAIL: go.test/test/chancap.go execution, -O2 -g
FAIL: go.test/test/closedchan.go execution, -O2 -g
FAIL: go.test/test/cmp.go execution, -O2 -g
FAIL: go.test/test/cmplxdivide.go
FAIL: go.test/test/complit.go execution, -O2 -g
FAIL: go.test/test/compos.go execution, -O2 -g
FAIL: go.test/test/const3.go execution, -O2 -g
FAIL: go.test/test/convT2X.go execution, -O2 -g
FAIL: go.test/test/convert.go execution, -O2 -g
FAIL: go.test/test/copy.go execution, -O2 -g
FAIL: go.test/test/crlf.go execution
FAIL: go.test/test/ddd.go execution, -O2 -g
FAIL: go.test/test/ddd3.go
FAIL: go.test/test/defer.go execution, -O2 -g
FAIL: go.test/test/deferprint.go execution
FAIL: go.test/test/env.go execution, -O2 -g
FAIL: go.test/test/escape.go execution, -O2 -g
FAIL: go.test/test/escape3.go execution, -O2 -g
FAIL: go.test/test/fixedbugs/bug011.go execution, -O2 -g
FAIL: go.test/test/fixedbugs/bug021.go execution, -O2 -g
FAIL: go.test/test/fixedbugs/bug026.go execution, -O2 -g
FAIL: go.test/test/fixedbugs/bug027.go execution, -O2 -g
FAIL: go.test/test/fixedbugs/bug045.go execution, -O2 -g
FAIL: go.test/test/fixedbugs/bug054.go execution, -O2 -g
FAIL: go.test/test/fixedbugs/bug059.go execution, -O2 -g
FAIL: go.test/test/fixedbugs/bug067.go execution, -O2 -g
FAIL: go.test/test/fixedbugs/bug070.go execution, -O2 -g
FAIL: go.test/test/fixedbugs/bug075.go execution, -O2 -g
FAIL: go.test/test/fixedbugs/bug084.go execution, -O2 -g
FAIL: go.test/test/fixedbugs/bug097.go execution, -O2 -g
FAIL: go.test/test/fixedbugs/bug099.go execution, -O2 -g
FAIL: go.test/test/fixedbugs/bug102.go execution, -O2 -g
FAIL: go.test/test/fixedbugs/bug111.go execution, -O2 -g
FAIL: go.test/test/fixedbugs/bug113.go execution, -O2 -g
FAIL: go.test/test/fixedbugs/bug119.go execution, -O2 -g
FAIL: go.test/test/fixedbugs/bug120.go execution, -O2 -g
FAIL: go.test/test/fixedbugs/bug130.go execution, -O2 -g
FAIL: go.test/test/fixedbugs/bug141.go execution, -O2 -g
FAIL: go.test/test/fixedbugs/bug147.go execution, -O2 -g
FAIL: go.test/test/fixedbugs/bug148.go execution, -O2 -g
FAIL: go.test/test/fixedbugs/bug152.go execution, -O2 -g
FAIL: go.test/test/fixedbugs/bug154.go execution, -O2 -g
FAIL: go.test/test/fixedbugs/bug159.go execution, -O2 -g
FAIL: go.test/test/fixedbugs/bug177.go execution, -O2 -g
FAIL: go.test/test/fixedbugs/bug184.go execution, -O2 -g
FAIL: go.test/test/fixedbugs/bug187.go execution, -O2 -g
FAIL: go.test/test/fixedbugs/bug201.go execution, -O2 -g
FAIL: go.test/test/fixedbugs/bug204.go execution, -O2 -g
FAIL: go.test/test/fixedbugs/bug206.go execution
FAIL: go.test/test/fixedbugs/bug207.go execution, -O2 -g
FAIL: go.test/test/fixedbugs/bug221.go execution, -O2 -g
FAIL: go.test/test/fixedbugs/bug225.go execution, -O2 -g
FAIL: go.test/test/fixedbugs/bug230.go execution, -O2 -g
FAIL: go.test/test/fixedbugs/bug234.go execution, -O2 -g
FAIL: go.test/test/fixedbugs/bug236.go execution, -O2 -g
FAIL: go.test/test/fixedbugs/bug242.go execution, -O2 -g
FAIL: go.test/test/fixedbugs/bug243.go execution, -O2 -g
FAIL: go.test/test/fixedbugs/bug247.go execution, -O2 -g
FAIL: go.test/test/fixedbugs/bug248.go
FAIL: go.test/test/fixedbugs/bug257.go execution, -O2 -g
FAIL: go.test/test/fixedbugs/bug259.go execution, -O2 -g
FAIL: go.test/test/fixedbugs/bug260.go execution, -O2 -g
FAIL: go.test/test/fixedbugs/bug261.go execution, -O2 -g
FAIL: go.test/test/fixedbugs/bug262.go execution, -O2 -g
FAIL: go.test/test/fixedbugs/bug263.go execution, -O2 -g
FAIL: go.test/test/fixedbugs/bug265.go execution, -O2 -g
FAIL: go.test/test/fixedbugs/bug266.go execution, -O2 -g
FAIL: go.test/test/fixedbugs/bug269.go execution, -O2 -g
FAIL: go.test/test/fixedbugs/bug271.go execution, -O2 -g
FAIL: go.test/test/fixedbugs/bug272.go execution, -O2 -g
FAIL: go.test/test/fixedbugs/bug273.go execution, -O2 -g
FAIL: go.test/test/fixedbugs/bug281.go execution, -O2 -g
FAIL: go.test/test/fixedbugs/bug285.go execution, -O2 -g
FAIL: go.test/test/fixedbugs/bug286.go execution, -O2 -g
FAIL: go.test/test/fixedbugs/bug293.go execution, -O2 -g
FAIL: go.test/test/fixedbugs/bug294.go execution, -O2 -g
FAIL: go.test/test/fixedbugs/bug295.go execution, -O2 -g
FAIL: go.test/test/fixedbugs/bug303.go execution, -O2 -g
FAIL: go.test/test/fixedbugs/bug311.go execution, -O2 -g
FAIL: go.test/test/fixedbugs/bug312.go execution, -O2 -g
FAIL: go.test/test/fixedbugs/bug314.go execution, -O2 -g
FAIL: go.test/test/fixedbugs/bug317.go execution, -O2 -g
FAIL: go.test/test/fixedbugs/bug320.go execution, -O2 -g
FAIL: go.test/test/fixedbugs/bug322.go
FAIL: go.test/test/fixedbugs/bug324.go
FAIL: go.test/test/fixedbugs/bug327.go execution, -O2 -g
FAIL: go.test/test/fixedbugs/bug329.go execution, -O2 -g
FAIL: go.test/test/fixedbugs/bug333.go execution, -O2 -g
FAIL: go.test/test/fixedbugs/bug336.go execution, -O2 -g
FAIL: go.test/test/fixedbugs/bug339.go execution, -O2 -g
FAIL: go.test/test/fixedbugs/bug343.go execution, -O2 -g
FAIL: go.test/test/fixedbugs/bug346.go execution, -O2 -g
FAIL: go.test/test/fixedbugs/bug347.go execution, -O0 -g
FAIL: go.test/test/fixedbugs/bug348.go execution, -O0 -g
FAIL: go.test/test/fixedbugs/bug364.go execution, -O2 -g
FAIL: go.test/test/fixedbugs/bug366.go execution, -O2 -g
FAIL: go.test/test/fixedbugs/bug367.go
FAIL: go.test/test/fixedbugs/bug369.go
FAIL: go.test/test/fixedbugs/bug370.go execution, -O2 -g
FAIL: go.test/test/fixedbugs/bug375.go execution, -O2 -g
FAIL: go.test/test/fixedbugs/bug378.go execution, -O2 -g
FAIL: go.test/test/fixedbugs/bug401.go execution, -O2 -g
FAIL: go.test/test/fixedbugs/bug402.go execution, -O2 -g
FAIL: go.test/test/fixedbugs/bug405.go execution, -O2 -g
FAIL: go.test/test/fixedbugs/bug406.go execution, -O2 -g
FAIL: go.test/test/fixedbugs/bug414.go
FAIL: go.test/test/fixedbugs/bug423.go execution, -O2 -g
FAIL: go.test/test/fixedbugs/bug424.go
FAIL: go.test/test/fixedbugs/bug428.go execution, -O2 -g
FAIL: go.test/test/fixedbugs/bug441.go execution, -O2 -g
FAIL: go.test/test/fixedbugs/bug442.go execution, -O2 -g
FAIL: go.test/test/fixedbugs/bug444.go execution, -O2 -g
FAIL: go.test/test/fixedbugs/bug447.go execution
FAIL: go.test/test/fixedbugs/bug449.go execution
FAIL: go.test/test/func.go execution, -O2 -g
FAIL: go.test/test/func5.go execution, -O2 -g
FAIL: go.test/test/func8.go execution, -O2 -g
FAIL: go.test/test/gc.go execution, -O2 -g
FAIL: go.test/test/gc1.go execution, -O2 -g
FAIL: go.test/test/gc2.go execution, -O2 -g
FAIL: go.test/test/goprint.go execution
FAIL: go.test/test/index0.go execution
FAIL: go.test/test/index1.go execution
FAIL: go.test/test/index2.go execution
FAIL: go.test/test/initialize.go execution, -O2 -g
FAIL: go.test/test/interface/bigdata.go execution, -O2 -g
FAIL: go.test/test/interface/convert.go execution, -O2 -g
FAIL: go.test/test/interface/embed.go execution, -O2 -g
FAIL: go.test/test/interface/embed1.go
FAIL: go.test/test/interface/fail.go execution, -O2 -g
FAIL: go.test/test/interface/fake.go execution, -O2 -g
FAIL: go.test/test/interface/noeq.go execution, -O2 -g
FAIL: go.test/test/interface/receiver.go execution, -O2 -g
FAIL: go.test/test/interface/returntype.go execution, -O2 -g
FAIL: go.test/test/interface/struct.go execution, -O2 -g
FAIL: go.test/test/ken/array.go execution, -O2 -g
FAIL: go.test/test/ken/chan.go execution, -O2 -g
FAIL: go.test/test/ken/chan1.go execution, -O2 -g
FAIL: go.test/test/ken/cplx3.go execution, -O2 -g
FAIL: go.test/test/ken/cplx4.go execution, -O2 -g
FAIL: go.test/test/ken/cplx5.go execution, -O2 -g
FAIL: go.test/test/ken/embed.go execution, -O2 -g
FAIL: go.test/test/ken/interbasic.go execution, -O2 -g
FAIL: go.test/test/ken/interfun.go execution, -O2 -g
FAIL: go.test/test/ken/intervar.go execution, -O2 -g
FAIL: go.test/test/ken/ptrfun.go execution, -O2 -g
FAIL: go.test/test/ken/rob1.go execution, -O2 -g
FAIL: go.test/test/ken/rob2.go execution, -O2 -g
FAIL: go.test/test/ken/robfunc.go execution, -O2 -g
FAIL: go.test/test/ken/simparray.go execution, -O2 -g
FAIL: go.test/test/ken/simpbool.go execution, -O2 -g
FAIL: go.test/test/ken/simpswitch.go execution, -O2 -g
FAIL: go.test/test/ken/string.go execution
FAIL: go.test/test/mallocfin.go execution, -O2 -g
FAIL: go.test/test/map.go execution, -O2 -g
FAIL: go.test/test/method.go execution, -O2 -g
FAIL: go.test/test/method3.go execution, -O2 -g
FAIL: go.test/test/method4.go
FAIL: go.test/test/named.go execution, -O2 -g
FAIL: go.test/test/nil.go execution, -O2 -g
FAIL: go.test/test/nul1.go execution
FAIL: go.test/test/peano.go execution, -O2 -g
FAIL: go.test/test/range.go execution, -O2 -g
FAIL: go.test/test/recover.go execution, -O2 -g
FAIL: go.test/test/recover1.go execution, -O2 -g
FAIL: go.test/test/recover2.go execution, -O2 -g
FAIL: go.test/test/recover3.go execution, -O2 -g
FAIL: go.test/test/reorder.go execution, -O2 -g
FAIL: go.test/test/reorder2.go execution, -O2 -g
FAIL: go.test/test/string_lit.go execution, -O2 -g
FAIL: go.test/test/stringrange.go execution, -O2 -g
FAIL: go.test/test/struct0.go execution, -O2 -g
FAIL: go.test/test/switch.go execution, -O2 -g
FAIL: go.test/test/turing.go execution, -O2 -g
FAIL: go.test/test/typeswitch.go execution, -O2 -g
FAIL: go.test/test/typeswitch1.go execution, -O2 -g
FAIL: go.test/test/utf.go execution, -O2 -g
FAIL: go.test/test/zerodivide.go execution, -O2 -g
WARNING: program timed out.
=== go Summary for unix/-m64 ===
# of expected passes 2016
# of unexpected failures 273
# of expected failures 1
# of untested testcases 10
=== go Summary ===
# of expected passes 7089
# of unexpected failures 278
# of expected failures 2
# of untested testcases 19
/var/gcc/regression/trunk/11-gcc-gas/build/gcc/testsuite/go/../../gccgo version 4.8.0 20130118 (experimental) [trunk revision 195293] (GCC)
=== obj-c++ tests ===
Running target unix
=== obj-c++ Summary for unix ===
# of expected passes 1450
# of expected failures 2
# of unsupported tests 86
Running target unix/-m64
=== obj-c++ Summary for unix/-m64 ===
# of expected passes 1442
# of expected failures 10
# of unsupported tests 86
=== obj-c++ Summary ===
# of expected passes 2892
# of expected failures 12
# of unsupported tests 172
/var/gcc/regression/trunk/11-gcc-gas/build/gcc/testsuite/obj-c++/../../xg++ version 4.8.0 20130118 (experimental) [trunk revision 195293] (GCC)
=== objc tests ===
Running target unix
=== objc Summary for unix ===
# of expected passes 2994
# of unsupported tests 74
Running target unix/-m64
=== objc Summary for unix/-m64 ===
# of expected passes 2994
# of unsupported tests 74
=== objc Summary ===
# of expected passes 5988
# of unsupported tests 148
/var/gcc/regression/trunk/11-gcc-gas/build/gcc/xgcc version 4.8.0 20130118 (experimental) [trunk revision 195293] (GCC)
=== boehm-gc tests ===
Running target unix
=== boehm-gc Summary for unix ===
# of expected passes 12
# of unsupported tests 1
Running target unix/-m64
=== boehm-gc Summary for unix/-m64 ===
# of expected passes 12
# of unsupported tests 1
=== boehm-gc Summary ===
# of expected passes 24
# of unsupported tests 2
=== libatomic tests ===
Running target unix
=== libatomic Summary for unix ===
# of expected passes 34
# of unsupported tests 10
Running target unix/-m64
=== libatomic Summary for unix/-m64 ===
# of expected passes 44
# of unsupported tests 5
=== libatomic Summary ===
# of expected passes 78
# of unsupported tests 15
=== libffi tests ===
Running target unix
=== libffi Summary for unix ===
# of expected passes 1819
# of unsupported tests 55
Running target unix/-m64
FAIL: libffi.call/cls_struct_va1.c -O0 -W -Wall output pattern test, is 4 5 6 10 11 12 13 14 20 21
FAIL: libffi.call/cls_uint_va.c -O0 -W -Wall output pattern test, is 67: 67 4
FAIL: libffi.call/va_1.c -O0 -W -Wall output pattern test, is 5 6 10 11 12 13 14 7 8 uc=9 sc=10 11 12 13 14 15 16 2.120000 3.130000
FAIL: libffi.call/va_struct1.c -O0 -W -Wall output pattern test, is 5 6 10 11 12 13 14 7 8
FAIL: libffi.call/cls_struct_va1.c -O2 output pattern test, is 4 5 6 10 11 12 13 14 20 21
FAIL: libffi.call/cls_uint_va.c -O2 output pattern test, is 67: 67 4
FAIL: libffi.call/va_1.c -O2 execution test
FAIL: libffi.call/va_struct1.c -O2 output pattern test, is 5 6 10 11 12 13 14 7 8
FAIL: libffi.call/cls_struct_va1.c -O3 output pattern test, is 4 5 6 10 11 12 13 14 20 21
FAIL: libffi.call/cls_uint_va.c -O3 output pattern test, is 67: 67 4
FAIL: libffi.call/va_1.c -O3 execution test
FAIL: libffi.call/va_struct1.c -O3 execution test
FAIL: libffi.call/cls_struct_va1.c -Os output pattern test, is 4 5 6 10 11 12 13 14 20 21
FAIL: libffi.call/cls_uint_va.c -Os output pattern test, is 67: 67 4
FAIL: libffi.call/va_1.c -Os execution test
FAIL: libffi.call/va_struct1.c -Os output pattern test, is 5 6 10 11 12 13 14 7 8
FAIL: libffi.call/cls_struct_va1.c -O2 -fomit-frame-pointer output pattern test, is 4 5 6 10 11 12 13 14 20 21
FAIL: libffi.call/cls_uint_va.c -O2 -fomit-frame-pointer output pattern test, is 67: 67 4
FAIL: libffi.call/va_1.c -O2 -fomit-frame-pointer execution test
FAIL: libffi.call/va_struct1.c -O2 -fomit-frame-pointer output pattern test, is 5 6 10 11 12 13 14 7 8
=== libffi Summary for unix/-m64 ===
# of expected passes 1794
# of unexpected failures 20
# of unsupported tests 55
=== libffi Summary ===
# of expected passes 3613
# of unexpected failures 20
# of unsupported tests 110
=== libgo tests ===
Running target unix
FAIL: net
FAIL: syscall
FAIL: archive/tar
FAIL: crypto/hmac
FAIL: crypto/md5
FAIL: crypto/tls
FAIL: crypto/x509
FAIL: net/smtp
FAIL: text/template
FAIL: testing/quick
=== libgo Summary for unix ===
# of expected passes 121
# of unexpected failures 10
Running target unix/-m64
FAIL: bufio
FAIL: bytes
FAIL: errors
FAIL: expvar
FAIL: flag
FAIL: fmt
FAIL: html
FAIL: image
FAIL: io
FAIL: log
FAIL: math
FAIL: mime
FAIL: net
FAIL: os
FAIL: path
FAIL: reflect
FAIL: regexp
FAIL: runtime
FAIL: sort
FAIL: strconv
FAIL: strings
FAIL: sync
FAIL: syscall
FAIL: time
FAIL: unicode
FAIL: archive/tar
FAIL: archive/zip
FAIL: compress/bzip2
FAIL: compress/flate
FAIL: compress/gzip
FAIL: compress/lzw
FAIL: compress/zlib
FAIL: container/heap
FAIL: container/list
FAIL: container/ring
FAIL: crypto/aes
FAIL: crypto/cipher
FAIL: crypto/des
FAIL: crypto/dsa
FAIL: crypto/ecdsa
FAIL: crypto/elliptic
FAIL: crypto/hmac
FAIL: crypto/md5
FAIL: crypto/rand
FAIL: crypto/rc4
FAIL: crypto/rsa
FAIL: crypto/sha1
FAIL: crypto/sha256
FAIL: crypto/sha512
FAIL: crypto/subtle
FAIL: crypto/tls
FAIL: crypto/x509
FAIL: database/sql
FAIL: database/sql/driver
FAIL: debug/dwarf
FAIL: debug/elf
FAIL: debug/macho
FAIL: debug/pe
FAIL: encoding/ascii85
FAIL: encoding/asn1
FAIL: encoding/base32
FAIL: encoding/base64
FAIL: encoding/binary
FAIL: encoding/csv
FAIL: encoding/gob
FAIL: encoding/hex
FAIL: encoding/json
FAIL: encoding/pem
FAIL: encoding/xml
FAIL: exp/cookiejar
FAIL: exp/ebnf
FAIL: exp/html
FAIL: exp/html/atom
FAIL: exp/locale/collate
FAIL: exp/locale/collate/build
FAIL: exp/norm
FAIL: exp/proxy
FAIL: exp/terminal
FAIL: exp/types
FAIL: exp/utf8string
FAIL: html/template
FAIL: go/ast
FAIL: go/doc
FAIL: go/format
FAIL: go/parser
FAIL: go/printer
FAIL: go/scanner
FAIL: go/token
FAIL: hash/adler32
FAIL: hash/crc32
FAIL: hash/crc64
FAIL: hash/fnv
FAIL: image/color
FAIL: image/draw
FAIL: image/jpeg
FAIL: image/png
FAIL: index/suffixarray
FAIL: io/ioutil
FAIL: log/syslog
FAIL: math/big
FAIL: math/cmplx
FAIL: math/rand
FAIL: mime/multipart
FAIL: net/http
FAIL: net/http/cgi
FAIL: net/http/fcgi
FAIL: net/http/httptest
FAIL: net/http/httputil
FAIL: net/mail
FAIL: net/rpc
FAIL: net/smtp
FAIL: net/textproto
FAIL: net/url
FAIL: net/rpc/jsonrpc
FAIL: old/netchan
FAIL: old/regexp
FAIL: old/template
FAIL: os/exec
FAIL: os/signal
FAIL: os/user
FAIL: path/filepath
FAIL: regexp/syntax
FAIL: runtime/pprof
FAIL: sync/atomic
FAIL: text/scanner
FAIL: text/tabwriter
FAIL: text/template
FAIL: text/template/parse
FAIL: testing/quick
FAIL: unicode/utf16
FAIL: unicode/utf8
=== libgo Summary for unix/-m64 ===
# of unexpected failures 131
=== libgo Summary ===
# of expected passes 121
# of unexpected failures 141
/var/gcc/regression/trunk/11-gcc-gas/build/./gcc/gccgo version 4.8.0 20130118 (experimental) [trunk revision 195293] (GCC)
=== libgomp tests ===
Running target unix
=== libgomp Summary for unix ===
# of expected passes 2976
# of unsupported tests 3
Running target unix/-m64
=== libgomp Summary for unix/-m64 ===
# of expected passes 2976
# of unsupported tests 3
=== libgomp Summary ===
# of expected passes 5952
# of unsupported tests 6
=== libitm tests ===
Running target unix
=== libitm Summary for unix ===
# of expected passes 26
# of expected failures 3
# of unsupported tests 1
Running target unix/-m64
=== libitm Summary for unix/-m64 ===
# of expected passes 26
# of expected failures 3
# of unsupported tests 1
=== libitm Summary ===
# of expected passes 52
# of expected failures 6
# of unsupported tests 2
=== libjava tests ===
Running target unix
FAIL: sourcelocation output - source compiled test
FAIL: sourcelocation -findirect-dispatch output - source compiled test
FAIL: sourcelocation -O3 output - source compiled test
FAIL: sourcelocation -O3 -findirect-dispatch output - source compiled test
=== libjava Summary for unix ===
# of expected passes 2582
# of unexpected failures 4
Running target unix/-m64
FAIL: sourcelocation output - source compiled test
FAIL: sourcelocation -findirect-dispatch output - source compiled test
FAIL: sourcelocation -O3 output - source compiled test
FAIL: sourcelocation -O3 -findirect-dispatch output - source compiled test
=== libjava Summary for unix/-m64 ===
# of expected passes 2582
# of unexpected failures 4
=== libjava Summary ===
# of expected passes 5164
# of unexpected failures 8
=== libmudflap tests ===
Running target unix
FAIL: libmudflap.c/fail37-frag.c (-O2) crash test
FAIL: libmudflap.c/fail37-frag.c (-O2) output pattern test
FAIL: libmudflap.c/fail37-frag.c (-O3) crash test
FAIL: libmudflap.c/fail37-frag.c (-O3) output pattern test
FAIL: libmudflap.c++/pass41-frag.cxx ( -O) execution test
FAIL: libmudflap.c++/pass41-frag.cxx (-O2) execution test
FAIL: libmudflap.c++/pass41-frag.cxx (-O3) execution test
=== libmudflap Summary for unix ===
# of expected passes 1435
# of unexpected failures 7
Running target unix/-m64
FAIL: libmudflap.c/fail37-frag.c (-O2) crash test
FAIL: libmudflap.c/fail37-frag.c (-O2) output pattern test
FAIL: libmudflap.c/fail37-frag.c (-O3) crash test
FAIL: libmudflap.c/fail37-frag.c (-O3) output pattern test
FAIL: libmudflap.c++/pass41-frag.cxx ( -O) execution test
FAIL: libmudflap.c++/pass41-frag.cxx (-O2) execution test
FAIL: libmudflap.c++/pass41-frag.cxx (-O3) execution test
=== libmudflap Summary for unix/-m64 ===
# of expected passes 1435
# of unexpected failures 7
=== libmudflap Summary ===
# of expected passes 2870
# of unexpected failures 14
=== libstdc++ tests ===
Running target unix
=== libstdc++ Summary for unix ===
# of expected passes 8240
# of expected failures 45
# of unsupported tests 583
Running target unix/-m64
=== libstdc++ Summary for unix/-m64 ===
# of expected passes 8240
# of expected failures 45
# of unsupported tests 583
=== libstdc++ Summary ===
# of expected passes 16480
# of expected failures 90
# of unsupported tests 1166
Compiler version: 4.8.0 20130118 (experimental) [trunk revision 195293] (GCC)
Platform: sparc-sun-solaris2.11
configure flags: --prefix=/vol/gcc --target=sparc-sun-solaris2.11 --enable-objc-gc --enable-libmudflap --with-as=/vol/gcc/bin/gas-2.23.1 --with-gnu-as --with-gmp-include=/vol/gcc/include --with-gmp-lib=/vol/gcc/lib --with-mpfr-include=/vol/gcc/include --with-mpfr-lib=/vol/gcc/lib --with-mpc-include=/vol/gcc/include --with-mpc-lib=/vol/gcc/lib --enable-languages=all,ada,obj-c++,go --with-isl-include=/vol/gcc/include --with-isl-lib=/vol/gcc/lib --with-cloog-include=/vol/gcc/include --with-cloog-lib=/vol/gcc/lib --enable-cloog-backend=isl
BOOT_CFLAGS=-g -O2