This is the mail archive of the gcc-testresults@gcc.gnu.org mailing list for the GCC project.


Index Nav: [Date Index] [Subject Index] [Author Index] [Thread Index]
Message Nav: [Date Prev] [Date Next] [Thread Prev] [Thread Next]
Other format: [Raw text]

Results for 4.7.2 (GCC) testsuite on i686-pc-linux-gnu


LAST_UPDATED: Obtained from SVN: tags/gcc_4_7_2_release revision 191558

Native configuration is i686-pc-linux-gnu

		=== g++ tests ===


Running target unix
ERROR: g++.dg/abi/mangle33.C -std=c++98: error executing dg-final:
couldn't compile regular expression pattern: out of memory
UNRESOLVED: g++.dg/abi/mangle33.C -std=c++98: error executing
dg-final: couldn't compile regular expression pattern: out of memory
ERROR: g++.dg/abi/mangle33.C -std=c++11: error executing dg-final:
couldn't compile regular expression pattern: out of memory
UNRESOLVED: g++.dg/abi/mangle33.C -std=c++11: error executing
dg-final: couldn't compile regular expression pattern: out of memory

		=== g++ Summary ===

# of expected passes		47721
# of expected failures		286
# of unresolved testcases	2
# of unsupported tests		315
/sources/gcc-build/gcc/testsuite/g++/../../g++  version 4.7.2 (GCC)

		=== gcc tests ===


Running target unix
XPASS: gcc.dg/inline_3.c (test for excess errors)
XPASS: gcc.dg/inline_4.c (test for excess errors)
XPASS: gcc.dg/unroll_2.c (test for excess errors)
XPASS: gcc.dg/unroll_3.c (test for excess errors)
XPASS: gcc.dg/unroll_4.c (test for excess errors)

		=== gcc Summary ===

# of expected passes		85394
# of unexpected successes	5
# of expected failures		258
# of unsupported tests		905
/sources/gcc-build/gcc/xgcc  version 4.7.2 (GCC)

		=== libgomp tests ===


Running target unix

		=== libgomp Summary ===

# of expected passes		1241
		=== libitm tests ===


Running target unix

		=== libitm Summary ===

# of expected passes		26
# of expected failures		3
# of unsupported tests		1
		=== libmudflap tests ===


Running target unix
ERROR: tcl error sourcing
/sources/gcc-4.7.2/libmudflap/testsuite/libmudflap.cth/cthfrags.exp.
ERROR: couldn't compile regular expression pattern: out of memory

		=== libmudflap Summary ===

# of expected passes		1256
		=== libstdc++ tests ===


Running target unix
FAIL: 22_locale/time_get/get_weekday/char/38081-2.cc execution test

		=== libstdc++ Summary ===

# of expected passes		8799
# of unexpected failures	1
# of expected failures		43
# of unsupported tests		198

Compiler version: 4.7.2 (GCC)
Platform: i686-pc-linux-gnu
configure flags: --prefix=/usr --libexecdir=/usr/lib --enable-shared
--enable-threads=posix --enable-__cxa_atexit --enable-clocale=gnu
--enable-languages=c,c++ --disable-multilib --disable-bootstrap
--with-system-zlib


Index Nav: [Date Index] [Subject Index] [Author Index] [Thread Index]
Message Nav: [Date Prev] [Date Next] [Thread Prev] [Thread Next]