This is the mail archive of the gcc-testresults@gcc.gnu.org mailing list for the GCC project.


Index Nav: [Date Index] [Subject Index] [Author Index] [Thread Index]
Message Nav: [Date Prev] [Date Next] [Thread Prev] [Thread Next]
Other format: [Raw text]

Results for 4.8.0 20130111 (experimental) [trunk revision 195102] (GCC) testsuite on sh4-unknown-linux-gnu


Remote host: linux 2.6.22 sh4
GNU C Library version 2.7.90

LAST_UPDATED: Fri Jan 11 02:36:34 UTC 2013 (revision 195102)

Target is sh4-unknown-linux-gnu
Host   is i686-pc-linux-gnu

		=== g++ tests ===


Running target unix
WARNING: Assuming target board is the local machine (which is probably wrong).

		=== g++ Summary ===

# of expected passes		49402
# of expected failures		287
# of unsupported tests		903
/exp/ldroot/dodes/xsh-gcc-orig/gcc/testsuite/g++/../../xg++  version 4.8.0 20130111 (experimental) [trunk revision 195102] (GCC) 

Host   is i686-pc-linux-gnu

		=== gcc tests ===


Running target unix
WARNING: Assuming target board is the local machine (which is probably wrong).
FAIL: gcc.dg/cproj-fails-with-broken-glibc.c execution test
FAIL: gcc.dg/torture/pr55890-1.c  -O1  (internal compiler error)
FAIL: gcc.dg/torture/pr55890-1.c  -O1  (test for excess errors)
XPASS: gcc.dg/tree-ssa/20040204-1.c scan-tree-dump-times optimized "link_error" 0
FAIL: gcc.dg/tree-ssa/sra-12.c scan-tree-dump-times release_ssa "l;" 0
FAIL: gcc.target/sh/pr54685.c scan-assembler-not not

		=== gcc Summary ===

# of expected passes		79174
# of unexpected failures	5
# of unexpected successes	1
# of expected failures		128
# of unsupported tests		1304
/exp/ldroot/dodes/xsh-gcc-orig/gcc/xgcc  version 4.8.0 20130111 (experimental) [trunk revision 195102] (GCC) 

Host   is i686-pc-linux-gnu

		=== gfortran tests ===


Running target unix
WARNING: Assuming target board is the local machine (which is probably wrong).
FAIL: gfortran.dg/assumed_rank_1.f90  -O2  execution test
FAIL: gfortran.dg/assumed_rank_bounds_1.f90  -O2  execution test
FAIL: gfortran.dg/common_14.f90  -O   (test for warnings, line 16)
FAIL: gfortran.dg/common_14.f90  -O   (test for warnings, line 22)
FAIL: gfortran.dg/common_14.f90  -O  (test for excess errors)
XPASS: gfortran.dg/do_1.f90  -O0  execution test
XPASS: gfortran.dg/do_1.f90  -O1  execution test
FAIL: gfortran.dg/nearest_1.f90  -O0  execution test
FAIL: gfortran.dg/nearest_1.f90  -O1  execution test
FAIL: gfortran.dg/nearest_1.f90  -O2  execution test
FAIL: gfortran.dg/nearest_1.f90  -O3 -fomit-frame-pointer  execution test
FAIL: gfortran.dg/nearest_1.f90  -O3 -fomit-frame-pointer -funroll-loops  execution test
FAIL: gfortran.dg/nearest_1.f90  -O3 -fomit-frame-pointer -funroll-all-loops -finline-functions  execution test
FAIL: gfortran.dg/nearest_1.f90  -O3 -g  execution test
FAIL: gfortran.dg/nearest_1.f90  -Os  execution test
FAIL: gfortran.dg/shift-alloc.f90  -O3 -g  (internal compiler error)
FAIL: gfortran.dg/shift-alloc.f90  -O3 -g  (test for excess errors)
WARNING: gfortran.dg/shift-alloc.f90  -O3 -g  compilation failed to produce executable
FAIL: gfortran.dg/lto/pr45586-2 f_lto_pr45586-2_0.o-f_lto_pr45586-2_0.o link, -O0 -flto -flto-partition=none -fuse-linker-plugin (internal compiler error)
UNRESOLVED: gfortran.dg/lto/pr45586-2 f_lto_pr45586-2_0.o-f_lto_pr45586-2_0.o execute -O0 -flto -flto-partition=none -fuse-linker-plugin
FAIL: gfortran.dg/lto/pr45586-2 f_lto_pr45586-2_0.o-f_lto_pr45586-2_0.o link, -O0 -flto -flto-partition=1to1 -fno-use-linker-plugin  (internal compiler error)
UNRESOLVED: gfortran.dg/lto/pr45586-2 f_lto_pr45586-2_0.o-f_lto_pr45586-2_0.o execute -O0 -flto -flto-partition=1to1 -fno-use-linker-plugin 
FAIL: gfortran.dg/lto/pr45586-2 f_lto_pr45586-2_0.o-f_lto_pr45586-2_0.o link, -O0 -flto -fuse-linker-plugin -fno-fat-lto-objects  (internal compiler error)
UNRESOLVED: gfortran.dg/lto/pr45586-2 f_lto_pr45586-2_0.o-f_lto_pr45586-2_0.o execute -O0 -flto -fuse-linker-plugin -fno-fat-lto-objects 
FAIL: gfortran.dg/lto/pr45586 f_lto_pr45586_0.o-f_lto_pr45586_0.o link, -O0 -flto -flto-partition=none -fuse-linker-plugin (internal compiler error)
UNRESOLVED: gfortran.dg/lto/pr45586 f_lto_pr45586_0.o-f_lto_pr45586_0.o execute -O0 -flto -flto-partition=none -fuse-linker-plugin
FAIL: gfortran.dg/lto/pr45586 f_lto_pr45586_0.o-f_lto_pr45586_0.o link, -O0 -flto -flto-partition=1to1 -fno-use-linker-plugin  (internal compiler error)
UNRESOLVED: gfortran.dg/lto/pr45586 f_lto_pr45586_0.o-f_lto_pr45586_0.o execute -O0 -flto -flto-partition=1to1 -fno-use-linker-plugin 
FAIL: gfortran.dg/lto/pr45586 f_lto_pr45586_0.o-f_lto_pr45586_0.o link, -O0 -flto -fuse-linker-plugin -fno-fat-lto-objects  (internal compiler error)
UNRESOLVED: gfortran.dg/lto/pr45586 f_lto_pr45586_0.o-f_lto_pr45586_0.o execute -O0 -flto -fuse-linker-plugin -fno-fat-lto-objects 

		=== gfortran Summary ===

# of expected passes		41521
# of unexpected failures	21
# of unexpected successes	2
# of expected failures		48
# of unresolved testcases	6
# of unsupported tests		386
/exp/ldroot/dodes/xsh-gcc-orig/gcc/testsuite/gfortran/../../gfortran  version 4.8.0 20130111 (experimental) [trunk revision 195102] (GCC) 

Host   is i686-pc-linux-gnu

		=== objc tests ===


Running target unix
WARNING: Assuming target board is the local machine (which is probably wrong).

		=== objc Summary ===

# of expected passes		2994
# of unsupported tests		74
/exp/ldroot/dodes/xsh-gcc-orig/gcc/xgcc  version 4.8.0 20130111 (experimental) [trunk revision 195102] (GCC) 

Host   is sh4-unknown-linux-gnu

		=== boehm-gc tests ===


Running target unix
WARNING: Assuming target board is the local machine (which is probably wrong).

		=== boehm-gc Summary ===

# of expected passes		12
# of unsupported tests		1
Host   is sh4-unknown-linux-gnu

		=== libatomic tests ===


Running target unix
WARNING: Assuming target board is the local machine (which is probably wrong).

		=== libatomic Summary ===

# of expected passes		4
# of unsupported tests		25
Host   is sh4-unknown-linux-gnu

		=== libffi tests ===


Running target unix
WARNING: Assuming target board is the local machine (which is probably wrong).

		=== libffi Summary ===

# of expected passes		1819
# of unsupported tests		55
Host   is sh4-unknown-linux-gnu

		=== libgomp tests ===


Running target unix
WARNING: Assuming target board is the local machine (which is probably wrong).

		=== libgomp Summary ===

# of expected passes		2917
# of unsupported tests		8
Host   is sh4-unknown-linux-gnu

		=== libitm tests ===


Running target unix
WARNING: Assuming target board is the local machine (which is probably wrong).

		=== libitm Summary ===

# of expected passes		26
# of expected failures		3
# of unsupported tests		1
Host   is sh4-unknown-linux-gnu

		=== libjava tests ===


Running target unix
WARNING: Assuming target board is the local machine (which is probably wrong).
FAIL: sourcelocation output - source compiled test
FAIL: sourcelocation -findirect-dispatch output - source compiled test
FAIL: sourcelocation -O3 output - source compiled test
FAIL: sourcelocation -O3 -findirect-dispatch output - source compiled test

		=== libjava Summary ===

# of expected passes		2413
# of unexpected failures	4
# of untested testcases		4
Host   is sh4-unknown-linux-gnu

		=== libmudflap tests ===


Running target unix
WARNING: Assuming target board is the local machine (which is probably wrong).
FAIL: libmudflap.c/fail37-frag.c (-O2) crash test
FAIL: libmudflap.c/fail37-frag.c (-O2) output pattern test
FAIL: libmudflap.c/fail37-frag.c (-O3) crash test
FAIL: libmudflap.c/fail37-frag.c (-O3) output pattern test
FAIL: libmudflap.c++/pass41-frag.cxx (-static) execution test
FAIL: libmudflap.c++/pass41-frag.cxx ( -O) execution test
FAIL: libmudflap.c++/pass41-frag.cxx (-O2) execution test
FAIL: libmudflap.c++/pass41-frag.cxx (-O3) execution test

		=== libmudflap Summary ===

# of expected passes		1898
# of unexpected failures	8
Host   is sh4-unknown-linux-gnu

		=== libstdc++ tests ===


Running target unix
WARNING: Assuming target board is the local machine (which is probably wrong).

		=== libstdc++ Summary ===

# of expected passes		8079
# of expected failures		43
# of unsupported tests		626

Compiler version: 4.8.0 20130111 (experimental) [trunk revision 195102] (GCC) 
Platform: sh4-unknown-linux-gnu
configure flags: --target=sh4-unknown-linux-gnu --enable-build-with-cxx --enable-lto --enable-shared --enable-threads=posix --enable-clocale=gnu --enable-libitm --enable-libgcj --with-ld=/usr/local/bin/sh4-unknown-linux-gnu-ld --with-as=/usr/local/bin/sh4-unknown-linux-gnu-as --with-sysroot=/exp/ldroot --with-mpfr=/opt2/i686-pc-linux-gnu --with-mpc=/opt2/i686-pc-linux-gnu --with-libelf=/opt2/i686-pc-linux-gnu --with-ppl=no target_alias=sh4-unknown-linux-gnu --enable-languages=c,c++,fortran,java,lto,objc


Index Nav: [Date Index] [Subject Index] [Author Index] [Thread Index]
Message Nav: [Date Prev] [Date Next] [Thread Prev] [Thread Next]