This is the mail archive of the gcc-testresults@gcc.gnu.org mailing list for the GCC project.


Index Nav: [Date Index] [Subject Index] [Author Index] [Thread Index]
Message Nav: [Date Prev] [Date Next] [Thread Prev] [Thread Next]
Other format: [Raw text]

Results for 4.7.2 (GCC) testsuite on powerpc-unknown-linux-gnu


-- Build environment ----------------------------------------------------------
Kernel:	Linux (none) 3.8.0-rc2-imac #1 PREEMPT Fri Jan 4 16:53:55 EET 2013 ppc64 GNU/Linux
CPU:	processor	: 0
	cpu		: PPC970FX, altivec supported
	clock		: 900.000000MHz
	revision	: 3.0 (pvr 003c 0300)
	timebase	: 33333333
	platform	: PowerMac
	model		: PowerMac8,1
	machine		: PowerMac8,1
	motherboard	: PowerMac8,1 MacRISC4 Power Macintosh 
	detected as	: 338 (iMac G5)
	pmac flags	: 00000000
	L2 cache	: 512K unified
	pmac-generation	: NewWorld
-- Time consumed --------------------------------------------------------------
Build:	real	280m39.136s
	user	258m6.270s
	sys	18m2.811s
Test:   real	320m31.594s
	user	258m27.459s
	sys	60m10.941s
-------------------------------------------------------------------------------
LAST_UPDATED: Obtained from SVN: tags/gcc_4_7_2_release revision 191558

Native configuration is powerpc-unknown-linux-gnu

		=== g++ tests ===


Running target unix
ERROR: g++.dg/abi/mangle33.C -std=c++98: error executing dg-final: couldn't compile regular expression pattern: out of memory
UNRESOLVED: g++.dg/abi/mangle33.C -std=c++98: error executing dg-final: couldn't compile regular expression pattern: out of memory
ERROR: g++.dg/abi/mangle33.C -std=c++11: error executing dg-final: couldn't compile regular expression pattern: out of memory
UNRESOLVED: g++.dg/abi/mangle33.C -std=c++11: error executing dg-final: couldn't compile regular expression pattern: out of memory

		=== g++ Summary ===

# of expected passes		47241
# of expected failures		286
# of unresolved testcases	2
# of unsupported tests		601
/TEST/build/gcc/testsuite/g++/../../g++  version 4.7.2 (GCC) 

		=== gcc tests ===


Running target unix
FAIL: gcc.dg/and-1.c scan-assembler-not nand
FAIL: gcc.dg/pr53060.c (test for excess errors)
FAIL: gcc.dg/torture/pr53589.c  -O3 -g  (internal compiler error)
FAIL: gcc.dg/torture/pr53589.c  -O3 -g  (test for excess errors)
FAIL: gcc.dg/tree-ssa/sra-12.c scan-tree-dump-times release_ssa "l;" 0
FAIL: gcc.dg/tree-ssa/ssa-dom-thread-4.c scan-tree-dump-times dom1 "Threaded" 3
FAIL: gcc.dg/tree-ssa/vrp47.c scan-tree-dump-times vrp1 "[xy][^ ]* !=" 0
FAIL: gcc.dg/tree-ssa/vrp47.c scan-tree-dump-times dom2 "x[^ ]* & y" 1
FAIL: gcc.dg/vect/vect-outer-5.c -flto execution test
FAIL: gcc.dg/vect/vect-reduc-2char.c -flto execution test
FAIL: gcc.dg/vmx/3b-13.c  -O0  (test for excess errors)
UNRESOLVED: gcc.dg/vmx/3b-13.c  -O0  compilation failed to produce executable
FAIL: gcc.dg/vmx/3b-13.c  -O1  (test for excess errors)
UNRESOLVED: gcc.dg/vmx/3b-13.c  -O1  compilation failed to produce executable
FAIL: gcc.dg/vmx/3b-13.c  -O2  (test for excess errors)
UNRESOLVED: gcc.dg/vmx/3b-13.c  -O2  compilation failed to produce executable
FAIL: gcc.dg/vmx/3b-13.c  -O3 -fomit-frame-pointer  (test for excess errors)
UNRESOLVED: gcc.dg/vmx/3b-13.c  -O3 -fomit-frame-pointer  compilation failed to produce executable
FAIL: gcc.dg/vmx/3b-13.c  -O3 -g  (test for excess errors)
UNRESOLVED: gcc.dg/vmx/3b-13.c  -O3 -g  compilation failed to produce executable
FAIL: gcc.dg/vmx/3b-13.c  -Os  (test for excess errors)
UNRESOLVED: gcc.dg/vmx/3b-13.c  -Os  compilation failed to produce executable
FAIL: gcc.dg/vmx/3b-13.c  -O2 -flto -fno-use-linker-plugin -flto-partition=none  (test for excess errors)
UNRESOLVED: gcc.dg/vmx/3b-13.c  -O2 -flto -fno-use-linker-plugin -flto-partition=none  compilation failed to produce executable
FAIL: gcc.dg/vmx/3b-13.c  -O2 -flto -fuse-linker-plugin -fno-fat-lto-objects  (test for excess errors)
UNRESOLVED: gcc.dg/vmx/3b-13.c  -O2 -flto -fuse-linker-plugin -fno-fat-lto-objects  compilation failed to produce executable
ERROR: tcl error sourcing /TEST/gcc-4.7.2/gcc/testsuite/gcc.misc-tests/linkage.exp.
ERROR: couldn't execute "file": no such file or directory
FAIL: gcc.target/powerpc/405-dlmzb-strlen-1.c scan-assembler dlmzb\\\\. 
FAIL: gcc.target/powerpc/440-dlmzb-strlen-1.c scan-assembler dlmzb\\\\. 
FAIL: gcc.target/powerpc/ppc-vector-memcpy.c scan-assembler lvx

		=== gcc Summary ===

# of expected passes		80470
# of unexpected failures	21
# of expected failures		224
# of unresolved testcases	8
# of unsupported tests		1234
/TEST/build/gcc/xgcc  version 4.7.2 (GCC) 

		=== libgomp tests ===


Running target unix

		=== libgomp Summary ===

# of expected passes		1239
# of unsupported tests		1
		=== libitm tests ===


Running target unix

		=== libitm Summary ===

# of expected passes		26
# of expected failures		3
# of unsupported tests		1
		=== libmudflap tests ===


Running target unix
ERROR: tcl error sourcing /TEST/gcc-4.7.2/libmudflap/testsuite/libmudflap.cth/cthfrags.exp.
ERROR: couldn't compile regular expression pattern: out of memory

		=== libmudflap Summary ===

# of expected passes		1256
		=== libstdc++ tests ===


Running target unix
FAIL: libstdc++-abi/abi_check

		=== libstdc++ Summary ===

# of expected passes		8241
# of unexpected failures	1
# of expected failures		43
# of unsupported tests		477

Compiler version: 4.7.2 (GCC) 
Platform: powerpc-unknown-linux-gnu
configure flags: --with-cpu=powerpc --enable-targets=all --disable-nls --enable-languages=c --host=powerpc-unknown-linux-gnu --build=powerpc-unknown-linux-gnu --target=powerpc-unknown-linux-gnu --with-system-zlib --with-sysroot=/ --disable-static --enable-shared


Index Nav: [Date Index] [Subject Index] [Author Index] [Thread Index]
Message Nav: [Date Prev] [Date Next] [Thread Prev] [Thread Next]