This is the mail archive of the
gcc-testresults@gcc.gnu.org
mailing list for the GCC project.
Results for 4.8.0 20130108 (experimental) [trunk revision 195003] (GCC) testsuite on hppa64-hp-hpux11.11
- From: John David Anglin <dave at hiauly3 dot hia dot nrc dot ca>
- To: dave at hiauly3 dot hia dot nrc dot ca, gcc-testresults at gcc dot gnu dot org
- Date: Wed, 9 Jan 2013 17:31:08 -0500 (EST)
- Subject: Results for 4.8.0 20130108 (experimental) [trunk revision 195003] (GCC) testsuite on hppa64-hp-hpux11.11
Native configuration is hppa64-hp-hpux11.11
=== g++ tests ===
Running target unix
FAIL: g++.dg/debug/dwarf2/non-virtual-thunk.C -std=gnu++98 scan-assembler thunk.C:30
FAIL: g++.dg/debug/dwarf2/non-virtual-thunk.C -std=gnu++11 scan-assembler thunk.C:30
WARNING: program timed out.
=== g++ Summary ===
# of expected passes 47925
# of unexpected failures 2
# of expected failures 293
# of unsupported tests 1069
/test/gnu/gcc/objdir/gcc/testsuite/g++/../../xg++ version 4.8.0 20130108 (experimental) [trunk revision 195003] (GCC)
=== gcc tests ===
Running target unix
FAIL: gcc.c-torture/execute/pr51447.c compilation, -O2 (internal compiler error)
UNRESOLVED: gcc.c-torture/execute/pr51447.c execution, -O2
FAIL: gcc.c-torture/execute/pr51447.c compilation, -O3 -fomit-frame-pointer (internal compiler error)
UNRESOLVED: gcc.c-torture/execute/pr51447.c execution, -O3 -fomit-frame-pointer
FAIL: gcc.c-torture/execute/pr51447.c compilation, -O3 -g (internal compiler error)
UNRESOLVED: gcc.c-torture/execute/pr51447.c execution, -O3 -g
FAIL: gcc.c-torture/execute/pr51447.c compilation, -O2 -flto -flto-partition=none (internal compiler error)
UNRESOLVED: gcc.c-torture/execute/pr51447.c execution, -O2 -flto -flto-partition=none
FAIL: gcc.c-torture/execute/pr51447.c compilation, -O2 -flto (internal compiler error)
UNRESOLVED: gcc.c-torture/execute/pr51447.c execution, -O2 -flto
FAIL: gcc.dg/pr44194-1.c scan-rtl-dump dse1 "global deletions = (2|3)"
FAIL: gcc.dg/pr44194-1.c scan-rtl-dump-not final "insn [^\\n]*set \\\\(mem"
WARNING: program timed out.
FAIL: gcc.dg/torture/pr55890-1.c -O1 (internal compiler error)
FAIL: gcc.dg/torture/pr55890-1.c -O1 (test for excess errors)
FAIL: gcc.dg/torture/pr55890-1.c -O2 (internal compiler error)
FAIL: gcc.dg/torture/pr55890-1.c -O2 (test for excess errors)
FAIL: gcc.dg/torture/pr55890-1.c -O3 -fomit-frame-pointer (internal compiler error)
FAIL: gcc.dg/torture/pr55890-1.c -O3 -fomit-frame-pointer (test for excess errors)
FAIL: gcc.dg/torture/pr55890-1.c -O3 -g (internal compiler error)
FAIL: gcc.dg/torture/pr55890-1.c -O3 -g (test for excess errors)
FAIL: gcc.dg/torture/pr55890-1.c -Os (internal compiler error)
FAIL: gcc.dg/torture/pr55890-1.c -Os (test for excess errors)
FAIL: gcc.dg/torture/pr55890-1.c -O2 -flto -flto-partition=none (internal compiler error)
FAIL: gcc.dg/torture/pr55890-1.c -O2 -flto -flto-partition=none (test for excess errors)
FAIL: gcc.dg/torture/pr55890-1.c -O2 -flto (internal compiler error)
FAIL: gcc.dg/torture/pr55890-1.c -O2 -flto (test for excess errors)
FAIL: gcc.dg/torture/pr55890-2.c -O1 (internal compiler error)
FAIL: gcc.dg/torture/pr55890-2.c -O1 (test for excess errors)
FAIL: gcc.dg/torture/pr55890-2.c -O2 (internal compiler error)
FAIL: gcc.dg/torture/pr55890-2.c -O2 (test for excess errors)
FAIL: gcc.dg/torture/pr55890-2.c -O3 -fomit-frame-pointer (internal compiler error)
FAIL: gcc.dg/torture/pr55890-2.c -O3 -fomit-frame-pointer (test for excess errors)
FAIL: gcc.dg/torture/pr55890-2.c -O3 -g (internal compiler error)
FAIL: gcc.dg/torture/pr55890-2.c -O3 -g (test for excess errors)
FAIL: gcc.dg/torture/pr55890-2.c -Os (internal compiler error)
FAIL: gcc.dg/torture/pr55890-2.c -Os (test for excess errors)
FAIL: gcc.dg/torture/pr55890-2.c -O2 -flto -flto-partition=none (internal compiler error)
FAIL: gcc.dg/torture/pr55890-2.c -O2 -flto -flto-partition=none (test for excess errors)
FAIL: gcc.dg/torture/pr55890-2.c -O2 -flto (internal compiler error)
FAIL: gcc.dg/torture/pr55890-2.c -O2 -flto (test for excess errors)
=== gcc Summary ===
# of expected passes 76882
# of unexpected failures 35
# of expected failures 122
# of unresolved testcases 5
# of unsupported tests 1537
/test/gnu/gcc/objdir/gcc/xgcc version 4.8.0 20130108 (experimental) [trunk revision 195003] (GCC)
=== gfortran tests ===
Running target unix
XPASS: gfortran.dg/do_1.f90 -O0 execution test
XPASS: gfortran.dg/do_1.f90 -O1 execution test
FAIL: gfortran.dg/intrinsic_size_3.f90 -O scan-tree-dump-times original "iszs = \\\\(integer\\\\(kind=2\\\\)\\\\) MAX_EXPR <\\\\(D.....->dim.0..ubound - D.....->dim.0..lbound\\\\) \\\\+ 1, 0>;" 1
FAIL: gfortran.dg/guality/pr41558.f90 -O0 line 7 s == 'foo'
FAIL: gfortran.dg/guality/pr41558.f90 -O1 line 7 s == 'foo'
FAIL: gfortran.dg/guality/pr41558.f90 -O2 line 7 s == 'foo'
FAIL: gfortran.dg/guality/pr41558.f90 -O3 -fomit-frame-pointer line 7 s == 'foo'
FAIL: gfortran.dg/guality/pr41558.f90 -O3 -fomit-frame-pointer -funroll-loops line 7 s == 'foo'
FAIL: gfortran.dg/guality/pr41558.f90 -O3 -fomit-frame-pointer -funroll-all-loops -finline-functions line 7 s == 'foo'
FAIL: gfortran.dg/guality/pr41558.f90 -O3 -g line 7 s == 'foo'
FAIL: gfortran.dg/guality/pr41558.f90 -Os line 7 s == 'foo'
FAIL: gfortran.dg/lto/pr45586-2 f_lto_pr45586-2_0.o-f_lto_pr45586-2_0.o link, -O0 -flto -flto-partition=none (internal compiler error)
UNRESOLVED: gfortran.dg/lto/pr45586-2 f_lto_pr45586-2_0.o-f_lto_pr45586-2_0.o execute -O0 -flto -flto-partition=none
FAIL: gfortran.dg/lto/pr45586-2 f_lto_pr45586-2_0.o-f_lto_pr45586-2_0.o link, -O0 -flto -flto-partition=1to1 (internal compiler error)
UNRESOLVED: gfortran.dg/lto/pr45586-2 f_lto_pr45586-2_0.o-f_lto_pr45586-2_0.o execute -O0 -flto -flto-partition=1to1
FAIL: gfortran.dg/lto/pr45586-2 f_lto_pr45586-2_0.o-f_lto_pr45586-2_0.o link, -O0 -flto (internal compiler error)
UNRESOLVED: gfortran.dg/lto/pr45586-2 f_lto_pr45586-2_0.o-f_lto_pr45586-2_0.o execute -O0 -flto
FAIL: gfortran.dg/lto/pr45586 f_lto_pr45586_0.o-f_lto_pr45586_0.o link, -O0 -flto -flto-partition=none (internal compiler error)
UNRESOLVED: gfortran.dg/lto/pr45586 f_lto_pr45586_0.o-f_lto_pr45586_0.o execute -O0 -flto -flto-partition=none
FAIL: gfortran.dg/lto/pr45586 f_lto_pr45586_0.o-f_lto_pr45586_0.o link, -O0 -flto -flto-partition=1to1 (internal compiler error)
UNRESOLVED: gfortran.dg/lto/pr45586 f_lto_pr45586_0.o-f_lto_pr45586_0.o execute -O0 -flto -flto-partition=1to1
FAIL: gfortran.dg/lto/pr45586 f_lto_pr45586_0.o-f_lto_pr45586_0.o link, -O0 -flto (internal compiler error)
UNRESOLVED: gfortran.dg/lto/pr45586 f_lto_pr45586_0.o-f_lto_pr45586_0.o execute -O0 -flto
=== gfortran Summary ===
# of expected passes 41443
# of unexpected failures 15
# of unexpected successes 2
# of expected failures 48
# of unresolved testcases 6
# of unsupported tests 378
/test/gnu/gcc/objdir/gcc/testsuite/gfortran/../../gfortran version 4.8.0 20130108 (experimental) [trunk revision 195003] (GCC)
=== obj-c++ tests ===
Running target unix
=== obj-c++ Summary ===
# of expected passes 1442
# of expected failures 10
# of unsupported tests 86
/test/gnu/gcc/objdir/gcc/testsuite/obj-c++/../../xg++ version 4.8.0 20130108 (experimental) [trunk revision 195003] (GCC)
=== objc tests ===
Running target unix
=== objc Summary ===
# of expected passes 2992
# of unsupported tests 75
/test/gnu/gcc/objdir/gcc/xgcc version 4.8.0 20130108 (experimental) [trunk revision 195003] (GCC)
=== libatomic tests ===
Running target unix
=== libatomic Summary ===
# of expected passes 4
# of unsupported tests 25
=== libgomp tests ===
Running target unix
FAIL: libgomp.fortran/use_intrinsic_1.f90 -O (test for excess errors)
=== libgomp Summary ===
# of expected passes 2912
# of unexpected failures 1
# of unsupported tests 10
=== libstdc++ tests ===
Running target unix
=== libstdc++ Summary ===
# of expected passes 7579
# of expected failures 43
# of unsupported tests 881
Compiler version: 4.8.0 20130108 (experimental) [trunk revision 195003] (GCC)
Platform: hppa64-hp-hpux11.11
configure flags:Test Run By dave on Tue Jan 8 21:11:22 2013