This is the mail archive of the
gcc-testresults@gcc.gnu.org
mailing list for the GCC project.
Results for 4.8.0 20121211 (experimental) [lra revision 194873] (GCC) testsuite on mipsisa64-unknown-elf
- From: stevenb at gcc1-power7 dot osuosl dot org
- To: gcc-testresults at gcc dot gnu dot org
- Date: Thu, 03 Jan 2013 17:30:59 -0800
- Subject: Results for 4.8.0 20121211 (experimental) [lra revision 194873] (GCC) testsuite on mipsisa64-unknown-elf
LAST_UPDATED: Thu Jan 3 23:56:13 UTC 2013 (revision 194873)
Target is mipsisa64-unknown-elf
Host is powerpc64-unknown-linux-gnu
=== binutils tests ===
Running target mips-sim-idt64
FAIL: simple objcopy of debug data
=== binutils Summary ===
# of expected passes 82
# of unexpected failures 1
# of expected failures 2
# of unsupported tests 6
Host is powerpc64-unknown-linux-gnu
=== gas tests ===
Running target mips-sim-idt64
=== gas Summary ===
# of expected passes 2207
# of expected failures 1
=== gcc tests ===
Running target mips-sim-idt64
FAIL: gcc.dg/cpp/cmdlne-M-2.c (test for excess errors)
UNRESOLVED: gcc.dg/cpp/cmdlne-M-2.c scan-file (^|\\\\n)cmdlne-M-2.o:
UNRESOLVED: gcc.dg/cpp/cmdlne-M-2.c scan-file cmdlne-M-2.c
UNRESOLVED: gcc.dg/cpp/cmdlne-M-2.c scan-file \\\\\\\\#cmdlne-M-2.h
UNRESOLVED: gcc.dg/cpp/cmdlne-M-2.c scan-file cmdlne-M-2\\\\\\\\#.h
FAIL: gcc.dg/attr-weakref-1.c (test for excess errors)
UNRESOLVED: gcc.dg/attr-weakref-1.c compilation failed to produce executable
FAIL: gcc.dg/pr55150-2.c (test for excess errors)
FAIL: gcc.dg/fixed-point/convert-float-4.c execution test
FAIL: gcc.dg/fixed-point/unary.c execution test
FAIL: gcc.dg/graphite/id-pr46845.c (internal compiler error)
FAIL: gcc.dg/graphite/id-pr46845.c (test for excess errors)
WARNING: program timed out.
FAIL: gcc.dg/graphite/interchange-1.c execution test
WARNING: program timed out.
FAIL: gcc.dg/graphite/interchange-10.c execution test
WARNING: program timed out.
FAIL: gcc.dg/graphite/interchange-11.c execution test
FAIL: gcc.dg/graphite/interchange-15.c execution test
WARNING: program timed out.
FAIL: gcc.dg/graphite/interchange-2.c execution test
WARNING: program timed out.
FAIL: gcc.dg/graphite/interchange-3.c execution test
WARNING: program timed out.
FAIL: gcc.dg/graphite/interchange-4.c execution test
FAIL: gcc.dg/graphite/interchange-mvt.c execution test
WARNING: program timed out.
FAIL: gcc.dg/graphite/pr46185.c execution test
FAIL: gcc.dg/ipa/iinline-4.c scan-ipa-dump inline "hooray4[^\\\\n]*inline copy in test4"
FAIL: gcc.dg/ipa/inline-5.c scan-ipa-dump-times inline "Will be eliminated" 4
FAIL: gcc.dg/lto/pr54709 c_lto_pr54709_0.o assemble, -fPIC -fvisibility=hidden -flto
FAIL: gcc.dg/lto/pr54709 c_lto_pr54709_1.o assemble, -fPIC -fvisibility=hidden -flto
UNRESOLVED: gcc.dg/lto/pr54709 c_lto_pr54709_0.o-c_lto_pr54709_1.o link -fPIC -fvisibility=hidden -flto
UNRESOLVED: gcc.dg/lto/pr54709 c_lto_pr54709_0.o-c_lto_pr54709_1.o execute -fPIC -fvisibility=hidden -flto
FAIL: gcc.dg/tree-ssa/slsr-8.c scan-tree-dump-times optimized " \\\\* " 7
FAIL: gcc.dg/tree-ssa/ssa-dom-thread-4.c scan-tree-dump-times dom1 "Threaded" 4
FAIL: gcc.dg/tree-ssa/ssa-pre-1.c scan-tree-dump-times pre "Eliminated: 1" 1
FAIL: gcc.dg/tree-ssa/vector-4.c scan-tree-dump-times gimple "VEC_PERM_EXPR <a, b, { 0, 4, 1, 5 }>;" 1
XPASS: gcc.dg/vect/vect-outer-5.c scan-tree-dump vect "zero step in outer loop."
XPASS: gcc.dg/vect/vect-outer-5.c -flto scan-tree-dump vect "zero step in outer loop."
XPASS: gcc.target/mips/dspr2-MULT.c -O1 scan-assembler \\\\\$ac1
XPASS: gcc.target/mips/dspr2-MULT.c -O2 scan-assembler \\\\\$ac1
XPASS: gcc.target/mips/dspr2-MULT.c -O3 -fomit-frame-pointer scan-assembler \\\\\$ac1
XPASS: gcc.target/mips/dspr2-MULT.c -O3 -g scan-assembler \\\\\$ac1
XPASS: gcc.target/mips/dspr2-MULT.c -Os scan-assembler \\\\\$ac1
XPASS: gcc.target/mips/dspr2-MULT.c -O2 -flto -fno-use-linker-plugin -flto-partition=none scan-assembler \\\\\$ac1
XPASS: gcc.target/mips/dspr2-MULT.c -O2 -flto -fuse-linker-plugin -fno-fat-lto-objects scan-assembler \\\\\$ac1
XPASS: gcc.target/mips/dspr2-MULTU.c -O1 scan-assembler \\\\\$ac1
XPASS: gcc.target/mips/dspr2-MULTU.c -O2 scan-assembler \\\\\$ac1
XPASS: gcc.target/mips/dspr2-MULTU.c -O3 -fomit-frame-pointer scan-assembler \\\\\$ac1
XPASS: gcc.target/mips/dspr2-MULTU.c -O3 -g scan-assembler \\\\\$ac1
XPASS: gcc.target/mips/dspr2-MULTU.c -Os scan-assembler \\\\\$ac1
XPASS: gcc.target/mips/dspr2-MULTU.c -O2 -flto -fno-use-linker-plugin -flto-partition=none scan-assembler \\\\\$ac1
XPASS: gcc.target/mips/dspr2-MULTU.c -O2 -flto -fuse-linker-plugin -fno-fat-lto-objects scan-assembler \\\\\$ac1
FAIL: gcc.target/mips/fpr-moves-7.c -O0 (internal compiler error)
FAIL: gcc.target/mips/fpr-moves-7.c -O0 (test for excess errors)
FAIL: gcc.target/mips/fpr-moves-7.c -O1 (internal compiler error)
FAIL: gcc.target/mips/fpr-moves-7.c -O1 (test for excess errors)
FAIL: gcc.target/mips/fpr-moves-7.c -O2 (internal compiler error)
FAIL: gcc.target/mips/fpr-moves-7.c -O2 (test for excess errors)
FAIL: gcc.target/mips/fpr-moves-7.c -O3 -fomit-frame-pointer (internal compiler error)
FAIL: gcc.target/mips/fpr-moves-7.c -O3 -fomit-frame-pointer (test for excess errors)
FAIL: gcc.target/mips/fpr-moves-7.c -O3 -g (internal compiler error)
FAIL: gcc.target/mips/fpr-moves-7.c -O3 -g (test for excess errors)
FAIL: gcc.target/mips/fpr-moves-7.c -Os (internal compiler error)
FAIL: gcc.target/mips/fpr-moves-7.c -Os (test for excess errors)
FAIL: gcc.target/mips/fpr-moves-7.c -O2 -flto -fno-use-linker-plugin -flto-partition=none (internal compiler error)
FAIL: gcc.target/mips/fpr-moves-7.c -O2 -flto -fno-use-linker-plugin -flto-partition=none (test for excess errors)
FAIL: gcc.target/mips/fpr-moves-8.c -O0 (internal compiler error)
FAIL: gcc.target/mips/fpr-moves-8.c -O0 (test for excess errors)
FAIL: gcc.target/mips/fpr-moves-8.c -O1 (internal compiler error)
FAIL: gcc.target/mips/fpr-moves-8.c -O1 (test for excess errors)
FAIL: gcc.target/mips/fpr-moves-8.c -O2 (internal compiler error)
FAIL: gcc.target/mips/fpr-moves-8.c -O2 (test for excess errors)
FAIL: gcc.target/mips/fpr-moves-8.c -O3 -fomit-frame-pointer (internal compiler error)
FAIL: gcc.target/mips/fpr-moves-8.c -O3 -fomit-frame-pointer (test for excess errors)
FAIL: gcc.target/mips/fpr-moves-8.c -O3 -g (internal compiler error)
FAIL: gcc.target/mips/fpr-moves-8.c -O3 -g (test for excess errors)
FAIL: gcc.target/mips/fpr-moves-8.c -Os (internal compiler error)
FAIL: gcc.target/mips/fpr-moves-8.c -Os (test for excess errors)
FAIL: gcc.target/mips/fpr-moves-8.c -O2 -flto -fno-use-linker-plugin -flto-partition=none (internal compiler error)
FAIL: gcc.target/mips/fpr-moves-8.c -O2 -flto -fno-use-linker-plugin -flto-partition=none (test for excess errors)
FAIL: gcc.target/mips/madd-8.c -O1 scan-assembler \\tmul\\t
FAIL: gcc.target/mips/madd-8.c -O1 scan-assembler-not \\tmadd\\t
FAIL: gcc.target/mips/madd-8.c -O1 scan-assembler-not \\tmtlo\\t
FAIL: gcc.target/mips/madd-8.c -O1 scan-assembler-not \\tmflo\\t
FAIL: gcc.target/mips/madd-8.c -O2 scan-assembler \\tmul\\t
FAIL: gcc.target/mips/madd-8.c -O2 scan-assembler-not \\tmadd\\t
FAIL: gcc.target/mips/madd-8.c -O2 scan-assembler-not \\tmtlo\\t
FAIL: gcc.target/mips/madd-8.c -O2 scan-assembler-not \\tmflo\\t
FAIL: gcc.target/mips/madd-8.c -O3 -fomit-frame-pointer scan-assembler \\tmul\\t
FAIL: gcc.target/mips/madd-8.c -O3 -fomit-frame-pointer scan-assembler-not \\tmadd\\t
FAIL: gcc.target/mips/madd-8.c -O3 -fomit-frame-pointer scan-assembler-not \\tmtlo\\t
FAIL: gcc.target/mips/madd-8.c -O3 -fomit-frame-pointer scan-assembler-not \\tmflo\\t
FAIL: gcc.target/mips/madd-8.c -O3 -g scan-assembler \\tmul\\t
FAIL: gcc.target/mips/madd-8.c -O3 -g scan-assembler-not \\tmadd\\t
FAIL: gcc.target/mips/madd-8.c -O3 -g scan-assembler-not \\tmtlo\\t
FAIL: gcc.target/mips/madd-8.c -O3 -g scan-assembler-not \\tmflo\\t
FAIL: gcc.target/mips/madd-8.c -Os scan-assembler \\tmul\\t
FAIL: gcc.target/mips/madd-8.c -Os scan-assembler-not \\tmadd\\t
FAIL: gcc.target/mips/madd-8.c -Os scan-assembler-not \\tmtlo\\t
FAIL: gcc.target/mips/madd-8.c -Os scan-assembler-not \\tmflo\\t
FAIL: gcc.target/mips/madd-8.c -O2 -flto -fno-use-linker-plugin -flto-partition=none scan-assembler \\tmul\\t
FAIL: gcc.target/mips/madd-8.c -O2 -flto -fno-use-linker-plugin -flto-partition=none scan-assembler-not \\tmadd\\t
FAIL: gcc.target/mips/madd-8.c -O2 -flto -fno-use-linker-plugin -flto-partition=none scan-assembler-not \\tmtlo\\t
FAIL: gcc.target/mips/madd-8.c -O2 -flto -fno-use-linker-plugin -flto-partition=none scan-assembler-not \\tmflo\\t
FAIL: gcc.target/mips/madd-8.c -O2 -flto -fuse-linker-plugin -fno-fat-lto-objects scan-assembler \\tmul\\t
FAIL: gcc.target/mips/madd-8.c -O2 -flto -fuse-linker-plugin -fno-fat-lto-objects scan-assembler-not \\tmadd\\t
FAIL: gcc.target/mips/madd-8.c -O2 -flto -fuse-linker-plugin -fno-fat-lto-objects scan-assembler-not \\tmtlo\\t
FAIL: gcc.target/mips/madd-8.c -O2 -flto -fuse-linker-plugin -fno-fat-lto-objects scan-assembler-not \\tmflo\\t
FAIL: gcc.target/mips/msub-8.c -O1 scan-assembler \\tmul\\t
FAIL: gcc.target/mips/msub-8.c -O1 scan-assembler-not \\tmsub\\t
FAIL: gcc.target/mips/msub-8.c -O1 scan-assembler-not \\tmtlo\\t
FAIL: gcc.target/mips/msub-8.c -O1 scan-assembler-not \\tmflo\\t
UNRESOLVED: gcc.target/mips/octeon-pipe-1.c -O2 -flto -fuse-linker-plugin -fno-fat-lto-objects scan-rtl-dump sched2 "octeon_mult\\\\*71"
UNRESOLVED: gcc.target/mips/octeon2-pipe-1.c -O2 -flto -fuse-linker-plugin -fno-fat-lto-objects scan-rtl-dump sched2 "octeon_mult\\\\*17"
UNRESOLVED: gcc.target/mips/pr54240.c -O2 -flto -fuse-linker-plugin -fno-fat-lto-objects scan-tree-dump phiopt1 "Hoisting adjacent loads"
FAIL: gcc.target/mips/pr55315.c -O0 (test for excess errors)
FAIL: gcc.target/mips/pr55315.c -O1 (test for excess errors)
FAIL: gcc.target/mips/pr55315.c -O2 (test for excess errors)
FAIL: gcc.target/mips/pr55315.c -O3 -fomit-frame-pointer (test for excess errors)
FAIL: gcc.target/mips/pr55315.c -O3 -g (test for excess errors)
FAIL: gcc.target/mips/pr55315.c -Os (test for excess errors)
FAIL: gcc.target/mips/pr55315.c -O2 -flto -fno-use-linker-plugin -flto-partition=none (test for excess errors)
FAIL: gcc.target/mips/pr55315.c -O2 -flto -fuse-linker-plugin -fno-fat-lto-objects (test for excess errors)
FAIL: gcc.target/mips/r10k-cache-barrier-10.c -O3 -fomit-frame-pointer -funroll-all-loops -finline-functions scan-assembler-not \\tcache\\t
FAIL: gcc.target/mips/save-restore-1.c -O1 scan-assembler \\tsave\\t\\\\\$4-\\\\\$7
FAIL: gcc.target/mips/save-restore-1.c -O2 scan-assembler \\tsave\\t\\\\\$4-\\\\\$7
FAIL: gcc.target/mips/save-restore-1.c -O3 -fomit-frame-pointer scan-assembler \\tsave\\t\\\\\$4-\\\\\$7
FAIL: gcc.target/mips/save-restore-1.c -O3 -g scan-assembler \\tsave\\t\\\\\$4-\\\\\$7
FAIL: gcc.target/mips/save-restore-1.c -Os scan-assembler \\tsave\\t\\\\\$4-\\\\\$7
FAIL: gcc.target/mips/save-restore-1.c -O2 -flto -fno-use-linker-plugin -flto-partition=none scan-assembler \\tsave\\t\\\\\$4-\\\\\$7
FAIL: gcc.target/mips/save-restore-1.c -O2 -flto -fuse-linker-plugin -fno-fat-lto-objects scan-assembler \\tsave\\t\\\\\$4-\\\\\$7
FAIL: gcc.target/mips/save-restore-2.c -O1 scan-assembler \\tsave\\t\\\\\$4-\\\\\$6,
FAIL: gcc.target/mips/save-restore-2.c -O2 scan-assembler \\tsave\\t\\\\\$4-\\\\\$6,
FAIL: gcc.target/mips/save-restore-2.c -O3 -fomit-frame-pointer scan-assembler \\tsave\\t\\\\\$4-\\\\\$6,
FAIL: gcc.target/mips/save-restore-2.c -O3 -g scan-assembler \\tsave\\t\\\\\$4-\\\\\$6,
FAIL: gcc.target/mips/save-restore-2.c -Os scan-assembler \\tsave\\t\\\\\$4-\\\\\$6,
FAIL: gcc.target/mips/save-restore-2.c -O2 -flto -fno-use-linker-plugin -flto-partition=none scan-assembler \\tsave\\t\\\\\$4-\\\\\$6,
FAIL: gcc.target/mips/save-restore-2.c -O2 -flto -fuse-linker-plugin -fno-fat-lto-objects scan-assembler \\tsave\\t\\\\\$4-\\\\\$6,
FAIL: gcc.target/mips/save-restore-3.c -O1 scan-assembler \\tsave\\t\\\\\$4-\\\\\$6,
FAIL: gcc.target/mips/save-restore-3.c -O2 scan-assembler \\tsave\\t\\\\\$4-\\\\\$6,
FAIL: gcc.target/mips/save-restore-3.c -O3 -fomit-frame-pointer scan-assembler \\tsave\\t\\\\\$4-\\\\\$6,
FAIL: gcc.target/mips/save-restore-3.c -O3 -g scan-assembler \\tsave\\t\\\\\$4-\\\\\$6,
FAIL: gcc.target/mips/save-restore-3.c -Os scan-assembler \\tsave\\t\\\\\$4-\\\\\$6,
FAIL: gcc.target/mips/save-restore-3.c -O2 -flto -fno-use-linker-plugin -flto-partition=none scan-assembler \\tsave\\t\\\\\$4-\\\\\$6,
FAIL: gcc.target/mips/save-restore-3.c -O2 -flto -fuse-linker-plugin -fno-fat-lto-objects scan-assembler \\tsave\\t\\\\\$4-\\\\\$6,
=== gcc Summary ===
# of expected passes 88825
# of unexpected failures 114
# of unexpected successes 16
# of expected failures 206
# of unresolved testcases 10
# of unsupported tests 2444
/home/stevenb/lra_mipsisa64_autotester/cross/build-lra/gcc/xgcc version 4.8.0 20121211 (experimental) [lra revision 194873] (GCC)
=== g++ tests ===
Running target mips-sim-idt64
=== g++ Summary ===
# of expected passes 48716
# of expected failures 281
# of unsupported tests 976
/home/stevenb/lra_mipsisa64_autotester/cross/build-lra/gcc/testsuite/g++/../../xg++ version 4.8.0 20121211 (experimental) [lra revision 194873] (GCC)
Host is powerpc64-unknown-linux-gnu
=== ld tests ===
Running target mips-sim-idt64
ERROR: /home/stevenb/lra_mipsisa64_autotester/cross/combined/ld/testsuite/ld-elf/indirect2.c: compilation failed
UNRESOLVED: Indirect symbol tests
=== ld Summary ===
# of expected passes 318
# of expected failures 9
# of unresolved testcases 1
# of unsupported tests 1
Host is powerpc64-unknown-linux-gnu
=== newlib tests ===
Running target mips-sim-idt64
FAIL: newlib.iconv/iconvnm.c compilation
UNRESOLVED: newlib.iconv/iconvnm.c execution
FAIL: newlib.iconv/iconvjp.c compilation
UNRESOLVED: newlib.iconv/iconvjp.c execution
FAIL: newlib.iconv/iconvru.c compilation
UNRESOLVED: newlib.iconv/iconvru.c execution
FAIL: newlib.locale/UTF-8.c compilation
UNRESOLVED: newlib.locale/UTF-8.c output
FAIL: newlib.search/hsearchtest.c compilation
UNRESOLVED: newlib.search/hsearchtest.c execution
FAIL: newlib.stdio/swprintf.c compilation
UNRESOLVED: newlib.stdio/swprintf.c execution
FAIL: newlib.stdlib/atexit.c compilation
UNRESOLVED: newlib.stdlib/atexit.c output
FAIL: newlib.stdlib/size_max.c compilation
UNRESOLVED: newlib.stdlib/size_max.c execution
FAIL: newlib.string/memmove1.c compilation
UNRESOLVED: newlib.string/memmove1.c execution
FAIL: newlib.string/tstring.c compilation
UNRESOLVED: newlib.string/tstring.c execution
FAIL: newlib.string/memcpy-1.c compilation
UNRESOLVED: newlib.string/memcpy-1.c execution
FAIL: newlib.string/strcmp-1.c compilation
UNRESOLVED: newlib.string/strcmp-1.c execution
FAIL: newlib.wctype/tiswctype.c compilation
UNRESOLVED: newlib.wctype/tiswctype.c execution
FAIL: newlib.wctype/twctype.c compilation
UNRESOLVED: newlib.wctype/twctype.c execution
FAIL: newlib.wctype/twctrans.c compilation
UNRESOLVED: newlib.wctype/twctrans.c execution
=== newlib Summary ===
# of unexpected failures 15
# of unresolved testcases 15
Host is powerpc64-unknown-linux-gnu
=== newlib tests ===
Running target mips-sim-idt64
FAIL: newlib.iconv/iconvnm.c compilation
UNRESOLVED: newlib.iconv/iconvnm.c execution
FAIL: newlib.iconv/iconvjp.c compilation
UNRESOLVED: newlib.iconv/iconvjp.c execution
FAIL: newlib.iconv/iconvru.c compilation
UNRESOLVED: newlib.iconv/iconvru.c execution
FAIL: newlib.locale/UTF-8.c compilation
UNRESOLVED: newlib.locale/UTF-8.c output
FAIL: newlib.search/hsearchtest.c compilation
UNRESOLVED: newlib.search/hsearchtest.c execution
FAIL: newlib.stdio/swprintf.c compilation
UNRESOLVED: newlib.stdio/swprintf.c execution
FAIL: newlib.stdlib/atexit.c compilation
UNRESOLVED: newlib.stdlib/atexit.c output
FAIL: newlib.stdlib/size_max.c compilation
UNRESOLVED: newlib.stdlib/size_max.c execution
FAIL: newlib.string/memmove1.c compilation
UNRESOLVED: newlib.string/memmove1.c execution
FAIL: newlib.string/tstring.c compilation
UNRESOLVED: newlib.string/tstring.c execution
FAIL: newlib.string/memcpy-1.c compilation
UNRESOLVED: newlib.string/memcpy-1.c execution
FAIL: newlib.string/strcmp-1.c compilation
UNRESOLVED: newlib.string/strcmp-1.c execution
FAIL: newlib.wctype/tiswctype.c compilation
UNRESOLVED: newlib.wctype/tiswctype.c execution
FAIL: newlib.wctype/twctype.c compilation
UNRESOLVED: newlib.wctype/twctype.c execution
FAIL: newlib.wctype/twctrans.c compilation
UNRESOLVED: newlib.wctype/twctrans.c execution
=== newlib Summary ===
# of unexpected failures 15
# of unresolved testcases 15
Host is powerpc64-unknown-linux-gnu
=== newlib tests ===
Running target mips-sim-idt64
FAIL: newlib.iconv/iconvnm.c compilation
UNRESOLVED: newlib.iconv/iconvnm.c execution
FAIL: newlib.iconv/iconvjp.c compilation
UNRESOLVED: newlib.iconv/iconvjp.c execution
FAIL: newlib.iconv/iconvru.c compilation
UNRESOLVED: newlib.iconv/iconvru.c execution
FAIL: newlib.locale/UTF-8.c compilation
UNRESOLVED: newlib.locale/UTF-8.c output
FAIL: newlib.search/hsearchtest.c compilation
UNRESOLVED: newlib.search/hsearchtest.c execution
FAIL: newlib.stdio/swprintf.c compilation
UNRESOLVED: newlib.stdio/swprintf.c execution
FAIL: newlib.stdlib/atexit.c compilation
UNRESOLVED: newlib.stdlib/atexit.c output
FAIL: newlib.stdlib/size_max.c compilation
UNRESOLVED: newlib.stdlib/size_max.c execution
FAIL: newlib.string/memmove1.c compilation
UNRESOLVED: newlib.string/memmove1.c execution
FAIL: newlib.string/tstring.c compilation
UNRESOLVED: newlib.string/tstring.c execution
FAIL: newlib.string/memcpy-1.c compilation
UNRESOLVED: newlib.string/memcpy-1.c execution
FAIL: newlib.string/strcmp-1.c compilation
UNRESOLVED: newlib.string/strcmp-1.c execution
FAIL: newlib.wctype/tiswctype.c compilation
UNRESOLVED: newlib.wctype/tiswctype.c execution
FAIL: newlib.wctype/twctype.c compilation
UNRESOLVED: newlib.wctype/twctype.c execution
FAIL: newlib.wctype/twctrans.c compilation
UNRESOLVED: newlib.wctype/twctrans.c execution
=== newlib Summary ===
# of unexpected failures 15
# of unresolved testcases 15
Host is powerpc64-unknown-linux-gnu
=== newlib tests ===
Running target mips-sim-idt64
FAIL: newlib.iconv/iconvnm.c compilation
UNRESOLVED: newlib.iconv/iconvnm.c execution
FAIL: newlib.iconv/iconvjp.c compilation
UNRESOLVED: newlib.iconv/iconvjp.c execution
FAIL: newlib.iconv/iconvru.c compilation
UNRESOLVED: newlib.iconv/iconvru.c execution
FAIL: newlib.locale/UTF-8.c compilation
UNRESOLVED: newlib.locale/UTF-8.c output
FAIL: newlib.search/hsearchtest.c compilation
UNRESOLVED: newlib.search/hsearchtest.c execution
FAIL: newlib.stdio/swprintf.c compilation
UNRESOLVED: newlib.stdio/swprintf.c execution
FAIL: newlib.stdlib/atexit.c compilation
UNRESOLVED: newlib.stdlib/atexit.c output
FAIL: newlib.stdlib/size_max.c compilation
UNRESOLVED: newlib.stdlib/size_max.c execution
FAIL: newlib.string/memmove1.c compilation
UNRESOLVED: newlib.string/memmove1.c execution
FAIL: newlib.string/tstring.c compilation
UNRESOLVED: newlib.string/tstring.c execution
FAIL: newlib.string/memcpy-1.c compilation
UNRESOLVED: newlib.string/memcpy-1.c execution
FAIL: newlib.string/strcmp-1.c compilation
UNRESOLVED: newlib.string/strcmp-1.c execution
FAIL: newlib.wctype/tiswctype.c compilation
UNRESOLVED: newlib.wctype/tiswctype.c execution
FAIL: newlib.wctype/twctype.c compilation
UNRESOLVED: newlib.wctype/twctype.c execution
FAIL: newlib.wctype/twctrans.c compilation
UNRESOLVED: newlib.wctype/twctrans.c execution
=== newlib Summary ===
# of unexpected failures 15
# of unresolved testcases 15
=== libstdc++ tests ===
Running target mips-sim-idt64
FAIL: 20_util/hash/chi2_quality.cc execution test
FAIL: 21_strings/basic_string/append/wchar_t/3.cc execution test
FAIL: 21_strings/basic_string/capacity/char/18654.cc execution test
FAIL: 21_strings/basic_string/capacity/wchar_t/18654.cc execution test
FAIL: 21_strings/basic_string/cons/wchar_t/6.cc execution test
FAIL: 21_strings/basic_string/inserters_extractors/wchar_t/10.cc execution test
FAIL: 21_strings/basic_string/inserters_extractors/wchar_t/11.cc execution test
FAIL: 22_locale/collate/transform/char/28277.cc execution test
FAIL: 22_locale/collate/transform/wchar_t/28277.cc execution test
FAIL: 23_containers/bitset/45713.cc (test for excess errors)
FAIL: 23_containers/unordered_set/hash_policy/load_factor.cc execution test
FAIL: 23_containers/vector/profile/vector.cc execution test
FAIL: 26_numerics/valarray/28277.cc execution test
FAIL: 27_io/basic_istream/extractors_character/wchar_t/4.cc execution test
FAIL: 27_io/basic_istream/getline/wchar_t/5.cc execution test
FAIL: 27_io/basic_istream/ignore/wchar_t/2.cc execution test
FAIL: 27_io/basic_ostream/inserters_character/wchar_t/28277-1.cc execution test
FAIL: 27_io/basic_ostream/inserters_character/wchar_t/28277-2.cc execution test
FAIL: 27_io/basic_stringbuf/overflow/wchar_t/1.cc execution test
FAIL: 27_io/basic_stringbuf/setbuf/wchar_t/4.cc execution test
=== libstdc++ Summary ===
# of expected passes 7056
# of unexpected failures 20
# of expected failures 42
# of unsupported tests 662
Host is powerpc64-unknown-linux-gnu
=== newlib tests ===
Running target mips-sim-idt64
FAIL: newlib.iconv/iconvnm.c compilation
UNRESOLVED: newlib.iconv/iconvnm.c execution
FAIL: newlib.iconv/iconvjp.c compilation
UNRESOLVED: newlib.iconv/iconvjp.c execution
FAIL: newlib.iconv/iconvru.c compilation
UNRESOLVED: newlib.iconv/iconvru.c execution
FAIL: newlib.locale/UTF-8.c compilation
UNRESOLVED: newlib.locale/UTF-8.c output
FAIL: newlib.search/hsearchtest.c compilation
UNRESOLVED: newlib.search/hsearchtest.c execution
FAIL: newlib.stdio/swprintf.c compilation
UNRESOLVED: newlib.stdio/swprintf.c execution
FAIL: newlib.stdlib/atexit.c compilation
UNRESOLVED: newlib.stdlib/atexit.c output
FAIL: newlib.stdlib/size_max.c compilation
UNRESOLVED: newlib.stdlib/size_max.c execution
FAIL: newlib.string/memmove1.c compilation
UNRESOLVED: newlib.string/memmove1.c execution
FAIL: newlib.string/tstring.c compilation
UNRESOLVED: newlib.string/tstring.c execution
FAIL: newlib.string/memcpy-1.c compilation
UNRESOLVED: newlib.string/memcpy-1.c execution
FAIL: newlib.string/strcmp-1.c compilation
UNRESOLVED: newlib.string/strcmp-1.c execution
FAIL: newlib.wctype/tiswctype.c compilation
UNRESOLVED: newlib.wctype/tiswctype.c execution
FAIL: newlib.wctype/twctype.c compilation
UNRESOLVED: newlib.wctype/twctype.c execution
FAIL: newlib.wctype/twctrans.c compilation
UNRESOLVED: newlib.wctype/twctrans.c execution
=== newlib Summary ===
# of unexpected failures 15
# of unresolved testcases 15
Host is powerpc64-unknown-linux-gnu
=== newlib tests ===
Running target mips-sim-idt64
FAIL: newlib.iconv/iconvnm.c compilation
UNRESOLVED: newlib.iconv/iconvnm.c execution
FAIL: newlib.iconv/iconvjp.c compilation
UNRESOLVED: newlib.iconv/iconvjp.c execution
FAIL: newlib.iconv/iconvru.c compilation
UNRESOLVED: newlib.iconv/iconvru.c execution
FAIL: newlib.locale/UTF-8.c compilation
UNRESOLVED: newlib.locale/UTF-8.c output
FAIL: newlib.search/hsearchtest.c compilation
UNRESOLVED: newlib.search/hsearchtest.c execution
FAIL: newlib.stdio/swprintf.c compilation
UNRESOLVED: newlib.stdio/swprintf.c execution
FAIL: newlib.stdlib/atexit.c compilation
UNRESOLVED: newlib.stdlib/atexit.c output
FAIL: newlib.stdlib/size_max.c compilation
UNRESOLVED: newlib.stdlib/size_max.c execution
FAIL: newlib.string/memmove1.c compilation
UNRESOLVED: newlib.string/memmove1.c execution
FAIL: newlib.string/tstring.c compilation
UNRESOLVED: newlib.string/tstring.c execution
FAIL: newlib.string/memcpy-1.c compilation
UNRESOLVED: newlib.string/memcpy-1.c execution
FAIL: newlib.string/strcmp-1.c compilation
UNRESOLVED: newlib.string/strcmp-1.c execution
FAIL: newlib.wctype/tiswctype.c compilation
UNRESOLVED: newlib.wctype/tiswctype.c execution
FAIL: newlib.wctype/twctype.c compilation
UNRESOLVED: newlib.wctype/twctype.c execution
FAIL: newlib.wctype/twctrans.c compilation
UNRESOLVED: newlib.wctype/twctrans.c execution
=== newlib Summary ===
# of unexpected failures 15
# of unresolved testcases 15
Host is powerpc64-unknown-linux-gnu
=== newlib tests ===
Running target mips-sim-idt64
FAIL: newlib.iconv/iconvnm.c compilation
UNRESOLVED: newlib.iconv/iconvnm.c execution
FAIL: newlib.iconv/iconvjp.c compilation
UNRESOLVED: newlib.iconv/iconvjp.c execution
FAIL: newlib.iconv/iconvru.c compilation
UNRESOLVED: newlib.iconv/iconvru.c execution
FAIL: newlib.locale/UTF-8.c compilation
UNRESOLVED: newlib.locale/UTF-8.c output
FAIL: newlib.search/hsearchtest.c compilation
UNRESOLVED: newlib.search/hsearchtest.c execution
FAIL: newlib.stdio/swprintf.c compilation
UNRESOLVED: newlib.stdio/swprintf.c execution
FAIL: newlib.stdlib/atexit.c compilation
UNRESOLVED: newlib.stdlib/atexit.c output
FAIL: newlib.stdlib/size_max.c compilation
UNRESOLVED: newlib.stdlib/size_max.c execution
FAIL: newlib.string/memmove1.c compilation
UNRESOLVED: newlib.string/memmove1.c execution
FAIL: newlib.string/tstring.c compilation
UNRESOLVED: newlib.string/tstring.c execution
FAIL: newlib.string/memcpy-1.c compilation
UNRESOLVED: newlib.string/memcpy-1.c execution
FAIL: newlib.string/strcmp-1.c compilation
UNRESOLVED: newlib.string/strcmp-1.c execution
FAIL: newlib.wctype/tiswctype.c compilation
UNRESOLVED: newlib.wctype/tiswctype.c execution
FAIL: newlib.wctype/twctype.c compilation
UNRESOLVED: newlib.wctype/twctype.c execution
FAIL: newlib.wctype/twctrans.c compilation
UNRESOLVED: newlib.wctype/twctrans.c execution
=== newlib Summary ===
# of unexpected failures 15
# of unresolved testcases 15
Host is powerpc64-unknown-linux-gnu
=== newlib tests ===
Running target mips-sim-idt64
FAIL: newlib.iconv/iconvnm.c compilation
UNRESOLVED: newlib.iconv/iconvnm.c execution
FAIL: newlib.iconv/iconvjp.c compilation
UNRESOLVED: newlib.iconv/iconvjp.c execution
FAIL: newlib.iconv/iconvru.c compilation
UNRESOLVED: newlib.iconv/iconvru.c execution
FAIL: newlib.locale/UTF-8.c compilation
UNRESOLVED: newlib.locale/UTF-8.c output
FAIL: newlib.search/hsearchtest.c compilation
UNRESOLVED: newlib.search/hsearchtest.c execution
FAIL: newlib.stdio/swprintf.c compilation
UNRESOLVED: newlib.stdio/swprintf.c execution
FAIL: newlib.stdlib/atexit.c compilation
UNRESOLVED: newlib.stdlib/atexit.c output
FAIL: newlib.stdlib/size_max.c compilation
UNRESOLVED: newlib.stdlib/size_max.c execution
FAIL: newlib.string/memmove1.c compilation
UNRESOLVED: newlib.string/memmove1.c execution
FAIL: newlib.string/tstring.c compilation
UNRESOLVED: newlib.string/tstring.c execution
FAIL: newlib.string/memcpy-1.c compilation
UNRESOLVED: newlib.string/memcpy-1.c execution
FAIL: newlib.string/strcmp-1.c compilation
UNRESOLVED: newlib.string/strcmp-1.c execution
FAIL: newlib.wctype/tiswctype.c compilation
UNRESOLVED: newlib.wctype/tiswctype.c execution
FAIL: newlib.wctype/twctype.c compilation
UNRESOLVED: newlib.wctype/twctype.c execution
FAIL: newlib.wctype/twctrans.c compilation
UNRESOLVED: newlib.wctype/twctrans.c execution
=== newlib Summary ===
# of unexpected failures 15
# of unresolved testcases 15
Host is powerpc64-unknown-linux-gnu
=== newlib tests ===
Running target mips-sim-idt64
FAIL: newlib.iconv/iconvnm.c compilation
UNRESOLVED: newlib.iconv/iconvnm.c execution
FAIL: newlib.iconv/iconvjp.c compilation
UNRESOLVED: newlib.iconv/iconvjp.c execution
FAIL: newlib.iconv/iconvru.c compilation
UNRESOLVED: newlib.iconv/iconvru.c execution
FAIL: newlib.locale/UTF-8.c compilation
UNRESOLVED: newlib.locale/UTF-8.c output
FAIL: newlib.search/hsearchtest.c compilation
UNRESOLVED: newlib.search/hsearchtest.c execution
FAIL: newlib.stdio/swprintf.c compilation
UNRESOLVED: newlib.stdio/swprintf.c execution
FAIL: newlib.stdlib/atexit.c compilation
UNRESOLVED: newlib.stdlib/atexit.c output
FAIL: newlib.stdlib/size_max.c compilation
UNRESOLVED: newlib.stdlib/size_max.c execution
FAIL: newlib.string/memmove1.c compilation
UNRESOLVED: newlib.string/memmove1.c execution
FAIL: newlib.string/tstring.c compilation
UNRESOLVED: newlib.string/tstring.c execution
FAIL: newlib.string/memcpy-1.c compilation
UNRESOLVED: newlib.string/memcpy-1.c execution
FAIL: newlib.string/strcmp-1.c compilation
UNRESOLVED: newlib.string/strcmp-1.c execution
FAIL: newlib.wctype/tiswctype.c compilation
UNRESOLVED: newlib.wctype/tiswctype.c execution
FAIL: newlib.wctype/twctype.c compilation
UNRESOLVED: newlib.wctype/twctype.c execution
FAIL: newlib.wctype/twctrans.c compilation
UNRESOLVED: newlib.wctype/twctrans.c execution
=== newlib Summary ===
# of unexpected failures 15
# of unresolved testcases 15
Host is powerpc64-unknown-linux-gnu
=== newlib tests ===
Running target mips-sim-idt64
FAIL: newlib.iconv/iconvnm.c compilation
UNRESOLVED: newlib.iconv/iconvnm.c execution
FAIL: newlib.iconv/iconvjp.c compilation
UNRESOLVED: newlib.iconv/iconvjp.c execution
FAIL: newlib.iconv/iconvru.c compilation
UNRESOLVED: newlib.iconv/iconvru.c execution
FAIL: newlib.locale/UTF-8.c compilation
UNRESOLVED: newlib.locale/UTF-8.c output
FAIL: newlib.search/hsearchtest.c compilation
UNRESOLVED: newlib.search/hsearchtest.c execution
FAIL: newlib.stdio/swprintf.c compilation
UNRESOLVED: newlib.stdio/swprintf.c execution
FAIL: newlib.stdlib/atexit.c compilation
UNRESOLVED: newlib.stdlib/atexit.c output
FAIL: newlib.stdlib/size_max.c compilation
UNRESOLVED: newlib.stdlib/size_max.c execution
FAIL: newlib.string/memmove1.c compilation
UNRESOLVED: newlib.string/memmove1.c execution
FAIL: newlib.string/tstring.c compilation
UNRESOLVED: newlib.string/tstring.c execution
FAIL: newlib.string/memcpy-1.c compilation
UNRESOLVED: newlib.string/memcpy-1.c execution
FAIL: newlib.string/strcmp-1.c compilation
UNRESOLVED: newlib.string/strcmp-1.c execution
FAIL: newlib.wctype/tiswctype.c compilation
UNRESOLVED: newlib.wctype/tiswctype.c execution
FAIL: newlib.wctype/twctype.c compilation
UNRESOLVED: newlib.wctype/twctype.c execution
FAIL: newlib.wctype/twctrans.c compilation
UNRESOLVED: newlib.wctype/twctrans.c execution
=== newlib Summary ===
# of unexpected failures 15
# of unresolved testcases 15
Host is powerpc64-unknown-linux-gnu
=== newlib tests ===
Running target mips-sim-idt64
FAIL: newlib.iconv/iconvnm.c compilation
UNRESOLVED: newlib.iconv/iconvnm.c execution
FAIL: newlib.iconv/iconvjp.c compilation
UNRESOLVED: newlib.iconv/iconvjp.c execution
FAIL: newlib.iconv/iconvru.c compilation
UNRESOLVED: newlib.iconv/iconvru.c execution
FAIL: newlib.locale/UTF-8.c compilation
UNRESOLVED: newlib.locale/UTF-8.c output
FAIL: newlib.search/hsearchtest.c compilation
UNRESOLVED: newlib.search/hsearchtest.c execution
FAIL: newlib.stdio/swprintf.c compilation
UNRESOLVED: newlib.stdio/swprintf.c execution
FAIL: newlib.stdlib/atexit.c compilation
UNRESOLVED: newlib.stdlib/atexit.c output
FAIL: newlib.stdlib/size_max.c compilation
UNRESOLVED: newlib.stdlib/size_max.c execution
FAIL: newlib.string/memmove1.c compilation
UNRESOLVED: newlib.string/memmove1.c execution
FAIL: newlib.string/tstring.c compilation
UNRESOLVED: newlib.string/tstring.c execution
FAIL: newlib.string/memcpy-1.c compilation
UNRESOLVED: newlib.string/memcpy-1.c execution
FAIL: newlib.string/strcmp-1.c compilation
UNRESOLVED: newlib.string/strcmp-1.c execution
FAIL: newlib.wctype/tiswctype.c compilation
UNRESOLVED: newlib.wctype/tiswctype.c execution
FAIL: newlib.wctype/twctype.c compilation
UNRESOLVED: newlib.wctype/twctype.c execution
FAIL: newlib.wctype/twctrans.c compilation
UNRESOLVED: newlib.wctype/twctrans.c execution
=== newlib Summary ===
# of unexpected failures 15
# of unresolved testcases 15
Host is powerpc64-unknown-linux-gnu
=== newlib tests ===
Running target mips-sim-idt64
FAIL: newlib.iconv/iconvnm.c compilation
UNRESOLVED: newlib.iconv/iconvnm.c execution
FAIL: newlib.iconv/iconvjp.c compilation
UNRESOLVED: newlib.iconv/iconvjp.c execution
FAIL: newlib.iconv/iconvru.c compilation
UNRESOLVED: newlib.iconv/iconvru.c execution
FAIL: newlib.locale/UTF-8.c compilation
UNRESOLVED: newlib.locale/UTF-8.c output
FAIL: newlib.search/hsearchtest.c compilation
UNRESOLVED: newlib.search/hsearchtest.c execution
FAIL: newlib.stdio/swprintf.c compilation
UNRESOLVED: newlib.stdio/swprintf.c execution
FAIL: newlib.stdlib/atexit.c compilation
UNRESOLVED: newlib.stdlib/atexit.c output
FAIL: newlib.stdlib/size_max.c compilation
UNRESOLVED: newlib.stdlib/size_max.c execution
FAIL: newlib.string/memmove1.c compilation
UNRESOLVED: newlib.string/memmove1.c execution
FAIL: newlib.string/tstring.c compilation
UNRESOLVED: newlib.string/tstring.c execution
FAIL: newlib.string/memcpy-1.c compilation
UNRESOLVED: newlib.string/memcpy-1.c execution
FAIL: newlib.string/strcmp-1.c compilation
UNRESOLVED: newlib.string/strcmp-1.c execution
FAIL: newlib.wctype/tiswctype.c compilation
UNRESOLVED: newlib.wctype/tiswctype.c execution
FAIL: newlib.wctype/twctype.c compilation
UNRESOLVED: newlib.wctype/twctype.c execution
FAIL: newlib.wctype/twctrans.c compilation
UNRESOLVED: newlib.wctype/twctrans.c execution
=== newlib Summary ===
# of unexpected failures 15
# of unresolved testcases 15
Host is powerpc64-unknown-linux-gnu
=== newlib tests ===
Running target mips-sim-idt64
FAIL: newlib.iconv/iconvnm.c compilation
UNRESOLVED: newlib.iconv/iconvnm.c execution
FAIL: newlib.iconv/iconvjp.c compilation
UNRESOLVED: newlib.iconv/iconvjp.c execution
FAIL: newlib.iconv/iconvru.c compilation
UNRESOLVED: newlib.iconv/iconvru.c execution
FAIL: newlib.locale/UTF-8.c compilation
UNRESOLVED: newlib.locale/UTF-8.c output
FAIL: newlib.search/hsearchtest.c compilation
UNRESOLVED: newlib.search/hsearchtest.c execution
FAIL: newlib.stdio/swprintf.c compilation
UNRESOLVED: newlib.stdio/swprintf.c execution
FAIL: newlib.stdlib/atexit.c compilation
UNRESOLVED: newlib.stdlib/atexit.c output
FAIL: newlib.stdlib/size_max.c compilation
UNRESOLVED: newlib.stdlib/size_max.c execution
FAIL: newlib.string/memmove1.c compilation
UNRESOLVED: newlib.string/memmove1.c execution
FAIL: newlib.string/tstring.c compilation
UNRESOLVED: newlib.string/tstring.c execution
FAIL: newlib.string/memcpy-1.c compilation
UNRESOLVED: newlib.string/memcpy-1.c execution
FAIL: newlib.string/strcmp-1.c compilation
UNRESOLVED: newlib.string/strcmp-1.c execution
FAIL: newlib.wctype/tiswctype.c compilation
UNRESOLVED: newlib.wctype/tiswctype.c execution
FAIL: newlib.wctype/twctype.c compilation
UNRESOLVED: newlib.wctype/twctype.c execution
FAIL: newlib.wctype/twctrans.c compilation
UNRESOLVED: newlib.wctype/twctrans.c execution
=== newlib Summary ===
# of unexpected failures 15
# of unresolved testcases 15
Host is powerpc64-unknown-linux-gnu
=== newlib tests ===
Running target mips-sim-idt64
FAIL: newlib.iconv/iconvnm.c compilation
UNRESOLVED: newlib.iconv/iconvnm.c execution
FAIL: newlib.iconv/iconvjp.c compilation
UNRESOLVED: newlib.iconv/iconvjp.c execution
FAIL: newlib.iconv/iconvru.c compilation
UNRESOLVED: newlib.iconv/iconvru.c execution
FAIL: newlib.locale/UTF-8.c compilation
UNRESOLVED: newlib.locale/UTF-8.c output
FAIL: newlib.search/hsearchtest.c compilation
UNRESOLVED: newlib.search/hsearchtest.c execution
FAIL: newlib.stdio/swprintf.c compilation
UNRESOLVED: newlib.stdio/swprintf.c execution
FAIL: newlib.stdlib/atexit.c compilation
UNRESOLVED: newlib.stdlib/atexit.c output
FAIL: newlib.stdlib/size_max.c compilation
UNRESOLVED: newlib.stdlib/size_max.c execution
FAIL: newlib.string/memmove1.c compilation
UNRESOLVED: newlib.string/memmove1.c execution
FAIL: newlib.string/tstring.c compilation
UNRESOLVED: newlib.string/tstring.c execution
FAIL: newlib.string/memcpy-1.c compilation
UNRESOLVED: newlib.string/memcpy-1.c execution
FAIL: newlib.string/strcmp-1.c compilation
UNRESOLVED: newlib.string/strcmp-1.c execution
FAIL: newlib.wctype/tiswctype.c compilation
UNRESOLVED: newlib.wctype/tiswctype.c execution
FAIL: newlib.wctype/twctype.c compilation
UNRESOLVED: newlib.wctype/twctype.c execution
FAIL: newlib.wctype/twctrans.c compilation
UNRESOLVED: newlib.wctype/twctrans.c execution
=== newlib Summary ===
# of unexpected failures 15
# of unresolved testcases 15
Host is powerpc64-unknown-linux-gnu
=== newlib tests ===
Running target mips-sim-idt64
FAIL: newlib.iconv/iconvnm.c compilation
UNRESOLVED: newlib.iconv/iconvnm.c execution
FAIL: newlib.iconv/iconvjp.c compilation
UNRESOLVED: newlib.iconv/iconvjp.c execution
FAIL: newlib.iconv/iconvru.c compilation
UNRESOLVED: newlib.iconv/iconvru.c execution
FAIL: newlib.locale/UTF-8.c compilation
UNRESOLVED: newlib.locale/UTF-8.c output
FAIL: newlib.search/hsearchtest.c compilation
UNRESOLVED: newlib.search/hsearchtest.c execution
FAIL: newlib.stdio/swprintf.c compilation
UNRESOLVED: newlib.stdio/swprintf.c execution
FAIL: newlib.stdlib/atexit.c compilation
UNRESOLVED: newlib.stdlib/atexit.c output
FAIL: newlib.stdlib/size_max.c compilation
UNRESOLVED: newlib.stdlib/size_max.c execution
FAIL: newlib.string/memmove1.c compilation
UNRESOLVED: newlib.string/memmove1.c execution
FAIL: newlib.string/tstring.c compilation
UNRESOLVED: newlib.string/tstring.c execution
FAIL: newlib.string/memcpy-1.c compilation
UNRESOLVED: newlib.string/memcpy-1.c execution
FAIL: newlib.string/strcmp-1.c compilation
UNRESOLVED: newlib.string/strcmp-1.c execution
FAIL: newlib.wctype/tiswctype.c compilation
UNRESOLVED: newlib.wctype/tiswctype.c execution
FAIL: newlib.wctype/twctype.c compilation
UNRESOLVED: newlib.wctype/twctype.c execution
FAIL: newlib.wctype/twctrans.c compilation
UNRESOLVED: newlib.wctype/twctrans.c execution
=== newlib Summary ===
# of unexpected failures 15
# of unresolved testcases 15
Host is powerpc64-unknown-linux-gnu
=== newlib tests ===
Running target mips-sim-idt64
FAIL: newlib.iconv/iconvnm.c compilation
UNRESOLVED: newlib.iconv/iconvnm.c execution
FAIL: newlib.iconv/iconvjp.c compilation
UNRESOLVED: newlib.iconv/iconvjp.c execution
FAIL: newlib.iconv/iconvru.c compilation
UNRESOLVED: newlib.iconv/iconvru.c execution
FAIL: newlib.locale/UTF-8.c compilation
UNRESOLVED: newlib.locale/UTF-8.c output
FAIL: newlib.search/hsearchtest.c compilation
UNRESOLVED: newlib.search/hsearchtest.c execution
FAIL: newlib.stdio/swprintf.c compilation
UNRESOLVED: newlib.stdio/swprintf.c execution
FAIL: newlib.stdlib/atexit.c compilation
UNRESOLVED: newlib.stdlib/atexit.c output
FAIL: newlib.stdlib/size_max.c compilation
UNRESOLVED: newlib.stdlib/size_max.c execution
FAIL: newlib.string/memmove1.c compilation
UNRESOLVED: newlib.string/memmove1.c execution
FAIL: newlib.string/tstring.c compilation
UNRESOLVED: newlib.string/tstring.c execution
FAIL: newlib.string/memcpy-1.c compilation
UNRESOLVED: newlib.string/memcpy-1.c execution
FAIL: newlib.string/strcmp-1.c compilation
UNRESOLVED: newlib.string/strcmp-1.c execution
FAIL: newlib.wctype/tiswctype.c compilation
UNRESOLVED: newlib.wctype/tiswctype.c execution
FAIL: newlib.wctype/twctype.c compilation
UNRESOLVED: newlib.wctype/twctype.c execution
FAIL: newlib.wctype/twctrans.c compilation
UNRESOLVED: newlib.wctype/twctrans.c execution
=== newlib Summary ===
# of unexpected failures 15
# of unresolved testcases 15
Host is powerpc64-unknown-linux-gnu
=== sim tests ===
Running target mips-sim-idt64
FAIL: mips32r2 mips32-dsp.s (execution)
FAIL: mips64r2 mips32-dsp.s (execution)
FAIL: mips32r2 mips32-dsp2.s (execution)
FAIL: mips64r2 mips32-dsp2.s (execution)
=== sim Summary ===
# of expected passes 58
# of unexpected failures 4
Compiler version: 4.8.0 20121211 (experimental) [lra revision 194873] (GCC)
Platform: mipsisa64-unknown-elf
configure flags: --prefix=/home/stevenb/lra_mipsisa64_autotester/cross/install-lra --target=mipsisa64-elf --enable-languages=c,c++ --with-mpfr=/opt/cfarm/mpfr-latest --with-gmp=/opt/cfarm/gmp-latest --with-mpc=/opt/cfarm/mpc-latest --with-cloog=/opt/cfarm/cloog-latest --with-isl=/opt/cfarm/isl-latest