This is the mail archive of the
gcc-testresults@gcc.gnu.org
mailing list for the GCC project.
Results for 4.7.2 (Blastwave.org Inc. time_rfc-3339=2012-11-23 03:27:20+00:00) testsuite on i386-pc-solaris2.8
- From: Dennis Clarke <dclarke at blastwave dot org>
- To: gcc-testresults at gcc dot gnu dot org
- Date: Sat, 24 Nov 2012 03:20:44 -0500
- Subject: Results for 4.7.2 (Blastwave.org Inc. time_rfc-3339=2012-11-23 03:27:20+00:00) testsuite on i386-pc-solaris2.8
titan-i386-SunOS5.8 $ date -u
Sat Nov 24 08:06:18 GMT 2012
titan-i386-SunOS5.8 $ uname -a
SunOS titan 5.8 Generic_127722-03 i86pc i386 i86pc
titan-i386-SunOS5.8 $ cat /etc/release
Solaris 8 2/02 s28x_u7wos_08a INTEL
Copyright 2002 Sun Microsystems, Inc. All Rights Reserved.
Assembled 18 December 2001
titan-i386-SunOS5.8 $ which as
/usr/ccs/bin/as
titan-i386-SunOS5.8 $ which ld
/usr/ccs/bin/ld
titan-i386-SunOS5.8 $ grep "^Synopsis" /var/sadm/patch/109148-42/README.109148-42
Synopsis: SunOS 5.8_x86: linker patch
Compiler used for bootstrap : http://gcc.gnu.org/ml/gcc-testresults/2012-06/msg02064.html
titan-i386-SunOS5.8 $ which gcc
/opt/bw/bin/gcc
titan-i386-SunOS5.8 $ gcc --version
gcc (Blastwave.org Inc. Thu Jun 21 18:43:34 GMT 2012) 4.7.1
Copyright (C) 2012 Free Software Foundation, Inc.
This is free software; see the source for copying conditions. There is NO
warranty; not even for MERCHANTABILITY or FITNESS FOR A PARTICULAR PURPOSE.
titan-i386-SunOS5.8 $ banner result
##### ###### #### # # # #####
# # # # # # # #
# # ##### #### # # # #
##### # # # # # #
# # # # # # # # #
# # ###### #### #### ###### #
titan-i386-SunOS5.8 $ ../gcc-4.7.2/contrib/test_summary
cat <<'EOF' |
LAST_UPDATED: Obtained from SVN: tags/gcc_4_7_2_release revision 191558
Native configuration is i386-pc-solaris2.8
=== g++ tests ===
Running target unix
FAIL: g++.dg/torture/pr31863.C -O2 -flto (test for excess errors)
=== g++ Summary ===
# of expected passes 46585
# of unexpected failures 1
# of expected failures 290
# of unsupported tests 549
/opt/bw/src/gcc-4.7.2-SunOS5.8-i386/gcc/testsuite/g++/../../g++ version 4.7.2 (Blastwave.org Inc. time_rfc-3339=2012-11-23 03:27:20+00:00)
=== gcc tests ===
Running target unix
FAIL: gcc.c-torture/compile/pr37669-2.c -Os (test for excess errors)
WARNING: program timed out.
=== gcc Summary ===
# of expected passes 79980
# of unexpected failures 1
# of expected failures 258
# of unsupported tests 2466
/opt/bw/src/gcc-4.7.2-SunOS5.8-i386/gcc/xgcc version 4.7.2 (Blastwave.org Inc. time_rfc-3339=2012-11-23 03:27:20+00:00)
=== gfortran tests ===
Running target unix
=== gfortran Summary ===
# of expected passes 39783
# of expected failures 42
# of unsupported tests 375
/opt/bw/src/gcc-4.7.2-SunOS5.8-i386/gcc/testsuite/gfortran/../../gfortran version 4.7.2 (Blastwave.org Inc. time_rfc-3339=2012-11-23 03:27:20+00:00)
=== objc tests ===
Running target unix
=== objc Summary ===
# of expected passes 2988
# of expected failures 6
# of unsupported tests 74
/opt/bw/src/gcc-4.7.2-SunOS5.8-i386/gcc/xgcc version 4.7.2 (Blastwave.org Inc. time_rfc-3339=2012-11-23 03:27:20+00:00)
=== libgomp tests ===
Running target unix
=== libgomp Summary ===
# of expected passes 2924
# of unsupported tests 3
=== libitm tests ===
Running target unix
=== libitm Summary ===
# of expected passes 26
# of expected failures 3
# of unsupported tests 1
=== libstdc++ tests ===
Running target unix
=== libstdc++ Summary ===
# of expected passes 7670
# of expected failures 45
# of unsupported tests 637
Compiler version: 4.7.2 (Blastwave.org Inc. time_rfc-3339=2012-11-23 03:27:20+00:00)
Platform: i386-pc-solaris2.8
configure flags: --host=i386-pc-solaris2.8 --build=i386-pc-solaris2.8 --enable-obsolete --with-as=/usr/ccs/bin/as --without-gnu-ld --with-ld=/usr/ccs/bin/ld --without-gnu-as --enable-multilib --enable-nls --enable-threads=posix --prefix=/opt/bw --enable-shared --libdir=/opt/bw/lib/i386 --with-gmp-include=/opt/bw/include --with-gmp-lib=/opt/bw/lib/i386 --with-mpfr-include=/opt/bw/include --with-mpfr-lib=/opt/bw/lib/i386 --with-mpc-include=/opt/bw/include --with-mpc-lib=/opt/bw/lib/i386 --libexecdir=/opt/bw/lib --with-gxx-include-dir=/opt/bw/include --with-local-prefix=/opt/bw/include --with-pkgversion='Blastwave.org Inc. time_rfc-3339=2012-11-23 03:27:20+00:00' --enable-languages=c,c++,objc,fortran --enable-bootstrap
EOF
--
http://pgp.mit.edu:11371/pks/lookup?op=vindex&search=0x1D936C72FA35B44B
+-------------------------+-----------------------------------+
| Dennis Clarke | Solaris and Linux and Open Source |
| dclarke@blastwave.org | Respect for open standards. |
+-------------------------+-----------------------------------+