This is the mail archive of the gcc-testresults@gcc.gnu.org mailing list for the GCC project.


Index Nav: [Date Index] [Subject Index] [Author Index] [Thread Index]
Message Nav: [Date Prev] [Date Next] [Thread Prev] [Thread Next]
Other format: [Raw text]

Results for 4.8.0 20121116 (experimental) [trunk revision 193577] (GCC) gcc testsuite on cris-axis-elf


Debian 5 on x86_64
cross tool versions:
GNU assembler (GNU Binutils) 2.18.50.20080419
GNU gdb 6.8.50.20080419-cvs
GNU ld (GNU Binutils) 2.18.50.20080419

GNU Make 3.81
expect version 5.43.0
host gcc version: gcc (GCC) 4.8.0 20121110 (experimental) [trunk revision 193396]
LAST_UPDATED: Fri Nov 16 23:29:54 UTC 2012 (revision 193577)

Target is cris-axis-elf
Host   is x86_64-unknown-linux-gnu

		=== gcc tests ===


Running target cris-sim
FAIL: gcc.dg/54455.c (test for excess errors)
FAIL: gcc.dg/attr-weakref-1.c (test for excess errors)
UNRESOLVED: gcc.dg/attr-weakref-1.c compilation failed to produce executable
FAIL: gcc.dg/builtin-object-size-8.c execution test
FAIL: gcc.dg/c1x-align-4.c  (test for errors, line 8)
FAIL: gcc.dg/c99-stdint-7.c (test for excess errors)
FAIL: gcc.dg/pr19105.c scan-tree-dump-times reassoc1 "Optimizing range tests v_[0-9]*.D. -.2, 2. and -.3, 4.[\\n\\r]* into" 1
FAIL: gcc.dg/pr42629.c (test for excess errors)
FAIL: gcc.dg/pr50251.c (internal compiler error)
FAIL: gcc.dg/pr50251.c (test for excess errors)
FAIL: gcc.dg/pr55150-2.c (test for excess errors)
FAIL: gcc.dg/stack-usage-1.c (test for excess errors)
FAIL: gcc.dg/stack-usage-1.c scan-file foo\\t(256|264)\\tstatic
FAIL: gcc.dg/stack-usage-2.c  (test for bogus messages, line 9)
FAIL: gcc.dg/stack-usage-2.c  (test for warnings, line 16)
FAIL: gcc.dg/stack-usage-2.c  (test for warnings, line 26)
FAIL: gcc.dg/stack-usage-2.c  (test for warnings, line 33)
FAIL: gcc.dg/strlenopt-10.c scan-tree-dump-times strlen "memcpy \\\\(" 8
FAIL: gcc.dg/strlenopt-11.c scan-tree-dump-times strlen "memcpy \\\\(" 7
FAIL: gcc.dg/strlenopt-11.c scan-tree-dump-times strlen "  _[0-9]* = strlen \\\\([^\\n\\r]*;[\\n\\r]*  l.0. = " 1
FAIL: gcc.dg/strlenopt-11.c scan-tree-dump-times strlen "  _[0-9]* = strlen \\\\([^\\n\\r]*;[\\n\\r]*  l.6. = " 1
FAIL: gcc.dg/strlenopt-11.c scan-tree-dump-times strlen "  _[0-9]* = strlen \\\\([^\\n\\r]*;[\\n\\r]*  l.9. = " 1
FAIL: gcc.dg/strlenopt-13.c scan-tree-dump-times strlen "memcpy \\\\(" 7
FAIL: gcc.dg/strlenopt-13.c scan-tree-dump-times strlen "  _[0-9]* = strlen \\\\([^\\n\\r]*;[\\n\\r]*  l.0. = " 1
FAIL: gcc.dg/strlenopt-13.c scan-tree-dump-times strlen "  _[0-9]* = strlen \\\\([^\\n\\r]*;[\\n\\r]*  l.1. = " 1
FAIL: gcc.dg/strlenopt-13.c scan-tree-dump-times strlen "  _[0-9]* = strlen \\\\([^\\n\\r]*;[\\n\\r]*  l.5. = " 1
FAIL: gcc.dg/strlenopt-13.c scan-tree-dump-times strlen "  _[0-9]* = strlen \\\\([^\\n\\r]*;[\\n\\r]*  l.6. = " 1
UNRESOLVED: gcc.dg/superblock.c scan-rtl-dump-times sched2 "ADVANCING TO" 2
FAIL: gcc.dg/trampoline-1.c execution test
FAIL: gcc.dg/lto/pr54625-1 c_lto_pr54625-1_1.o assemble, -O0 -flto -flto-partition=none 
UNRESOLVED: gcc.dg/lto/pr54625-1 c_lto_pr54625-1_0.o-c_lto_pr54625-1_1.o link -O0 -flto -flto-partition=none 
UNRESOLVED: gcc.dg/lto/pr54625-1 c_lto_pr54625-1_0.o-c_lto_pr54625-1_1.o execute -O0 -flto -flto-partition=none 
FAIL: gcc.dg/lto/pr54625-1 c_lto_pr54625-1_1.o assemble, -O2 -flto -flto-partition=none 
UNRESOLVED: gcc.dg/lto/pr54625-1 c_lto_pr54625-1_0.o-c_lto_pr54625-1_1.o link -O2 -flto -flto-partition=none 
UNRESOLVED: gcc.dg/lto/pr54625-1 c_lto_pr54625-1_0.o-c_lto_pr54625-1_1.o execute -O2 -flto -flto-partition=none 
FAIL: gcc.dg/lto/pr54625-1 c_lto_pr54625-1_1.o assemble, -O0 -flto -flto-partition=1to1 
UNRESOLVED: gcc.dg/lto/pr54625-1 c_lto_pr54625-1_0.o-c_lto_pr54625-1_1.o link -O0 -flto -flto-partition=1to1 
UNRESOLVED: gcc.dg/lto/pr54625-1 c_lto_pr54625-1_0.o-c_lto_pr54625-1_1.o execute -O0 -flto -flto-partition=1to1 
FAIL: gcc.dg/lto/pr54625-1 c_lto_pr54625-1_1.o assemble, -O2 -flto -flto-partition=1to1 
UNRESOLVED: gcc.dg/lto/pr54625-1 c_lto_pr54625-1_0.o-c_lto_pr54625-1_1.o link -O2 -flto -flto-partition=1to1 
UNRESOLVED: gcc.dg/lto/pr54625-1 c_lto_pr54625-1_0.o-c_lto_pr54625-1_1.o execute -O2 -flto -flto-partition=1to1 
FAIL: gcc.dg/lto/pr54625-1 c_lto_pr54625-1_1.o assemble, -O0 -flto 
UNRESOLVED: gcc.dg/lto/pr54625-1 c_lto_pr54625-1_0.o-c_lto_pr54625-1_1.o link -O0 -flto 
UNRESOLVED: gcc.dg/lto/pr54625-1 c_lto_pr54625-1_0.o-c_lto_pr54625-1_1.o execute -O0 -flto 
FAIL: gcc.dg/lto/pr54625-1 c_lto_pr54625-1_1.o assemble, -O2 -flto
UNRESOLVED: gcc.dg/lto/pr54625-1 c_lto_pr54625-1_0.o-c_lto_pr54625-1_1.o link -O2 -flto
UNRESOLVED: gcc.dg/lto/pr54625-1 c_lto_pr54625-1_0.o-c_lto_pr54625-1_1.o execute -O2 -flto
FAIL: gcc.dg/lto/pr54625-2 c_lto_pr54625-2_1.o assemble, -O0 -flto -flto-partition=none 
UNRESOLVED: gcc.dg/lto/pr54625-2 c_lto_pr54625-2_0.o-c_lto_pr54625-2_1.o link -O0 -flto -flto-partition=none 
UNRESOLVED: gcc.dg/lto/pr54625-2 c_lto_pr54625-2_0.o-c_lto_pr54625-2_1.o execute -O0 -flto -flto-partition=none 
FAIL: gcc.dg/lto/pr54625-2 c_lto_pr54625-2_1.o assemble, -O2 -flto -flto-partition=none 
UNRESOLVED: gcc.dg/lto/pr54625-2 c_lto_pr54625-2_0.o-c_lto_pr54625-2_1.o link -O2 -flto -flto-partition=none 
UNRESOLVED: gcc.dg/lto/pr54625-2 c_lto_pr54625-2_0.o-c_lto_pr54625-2_1.o execute -O2 -flto -flto-partition=none 
FAIL: gcc.dg/lto/pr54625-2 c_lto_pr54625-2_1.o assemble, -O0 -flto -flto-partition=1to1 
UNRESOLVED: gcc.dg/lto/pr54625-2 c_lto_pr54625-2_0.o-c_lto_pr54625-2_1.o link -O0 -flto -flto-partition=1to1 
UNRESOLVED: gcc.dg/lto/pr54625-2 c_lto_pr54625-2_0.o-c_lto_pr54625-2_1.o execute -O0 -flto -flto-partition=1to1 
FAIL: gcc.dg/lto/pr54625-2 c_lto_pr54625-2_1.o assemble, -O2 -flto -flto-partition=1to1 
UNRESOLVED: gcc.dg/lto/pr54625-2 c_lto_pr54625-2_0.o-c_lto_pr54625-2_1.o link -O2 -flto -flto-partition=1to1 
UNRESOLVED: gcc.dg/lto/pr54625-2 c_lto_pr54625-2_0.o-c_lto_pr54625-2_1.o execute -O2 -flto -flto-partition=1to1 
FAIL: gcc.dg/lto/pr54625-2 c_lto_pr54625-2_1.o assemble, -O0 -flto 
UNRESOLVED: gcc.dg/lto/pr54625-2 c_lto_pr54625-2_0.o-c_lto_pr54625-2_1.o link -O0 -flto 
UNRESOLVED: gcc.dg/lto/pr54625-2 c_lto_pr54625-2_0.o-c_lto_pr54625-2_1.o execute -O0 -flto 
FAIL: gcc.dg/lto/pr54625-2 c_lto_pr54625-2_1.o assemble, -O2 -flto
UNRESOLVED: gcc.dg/lto/pr54625-2 c_lto_pr54625-2_0.o-c_lto_pr54625-2_1.o link -O2 -flto
UNRESOLVED: gcc.dg/lto/pr54625-2 c_lto_pr54625-2_0.o-c_lto_pr54625-2_1.o execute -O2 -flto
FAIL: gcc.dg/lto/pr54709 c_lto_pr54709_0.o assemble,  -fPIC -fvisibility=hidden -flto 
FAIL: gcc.dg/lto/pr54709 c_lto_pr54709_1.o assemble,  -fPIC -fvisibility=hidden -flto 
UNRESOLVED: gcc.dg/lto/pr54709 c_lto_pr54709_0.o-c_lto_pr54709_1.o link  -fPIC -fvisibility=hidden -flto 
UNRESOLVED: gcc.dg/lto/pr54709 c_lto_pr54709_0.o-c_lto_pr54709_1.o execute  -fPIC -fvisibility=hidden -flto 
FAIL: gcc.dg/torture/alias-1.c  -O0  (test for excess errors)
FAIL: gcc.dg/torture/alias-1.c  -O1  (test for excess errors)
FAIL: gcc.dg/torture/alias-1.c  -O2  (test for excess errors)
FAIL: gcc.dg/torture/alias-1.c  -O3 -fomit-frame-pointer  (test for excess errors)
FAIL: gcc.dg/torture/alias-1.c  -O3 -g  (test for excess errors)
FAIL: gcc.dg/torture/alias-1.c  -Os  (test for excess errors)
FAIL: gcc.dg/torture/alias-1.c  -O2 -flto -flto-partition=none  (test for excess errors)
FAIL: gcc.dg/torture/alias-1.c  -O2 -flto  (test for excess errors)
FAIL: gcc.dg/torture/pr47917.c  -O0  (test for excess errors)
FAIL: gcc.dg/torture/pr47917.c  -O1  (test for excess errors)
FAIL: gcc.dg/torture/pr47917.c  -O2  (test for excess errors)
FAIL: gcc.dg/torture/pr47917.c  -O3 -fomit-frame-pointer  (test for excess errors)
FAIL: gcc.dg/torture/pr47917.c  -O3 -g  (test for excess errors)
FAIL: gcc.dg/torture/pr47917.c  -Os  (test for excess errors)
FAIL: gcc.dg/torture/pr47917.c  -O2 -flto -flto-partition=none  (test for excess errors)
FAIL: gcc.dg/torture/pr47917.c  -O2 -flto  (test for excess errors)
FAIL: gcc.dg/torture/pr51106-2.c  -O0  (internal compiler error)
FAIL: gcc.dg/torture/pr51106-2.c  -O0  (test for excess errors)
FAIL: gcc.dg/torture/pr51106-2.c  -O1  (internal compiler error)
FAIL: gcc.dg/torture/pr51106-2.c  -O1  (test for excess errors)
FAIL: gcc.dg/torture/pr51106-2.c  -O2  (internal compiler error)
FAIL: gcc.dg/torture/pr51106-2.c  -O2  (test for excess errors)
FAIL: gcc.dg/torture/pr51106-2.c  -O3 -fomit-frame-pointer  (internal compiler error)
FAIL: gcc.dg/torture/pr51106-2.c  -O3 -fomit-frame-pointer  (test for excess errors)
FAIL: gcc.dg/torture/pr51106-2.c  -O3 -g  (internal compiler error)
FAIL: gcc.dg/torture/pr51106-2.c  -O3 -g  (test for excess errors)
FAIL: gcc.dg/torture/pr51106-2.c  -Os  (internal compiler error)
FAIL: gcc.dg/torture/pr51106-2.c  -Os  (test for excess errors)
FAIL: gcc.dg/torture/pr51106-2.c  -O2 -flto -flto-partition=none  (internal compiler error)
FAIL: gcc.dg/torture/pr51106-2.c  -O2 -flto -flto-partition=none  (test for excess errors)
FAIL: gcc.dg/torture/pr51106-2.c  -O2 -flto  (internal compiler error)
FAIL: gcc.dg/torture/pr51106-2.c  -O2 -flto  (test for excess errors)
FAIL: gcc.dg/tree-ssa/slsr-13.c scan-tree-dump-times optimized " \\\\* 4" 2
FAIL: gcc.dg/tree-ssa/slsr-13.c scan-tree-dump-times optimized " \\\\* 5" 0
FAIL: gcc.dg/tree-ssa/ssa-dom-thread-4.c scan-tree-dump-times dom1 "Threaded" 3
FAIL: gcc.dg/tree-ssa/vrp47.c scan-tree-dump-times vrp1 "[xy][^ ]* !=" 0
FAIL: gcc.dg/tree-ssa/vrp47.c scan-tree-dump-times dom2 "x[^ ]* & y" 1
FAIL: gcc.dg/tree-ssa/vrp47.c scan-tree-dump-times vrp1 "x[^ ]* [|] y" 1

		=== gcc Summary ===

# of expected passes		76810
# of unexpected failures	79
# of expected failures		105
# of unresolved testcases	28
# of unsupported tests		1419
/home/mstein/sim/trunk/cris-elf/build/gcc/xgcc  version 4.8.0 20121116 (experimental) [trunk revision 193577] (GCC) 


Compiler version: 4.8.0 20121116 (experimental) [trunk revision 193577] (GCC) gcc 
Platform: cris-axis-elf
configure flags: --target=cris-elf --prefix=/home/mstein/cross-local/cris-elf --enable-languages=c --disable-nls --disable-build-warnings --with-sysroot=/home/mstein/cross-local/cris-elf --with-build-sysroot=/home/mstein/cross-local/cris-elf --with-ld=/home/mstein/cross-local/cris-elf/usr/bin/ld --with-as=/home/mstein/cross-local/cris-elf/usr/bin/as --disable-libssp --with-mpfr=/opt/cfarm/mpfr-2.4.1 --with-gmp=/opt/cfarm/gmp-4.2.4 --with-libelf=/opt/cfarm/libelf-0.8.12 --with-mpc=/opt/cfarm/mpc-0.8


Index Nav: [Date Index] [Subject Index] [Author Index] [Thread Index]
Message Nav: [Date Prev] [Date Next] [Thread Prev] [Thread Next]