This is the mail archive of the gcc-testresults@gcc.gnu.org mailing list for the GCC project.


Index Nav: [Date Index] [Subject Index] [Author Index] [Thread Index]
Message Nav: [Date Prev] [Date Next] [Thread Prev] [Thread Next]
Other format: [Raw text]

Results for 4.7.2 (Blastwave.org Inc. Thu Nov 15 21:54:55 GMT 2012) testsuite on sparc64-sun-solaris2.10


$                                
$ date -u
Sat Nov 17 21:42:48 GMT 2012
$ uname -a
SunOS node002 5.10 Generic_147440-23 sun4v sparc SUNW,T5240
$ cat /etc/release
                   Oracle Solaris 10 8/11 s10s_u10wos_17b SPARC
  Copyright (c) 1983, 2011, Oracle and/or its affiliates. All rights reserved.
                            Assembled 23 August 2011
$ which gcc
/opt/csw/gcc4/bin/gcc
$ gcc --version
gcc (Blastwave.org Inc. Mon Aug  9 07:10:45 GMT 2010) 4.5.1
Copyright (C) 2010 Free Software Foundation, Inc.
This is free software; see the source for copying conditions.  There is NO
warranty; not even for MERCHANTABILITY or FITNESS FOR A PARTICULAR PURPOSE.

$ which as
/usr/ccs/bin/as
$ which ld
/usr/ccs/bin/ld
$ 
$ grep "\/usr\/ccs\/bin\/" /var/sadm/patch/1*/README*
/var/sadm/patch/118683-08/README.118683-08:/usr/ccs/bin/as
/var/sadm/patch/147440-22/README.147440-22:/usr/ccs/bin/dump
/var/sadm/patch/147440-22/README.147440-22:/usr/ccs/bin/elfdump
/var/sadm/patch/147440-22/README.147440-22:/usr/ccs/bin/sparcv9/dump
/var/sadm/patch/147440-22/README.147440-22:/usr/ccs/bin/sparcv9/elfdump
/var/sadm/patch/147440-23/README.147440-23:/usr/ccs/bin/dump
/var/sadm/patch/147440-23/README.147440-23:/usr/ccs/bin/elfdump
/var/sadm/patch/147440-23/README.147440-23:/usr/ccs/bin/sparcv9/dump
/var/sadm/patch/147440-23/README.147440-23:/usr/ccs/bin/sparcv9/elfdump
$                                    
$ ls -lad /var/sadm/patch/118683-08 /var/sadm/patch/147440-22
drwxr-xr-x   2 root     root           4 Aug  3 19:45 /var/sadm/patch/118683-08
drwxr-xr-x   2 root     root           6 Aug  8 03:54 /var/sadm/patch/147440-22
$ grep "\/usr\/ccs\/bin\/" /var/sadm/patch/118683-08/README.118683-08
/usr/ccs/bin/as
$ grep "\/usr\/ccs\/bin\/" /var/sadm/patch/147440-22/README.147440-22
/usr/ccs/bin/dump
/usr/ccs/bin/elfdump
/usr/ccs/bin/sparcv9/dump
/usr/ccs/bin/sparcv9/elfdump
$ 
$ ../gcc-4.7.2/contrib/test_summary
cat <<'EOF' |
LAST_UPDATED: Obtained from SVN: tags/gcc_4_7_2_release revision 191558

                === acats tests ===

                === acats Summary ===
# of expected passes            2320
# of unexpected failures        0
Native configuration is sparc64-sun-solaris2.10

                === g++ tests ===


Running target unix
FAIL: g++.dg/cpp0x/nullptr28.C -std=c++11 execution test
FAIL: g++.dg/ext/visibility/fvisibility-inlines-hidden-2.C -std=gnu++98  scan-not-hidden 
FAIL: g++.dg/ext/visibility/fvisibility-inlines-hidden-2.C -std=gnu++11  scan-not-hidden 
FAIL: g++.dg/ext/visibility/fvisibility-inlines-hidden-3.C -std=gnu++98  scan-not-hidden 
FAIL: g++.dg/ext/visibility/fvisibility-inlines-hidden-3.C -std=gnu++98  scan-not-hidden 
FAIL: g++.dg/ext/visibility/fvisibility-inlines-hidden-3.C -std=gnu++11  scan-not-hidden 
FAIL: g++.dg/ext/visibility/fvisibility-inlines-hidden-3.C -std=gnu++11  scan-not-hidden 
FAIL: g++.dg/ext/visibility/fvisibility-inlines-hidden-4.C -std=gnu++98  scan-not-hidden 
FAIL: g++.dg/ext/visibility/fvisibility-inlines-hidden-4.C -std=gnu++98  scan-not-hidden 
FAIL: g++.dg/ext/visibility/fvisibility-inlines-hidden-4.C -std=gnu++11  scan-not-hidden 
FAIL: g++.dg/ext/visibility/fvisibility-inlines-hidden-4.C -std=gnu++11  scan-not-hidden 
FAIL: g++.dg/ext/visibility/fvisibility-override1.C -std=gnu++98  scan-not-hidden 
FAIL: g++.dg/ext/visibility/fvisibility-override1.C -std=gnu++11  scan-not-hidden 
FAIL: g++.dg/ext/visibility/fvisibility-override2.C -std=gnu++98  scan-not-hidden 
FAIL: g++.dg/ext/visibility/fvisibility-override2.C -std=gnu++11  scan-not-hidden 
FAIL: g++.dg/ext/visibility/guard1.C -std=gnu++98  scan-not-hidden 
FAIL: g++.dg/ext/visibility/guard1.C -std=gnu++11  scan-not-hidden 
FAIL: g++.dg/ext/visibility/ms-compat-1.C -std=gnu++98  scan-not-hidden 
FAIL: g++.dg/ext/visibility/ms-compat-1.C -std=gnu++98  scan-not-hidden 
FAIL: g++.dg/ext/visibility/ms-compat-1.C -std=gnu++98  scan-not-hidden 
FAIL: g++.dg/ext/visibility/ms-compat-1.C -std=gnu++11  scan-not-hidden 
FAIL: g++.dg/ext/visibility/ms-compat-1.C -std=gnu++11  scan-not-hidden 
FAIL: g++.dg/ext/visibility/ms-compat-1.C -std=gnu++11  scan-not-hidden 
FAIL: g++.dg/ext/visibility/namespace1.C -std=c++98  scan-not-hidden 
FAIL: g++.dg/ext/visibility/namespace1.C -std=c++11  scan-not-hidden 
FAIL: g++.dg/ext/visibility/new1.C -std=gnu++98  scan-not-hidden 
FAIL: g++.dg/ext/visibility/new1.C -std=gnu++11  scan-not-hidden 
FAIL: g++.dg/ext/visibility/template1.C -std=gnu++98  scan-not-hidden 
FAIL: g++.dg/ext/visibility/template1.C -std=gnu++98  scan-not-hidden 
FAIL: g++.dg/ext/visibility/template1.C -std=gnu++11  scan-not-hidden 
FAIL: g++.dg/ext/visibility/template1.C -std=gnu++11  scan-not-hidden 
FAIL: g++.dg/ext/visibility/template10.C -std=gnu++98  scan-not-hidden 
FAIL: g++.dg/ext/visibility/template10.C -std=gnu++11  scan-not-hidden 
FAIL: g++.dg/ext/visibility/template12.C -std=gnu++98  scan-not-hidden 
FAIL: g++.dg/ext/visibility/template12.C -std=gnu++11  scan-not-hidden 
FAIL: g++.dg/ext/visibility/template2.C -std=c++98  scan-not-hidden 
FAIL: g++.dg/ext/visibility/template2.C -std=c++98  scan-not-hidden 
FAIL: g++.dg/ext/visibility/template2.C -std=c++11  scan-not-hidden 
FAIL: g++.dg/ext/visibility/template2.C -std=c++11  scan-not-hidden 
FAIL: g++.dg/ext/visibility/template3.C -std=c++98  scan-not-hidden 
FAIL: g++.dg/ext/visibility/template3.C -std=c++98  scan-not-hidden 
FAIL: g++.dg/ext/visibility/template3.C -std=c++11  scan-not-hidden 
FAIL: g++.dg/ext/visibility/template3.C -std=c++11  scan-not-hidden 
FAIL: g++.dg/ext/visibility/template4.C -std=c++98  scan-not-hidden 
FAIL: g++.dg/ext/visibility/template4.C -std=c++98  scan-not-hidden 
FAIL: g++.dg/ext/visibility/template4.C -std=c++98  scan-not-hidden 
FAIL: g++.dg/ext/visibility/template4.C -std=c++98  scan-not-hidden 
FAIL: g++.dg/ext/visibility/template4.C -std=c++11  scan-not-hidden 
FAIL: g++.dg/ext/visibility/template4.C -std=c++11  scan-not-hidden 
FAIL: g++.dg/ext/visibility/template4.C -std=c++11  scan-not-hidden 
FAIL: g++.dg/ext/visibility/template4.C -std=c++11  scan-not-hidden 
FAIL: g++.dg/ext/visibility/template6.C -std=c++98  scan-not-hidden 
FAIL: g++.dg/ext/visibility/template6.C -std=c++11  scan-not-hidden 
FAIL: g++.dg/ext/visibility/template9.C -std=gnu++98  scan-not-hidden 
FAIL: g++.dg/ext/visibility/template9.C -std=gnu++11  scan-not-hidden 
FAIL: g++.dg/ext/visibility/typeinfo1.C -std=gnu++98  scan-not-hidden 
FAIL: g++.dg/ext/visibility/typeinfo1.C -std=gnu++98  scan-not-hidden 
FAIL: g++.dg/ext/visibility/typeinfo1.C -std=gnu++11  scan-not-hidden 
FAIL: g++.dg/ext/visibility/typeinfo1.C -std=gnu++11  scan-not-hidden 
FAIL: g++.dg/ext/visibility/typeinfo2.C -std=c++98  scan-not-hidden 
FAIL: g++.dg/ext/visibility/typeinfo2.C -std=c++11  scan-not-hidden 
FAIL: g++.dg/ext/visibility/typeinfo3.C -std=c++98  scan-not-hidden 
FAIL: g++.dg/ext/visibility/typeinfo3.C -std=c++98  scan-not-hidden 
FAIL: g++.dg/ext/visibility/typeinfo3.C -std=c++11  scan-not-hidden 
FAIL: g++.dg/ext/visibility/typeinfo3.C -std=c++11  scan-not-hidden 
FAIL: g++.dg/ext/visibility/warn3.C -std=c++98  scan-not-hidden 
FAIL: g++.dg/ext/visibility/warn3.C -std=c++11  scan-not-hidden 
FAIL: g++.old-deja/g++.mike/visibility-1.C -std=gnu++98  scan-not-hidden 
FAIL: g++.old-deja/g++.mike/visibility-1.C -std=gnu++11  scan-not-hidden 

                === g++ Summary ===

# of expected passes            47514
# of unexpected failures        69
# of expected failures          288
# of unsupported tests          720
/usr/local/build/gcc-4.7.2_sparc64-sun-solaris2.10/gcc/testsuite/g++/../../g++  version 4.7.2 (Blastwave.org Inc. Thu Nov 15 21:54:55 GMT 2012) 

                === gcc tests ===


Running target unix
FAIL: gcc.dg/visibility-d.c scan-not-hidden 
FAIL: gcc.dg/visibility-d.c scan-not-hidden 
FAIL: gcc.dg/visibility-d.c scan-not-hidden 
FAIL: gcc.dg/visibility-d.c scan-not-hidden 
FAIL: gcc.dg/visibility-d.c scan-not-hidden 
FAIL: gcc.dg/visibility-d.c scan-not-hidden 
FAIL: gcc.dg/visibility-d.c scan-not-hidden 
FAIL: gcc.dg/visibility-d.c scan-not-hidden 
FAIL: gcc.dg/visibility-d.c scan-not-hidden 
FAIL: gcc.dg/visibility-d.c scan-not-hidden 
FAIL: gcc.dg/visibility-d.c scan-not-hidden 
FAIL: gcc.dg/visibility-d.c scan-not-hidden 
FAIL: gcc.dg/visibility-d.c scan-not-hidden 
FAIL: gcc.dg/visibility-d.c scan-not-hidden 
FAIL: gcc.dg/visibility-d.c scan-not-hidden 
FAIL: gcc.dg/visibility-d.c scan-not-hidden 
FAIL: gcc.dg/visibility-d.c scan-not-hidden 
FAIL: gcc.dg/visibility-d.c scan-not-hidden 
FAIL: gcc.dg/visibility-d.c scan-not-hidden 
FAIL: gcc.dg/visibility-d.c scan-not-hidden 
FAIL: gcc.dg/visibility-d.c scan-not-hidden 
FAIL: gcc.dg/visibility-d.c scan-not-hidden 
FAIL: gcc.dg/visibility-d.c scan-not-hidden 
FAIL: gcc.dg/visibility-d.c scan-not-hidden 
FAIL: gcc.dg/visibility-d.c scan-not-hidden 
FAIL: gcc.dg/visibility-d.c scan-not-hidden 
FAIL: gcc.dg/visibility-d.c scan-not-hidden 
FAIL: gcc.dg/visibility-d.c scan-not-hidden 
FAIL: gcc.dg/visibility-d.c scan-not-hidden 
FAIL: gcc.dg/visibility-d.c scan-not-hidden 

                === gcc Summary ===

# of expected passes            76199
# of unexpected failures        30
# of expected failures          306
# of unsupported tests          1553
/usr/local/build/gcc-4.7.2_sparc64-sun-solaris2.10/gcc/xgcc  version 4.7.2 (Blastwave.org Inc. Thu Nov 15 21:54:55 GMT 2012) 

                === gfortran tests ===


Running target unix

                === gfortran Summary ===

# of expected passes            40843
# of expected failures          44
# of unsupported tests          111
/usr/local/build/gcc-4.7.2_sparc64-sun-solaris2.10/gcc/testsuite/gfortran/../../gfortran  version 4.7.2 (Blastwave.org Inc. Thu Nov 15 21:54:55 GMT 2012) 

                === gnat tests ===


Running target unix
FAIL: gnat.dg/lto14.adb (test for excess errors)

                === gnat Summary ===

# of expected passes            1092
# of unexpected failures        1
# of expected failures          14
# of unsupported tests          12
/usr/local/build/gcc-4.7.2_sparc64-sun-solaris2.10/gcc/gnatmake version 4.7.2

                === objc tests ===


Running target unix

                === objc Summary ===

# of expected passes            2994
# of unsupported tests          74
/usr/local/build/gcc-4.7.2_sparc64-sun-solaris2.10/gcc/xgcc  version 4.7.2 (Blastwave.org Inc. Thu Nov 15 21:54:55 GMT 2012) 

                === libgomp tests ===


Running target unix
WARNING: program timed out.
FAIL: libgomp.c/sort-1.c execution test

                === libgomp Summary ===

# of expected passes            2923
# of unexpected failures        1
# of unsupported tests          3
                === libitm tests ===


Running target unix

                === libitm Summary ===

# of expected passes            26
# of expected failures          3
# of unsupported tests          1
                === libstdc++ tests ===


Running target unix

                === libstdc++ Summary ===

# of expected passes            7961
# of expected failures          43
# of unsupported tests          517

Compiler version: 4.7.2 (Blastwave.org Inc. Thu Nov 15 21:54:55 GMT 2012) 
Platform: sparc64-sun-solaris2.10
configure flags: --prefix=/usr/local/gcc4 --build=sparc64-sun-solaris2.10 --without-gnu-as --without-gnu-ld --with-gmp=/usr/local --with-mpfr=/usr/local --with-mpc=/usr/local --with-ld=/usr/ccs/bin/ld --disable-nls --enable-threads=posix --enable-shared --libdir=/usr/local/gcc4/lib --libexecdir=/usr/local/gcc4/lib --with-pkgversion='Blastwave.org Inc. Thu Nov 15 21:54:55 GMT 2012' --with-bugurl=http://www.blastwave.org/support --enable-languages=c,c++,objc,fortran,ada --enable-bootstrap
EOF

-- 
--
http://pgp.mit.edu:11371/pks/lookup?op=vindex&search=0x1D936C72FA35B44B
+-------------------------+-----------------------------------+
| Dennis Clarke           | Solaris and Linux and Open Source |
| dclarke@blastwave.org   | Respect for open standards.       |
+-------------------------+-----------------------------------+


Index Nav: [Date Index] [Subject Index] [Author Index] [Thread Index]
Message Nav: [Date Prev] [Date Next] [Thread Prev] [Thread Next]