This is the mail archive of the
gcc-testresults@gcc.gnu.org
mailing list for the GCC project.
Results for 4.8.0 20121111 (experimental) (GCC) testsuite on arm-none-linux-gnueabi
- From: CodeSourcery Automatic Testing System <gcc at codesourcery dot com>
- To: <gcc-testresults at gcc dot gnu dot org>
- Date: Sun, 11 Nov 2012 09:31:17 -0800
- Subject: Results for 4.8.0 20121111 (experimental) (GCC) testsuite on arm-none-linux-gnueabi
LAST_UPDATED: Sun Nov 11 08:35:24 UTC 2012 (/trunk revision 193404)
Target is arm-none-linux-gnueabi
Host is i686-pc-linux-gnu
=== g++ tests ===
Running target qemu-default
FAIL: g++.dg/debug/dwarf2/non-virtual-thunk.C -std=gnu++98 scan-assembler thunk.C:30
FAIL: g++.dg/debug/dwarf2/non-virtual-thunk.C -std=gnu++11 scan-assembler thunk.C:30
FAIL: g++.dg/cpp0x/constexpr-complex.C (test for excess errors)
FAIL: g++.dg/cpp0x/gnu_fext-numeric-literals.C (test for excess errors)
FAIL: g++.dg/cpp0x/std_fext-numeric-literals.C (test for excess errors)
FAIL: g++.dg/parse/template23.C -std=c++11 (test for errors, line 8)
FAIL: g++.dg/parse/template23.C -std=c++11 (test for errors, line 9)
FAIL: g++.dg/parse/template23.C -std=c++11 (test for excess errors)
FAIL: g++.dg/pr48660.C -std=c++98 (internal compiler error)
FAIL: g++.dg/pr48660.C -std=c++98 (test for excess errors)
FAIL: g++.dg/pr48660.C -std=c++11 (internal compiler error)
FAIL: g++.dg/pr48660.C -std=c++11 (test for excess errors)
FAIL: g++.dg/tm/pr51516.C -std=gnu++98 scan-tree-dump-times optimized ";; Function C::C" 1
FAIL: g++.dg/tm/pr51516.C -std=gnu++11 scan-tree-dump-times optimized ";; Function C::C" 1
=== g++ Summary ===
# of expected passes 49333
# of unexpected failures 14
# of expected failures 287
# of unsupported tests 823
/scratch/gcc/nightly-2012-11-11-mainline/arm-none-linux-gnueabi/obj/test-mainline-0-arm-none-linux-gnueabi/host-i686-pc-linux-gnu/fsf-mainline/bin/arm-none-linux-gnueabi-g++ version 4.8.0 20121111 (experimental) (GCC)
=== Summary adjusted for local xfails ===
# of unexpected failures 14
# of expected passes 49333
# of expected failures 287
# of unsupported tests 823
Host is i686-pc-linux-gnu
=== gcc tests ===
Running target qemu-default
FAIL: gcc.dg/atomic-compare-exchange-1.c execution test
FAIL: gcc.dg/atomic-compare-exchange-2.c execution test
FAIL: gcc.dg/attr-weakref-1.c (test for excess errors)
UNRESOLVED: gcc.dg/attr-weakref-1.c compilation failed to produce executable
FAIL: gcc.dg/builtin-object-size-8.c execution test
FAIL: gcc.dg/sms-10.c execution test
FAIL: gcc.dg/sms-3.c execution test
FAIL: gcc.dg/sms-5.c execution test
FAIL: gcc.dg/sms-6.c execution test
FAIL: gcc.dg/sms-7.c execution test
FAIL: gcc.dg/uninit-13.c unconditional (test for warnings, line 8)
FAIL: gcc.dg/uninit-13.c (test for excess errors)
FAIL: gcc.dg/fixed-point/unary.c execution test
FAIL: gcc.dg/graphite/pr42521.c (internal compiler error)
FAIL: gcc.dg/graphite/pr42521.c (test for excess errors)
FAIL: gcc.dg/graphite/pr42771.c (internal compiler error)
FAIL: gcc.dg/graphite/pr42771.c (test for excess errors)
FAIL: gcc.dg/torture/pr51106-2.c -O0 (internal compiler error)
FAIL: gcc.dg/torture/pr51106-2.c -O0 (test for excess errors)
FAIL: gcc.dg/torture/pr51106-2.c -O1 (internal compiler error)
FAIL: gcc.dg/torture/pr51106-2.c -O1 (test for excess errors)
FAIL: gcc.dg/torture/pr51106-2.c -O2 (internal compiler error)
FAIL: gcc.dg/torture/pr51106-2.c -O2 (test for excess errors)
FAIL: gcc.dg/torture/pr51106-2.c -O3 -fomit-frame-pointer (internal compiler error)
FAIL: gcc.dg/torture/pr51106-2.c -O3 -fomit-frame-pointer (test for excess errors)
FAIL: gcc.dg/torture/pr51106-2.c -O3 -g (internal compiler error)
FAIL: gcc.dg/torture/pr51106-2.c -O3 -g (test for excess errors)
FAIL: gcc.dg/torture/pr51106-2.c -Os (internal compiler error)
FAIL: gcc.dg/torture/pr51106-2.c -Os (test for excess errors)
FAIL: gcc.dg/torture/pr51106-2.c -O2 -flto -fno-use-linker-plugin -flto-partition=none (internal compiler error)
FAIL: gcc.dg/torture/pr51106-2.c -O2 -flto -fno-use-linker-plugin -flto-partition=none (test for excess errors)
FAIL: gcc.dg/tree-ssa/cunroll-1.c scan-tree-dump cunrolli "Unrolled loop 1 completely .duplicated 1 times.."
FAIL: gcc.dg/tree-ssa/pr37508.c scan-tree-dump-times vrp1 "Folding" 3
FAIL: gcc.dg/tree-ssa/sra-12.c scan-tree-dump-times release_ssa "l;" 0
FAIL: gcc.dg/vect/slp-perm-8.c scan-tree-dump-times vect "vectorized 1 loops" 2
FAIL: gcc.dg/vect/slp-perm-8.c scan-tree-dump-times vect "vectorizing stmts using SLP" 1
FAIL: gcc.dg/vect/slp-perm-9.c scan-tree-dump-times vect "permutation requires at least three vectors" 1
FAIL: gcc.dg/vect/slp-perm-8.c -flto scan-tree-dump-times vect "vectorized 1 loops" 2
FAIL: gcc.dg/vect/slp-perm-8.c -flto scan-tree-dump-times vect "vectorizing stmts using SLP" 1
FAIL: gcc.dg/vect/slp-perm-9.c -flto scan-tree-dump-times vect "permutation requires at least three vectors" 1
FAIL: gcc.dg/vect/aligned-section-anchors-nest-1.c scan-ipa-dump-times increase_alignment "Increasing alignment of decl" 3
FAIL: gcc.target/arm/fma-sp.c scan-assembler-times vfma.f32\\ts[0-9] 1
FAIL: gcc.target/arm/fma-sp.c scan-assembler-times vfms.f32\\ts[0-9] 1
FAIL: gcc.target/arm/fma-sp.c scan-assembler-times vfnma.f32\\ts[0-9] 1
FAIL: gcc.target/arm/fma-sp.c scan-assembler-times vfnms.f32\\ts[0-9] 1
FAIL: gcc.target/arm/fma.c scan-assembler-times vfma.f64\\td[0-9] 1
FAIL: gcc.target/arm/fma.c scan-assembler-times vfma.f32\\ts[0-9] 1
FAIL: gcc.target/arm/fma.c scan-assembler-times vfms.f64\\td[0-9] 1
FAIL: gcc.target/arm/fma.c scan-assembler-times vfms.f32\\ts[0-9] 1
FAIL: gcc.target/arm/fma.c scan-assembler-times vfnma.f64\\td[0-9] 1
FAIL: gcc.target/arm/fma.c scan-assembler-times vfnma.f32\\ts[0-9] 1
FAIL: gcc.target/arm/fma.c scan-assembler-times vfnms.f64\\td[0-9] 1
FAIL: gcc.target/arm/fma.c scan-assembler-times vfnms.f32\\ts[0-9] 1
FAIL: gcc.target/arm/ftest-armv6t2-arm.c execution test
FAIL: gcc.target/arm/ftest-armv6t2-thumb.c execution test
FAIL: gcc.target/arm/ftest-armv7a-arm.c execution test
FAIL: gcc.target/arm/ftest-armv7a-thumb.c execution test
FAIL: gcc.target/arm/ftest-armv7r-arm.c execution test
FAIL: gcc.target/arm/ftest-armv7r-thumb.c execution test
FAIL: gcc.target/arm/ftest-armv8a-arm.c execution test
FAIL: gcc.target/arm/ftest-armv8a-thumb.c execution test
FAIL: gcc.target/arm/mmx-2.c (internal compiler error)
FAIL: gcc.target/arm/mmx-2.c (test for excess errors)
FAIL: gcc.target/arm/neon-vext-execute.c execution test
FAIL: gcc.target/arm/pr42172-1.c scan-assembler-times ldr 1
FAIL: gcc.target/arm/pr42575.c scan-assembler-not mov
=== gcc Summary ===
# of expected passes 87163
# of unexpected failures 65
# of expected failures 253
# of unresolved testcases 1
# of unsupported tests 1312
/scratch/gcc/nightly-2012-11-11-mainline/arm-none-linux-gnueabi/obj/test-mainline-0-arm-none-linux-gnueabi/host-i686-pc-linux-gnu/fsf-mainline/bin/arm-none-linux-gnueabi-gcc version 4.8.0 20121111 (experimental) (GCC)
=== Summary adjusted for local xfails ===
# of unexpected failures 65
# of expected passes 87163
# of expected failures 253
# of unresolved testcases 1
# of unsupported tests 1312
Host is i686-pc-linux-gnu
=== gfortran tests ===
Running target qemu-default
XPASS: gfortran.dg/do_1.f90 -O0 execution test
XPASS: gfortran.dg/do_1.f90 -O1 execution test
FAIL: gfortran.dg/select_type_4.f90 -O2 execution test
FAIL: gfortran.dg/select_type_4.f90 -O3 -fomit-frame-pointer execution test
FAIL: gfortran.dg/select_type_4.f90 -O3 -fomit-frame-pointer -funroll-loops execution test
FAIL: gfortran.dg/select_type_4.f90 -O3 -fomit-frame-pointer -funroll-all-loops -finline-functions execution test
FAIL: gfortran.dg/select_type_4.f90 -O3 -g execution test
FAIL: gfortran.dg/sms-1.f90 -O0 execution test
FAIL: gfortran.dg/sms-1.f90 -O1 execution test
FAIL: gfortran.dg/sms-1.f90 -O2 execution test
FAIL: gfortran.dg/sms-1.f90 -O3 -fomit-frame-pointer execution test
FAIL: gfortran.dg/sms-1.f90 -O3 -g execution test
FAIL: gfortran.dg/sms-1.f90 -Os execution test
FAIL: gfortran.dg/zero_sized_1.f90 -O0 execution test
FAIL: gfortran.dg/lto/pr45586-2 f_lto_pr45586-2_0.o-f_lto_pr45586-2_0.o link, -O0 -flto -flto-partition=none -fuse-linker-plugin (internal compiler error)
UNRESOLVED: gfortran.dg/lto/pr45586-2 f_lto_pr45586-2_0.o-f_lto_pr45586-2_0.o execute -O0 -flto -flto-partition=none -fuse-linker-plugin
FAIL: gfortran.dg/lto/pr45586-2 f_lto_pr45586-2_0.o-f_lto_pr45586-2_0.o link, -O0 -flto -flto-partition=1to1 -fno-use-linker-plugin (internal compiler error)
UNRESOLVED: gfortran.dg/lto/pr45586-2 f_lto_pr45586-2_0.o-f_lto_pr45586-2_0.o execute -O0 -flto -flto-partition=1to1 -fno-use-linker-plugin
FAIL: gfortran.dg/lto/pr45586-2 f_lto_pr45586-2_0.o-f_lto_pr45586-2_0.o link, -O0 -flto -fuse-linker-plugin -fno-fat-lto-objects (internal compiler error)
UNRESOLVED: gfortran.dg/lto/pr45586-2 f_lto_pr45586-2_0.o-f_lto_pr45586-2_0.o execute -O0 -flto -fuse-linker-plugin -fno-fat-lto-objects
FAIL: gfortran.dg/lto/pr45586 f_lto_pr45586_0.o-f_lto_pr45586_0.o link, -O0 -flto -flto-partition=none -fuse-linker-plugin (internal compiler error)
UNRESOLVED: gfortran.dg/lto/pr45586 f_lto_pr45586_0.o-f_lto_pr45586_0.o execute -O0 -flto -flto-partition=none -fuse-linker-plugin
FAIL: gfortran.dg/lto/pr45586 f_lto_pr45586_0.o-f_lto_pr45586_0.o link, -O0 -flto -flto-partition=1to1 -fno-use-linker-plugin (internal compiler error)
UNRESOLVED: gfortran.dg/lto/pr45586 f_lto_pr45586_0.o-f_lto_pr45586_0.o execute -O0 -flto -flto-partition=1to1 -fno-use-linker-plugin
FAIL: gfortran.dg/lto/pr45586 f_lto_pr45586_0.o-f_lto_pr45586_0.o link, -O0 -flto -fuse-linker-plugin -fno-fat-lto-objects (internal compiler error)
UNRESOLVED: gfortran.dg/lto/pr45586 f_lto_pr45586_0.o-f_lto_pr45586_0.o execute -O0 -flto -fuse-linker-plugin -fno-fat-lto-objects
FAIL: gfortran.dg/vect/pr32380.f -O scan-tree-dump-times vect "vectorized 6 loops" 1
=== gfortran Summary ===
# of expected passes 41252
# of unexpected failures 19
# of unexpected successes 2
# of expected failures 63
# of unresolved testcases 6
# of unsupported tests 391
/scratch/gcc/nightly-2012-11-11-mainline/arm-none-linux-gnueabi/obj/test-mainline-0-arm-none-linux-gnueabi/host-i686-pc-linux-gnu/fsf-mainline/bin/arm-none-linux-gnueabi-gfortran version 4.8.0 20121111 (experimental) (GCC)
=== Summary adjusted for local xfails ===
# of unexpected failures 19
# of expected passes 41252
# of unexpected successes 2
# of expected failures 63
# of unresolved testcases 6
# of unsupported tests 391
Host is i686-pc-linux-gnu
=== libstdc++ tests ===
Running target qemu-default
ERROR: tcl error sourcing /scratch/gcc/nightly-2012-11-11-mainline/src/gcc-mainline/libstdc++-v3/testsuite/libstdc++-abi/abi.exp.
ERROR: can't read "baseline_subdir_switch": no such variable
FAIL: 21_strings/basic_string/inserters_extractors/wchar_t/28277.cc execution test
FAIL: 22_locale/time_get/get_weekday/char/38081-1.cc execution test
FAIL: 22_locale/time_get/get_weekday/char/38081-2.cc execution test
FAIL: 27_io/basic_ostream/inserters_character/wchar_t/28277-3.cc execution test
FAIL: 27_io/basic_ostream/inserters_character/wchar_t/28277-4.cc execution test
FAIL: 29_atomics/atomic/operators/integral_assignment.cc execution test
FAIL: 29_atomics/atomic/operators/integral_conversion.cc execution test
FAIL: 29_atomics/atomic_integral/operators/integral_assignment.cc execution test
FAIL: 29_atomics/atomic_integral/operators/integral_conversion.cc execution test
FAIL: ext/vstring/inserters_extractors/wchar_t/28277.cc execution test
=== libstdc++ Summary ===
# of expected passes 8682
# of unexpected failures 10
# of expected failures 43
# of unsupported tests 340
=== Summary adjusted for local xfails ===
# of errors 2
# of unexpected failures 10
# of expected passes 8682
# of expected failures 43
# of unsupported tests 340
Host is i686-pc-linux-gnu
=== g++ tests ===
Running target qemu-default-thumb/-mthumb
FAIL: g++.dg/debug/dwarf2/non-virtual-thunk.C -std=gnu++98 scan-assembler thunk.C:30
FAIL: g++.dg/debug/dwarf2/non-virtual-thunk.C -std=gnu++11 scan-assembler thunk.C:30
FAIL: g++.dg/cpp0x/constexpr-complex.C (test for excess errors)
FAIL: g++.dg/cpp0x/gnu_fext-numeric-literals.C (test for excess errors)
FAIL: g++.dg/cpp0x/std_fext-numeric-literals.C (test for excess errors)
FAIL: g++.dg/ipa/pr46984.C -std=gnu++98 execution test
FAIL: g++.dg/ipa/pr46984.C -std=gnu++11 execution test
FAIL: g++.dg/parse/template23.C -std=c++11 (test for errors, line 8)
FAIL: g++.dg/parse/template23.C -std=c++11 (test for errors, line 9)
FAIL: g++.dg/parse/template23.C -std=c++11 (test for excess errors)
FAIL: g++.dg/pr48660.C -std=c++98 (internal compiler error)
FAIL: g++.dg/pr48660.C -std=c++98 (test for excess errors)
FAIL: g++.dg/pr48660.C -std=c++11 (internal compiler error)
FAIL: g++.dg/pr48660.C -std=c++11 (test for excess errors)
FAIL: g++.dg/tm/pr51516.C -std=gnu++98 scan-tree-dump-times optimized ";; Function C::C" 1
FAIL: g++.dg/tm/pr51516.C -std=gnu++11 scan-tree-dump-times optimized ";; Function C::C" 1
FAIL: g++.dg/torture/covariant-1.C -O2 -flto -fno-use-linker-plugin -flto-partition=none execution test
FAIL: g++.dg/torture/covariant-1.C -O2 -flto -fuse-linker-plugin -fno-fat-lto-objects execution test
FAIL: g++.dg/torture/pr45699.C -O2 -flto -fuse-linker-plugin -fno-fat-lto-objects execution test
=== g++ Summary ===
# of expected passes 49188
# of unexpected failures 19
# of expected failures 287
# of unsupported tests 839
/scratch/gcc/nightly-2012-11-11-mainline/arm-none-linux-gnueabi/obj/test-mainline-0-arm-none-linux-gnueabi/host-i686-pc-linux-gnu/fsf-mainline/bin/arm-none-linux-gnueabi-g++ version 4.8.0 20121111 (experimental) (GCC)
=== Summary adjusted for local xfails ===
# of unexpected failures 19
# of expected passes 49188
# of expected failures 287
# of unsupported tests 839
Host is i686-pc-linux-gnu
=== gcc tests ===
Running target qemu-default-thumb/-mthumb
FAIL: gcc.dg/atomic-compare-exchange-1.c execution test
FAIL: gcc.dg/atomic-compare-exchange-2.c execution test
FAIL: gcc.dg/attr-weakref-1.c (test for excess errors)
UNRESOLVED: gcc.dg/attr-weakref-1.c compilation failed to produce executable
FAIL: gcc.dg/builtin-object-size-8.c execution test
FAIL: gcc.dg/uninit-13.c unconditional (test for warnings, line 8)
FAIL: gcc.dg/uninit-13.c (test for excess errors)
FAIL: gcc.dg/fixed-point/unary.c execution test
FAIL: gcc.dg/graphite/pr42521.c (internal compiler error)
FAIL: gcc.dg/graphite/pr42521.c (test for excess errors)
FAIL: gcc.dg/graphite/pr42771.c (internal compiler error)
FAIL: gcc.dg/graphite/pr42771.c (test for excess errors)
FAIL: gcc.dg/torture/pr51106-2.c -O0 (internal compiler error)
FAIL: gcc.dg/torture/pr51106-2.c -O0 (test for excess errors)
FAIL: gcc.dg/torture/pr51106-2.c -O1 (internal compiler error)
FAIL: gcc.dg/torture/pr51106-2.c -O1 (test for excess errors)
FAIL: gcc.dg/torture/pr51106-2.c -O2 (internal compiler error)
FAIL: gcc.dg/torture/pr51106-2.c -O2 (test for excess errors)
FAIL: gcc.dg/torture/pr51106-2.c -O3 -fomit-frame-pointer (internal compiler error)
FAIL: gcc.dg/torture/pr51106-2.c -O3 -fomit-frame-pointer (test for excess errors)
FAIL: gcc.dg/torture/pr51106-2.c -O3 -g (internal compiler error)
FAIL: gcc.dg/torture/pr51106-2.c -O3 -g (test for excess errors)
FAIL: gcc.dg/torture/pr51106-2.c -Os (internal compiler error)
FAIL: gcc.dg/torture/pr51106-2.c -Os (test for excess errors)
FAIL: gcc.dg/torture/pr51106-2.c -O2 -flto -fno-use-linker-plugin -flto-partition=none (internal compiler error)
FAIL: gcc.dg/torture/pr51106-2.c -O2 -flto -fno-use-linker-plugin -flto-partition=none (test for excess errors)
FAIL: gcc.dg/tree-ssa/cunroll-1.c scan-tree-dump cunrolli "Unrolled loop 1 completely .duplicated 1 times.."
FAIL: gcc.dg/tree-ssa/pr37508.c scan-tree-dump-times vrp1 "Folding" 3
FAIL: gcc.dg/tree-ssa/sra-12.c scan-tree-dump-times release_ssa "l;" 0
FAIL: gcc.target/arm/fma-sp.c scan-assembler-times vfma.f32\\ts[0-9] 1
FAIL: gcc.target/arm/fma-sp.c scan-assembler-times vfms.f32\\ts[0-9] 1
FAIL: gcc.target/arm/fma-sp.c scan-assembler-times vfnma.f32\\ts[0-9] 1
FAIL: gcc.target/arm/fma-sp.c scan-assembler-times vfnms.f32\\ts[0-9] 1
FAIL: gcc.target/arm/fma.c scan-assembler-times vfma.f64\\td[0-9] 1
FAIL: gcc.target/arm/fma.c scan-assembler-times vfma.f32\\ts[0-9] 1
FAIL: gcc.target/arm/fma.c scan-assembler-times vfms.f64\\td[0-9] 1
FAIL: gcc.target/arm/fma.c scan-assembler-times vfms.f32\\ts[0-9] 1
FAIL: gcc.target/arm/fma.c scan-assembler-times vfnma.f64\\td[0-9] 1
FAIL: gcc.target/arm/fma.c scan-assembler-times vfnma.f32\\ts[0-9] 1
FAIL: gcc.target/arm/fma.c scan-assembler-times vfnms.f64\\td[0-9] 1
FAIL: gcc.target/arm/fma.c scan-assembler-times vfnms.f32\\ts[0-9] 1
FAIL: gcc.target/arm/pr42172-1.c scan-assembler-times ldr 1
FAIL: gcc.target/arm/pr43137.c scan-assembler-not mov\\tr1, r[1-9]
=== gcc Summary ===
# of expected passes 80238
# of unexpected failures 42
# of expected failures 111
# of unresolved testcases 1
# of unsupported tests 3260
/scratch/gcc/nightly-2012-11-11-mainline/arm-none-linux-gnueabi/obj/test-mainline-0-arm-none-linux-gnueabi/host-i686-pc-linux-gnu/fsf-mainline/bin/arm-none-linux-gnueabi-gcc version 4.8.0 20121111 (experimental) (GCC)
=== Summary adjusted for local xfails ===
# of unexpected failures 42
# of expected passes 80238
# of expected failures 111
# of unresolved testcases 1
# of unsupported tests 3260
Host is i686-pc-linux-gnu
=== gfortran tests ===
Running target qemu-default-thumb/-mthumb
XPASS: gfortran.dg/do_1.f90 -O0 execution test
XPASS: gfortran.dg/do_1.f90 -O1 execution test
FAIL: gfortran.dg/lto/pr45586-2 f_lto_pr45586-2_0.o-f_lto_pr45586-2_0.o link, -O0 -flto -flto-partition=none -fuse-linker-plugin (internal compiler error)
UNRESOLVED: gfortran.dg/lto/pr45586-2 f_lto_pr45586-2_0.o-f_lto_pr45586-2_0.o execute -O0 -flto -flto-partition=none -fuse-linker-plugin
FAIL: gfortran.dg/lto/pr45586-2 f_lto_pr45586-2_0.o-f_lto_pr45586-2_0.o link, -O0 -flto -flto-partition=1to1 -fno-use-linker-plugin (internal compiler error)
UNRESOLVED: gfortran.dg/lto/pr45586-2 f_lto_pr45586-2_0.o-f_lto_pr45586-2_0.o execute -O0 -flto -flto-partition=1to1 -fno-use-linker-plugin
FAIL: gfortran.dg/lto/pr45586-2 f_lto_pr45586-2_0.o-f_lto_pr45586-2_0.o link, -O0 -flto -fuse-linker-plugin -fno-fat-lto-objects (internal compiler error)
UNRESOLVED: gfortran.dg/lto/pr45586-2 f_lto_pr45586-2_0.o-f_lto_pr45586-2_0.o execute -O0 -flto -fuse-linker-plugin -fno-fat-lto-objects
FAIL: gfortran.dg/lto/pr45586 f_lto_pr45586_0.o-f_lto_pr45586_0.o link, -O0 -flto -flto-partition=none -fuse-linker-plugin (internal compiler error)
UNRESOLVED: gfortran.dg/lto/pr45586 f_lto_pr45586_0.o-f_lto_pr45586_0.o execute -O0 -flto -flto-partition=none -fuse-linker-plugin
FAIL: gfortran.dg/lto/pr45586 f_lto_pr45586_0.o-f_lto_pr45586_0.o link, -O0 -flto -flto-partition=1to1 -fno-use-linker-plugin (internal compiler error)
UNRESOLVED: gfortran.dg/lto/pr45586 f_lto_pr45586_0.o-f_lto_pr45586_0.o execute -O0 -flto -flto-partition=1to1 -fno-use-linker-plugin
FAIL: gfortran.dg/lto/pr45586 f_lto_pr45586_0.o-f_lto_pr45586_0.o link, -O0 -flto -fuse-linker-plugin -fno-fat-lto-objects (internal compiler error)
UNRESOLVED: gfortran.dg/lto/pr45586 f_lto_pr45586_0.o-f_lto_pr45586_0.o execute -O0 -flto -fuse-linker-plugin -fno-fat-lto-objects
=== gfortran Summary ===
# of expected passes 41215
# of unexpected failures 6
# of unexpected successes 2
# of expected failures 62
# of unresolved testcases 6
# of unsupported tests 380
/scratch/gcc/nightly-2012-11-11-mainline/arm-none-linux-gnueabi/obj/test-mainline-0-arm-none-linux-gnueabi/host-i686-pc-linux-gnu/fsf-mainline/bin/arm-none-linux-gnueabi-gfortran version 4.8.0 20121111 (experimental) (GCC)
=== Summary adjusted for local xfails ===
# of unexpected failures 6
# of expected passes 41215
# of unexpected successes 2
# of expected failures 62
# of unresolved testcases 6
# of unsupported tests 380
Host is i686-pc-linux-gnu
=== libstdc++ tests ===
Running target qemu-default-thumb/-mthumb
ERROR: tcl error sourcing /scratch/gcc/nightly-2012-11-11-mainline/src/gcc-mainline/libstdc++-v3/testsuite/libstdc++-abi/abi.exp.
ERROR: can't read "baseline_subdir_switch": no such variable
FAIL: 21_strings/basic_string/inserters_extractors/wchar_t/28277.cc execution test
FAIL: 22_locale/time_get/get_weekday/char/38081-1.cc execution test
FAIL: 22_locale/time_get/get_weekday/char/38081-2.cc execution test
FAIL: 27_io/basic_ostream/inserters_character/wchar_t/28277-3.cc execution test
FAIL: 27_io/basic_ostream/inserters_character/wchar_t/28277-4.cc execution test
FAIL: 29_atomics/atomic/operators/integral_assignment.cc execution test
FAIL: 29_atomics/atomic/operators/integral_conversion.cc execution test
FAIL: 29_atomics/atomic_integral/operators/integral_assignment.cc execution test
FAIL: 29_atomics/atomic_integral/operators/integral_conversion.cc execution test
FAIL: ext/vstring/inserters_extractors/wchar_t/28277.cc execution test
=== libstdc++ Summary ===
# of expected passes 8682
# of unexpected failures 10
# of expected failures 43
# of unsupported tests 340
=== Summary adjusted for local xfails ===
# of errors 2
# of unexpected failures 10
# of expected passes 8682
# of expected failures 43
# of unsupported tests 340
Compiler version: 4.8.0 20121111 (experimental) (GCC)
Platform: arm-none-linux-gnueabi
configure flags: --build=i686-pc-linux-gnu --host=i686-pc-linux-gnu --target=arm-none-linux-gnueabi --enable-threads --disable-libmudflap --disable-libssp --disable-libstdcxx-pch --with-gnu-as --with-gnu-ld --enable-languages=c,c++,fortran --enable-shared --enable-lto --enable-symvers=gnu --enable-__cxa_atexit --disable-nls --prefix=/opt/codesourcery --with-sysroot=/opt/codesourcery/arm-none-linux-gnueabi/libc --with-build-sysroot=/scratch/gcc/nightly-2012-11-11-mainline/arm-none-linux-gnueabi/install/arm-none-linux-gnueabi/libc --with-gmp=/scratch/gcc/nightly-2012-11-11-mainline/arm-none-linux-gnueabi/obj/pkg-mainline-0-arm-none-linux-gnueabi/fsf-mainline-0-arm-none-linux-gnueabi.extras/host-libs-i686-pc-linux-gnu/usr --with-mpfr=/scratch/gcc/nightly-2012-11-11-mainline/arm-none-linux-gnueabi/obj/pkg-mainline-0-arm-none-linux-gnueabi/fsf-mainline-0-arm-none-linux-gnueabi.extras/host-libs-i686-pc-linux-gnu/usr --with-mpc=/scratch/gcc/nightly-2012-11-11-mainline/arm-none-linux
-gnueabi/obj/pkg-mainline-0-arm-none-linux-gnueabi/fsf-mainline-0-arm-none-linux-gnueabi.extras/host-libs-i686-pc-linux-gnu/usr --with-host-libstdcxx='-static-libgcc -Wl,-Bstatic,-lstdc++,-Bdynamic -lm' --with-isl=/scratch/gcc/nightly-2012-11-11-mainline/arm-none-linux-gnueabi/obj/pkg-mainline-0-arm-none-linux-gnueabi/fsf-mainline-0-arm-none-linux-gnueabi.extras/host-libs-i686-pc-linux-gnu/usr --with-cloog=/scratch/gcc/nightly-2012-11-11-mainline/arm-none-linux-gnueabi/obj/pkg-mainline-0-arm-none-linux-gnueabi/fsf-mainline-0-arm-none-linux-gnueabi.extras/host-libs-i686-pc-linux-gnu/usr --with-libelf=/scratch/gcc/nightly-2012-11-11-mainline/arm-none-linux-gnueabi/obj/pkg-mainline-0-arm-none-linux-gnueabi/fsf-mainline-0-arm-none-linux-gnueabi.extras/host-libs-i686-pc-linux-gnu/usr --disable-libgomp --disable-libitm --enable-poison-system-directories --with-build-time-tools=/scratch/gcc/nightly-2012-11-11-mainline/arm-none-linux-gnueabi/install/arm-none-linux-gnueabi/bin --with
-build-time-tools=/scratch/gcc/nightly-2012-11-11-mainline/arm-none-linux-gnueabi/install/arm-none-linux-gnueabi/bin