This is the mail archive of the
gcc-testresults@gcc.gnu.org
mailing list for the GCC project.
Results for 4.8.0 20121104 (experimental) testsuite on powerpc64-unknown-linux-gnu
- From: Mikael Pettersson <mikpe at it dot uu dot se>
- To: gcc-testresults at gcc dot gnu dot org
- Date: Tue, 6 Nov 2012 15:15:26 +0100
- Subject: Results for 4.8.0 20121104 (experimental) testsuite on powerpc64-unknown-linux-gnu
LAST_UPDATED: Obtained from SVN: trunk revision 193141
=== acats tests ===
=== acats Summary ===
# of expected passes 2320
# of unexpected failures 0
Native configuration is powerpc64-unknown-linux-gnu
=== g++ tests ===
Running target unix
=== g++ Summary ===
# of expected passes 48239
# of expected failures 286
# of unsupported tests 739
/mnt/archive/objdir48/gcc/testsuite/g++/../../g++ version 4.8.0 20121104 (experimental) (GCC)
=== gcc tests ===
Running target unix
FAIL: gcc.dg/autopar/pr49960.c scan-tree-dump-times parloops "SUCCESS: may be parallelized" 0
FAIL: gcc.dg/autopar/pr49960.c scan-tree-dump-times optimized "loopfn" 0
FAIL: gcc.dg/debug/dwarf2/const-2.c scan-assembler DW_AT_const_value
FAIL: gcc.dg/and-1.c scan-assembler-not nand
FAIL: gcc.dg/attr-weakref-1.c (test for excess errors)
WARNING: gcc.dg/attr-weakref-1.c compilation failed to produce executable
FAIL: gcc.dg/builtin-object-size-8.c execution test
FAIL: gcc.dg/pr19105.c scan-tree-dump-times reassoc1 "Optimizing range tests v_[0-9]*.D. -.2, 2. and -.3, 4.[\\n\\r]* into" 1
FAIL: gcc.dg/sms-1.c scan-rtl-dump-times sms "SMS succeeded" 1
FAIL: gcc.dg/sms-10.c scan-rtl-dump-times sms "SMS succeeded" 1
FAIL: gcc.dg/sms-3.c execution test
FAIL: gcc.dg/sms-5.c execution test
FAIL: gcc.dg/sms-6.c execution test
FAIL: gcc.dg/sms-7.c execution test
FAIL: gcc.dg/torture/pr51106-2.c -O0 (test for excess errors)
FAIL: gcc.dg/torture/pr51106-2.c -O1 (test for excess errors)
FAIL: gcc.dg/torture/pr51106-2.c -O2 (test for excess errors)
FAIL: gcc.dg/torture/pr51106-2.c -O3 -fomit-frame-pointer (test for excess errors)
FAIL: gcc.dg/torture/pr51106-2.c -O3 -g (test for excess errors)
FAIL: gcc.dg/torture/pr51106-2.c -Os (test for excess errors)
FAIL: gcc.dg/torture/pr53589.c -O3 -g (internal compiler error)
FAIL: gcc.dg/torture/pr53589.c -O3 -g (test for excess errors)
UNRESOLVED: gcc.dg/tree-ssa/cunroll-9.c scan-tree-dump-times cunroli "1" Removed pointless exit:
FAIL: gcc.dg/tree-ssa/sra-12.c scan-tree-dump-times release_ssa "l;" 0
FAIL: gcc.dg/tree-ssa/ssa-dom-thread-4.c scan-tree-dump-times dom1 "Threaded" 3
FAIL: gcc.dg/tree-ssa/vrp47.c scan-tree-dump-times vrp1 "[xy][^ ]* !=" 0
FAIL: gcc.dg/tree-ssa/vrp47.c scan-tree-dump-times dom2 "x[^ ]* & y" 1
FAIL: gcc.dg/vect/slp-perm-8.c scan-tree-dump-times vect "vectorized 1 loops" 1
FAIL: gcc.dg/vect/slp-perm-8.c scan-tree-dump-times vect "vectorizing stmts using SLP" 1
FAIL: gcc.dg/vect/slp-perm-9.c scan-tree-dump-times vect "permutation requires at least three vectors" 1
FAIL: gcc.dg/vect/slp-widen-mult-half.c execution test
FAIL: gcc.dg/vect/aligned-section-anchors-nest-1.c scan-ipa-dump-times increase_alignment "Increasing alignment of decl" 3
FAIL: gcc.dg/vmx/varargs-4.c -O1 execution test
FAIL: gcc.target/powerpc/405-dlmzb-strlen-1.c scan-assembler dlmzb\\\\.
FAIL: gcc.target/powerpc/440-dlmzb-strlen-1.c scan-assembler dlmzb\\\\.
FAIL: gcc.target/powerpc/ppc-vector-memcpy.c scan-assembler lvx
ERROR: (DejaGnu) proc "." does not exist.
=== gcc Summary ===
# of expected passes 71773
# of unexpected failures 34
# of expected failures 173
# of unresolved testcases 1
# of unsupported tests 1069
/mnt/archive/objdir48/gcc/xgcc version 4.8.0 20121104 (experimental) (GCC)
=== gfortran tests ===
Running target unix
XPASS: gfortran.dg/do_1.f90 -O0 execution test
XPASS: gfortran.dg/do_1.f90 -O1 execution test
XPASS: gfortran.dg/nint_2.f90 -O0 execution test
FAIL: gfortran.dg/sms-2.f90 -O3 -fomit-frame-pointer -funroll-loops execution test
FAIL: gfortran.dg/sms-2.f90 -O3 -fomit-frame-pointer -funroll-all-loops -finline-functions execution test
=== gfortran Summary ===
# of expected passes 41723
# of unexpected failures 2
# of unexpected successes 3
# of expected failures 73
# of unsupported tests 252
/mnt/archive/objdir48/gcc/testsuite/gfortran/../../gfortran version 4.8.0 20121104 (experimental) (GCC)
=== gnat tests ===
Running target unix
FAIL: gnat.dg/array11.adb (test for warnings, line 12)
FAIL: gnat.dg/object_overflow.adb (test for warnings, line 8)
=== gnat Summary ===
# of expected passes 1114
# of unexpected failures 2
# of expected failures 17
# of unsupported tests 10
/mnt/archive/objdir48/gcc/gnatmake version 4.8.0 20121104 (experimental)
=== libatomic tests ===
Running target unix
=== libatomic Summary ===
# of expected passes 34
# of unsupported tests 10
=== libgomp tests ===
Running target unix
=== libgomp Summary ===
# of expected passes 2930
# of unsupported tests 1
=== libitm tests ===
Running target unix
=== libitm Summary ===
# of expected passes 26
# of expected failures 3
# of unsupported tests 1
=== libstdc++ tests ===
Running target unix
FAIL: libstdc++-abi/abi_check
FAIL: 20_util/tuple/creation_functions/tie2.cc (test for excess errors)
WARNING: 20_util/tuple/creation_functions/tie2.cc compilation failed to produce executable
FAIL: 23_containers/map/requirements/explicit_instantiation/1_c++0x.cc (test for excess errors)
FAIL: 23_containers/unordered_map/cons/moveable.cc (test for excess errors)
WARNING: 23_containers/unordered_map/cons/moveable.cc compilation failed to produce executable
FAIL: 23_containers/unordered_map/dr761.cc (test for excess errors)
WARNING: 23_containers/unordered_map/dr761.cc compilation failed to produce executable
FAIL: 23_containers/unordered_map/init-list.cc (test for excess errors)
WARNING: 23_containers/unordered_map/init-list.cc compilation failed to produce executable
FAIL: 23_containers/unordered_map/insert/array_syntax.cc (test for excess errors)
WARNING: 23_containers/unordered_map/insert/array_syntax.cc compilation failed to produce executable
FAIL: 23_containers/unordered_map/insert/array_syntax_move.cc (test for excess errors)
WARNING: 23_containers/unordered_map/insert/array_syntax_move.cc compilation failed to produce executable
FAIL: 23_containers/unordered_map/insert/map_range.cc (test for excess errors)
WARNING: 23_containers/unordered_map/insert/map_range.cc compilation failed to produce executable
FAIL: 23_containers/unordered_map/operators/2.cc (test for excess errors)
WARNING: 23_containers/unordered_map/operators/2.cc compilation failed to produce executable
FAIL: 23_containers/unordered_map/profile/unordered.cc (test for excess errors)
WARNING: 23_containers/unordered_map/profile/unordered.cc compilation failed to produce executable
FAIL: 23_containers/unordered_map/requirements/explicit_instantiation/1.cc (test for excess errors)
FAIL: 23_containers/unordered_map/requirements/explicit_instantiation/2.cc (test for excess errors)
FAIL: 23_containers/unordered_map/requirements/explicit_instantiation/3.cc (test for excess errors)
FAIL: 23_containers/unordered_map/requirements/explicit_instantiation/4.cc (test for excess errors)
FAIL: 23_containers/unordered_map/requirements/explicit_instantiation/5.cc (test for excess errors)
FAIL: 25_algorithms/stable_sort/49559.cc (test for excess errors)
WARNING: 25_algorithms/stable_sort/49559.cc compilation failed to produce executable
WARNING: libstdc++-prettyprinters/cxx11.cc compilation failed to produce executable
=== libstdc++ Summary ===
# of expected passes 9069
# of unexpected failures 17
# of expected failures 44
# of unsupported tests 219
Compiler version: 4.8.0 20121104 (experimental)
Platform: powerpc64-unknown-linux-gnu
configure flags: --prefix=/mnt/archive/install48 --with-gmp=/home/mikpe/pkgs/linux-ppc64/gmp-5.0.5 --with-mpfr=/home/mikpe/pkgs/linux-ppc64/mpfr-3.1.1 --with-mpc=/home/mikpe/pkgs/linux-ppc64/mpc-1.0.1 --disable-plugin --disable-lto --disable-nls --enable-threads=posix --with-cpu=default32 --enable-checking=release --disable-libmudflap --enable-languages=c,c++,fortran,ada
BOOT_CFLAGS=-g -O2