This is the mail archive of the
gcc-testresults@gcc.gnu.org
mailing list for the GCC project.
Results for 4.8.0 20121103 (experimental) (GCC) testsuite on powerpc64-unknown-linux-gnu
- From: Andreas Schwab <schwab at linux-m68k dot org>
- To: gcc-testresults at gcc dot gnu dot org
- Date: Sun, 04 Nov 2012 06:26:59 +0100
- Subject: Results for 4.8.0 20121103 (experimental) (GCC) testsuite on powerpc64-unknown-linux-gnu
=== acats tests ===
=== acats Summary ===
# of expected passes 2320
# of unexpected failures 0
Native configuration is powerpc64-unknown-linux-gnu
=== g++ tests ===
Running target unix/-m32
=== g++ Summary for unix/-m32 ===
# of expected passes 50092
# of expected failures 288
# of unsupported tests 761
Running target unix/-m64
=== g++ Summary for unix/-m64 ===
# of expected passes 51327
# of expected failures 288
# of unsupported tests 756
=== g++ Summary ===
# of expected passes 101419
# of expected failures 576
# of unsupported tests 1517
/daten/gcc/gcc-20121103/Build/gcc/testsuite/g++/../../g++ version 4.8.0 20121103 (experimental) (GCC)
=== gcc tests ===
Running target unix/-m32
FAIL: gcc.dg/autopar/pr49960.c scan-tree-dump-times parloops "SUCCESS: may be parallelized" 0
FAIL: gcc.dg/autopar/pr49960.c scan-tree-dump-times optimized "loopfn" 0
FAIL: gcc.dg/debug/dwarf2/const-2.c scan-assembler DW_AT_const_value
FAIL: gcc.dg/and-1.c scan-assembler-not nand
FAIL: gcc.dg/attr-weakref-1.c (test for excess errors)
WARNING: gcc.dg/attr-weakref-1.c compilation failed to produce executable
FAIL: gcc.dg/builtin-object-size-8.c execution test
FAIL: gcc.dg/pr19105.c scan-tree-dump-times reassoc1 "Optimizing range tests v_[0-9]*.D. -.2, 2. and -.3, 4.[\\n\\r]* into" 1
FAIL: gcc.dg/sms-1.c scan-rtl-dump-times sms "SMS succeeded" 1
FAIL: gcc.dg/sms-10.c scan-rtl-dump-times sms "SMS succeeded" 1
FAIL: gcc.dg/sms-3.c execution test
FAIL: gcc.dg/sms-5.c execution test
FAIL: gcc.dg/sms-6.c execution test
FAIL: gcc.dg/sms-7.c execution test
XPASS: gcc.dg/guality/example.c -O0 execution test
XPASS: gcc.dg/guality/example.c -O1 execution test
XPASS: gcc.dg/guality/example.c -O2 execution test
XPASS: gcc.dg/guality/example.c -Os execution test
XPASS: gcc.dg/guality/example.c -O2 -flto -fno-use-linker-plugin -flto-partition=none execution test
XPASS: gcc.dg/guality/guality.c -O0 execution test
XPASS: gcc.dg/guality/guality.c -O1 execution test
XPASS: gcc.dg/guality/guality.c -O2 execution test
XPASS: gcc.dg/guality/guality.c -O3 -fomit-frame-pointer execution test
XPASS: gcc.dg/guality/guality.c -O3 -g execution test
XPASS: gcc.dg/guality/guality.c -Os execution test
XPASS: gcc.dg/guality/guality.c -O2 -flto -fno-use-linker-plugin -flto-partition=none execution test
XPASS: gcc.dg/guality/guality.c -O2 -flto -fuse-linker-plugin -fno-fat-lto-objects execution test
XPASS: gcc.dg/guality/inline-params.c -O2 execution test
XPASS: gcc.dg/guality/inline-params.c -O3 -fomit-frame-pointer execution test
XPASS: gcc.dg/guality/inline-params.c -O3 -g execution test
XPASS: gcc.dg/guality/inline-params.c -Os execution test
XPASS: gcc.dg/guality/inline-params.c -O2 -flto -fno-use-linker-plugin -flto-partition=none execution test
FAIL: gcc.dg/guality/pr36728-1.c -O1 line 12 arg6 == 6
FAIL: gcc.dg/guality/pr36728-1.c -O1 line 12 arg7 == 30
FAIL: gcc.dg/guality/pr36728-1.c -O1 line 14 arg6 == 6
FAIL: gcc.dg/guality/pr36728-1.c -O1 line 14 arg7 == 30
FAIL: gcc.dg/guality/pr36728-1.c -O2 line 12 arg6 == 6
FAIL: gcc.dg/guality/pr36728-1.c -O2 line 12 arg7 == 30
FAIL: gcc.dg/guality/pr36728-1.c -O2 line 14 arg6 == 6
FAIL: gcc.dg/guality/pr36728-1.c -O2 line 14 arg7 == 30
FAIL: gcc.dg/guality/pr36728-1.c -O3 -fomit-frame-pointer line 12 arg6 == 6
FAIL: gcc.dg/guality/pr36728-1.c -O3 -fomit-frame-pointer line 12 arg7 == 30
FAIL: gcc.dg/guality/pr36728-1.c -O3 -fomit-frame-pointer line 14 arg6 == 6
FAIL: gcc.dg/guality/pr36728-1.c -O3 -fomit-frame-pointer line 14 arg7 == 30
FAIL: gcc.dg/guality/pr36728-1.c -O3 -g line 12 arg6 == 6
FAIL: gcc.dg/guality/pr36728-1.c -O3 -g line 12 arg7 == 30
FAIL: gcc.dg/guality/pr36728-1.c -O3 -g line 14 arg6 == 6
FAIL: gcc.dg/guality/pr36728-1.c -O3 -g line 14 arg7 == 30
FAIL: gcc.dg/guality/pr36728-1.c -Os line 12 arg6 == 6
FAIL: gcc.dg/guality/pr36728-1.c -Os line 12 arg7 == 30
FAIL: gcc.dg/guality/pr36728-1.c -Os line 14 arg6 == 6
FAIL: gcc.dg/guality/pr36728-1.c -Os line 14 arg7 == 30
FAIL: gcc.dg/guality/pr36728-1.c -O2 -flto -fno-use-linker-plugin -flto-partition=none line 12 arg6 == 6
FAIL: gcc.dg/guality/pr36728-1.c -O2 -flto -fno-use-linker-plugin -flto-partition=none line 12 arg7 == 30
FAIL: gcc.dg/guality/pr36728-1.c -O2 -flto -fno-use-linker-plugin -flto-partition=none line 14 arg6 == 6
FAIL: gcc.dg/guality/pr36728-1.c -O2 -flto -fno-use-linker-plugin -flto-partition=none line 14 arg7 == 30
FAIL: gcc.dg/guality/pr36728-1.c -O2 -flto -fuse-linker-plugin -fno-fat-lto-objects line 12 arg6 == 6
FAIL: gcc.dg/guality/pr36728-1.c -O2 -flto -fuse-linker-plugin -fno-fat-lto-objects line 12 arg7 == 30
FAIL: gcc.dg/guality/pr36728-1.c -O2 -flto -fuse-linker-plugin -fno-fat-lto-objects line 14 arg6 == 6
FAIL: gcc.dg/guality/pr36728-1.c -O2 -flto -fuse-linker-plugin -fno-fat-lto-objects line 14 arg7 == 30
FAIL: gcc.dg/guality/pr36728-2.c -O1 line 12 arg7 == 30
FAIL: gcc.dg/guality/pr36728-2.c -O1 line 14 arg7 == 30
FAIL: gcc.dg/guality/pr36728-2.c -O2 line 12 arg7 == 30
FAIL: gcc.dg/guality/pr36728-2.c -O2 line 14 arg7 == 30
FAIL: gcc.dg/guality/pr36728-2.c -O3 -fomit-frame-pointer line 12 arg7 == 30
FAIL: gcc.dg/guality/pr36728-2.c -O3 -fomit-frame-pointer line 14 arg7 == 30
FAIL: gcc.dg/guality/pr36728-2.c -O3 -g line 12 arg7 == 30
FAIL: gcc.dg/guality/pr36728-2.c -O3 -g line 14 arg7 == 30
FAIL: gcc.dg/guality/pr36728-2.c -Os line 12 arg7 == 30
FAIL: gcc.dg/guality/pr36728-2.c -Os line 14 arg7 == 30
FAIL: gcc.dg/guality/pr36728-2.c -O2 -flto -fno-use-linker-plugin -flto-partition=none line 12 arg7 == 30
FAIL: gcc.dg/guality/pr36728-2.c -O2 -flto -fno-use-linker-plugin -flto-partition=none line 14 arg7 == 30
FAIL: gcc.dg/guality/pr36728-2.c -O2 -flto -fuse-linker-plugin -fno-fat-lto-objects line 12 arg7 == 30
FAIL: gcc.dg/guality/pr36728-2.c -O2 -flto -fuse-linker-plugin -fno-fat-lto-objects line 14 arg7 == 30
XPASS: gcc.dg/guality/pr41353-1.c -O0 line 28 j == 28 + 37
XPASS: gcc.dg/guality/pr41447-1.c -O0 execution test
XPASS: gcc.dg/guality/pr41447-1.c -O1 execution test
XPASS: gcc.dg/guality/pr41447-1.c -O2 execution test
XPASS: gcc.dg/guality/pr41447-1.c -O3 -fomit-frame-pointer execution test
XPASS: gcc.dg/guality/pr41447-1.c -O3 -g execution test
XPASS: gcc.dg/guality/pr41447-1.c -Os execution test
XPASS: gcc.dg/guality/pr41447-1.c -O2 -flto -fuse-linker-plugin -fno-fat-lto-objects execution test
XPASS: gcc.dg/guality/pr41616-1.c -O0 execution test
XPASS: gcc.dg/guality/pr41616-1.c -O1 execution test
XPASS: gcc.dg/guality/pr41616-1.c -O2 execution test
XPASS: gcc.dg/guality/pr41616-1.c -O3 -fomit-frame-pointer execution test
XPASS: gcc.dg/guality/pr41616-1.c -O3 -g execution test
XPASS: gcc.dg/guality/pr41616-1.c -Os execution test
XPASS: gcc.dg/guality/pr41616-1.c -O2 -flto -fno-use-linker-plugin -flto-partition=none execution test
FAIL: gcc.dg/guality/pr54200.c -O1 line 20 z == 3
FAIL: gcc.dg/guality/pr54200.c -O2 line 20 z == 3
FAIL: gcc.dg/guality/pr54200.c -O3 -fomit-frame-pointer line 20 z == 3
FAIL: gcc.dg/guality/pr54200.c -O3 -g line 20 z == 3
FAIL: gcc.dg/guality/pr54200.c -Os line 20 z == 3
FAIL: gcc.dg/guality/pr54200.c -O2 -flto -fno-use-linker-plugin -flto-partition=none line 20 z == 3
FAIL: gcc.dg/guality/pr54200.c -O2 -flto -fuse-linker-plugin -fno-fat-lto-objects line 20 z == 3
FAIL: gcc.dg/guality/pr54519-1.c -O2 -flto -fno-use-linker-plugin -flto-partition=none line 20 y == 25
FAIL: gcc.dg/guality/pr54519-1.c -O2 -flto -fno-use-linker-plugin -flto-partition=none line 20 z == 6
FAIL: gcc.dg/guality/pr54519-1.c -O2 -flto -fno-use-linker-plugin -flto-partition=none line 23 y == 117
FAIL: gcc.dg/guality/pr54519-1.c -O2 -flto -fno-use-linker-plugin -flto-partition=none line 23 z == 8
FAIL: gcc.dg/guality/pr54519-2.c -O2 -flto -fno-use-linker-plugin -flto-partition=none line 17 y == 25
FAIL: gcc.dg/guality/pr54519-2.c -O2 -flto -fuse-linker-plugin -fno-fat-lto-objects line 17 y == 25
FAIL: gcc.dg/guality/pr54519-3.c -O2 -flto -fuse-linker-plugin -fno-fat-lto-objects line 20 z == 6
FAIL: gcc.dg/guality/pr54519-3.c -O2 -flto -fuse-linker-plugin -fno-fat-lto-objects line 23 z == 8
FAIL: gcc.dg/guality/pr54519-4.c -O2 -flto -fuse-linker-plugin -fno-fat-lto-objects line 17 y == 25
FAIL: gcc.dg/guality/pr54519-5.c -O2 line 17 y == 25
FAIL: gcc.dg/guality/pr54519-5.c -O3 -fomit-frame-pointer line 17 y == 25
FAIL: gcc.dg/guality/pr54519-5.c -O3 -g line 17 y == 25
FAIL: gcc.dg/guality/pr54519-5.c -Os line 17 y == 25
FAIL: gcc.dg/guality/pr54519-5.c -O2 -flto -fno-use-linker-plugin -flto-partition=none line 17 y == 25
FAIL: gcc.dg/guality/pr54519-5.c -O2 -flto -fuse-linker-plugin -fno-fat-lto-objects line 17 y == 25
FAIL: gcc.dg/guality/pr54693.c -O1 line 22 i == c - 48
FAIL: gcc.dg/guality/pr54970.c -O1 line 15 a[0] == 1
FAIL: gcc.dg/guality/pr54970.c -O1 line 20 a[0] == 1
FAIL: gcc.dg/guality/pr54970.c -O1 line 25 a[0] == 1
FAIL: gcc.dg/guality/pr54970.c -O2 line 15 a[0] == 1
FAIL: gcc.dg/guality/pr54970.c -O2 line 20 a[0] == 1
FAIL: gcc.dg/guality/pr54970.c -O2 line 25 a[0] == 1
FAIL: gcc.dg/guality/pr54970.c -O3 -fomit-frame-pointer line 15 a[0] == 1
FAIL: gcc.dg/guality/pr54970.c -O3 -fomit-frame-pointer line 20 a[0] == 1
FAIL: gcc.dg/guality/pr54970.c -O3 -fomit-frame-pointer line 25 a[0] == 1
FAIL: gcc.dg/guality/pr54970.c -O3 -g line 15 a[0] == 1
FAIL: gcc.dg/guality/pr54970.c -O3 -g line 20 a[0] == 1
FAIL: gcc.dg/guality/pr54970.c -O3 -g line 25 a[0] == 1
FAIL: gcc.dg/guality/pr54970.c -Os line 15 a[0] == 1
FAIL: gcc.dg/guality/pr54970.c -Os line 20 a[0] == 1
FAIL: gcc.dg/guality/pr54970.c -Os line 25 a[0] == 1
FAIL: gcc.dg/guality/pr54970.c -O2 -flto -fno-use-linker-plugin -flto-partition=none line 15 a[0] == 1
FAIL: gcc.dg/guality/pr54970.c -O2 -flto -fno-use-linker-plugin -flto-partition=none line 20 a[0] == 1
FAIL: gcc.dg/guality/pr54970.c -O2 -flto -fno-use-linker-plugin -flto-partition=none line 25 a[0] == 1
FAIL: gcc.dg/guality/pr54970.c -O2 -flto -fuse-linker-plugin -fno-fat-lto-objects line 15 a[0] == 1
FAIL: gcc.dg/guality/pr54970.c -O2 -flto -fuse-linker-plugin -fno-fat-lto-objects line 20 a[0] == 1
FAIL: gcc.dg/guality/pr54970.c -O2 -flto -fuse-linker-plugin -fno-fat-lto-objects line 25 a[0] == 1
FAIL: gcc.dg/guality/sra-1.c -O1 line 43 a.j == 14
FAIL: gcc.dg/guality/sra-1.c -O2 line 43 a.j == 14
FAIL: gcc.dg/guality/sra-1.c -O3 -fomit-frame-pointer line 43 a.j == 14
FAIL: gcc.dg/guality/sra-1.c -O3 -g line 43 a.j == 14
FAIL: gcc.dg/guality/sra-1.c -Os line 43 a.j == 14
FAIL: gcc.dg/guality/sra-1.c -O2 -flto -fno-use-linker-plugin -flto-partition=none line 43 a.j == 14
FAIL: gcc.dg/guality/sra-1.c -O2 -flto -fuse-linker-plugin -fno-fat-lto-objects line 43 a.j == 14
FAIL: gcc.dg/guality/vla-1.c -O0 line 17 sizeof (a) == 6
FAIL: gcc.dg/guality/vla-1.c -O0 line 24 sizeof (a) == 17 * sizeof (short)
FAIL: gcc.dg/guality/vla-1.c -O1 line 17 sizeof (a) == 6
FAIL: gcc.dg/guality/vla-1.c -O1 line 24 sizeof (a) == 17 * sizeof (short)
FAIL: gcc.dg/guality/vla-1.c -O2 line 17 sizeof (a) == 6
FAIL: gcc.dg/guality/vla-1.c -O2 line 24 sizeof (a) == 17 * sizeof (short)
FAIL: gcc.dg/guality/vla-1.c -O3 -fomit-frame-pointer line 17 sizeof (a) == 6
FAIL: gcc.dg/guality/vla-1.c -O3 -fomit-frame-pointer line 24 sizeof (a) == 17 * sizeof (short)
FAIL: gcc.dg/guality/vla-1.c -O3 -g line 17 sizeof (a) == 6
FAIL: gcc.dg/guality/vla-1.c -O3 -g line 24 sizeof (a) == 17 * sizeof (short)
FAIL: gcc.dg/guality/vla-1.c -Os line 17 sizeof (a) == 6
FAIL: gcc.dg/guality/vla-1.c -Os line 24 sizeof (a) == 17 * sizeof (short)
FAIL: gcc.dg/guality/vla-1.c -O2 -flto -fno-use-linker-plugin -flto-partition=none line 17 sizeof (a) == 6
FAIL: gcc.dg/guality/vla-1.c -O2 -flto -fno-use-linker-plugin -flto-partition=none line 24 sizeof (a) == 17 * sizeof (short)
FAIL: gcc.dg/guality/vla-1.c -O2 -flto -fuse-linker-plugin -fno-fat-lto-objects line 17 sizeof (a) == 6
FAIL: gcc.dg/guality/vla-1.c -O2 -flto -fuse-linker-plugin -fno-fat-lto-objects line 24 sizeof (a) == 17 * sizeof (short)
FAIL: gcc.dg/guality/vla-2.c -O0 line 16 sizeof (a) == 5 * sizeof (int)
FAIL: gcc.dg/guality/vla-2.c -O0 line 25 sizeof (a) == 6 * sizeof (int)
FAIL: gcc.dg/guality/vla-2.c -O1 line 16 sizeof (a) == 5 * sizeof (int)
FAIL: gcc.dg/guality/vla-2.c -O1 line 25 sizeof (a) == 6 * sizeof (int)
FAIL: gcc.dg/guality/vla-2.c -O2 line 16 sizeof (a) == 5 * sizeof (int)
FAIL: gcc.dg/guality/vla-2.c -O2 line 25 sizeof (a) == 6 * sizeof (int)
FAIL: gcc.dg/guality/vla-2.c -O3 -fomit-frame-pointer line 16 sizeof (a) == 5 * sizeof (int)
FAIL: gcc.dg/guality/vla-2.c -O3 -fomit-frame-pointer line 25 sizeof (a) == 6 * sizeof (int)
FAIL: gcc.dg/guality/vla-2.c -O3 -g line 16 sizeof (a) == 5 * sizeof (int)
FAIL: gcc.dg/guality/vla-2.c -O3 -g line 25 sizeof (a) == 6 * sizeof (int)
FAIL: gcc.dg/guality/vla-2.c -Os line 16 sizeof (a) == 5 * sizeof (int)
FAIL: gcc.dg/guality/vla-2.c -Os line 25 sizeof (a) == 6 * sizeof (int)
FAIL: gcc.dg/guality/vla-2.c -O2 -flto -fno-use-linker-plugin -flto-partition=none line 16 sizeof (a) == 5 * sizeof (int)
FAIL: gcc.dg/guality/vla-2.c -O2 -flto -fno-use-linker-plugin -flto-partition=none line 25 sizeof (a) == 6 * sizeof (int)
FAIL: gcc.dg/guality/vla-2.c -O2 -flto -fuse-linker-plugin -fno-fat-lto-objects line 16 sizeof (a) == 5 * sizeof (int)
FAIL: gcc.dg/guality/vla-2.c -O2 -flto -fuse-linker-plugin -fno-fat-lto-objects line 25 sizeof (a) == 6 * sizeof (int)
FAIL: gcc.dg/torture/pr51106-2.c -O0 (internal compiler error)
FAIL: gcc.dg/torture/pr51106-2.c -O0 (test for excess errors)
FAIL: gcc.dg/torture/pr51106-2.c -O1 (internal compiler error)
FAIL: gcc.dg/torture/pr51106-2.c -O1 (test for excess errors)
FAIL: gcc.dg/torture/pr51106-2.c -O2 (internal compiler error)
FAIL: gcc.dg/torture/pr51106-2.c -O2 (test for excess errors)
FAIL: gcc.dg/torture/pr51106-2.c -O3 -fomit-frame-pointer (internal compiler error)
FAIL: gcc.dg/torture/pr51106-2.c -O3 -fomit-frame-pointer (test for excess errors)
FAIL: gcc.dg/torture/pr51106-2.c -O3 -g (internal compiler error)
FAIL: gcc.dg/torture/pr51106-2.c -O3 -g (test for excess errors)
FAIL: gcc.dg/torture/pr51106-2.c -Os (internal compiler error)
FAIL: gcc.dg/torture/pr51106-2.c -Os (test for excess errors)
FAIL: gcc.dg/torture/pr51106-2.c -O2 -flto -fno-use-linker-plugin -flto-partition=none (internal compiler error)
FAIL: gcc.dg/torture/pr51106-2.c -O2 -flto -fno-use-linker-plugin -flto-partition=none (test for excess errors)
FAIL: gcc.dg/torture/pr53589.c -O3 -g (internal compiler error)
FAIL: gcc.dg/torture/pr53589.c -O3 -g (test for excess errors)
UNRESOLVED: gcc.dg/torture/pr55018.c -O2 -flto -fuse-linker-plugin -fno-fat-lto-objects scan-tree-dump optimized "printf"
UNRESOLVED: gcc.dg/tree-ssa/cunroll-9.c scan-tree-dump-times cunroli "1" Removed pointless exit:
FAIL: gcc.dg/tree-ssa/sra-12.c scan-tree-dump-times release_ssa "l;" 0
FAIL: gcc.dg/tree-ssa/ssa-dom-thread-4.c scan-tree-dump-times dom1 "Threaded" 3
FAIL: gcc.dg/tree-ssa/vrp47.c scan-tree-dump-times vrp1 "[xy][^ ]* !=" 0
FAIL: gcc.dg/tree-ssa/vrp47.c scan-tree-dump-times dom2 "x[^ ]* & y" 1
FAIL: gcc.dg/vect/slp-perm-8.c scan-tree-dump-times vect "vectorized 1 loops" 1
FAIL: gcc.dg/vect/slp-perm-8.c scan-tree-dump-times vect "vectorizing stmts using SLP" 1
FAIL: gcc.dg/vect/slp-perm-9.c scan-tree-dump-times vect "permutation requires at least three vectors" 1
FAIL: gcc.dg/vect/slp-widen-mult-half.c execution test
FAIL: gcc.dg/vect/vect-outer-5.c -flto execution test
FAIL: gcc.dg/vect/slp-perm-8.c -flto scan-tree-dump-times vect "vectorized 1 loops" 1
FAIL: gcc.dg/vect/slp-perm-8.c -flto scan-tree-dump-times vect "vectorizing stmts using SLP" 1
FAIL: gcc.dg/vect/slp-perm-9.c -flto scan-tree-dump-times vect "permutation requires at least three vectors" 1
FAIL: gcc.dg/vect/slp-widen-mult-half.c -flto execution test
FAIL: gcc.dg/vect/aligned-section-anchors-nest-1.c scan-ipa-dump-times increase_alignment "Increasing alignment of decl" 3
FAIL: gcc.dg/vmx/varargs-4.c -O1 execution test
FAIL: gcc.target/powerpc/405-dlmzb-strlen-1.c scan-assembler dlmzb\\\\.
FAIL: gcc.target/powerpc/440-dlmzb-strlen-1.c scan-assembler dlmzb\\\\.
FAIL: gcc.target/powerpc/ppc-vector-memcpy.c scan-assembler lvx
ERROR: (DejaGnu) proc "." does not exist.
=== gcc Summary for unix/-m32 ===
# of expected passes 87488
# of unexpected failures 172
# of unexpected successes 33
# of expected failures 236
# of unresolved testcases 2
# of unsupported tests 1517
Running target unix/-m64
FAIL: gcc.dg/autopar/pr49960.c scan-tree-dump-times parloops "SUCCESS: may be parallelized" 0
FAIL: gcc.dg/autopar/pr49960.c scan-tree-dump-times optimized "loopfn" 0
FAIL: gcc.dg/debug/dwarf2/const-2.c scan-assembler DW_AT_const_value
FAIL: gcc.dg/and-1.c scan-assembler-not nand
FAIL: gcc.dg/attr-weakref-1.c (test for excess errors)
WARNING: gcc.dg/attr-weakref-1.c compilation failed to produce executable
FAIL: gcc.dg/builtin-object-size-8.c execution test
FAIL: gcc.dg/pr19105.c scan-tree-dump-times reassoc1 "Optimizing range tests v_[0-9]*.D. -.2, 2. and -.3, 4.[\\n\\r]* into" 1
FAIL: gcc.dg/pr44194-1.c scan-rtl-dump dse1 "global deletions = (2|3)"
FAIL: gcc.dg/sms-1.c scan-rtl-dump-times sms "SMS succeeded" 1
FAIL: gcc.dg/sms-10.c execution test
FAIL: gcc.dg/sms-3.c execution test
FAIL: gcc.dg/sms-5.c execution test
FAIL: gcc.dg/sms-6.c execution test
FAIL: gcc.dg/sms-7.c execution test
XPASS: gcc.dg/guality/example.c -O0 execution test
XPASS: gcc.dg/guality/example.c -O1 execution test
XPASS: gcc.dg/guality/guality.c -O0 execution test
XPASS: gcc.dg/guality/guality.c -O1 execution test
XPASS: gcc.dg/guality/guality.c -O2 execution test
XPASS: gcc.dg/guality/guality.c -O3 -fomit-frame-pointer execution test
XPASS: gcc.dg/guality/guality.c -O3 -g execution test
XPASS: gcc.dg/guality/guality.c -Os execution test
XPASS: gcc.dg/guality/guality.c -O2 -flto -fno-use-linker-plugin -flto-partition=none execution test
XPASS: gcc.dg/guality/guality.c -O2 -flto -fuse-linker-plugin -fno-fat-lto-objects execution test
XPASS: gcc.dg/guality/inline-params.c -O2 execution test
XPASS: gcc.dg/guality/inline-params.c -O3 -fomit-frame-pointer execution test
XPASS: gcc.dg/guality/inline-params.c -O3 -g execution test
XPASS: gcc.dg/guality/inline-params.c -Os execution test
XPASS: gcc.dg/guality/inline-params.c -O2 -flto -fno-use-linker-plugin -flto-partition=none execution test
FAIL: gcc.dg/guality/pr36728-1.c -O1 line 12 arg6 == 6
FAIL: gcc.dg/guality/pr36728-1.c -O1 line 12 arg7 == 30
FAIL: gcc.dg/guality/pr36728-1.c -O1 line 14 arg6 == 6
FAIL: gcc.dg/guality/pr36728-1.c -O1 line 14 arg7 == 30
FAIL: gcc.dg/guality/pr36728-1.c -O2 line 12 arg6 == 6
FAIL: gcc.dg/guality/pr36728-1.c -O2 line 12 arg7 == 30
FAIL: gcc.dg/guality/pr36728-1.c -O2 line 14 arg6 == 6
FAIL: gcc.dg/guality/pr36728-1.c -O2 line 14 arg7 == 30
FAIL: gcc.dg/guality/pr36728-1.c -O3 -fomit-frame-pointer line 12 arg6 == 6
FAIL: gcc.dg/guality/pr36728-1.c -O3 -fomit-frame-pointer line 12 arg7 == 30
FAIL: gcc.dg/guality/pr36728-1.c -O3 -fomit-frame-pointer line 14 arg6 == 6
FAIL: gcc.dg/guality/pr36728-1.c -O3 -fomit-frame-pointer line 14 arg7 == 30
FAIL: gcc.dg/guality/pr36728-1.c -O3 -g line 12 arg6 == 6
FAIL: gcc.dg/guality/pr36728-1.c -O3 -g line 12 arg7 == 30
FAIL: gcc.dg/guality/pr36728-1.c -O3 -g line 14 arg6 == 6
FAIL: gcc.dg/guality/pr36728-1.c -O3 -g line 14 arg7 == 30
FAIL: gcc.dg/guality/pr36728-1.c -Os line 12 arg6 == 6
FAIL: gcc.dg/guality/pr36728-1.c -Os line 12 arg7 == 30
FAIL: gcc.dg/guality/pr36728-1.c -Os line 14 arg6 == 6
FAIL: gcc.dg/guality/pr36728-1.c -Os line 14 arg7 == 30
FAIL: gcc.dg/guality/pr36728-1.c -O2 -flto -fno-use-linker-plugin -flto-partition=none line 12 arg6 == 6
FAIL: gcc.dg/guality/pr36728-1.c -O2 -flto -fno-use-linker-plugin -flto-partition=none line 12 arg7 == 30
FAIL: gcc.dg/guality/pr36728-1.c -O2 -flto -fno-use-linker-plugin -flto-partition=none line 14 arg6 == 6
FAIL: gcc.dg/guality/pr36728-1.c -O2 -flto -fno-use-linker-plugin -flto-partition=none line 14 arg7 == 30
FAIL: gcc.dg/guality/pr36728-1.c -O2 -flto -fuse-linker-plugin -fno-fat-lto-objects line 12 arg6 == 6
FAIL: gcc.dg/guality/pr36728-1.c -O2 -flto -fuse-linker-plugin -fno-fat-lto-objects line 12 arg7 == 30
FAIL: gcc.dg/guality/pr36728-1.c -O2 -flto -fuse-linker-plugin -fno-fat-lto-objects line 14 arg6 == 6
FAIL: gcc.dg/guality/pr36728-1.c -O2 -flto -fuse-linker-plugin -fno-fat-lto-objects line 14 arg7 == 30
FAIL: gcc.dg/guality/pr36728-2.c -O1 line 12 arg7 == 30
FAIL: gcc.dg/guality/pr36728-2.c -O1 line 14 arg7 == 30
FAIL: gcc.dg/guality/pr36728-2.c -O2 line 12 arg7 == 30
FAIL: gcc.dg/guality/pr36728-2.c -O2 line 14 arg7 == 30
FAIL: gcc.dg/guality/pr36728-2.c -O3 -fomit-frame-pointer line 12 arg7 == 30
FAIL: gcc.dg/guality/pr36728-2.c -O3 -fomit-frame-pointer line 14 arg7 == 30
FAIL: gcc.dg/guality/pr36728-2.c -O3 -g line 12 arg7 == 30
FAIL: gcc.dg/guality/pr36728-2.c -O3 -g line 14 arg7 == 30
FAIL: gcc.dg/guality/pr36728-2.c -Os line 12 arg7 == 30
FAIL: gcc.dg/guality/pr36728-2.c -Os line 14 arg7 == 30
FAIL: gcc.dg/guality/pr36728-2.c -O2 -flto -fno-use-linker-plugin -flto-partition=none line 12 arg7 == 30
FAIL: gcc.dg/guality/pr36728-2.c -O2 -flto -fno-use-linker-plugin -flto-partition=none line 14 arg7 == 30
FAIL: gcc.dg/guality/pr36728-2.c -O2 -flto -fuse-linker-plugin -fno-fat-lto-objects line 12 arg7 == 30
FAIL: gcc.dg/guality/pr36728-2.c -O2 -flto -fuse-linker-plugin -fno-fat-lto-objects line 14 arg7 == 30
XPASS: gcc.dg/guality/pr41353-1.c -O0 line 28 j == 28 + 37
FAIL: gcc.dg/guality/pr41353-1.c -O1 line 28 i == 37
XPASS: gcc.dg/guality/pr41353-1.c -O1 line 28 j == 28 + 37
FAIL: gcc.dg/guality/pr41353-1.c -O1 line 28 i1 == 2 * 37
FAIL: gcc.dg/guality/pr41353-1.c -O1 line 28 i2 == 3 * 37
FAIL: gcc.dg/guality/pr41353-1.c -O2 line 28 i == 37
XPASS: gcc.dg/guality/pr41353-1.c -O2 line 28 j == 28 + 37
FAIL: gcc.dg/guality/pr41353-1.c -O2 line 28 i1 == 2 * 37
FAIL: gcc.dg/guality/pr41353-1.c -O2 line 28 i2 == 3 * 37
FAIL: gcc.dg/guality/pr41353-1.c -O3 -fomit-frame-pointer line 28 i == 37
XPASS: gcc.dg/guality/pr41353-1.c -O3 -fomit-frame-pointer line 28 j == 28 + 37
FAIL: gcc.dg/guality/pr41353-1.c -O3 -fomit-frame-pointer line 28 i1 == 2 * 37
FAIL: gcc.dg/guality/pr41353-1.c -O3 -fomit-frame-pointer line 28 i2 == 3 * 37
FAIL: gcc.dg/guality/pr41353-1.c -O3 -g line 28 i == 37
XPASS: gcc.dg/guality/pr41353-1.c -O3 -g line 28 j == 28 + 37
FAIL: gcc.dg/guality/pr41353-1.c -O3 -g line 28 i1 == 2 * 37
FAIL: gcc.dg/guality/pr41353-1.c -O3 -g line 28 i2 == 3 * 37
FAIL: gcc.dg/guality/pr41353-1.c -Os line 28 i == 37
XPASS: gcc.dg/guality/pr41353-1.c -Os line 28 j == 28 + 37
FAIL: gcc.dg/guality/pr41353-1.c -Os line 28 i1 == 2 * 37
FAIL: gcc.dg/guality/pr41353-1.c -Os line 28 i2 == 3 * 37
FAIL: gcc.dg/guality/pr41353-1.c -O2 -flto -fno-use-linker-plugin -flto-partition=none line 28 i == 37
XPASS: gcc.dg/guality/pr41353-1.c -O2 -flto -fno-use-linker-plugin -flto-partition=none line 28 j == 28 + 37
FAIL: gcc.dg/guality/pr41353-1.c -O2 -flto -fno-use-linker-plugin -flto-partition=none line 28 i1 == 2 * 37
FAIL: gcc.dg/guality/pr41353-1.c -O2 -flto -fno-use-linker-plugin -flto-partition=none line 28 i2 == 3 * 37
FAIL: gcc.dg/guality/pr41353-1.c -O2 -flto -fuse-linker-plugin -fno-fat-lto-objects line 28 i == 37
XPASS: gcc.dg/guality/pr41353-1.c -O2 -flto -fuse-linker-plugin -fno-fat-lto-objects line 28 j == 28 + 37
FAIL: gcc.dg/guality/pr41353-1.c -O2 -flto -fuse-linker-plugin -fno-fat-lto-objects line 28 i1 == 2 * 37
FAIL: gcc.dg/guality/pr41353-1.c -O2 -flto -fuse-linker-plugin -fno-fat-lto-objects line 28 i2 == 3 * 37
XPASS: gcc.dg/guality/pr41447-1.c -O0 execution test
XPASS: gcc.dg/guality/pr41447-1.c -O1 execution test
XPASS: gcc.dg/guality/pr41447-1.c -O2 execution test
XPASS: gcc.dg/guality/pr41447-1.c -O3 -fomit-frame-pointer execution test
XPASS: gcc.dg/guality/pr41447-1.c -O3 -g execution test
XPASS: gcc.dg/guality/pr41447-1.c -Os execution test
XPASS: gcc.dg/guality/pr41447-1.c -O2 -flto -fuse-linker-plugin -fno-fat-lto-objects execution test
XPASS: gcc.dg/guality/pr41616-1.c -O0 execution test
XPASS: gcc.dg/guality/pr41616-1.c -O1 execution test
XPASS: gcc.dg/guality/pr41616-1.c -O2 execution test
XPASS: gcc.dg/guality/pr41616-1.c -O3 -fomit-frame-pointer execution test
XPASS: gcc.dg/guality/pr41616-1.c -O3 -g execution test
XPASS: gcc.dg/guality/pr41616-1.c -Os execution test
XPASS: gcc.dg/guality/pr41616-1.c -O2 -flto -fno-use-linker-plugin -flto-partition=none execution test
FAIL: gcc.dg/guality/pr43051-1.c -O1 line 40 v == 1
FAIL: gcc.dg/guality/pr43051-1.c -O2 line 40 v == 1
FAIL: gcc.dg/guality/pr43051-1.c -O3 -fomit-frame-pointer line 35 v == 1
FAIL: gcc.dg/guality/pr43051-1.c -O3 -fomit-frame-pointer line 40 v == 1
FAIL: gcc.dg/guality/pr43051-1.c -O3 -fomit-frame-pointer -funroll-loops line 35 v == 1
FAIL: gcc.dg/guality/pr43051-1.c -O3 -fomit-frame-pointer -funroll-loops line 40 v == 1
FAIL: gcc.dg/guality/pr43051-1.c -O3 -fomit-frame-pointer -funroll-all-loops -finline-functions line 35 v == 1
FAIL: gcc.dg/guality/pr43051-1.c -O3 -fomit-frame-pointer -funroll-all-loops -finline-functions line 40 v == 1
FAIL: gcc.dg/guality/pr43051-1.c -O3 -g line 35 v == 1
FAIL: gcc.dg/guality/pr43051-1.c -O3 -g line 40 v == 1
FAIL: gcc.dg/guality/pr43051-1.c -Os line 40 v == 1
FAIL: gcc.dg/guality/pr43051-1.c -O2 -flto -fno-use-linker-plugin -flto-partition=none line 40 v == 1
FAIL: gcc.dg/guality/pr43051-1.c -O2 -flto -fuse-linker-plugin -fno-fat-lto-objects line 40 v == 1
FAIL: gcc.dg/guality/pr54200.c -O1 line 20 z == 3
FAIL: gcc.dg/guality/pr54200.c -O2 line 20 z == 3
FAIL: gcc.dg/guality/pr54200.c -O3 -fomit-frame-pointer line 20 z == 3
FAIL: gcc.dg/guality/pr54200.c -O3 -g line 20 z == 3
FAIL: gcc.dg/guality/pr54200.c -Os line 20 z == 3
FAIL: gcc.dg/guality/pr54200.c -O2 -flto -fno-use-linker-plugin -flto-partition=none line 20 z == 3
FAIL: gcc.dg/guality/pr54200.c -O2 -flto -fuse-linker-plugin -fno-fat-lto-objects line 20 z == 3
FAIL: gcc.dg/guality/pr54519-1.c -O1 line 20 x == 36
FAIL: gcc.dg/guality/pr54519-1.c -O1 line 20 y == 25
FAIL: gcc.dg/guality/pr54519-1.c -O1 line 23 x == 98
FAIL: gcc.dg/guality/pr54519-1.c -O1 line 23 y == 117
FAIL: gcc.dg/guality/pr54519-1.c -O2 line 20 x == 36
FAIL: gcc.dg/guality/pr54519-1.c -O2 line 23 x == 98
FAIL: gcc.dg/guality/pr54519-1.c -Os line 20 x == 36
FAIL: gcc.dg/guality/pr54519-1.c -Os line 23 x == 98
FAIL: gcc.dg/guality/pr54519-1.c -O2 -flto -fno-use-linker-plugin -flto-partition=none line 20 x == 36
FAIL: gcc.dg/guality/pr54519-1.c -O2 -flto -fno-use-linker-plugin -flto-partition=none line 20 y == 25
FAIL: gcc.dg/guality/pr54519-1.c -O2 -flto -fno-use-linker-plugin -flto-partition=none line 20 z == 6
FAIL: gcc.dg/guality/pr54519-1.c -O2 -flto -fno-use-linker-plugin -flto-partition=none line 23 x == 98
FAIL: gcc.dg/guality/pr54519-1.c -O2 -flto -fno-use-linker-plugin -flto-partition=none line 23 y == 117
FAIL: gcc.dg/guality/pr54519-1.c -O2 -flto -fno-use-linker-plugin -flto-partition=none line 23 z == 8
FAIL: gcc.dg/guality/pr54519-2.c -O1 line 17 x == 6
FAIL: gcc.dg/guality/pr54519-2.c -O2 -flto -fno-use-linker-plugin -flto-partition=none line 17 y == 25
FAIL: gcc.dg/guality/pr54519-2.c -O2 -flto -fuse-linker-plugin -fno-fat-lto-objects line 17 y == 25
FAIL: gcc.dg/guality/pr54519-3.c -O1 line 20 x == 36
FAIL: gcc.dg/guality/pr54519-3.c -O1 line 20 y == 25
FAIL: gcc.dg/guality/pr54519-3.c -O1 line 20 z == 6
FAIL: gcc.dg/guality/pr54519-3.c -O1 line 23 x == 98
FAIL: gcc.dg/guality/pr54519-3.c -O1 line 23 y == 117
FAIL: gcc.dg/guality/pr54519-3.c -O1 line 23 z == 8
FAIL: gcc.dg/guality/pr54519-3.c -O2 line 20 z == 6
FAIL: gcc.dg/guality/pr54519-3.c -O2 line 23 z == 8
FAIL: gcc.dg/guality/pr54519-3.c -O3 -fomit-frame-pointer line 20 z == 6
FAIL: gcc.dg/guality/pr54519-3.c -O3 -fomit-frame-pointer line 23 z == 8
FAIL: gcc.dg/guality/pr54519-3.c -O3 -g line 20 z == 6
FAIL: gcc.dg/guality/pr54519-3.c -O3 -g line 23 z == 8
FAIL: gcc.dg/guality/pr54519-3.c -Os line 20 z == 6
FAIL: gcc.dg/guality/pr54519-3.c -Os line 23 z == 8
FAIL: gcc.dg/guality/pr54519-3.c -O2 -flto -fno-use-linker-plugin -flto-partition=none line 20 y == 25
FAIL: gcc.dg/guality/pr54519-3.c -O2 -flto -fno-use-linker-plugin -flto-partition=none line 20 z == 6
FAIL: gcc.dg/guality/pr54519-3.c -O2 -flto -fno-use-linker-plugin -flto-partition=none line 23 y == 117
FAIL: gcc.dg/guality/pr54519-3.c -O2 -flto -fno-use-linker-plugin -flto-partition=none line 23 z == 8
FAIL: gcc.dg/guality/pr54519-3.c -O2 -flto -fuse-linker-plugin -fno-fat-lto-objects line 20 y == 25
FAIL: gcc.dg/guality/pr54519-3.c -O2 -flto -fuse-linker-plugin -fno-fat-lto-objects line 20 z == 6
FAIL: gcc.dg/guality/pr54519-3.c -O2 -flto -fuse-linker-plugin -fno-fat-lto-objects line 23 y == 117
FAIL: gcc.dg/guality/pr54519-3.c -O2 -flto -fuse-linker-plugin -fno-fat-lto-objects line 23 z == 8
FAIL: gcc.dg/guality/pr54519-4.c -O1 line 17 x == 6
FAIL: gcc.dg/guality/pr54519-4.c -O1 line 17 y == 25
FAIL: gcc.dg/guality/pr54519-4.c -O2 line 17 y == 25
FAIL: gcc.dg/guality/pr54519-4.c -O3 -fomit-frame-pointer line 17 y == 25
FAIL: gcc.dg/guality/pr54519-4.c -O3 -g line 17 y == 25
FAIL: gcc.dg/guality/pr54519-4.c -Os line 17 y == 25
FAIL: gcc.dg/guality/pr54519-4.c -O2 -flto -fno-use-linker-plugin -flto-partition=none line 17 y == 25
FAIL: gcc.dg/guality/pr54519-4.c -O2 -flto -fuse-linker-plugin -fno-fat-lto-objects line 17 y == 25
FAIL: gcc.dg/guality/pr54519-5.c -O1 line 17 x == 6
FAIL: gcc.dg/guality/pr54519-5.c -O1 line 17 y == 25
FAIL: gcc.dg/guality/pr54519-5.c -O2 line 17 y == 25
FAIL: gcc.dg/guality/pr54519-5.c -O3 -fomit-frame-pointer line 17 y == 25
FAIL: gcc.dg/guality/pr54519-5.c -O3 -g line 17 y == 25
FAIL: gcc.dg/guality/pr54519-5.c -Os line 17 y == 25
FAIL: gcc.dg/guality/pr54519-5.c -O2 -flto -fno-use-linker-plugin -flto-partition=none line 17 y == 25
FAIL: gcc.dg/guality/pr54519-5.c -O2 -flto -fuse-linker-plugin -fno-fat-lto-objects line 17 y == 25
FAIL: gcc.dg/guality/pr54551.c -O1 line 18 a == 4
FAIL: gcc.dg/guality/pr54551.c -O2 line 18 a == 4
FAIL: gcc.dg/guality/pr54551.c -O3 -fomit-frame-pointer line 18 a == 4
FAIL: gcc.dg/guality/pr54551.c -O3 -g line 18 a == 4
FAIL: gcc.dg/guality/pr54551.c -Os line 18 a == 4
FAIL: gcc.dg/guality/pr54551.c -O2 -flto -fno-use-linker-plugin -flto-partition=none line 18 a == 4
FAIL: gcc.dg/guality/pr54693.c -Os line 22 i == c - 48
FAIL: gcc.dg/guality/pr54970.c -O1 line 15 a[0] == 1
FAIL: gcc.dg/guality/pr54970.c -O1 line 15 a[1] == 2
FAIL: gcc.dg/guality/pr54970.c -O1 line 15 a[2] == 3
FAIL: gcc.dg/guality/pr54970.c -O1 line 20 a[0] == 1
FAIL: gcc.dg/guality/pr54970.c -O1 line 20 a[1] == 2
FAIL: gcc.dg/guality/pr54970.c -O1 line 20 a[2] == 13
FAIL: gcc.dg/guality/pr54970.c -O1 line 25 a[0] == 1
FAIL: gcc.dg/guality/pr54970.c -O1 line 25 a[1] == 12
FAIL: gcc.dg/guality/pr54970.c -O1 line 25 a[2] == 13
FAIL: gcc.dg/guality/pr54970.c -O2 line 15 a[0] == 1
FAIL: gcc.dg/guality/pr54970.c -O2 line 15 a[1] == 2
FAIL: gcc.dg/guality/pr54970.c -O2 line 15 a[2] == 3
FAIL: gcc.dg/guality/pr54970.c -O2 line 20 a[0] == 1
FAIL: gcc.dg/guality/pr54970.c -O2 line 20 a[1] == 2
FAIL: gcc.dg/guality/pr54970.c -O2 line 20 a[2] == 13
FAIL: gcc.dg/guality/pr54970.c -O2 line 25 a[0] == 1
FAIL: gcc.dg/guality/pr54970.c -O2 line 25 a[1] == 12
FAIL: gcc.dg/guality/pr54970.c -O2 line 25 a[2] == 13
FAIL: gcc.dg/guality/pr54970.c -O3 -fomit-frame-pointer line 15 a[0] == 1
FAIL: gcc.dg/guality/pr54970.c -O3 -fomit-frame-pointer line 15 a[1] == 2
FAIL: gcc.dg/guality/pr54970.c -O3 -fomit-frame-pointer line 15 a[2] == 3
FAIL: gcc.dg/guality/pr54970.c -O3 -fomit-frame-pointer line 20 a[0] == 1
FAIL: gcc.dg/guality/pr54970.c -O3 -fomit-frame-pointer line 20 a[1] == 2
FAIL: gcc.dg/guality/pr54970.c -O3 -fomit-frame-pointer line 20 a[2] == 13
FAIL: gcc.dg/guality/pr54970.c -O3 -fomit-frame-pointer line 25 a[0] == 1
FAIL: gcc.dg/guality/pr54970.c -O3 -fomit-frame-pointer line 25 a[1] == 12
FAIL: gcc.dg/guality/pr54970.c -O3 -fomit-frame-pointer line 25 a[2] == 13
FAIL: gcc.dg/guality/pr54970.c -O3 -g line 15 a[0] == 1
FAIL: gcc.dg/guality/pr54970.c -O3 -g line 15 a[1] == 2
FAIL: gcc.dg/guality/pr54970.c -O3 -g line 15 a[2] == 3
FAIL: gcc.dg/guality/pr54970.c -O3 -g line 20 a[0] == 1
FAIL: gcc.dg/guality/pr54970.c -O3 -g line 20 a[1] == 2
FAIL: gcc.dg/guality/pr54970.c -O3 -g line 20 a[2] == 13
FAIL: gcc.dg/guality/pr54970.c -O3 -g line 25 a[0] == 1
FAIL: gcc.dg/guality/pr54970.c -O3 -g line 25 a[1] == 12
FAIL: gcc.dg/guality/pr54970.c -O3 -g line 25 a[2] == 13
FAIL: gcc.dg/guality/pr54970.c -Os line 15 a[0] == 1
FAIL: gcc.dg/guality/pr54970.c -Os line 15 a[1] == 2
FAIL: gcc.dg/guality/pr54970.c -Os line 15 a[2] == 3
FAIL: gcc.dg/guality/pr54970.c -Os line 20 a[0] == 1
FAIL: gcc.dg/guality/pr54970.c -Os line 20 a[1] == 2
FAIL: gcc.dg/guality/pr54970.c -Os line 20 a[2] == 13
FAIL: gcc.dg/guality/pr54970.c -Os line 25 a[0] == 1
FAIL: gcc.dg/guality/pr54970.c -Os line 25 a[1] == 12
FAIL: gcc.dg/guality/pr54970.c -Os line 25 a[2] == 13
FAIL: gcc.dg/guality/pr54970.c -O2 -flto -fno-use-linker-plugin -flto-partition=none line 15 a[0] == 1
FAIL: gcc.dg/guality/pr54970.c -O2 -flto -fno-use-linker-plugin -flto-partition=none line 15 a[1] == 2
FAIL: gcc.dg/guality/pr54970.c -O2 -flto -fno-use-linker-plugin -flto-partition=none line 15 a[2] == 3
FAIL: gcc.dg/guality/pr54970.c -O2 -flto -fno-use-linker-plugin -flto-partition=none line 20 a[0] == 1
FAIL: gcc.dg/guality/pr54970.c -O2 -flto -fno-use-linker-plugin -flto-partition=none line 20 a[1] == 2
FAIL: gcc.dg/guality/pr54970.c -O2 -flto -fno-use-linker-plugin -flto-partition=none line 20 a[2] == 13
FAIL: gcc.dg/guality/pr54970.c -O2 -flto -fno-use-linker-plugin -flto-partition=none line 25 a[0] == 1
FAIL: gcc.dg/guality/pr54970.c -O2 -flto -fno-use-linker-plugin -flto-partition=none line 25 a[1] == 12
FAIL: gcc.dg/guality/pr54970.c -O2 -flto -fno-use-linker-plugin -flto-partition=none line 25 a[2] == 13
FAIL: gcc.dg/guality/pr54970.c -O2 -flto -fuse-linker-plugin -fno-fat-lto-objects line 15 a[0] == 1
FAIL: gcc.dg/guality/pr54970.c -O2 -flto -fuse-linker-plugin -fno-fat-lto-objects line 15 a[1] == 2
FAIL: gcc.dg/guality/pr54970.c -O2 -flto -fuse-linker-plugin -fno-fat-lto-objects line 15 a[2] == 3
FAIL: gcc.dg/guality/pr54970.c -O2 -flto -fuse-linker-plugin -fno-fat-lto-objects line 20 a[0] == 1
FAIL: gcc.dg/guality/pr54970.c -O2 -flto -fuse-linker-plugin -fno-fat-lto-objects line 20 a[1] == 2
FAIL: gcc.dg/guality/pr54970.c -O2 -flto -fuse-linker-plugin -fno-fat-lto-objects line 20 a[2] == 13
FAIL: gcc.dg/guality/pr54970.c -O2 -flto -fuse-linker-plugin -fno-fat-lto-objects line 25 a[0] == 1
FAIL: gcc.dg/guality/pr54970.c -O2 -flto -fuse-linker-plugin -fno-fat-lto-objects line 25 a[1] == 12
FAIL: gcc.dg/guality/pr54970.c -O2 -flto -fuse-linker-plugin -fno-fat-lto-objects line 25 a[2] == 13
FAIL: gcc.dg/guality/sra-1.c -O1 line 43 a.j == 14
FAIL: gcc.dg/guality/sra-1.c -O2 line 43 a.j == 14
FAIL: gcc.dg/guality/sra-1.c -O3 -fomit-frame-pointer line 43 a.j == 14
FAIL: gcc.dg/guality/sra-1.c -O3 -g line 43 a.j == 14
FAIL: gcc.dg/guality/sra-1.c -Os line 43 a.j == 14
FAIL: gcc.dg/guality/sra-1.c -O2 -flto -fno-use-linker-plugin -flto-partition=none line 43 a.j == 14
FAIL: gcc.dg/guality/sra-1.c -O2 -flto -fuse-linker-plugin -fno-fat-lto-objects line 43 a.j == 14
FAIL: gcc.dg/guality/vla-1.c -O0 line 17 sizeof (a) == 6
FAIL: gcc.dg/guality/vla-1.c -O0 line 24 sizeof (a) == 17 * sizeof (short)
FAIL: gcc.dg/guality/vla-1.c -O1 line 17 sizeof (a) == 6
FAIL: gcc.dg/guality/vla-1.c -O1 line 24 sizeof (a) == 17 * sizeof (short)
FAIL: gcc.dg/guality/vla-1.c -O2 line 17 sizeof (a) == 6
FAIL: gcc.dg/guality/vla-1.c -O2 line 24 sizeof (a) == 17 * sizeof (short)
FAIL: gcc.dg/guality/vla-1.c -O3 -fomit-frame-pointer line 17 sizeof (a) == 6
FAIL: gcc.dg/guality/vla-1.c -O3 -fomit-frame-pointer line 24 sizeof (a) == 17 * sizeof (short)
FAIL: gcc.dg/guality/vla-1.c -O3 -g line 17 sizeof (a) == 6
FAIL: gcc.dg/guality/vla-1.c -O3 -g line 24 sizeof (a) == 17 * sizeof (short)
FAIL: gcc.dg/guality/vla-1.c -Os line 17 sizeof (a) == 6
FAIL: gcc.dg/guality/vla-1.c -Os line 24 sizeof (a) == 17 * sizeof (short)
FAIL: gcc.dg/guality/vla-1.c -O2 -flto -fno-use-linker-plugin -flto-partition=none line 17 sizeof (a) == 6
FAIL: gcc.dg/guality/vla-1.c -O2 -flto -fno-use-linker-plugin -flto-partition=none line 24 sizeof (a) == 17 * sizeof (short)
FAIL: gcc.dg/guality/vla-1.c -O2 -flto -fuse-linker-plugin -fno-fat-lto-objects line 17 sizeof (a) == 6
FAIL: gcc.dg/guality/vla-1.c -O2 -flto -fuse-linker-plugin -fno-fat-lto-objects line 24 sizeof (a) == 17 * sizeof (short)
FAIL: gcc.dg/guality/vla-2.c -O0 line 16 sizeof (a) == 5 * sizeof (int)
FAIL: gcc.dg/guality/vla-2.c -O0 line 25 sizeof (a) == 6 * sizeof (int)
FAIL: gcc.dg/guality/vla-2.c -O1 line 16 sizeof (a) == 5 * sizeof (int)
FAIL: gcc.dg/guality/vla-2.c -O1 line 25 sizeof (a) == 6 * sizeof (int)
FAIL: gcc.dg/guality/vla-2.c -O2 line 16 sizeof (a) == 5 * sizeof (int)
FAIL: gcc.dg/guality/vla-2.c -O2 line 25 sizeof (a) == 6 * sizeof (int)
FAIL: gcc.dg/guality/vla-2.c -O3 -fomit-frame-pointer line 16 sizeof (a) == 5 * sizeof (int)
FAIL: gcc.dg/guality/vla-2.c -O3 -fomit-frame-pointer line 25 sizeof (a) == 6 * sizeof (int)
FAIL: gcc.dg/guality/vla-2.c -O3 -g line 16 sizeof (a) == 5 * sizeof (int)
FAIL: gcc.dg/guality/vla-2.c -O3 -g line 25 sizeof (a) == 6 * sizeof (int)
FAIL: gcc.dg/guality/vla-2.c -Os line 16 sizeof (a) == 5 * sizeof (int)
FAIL: gcc.dg/guality/vla-2.c -Os line 25 sizeof (a) == 6 * sizeof (int)
FAIL: gcc.dg/guality/vla-2.c -O2 -flto -fno-use-linker-plugin -flto-partition=none line 16 sizeof (a) == 5 * sizeof (int)
FAIL: gcc.dg/guality/vla-2.c -O2 -flto -fno-use-linker-plugin -flto-partition=none line 25 sizeof (a) == 6 * sizeof (int)
FAIL: gcc.dg/guality/vla-2.c -O2 -flto -fuse-linker-plugin -fno-fat-lto-objects line 16 sizeof (a) == 5 * sizeof (int)
FAIL: gcc.dg/guality/vla-2.c -O2 -flto -fuse-linker-plugin -fno-fat-lto-objects line 25 sizeof (a) == 6 * sizeof (int)
FAIL: gcc.dg/torture/pr51106-2.c -O0 (internal compiler error)
FAIL: gcc.dg/torture/pr51106-2.c -O0 (test for excess errors)
FAIL: gcc.dg/torture/pr51106-2.c -O1 (internal compiler error)
FAIL: gcc.dg/torture/pr51106-2.c -O1 (test for excess errors)
FAIL: gcc.dg/torture/pr51106-2.c -O2 (internal compiler error)
FAIL: gcc.dg/torture/pr51106-2.c -O2 (test for excess errors)
FAIL: gcc.dg/torture/pr51106-2.c -O3 -fomit-frame-pointer (internal compiler error)
FAIL: gcc.dg/torture/pr51106-2.c -O3 -fomit-frame-pointer (test for excess errors)
FAIL: gcc.dg/torture/pr51106-2.c -O3 -g (internal compiler error)
FAIL: gcc.dg/torture/pr51106-2.c -O3 -g (test for excess errors)
FAIL: gcc.dg/torture/pr51106-2.c -Os (internal compiler error)
FAIL: gcc.dg/torture/pr51106-2.c -Os (test for excess errors)
FAIL: gcc.dg/torture/pr51106-2.c -O2 -flto -fno-use-linker-plugin -flto-partition=none (internal compiler error)
FAIL: gcc.dg/torture/pr51106-2.c -O2 -flto -fno-use-linker-plugin -flto-partition=none (test for excess errors)
FAIL: gcc.dg/torture/pr53589.c -O3 -g (internal compiler error)
FAIL: gcc.dg/torture/pr53589.c -O3 -g (test for excess errors)
UNRESOLVED: gcc.dg/torture/pr55018.c -O2 -flto -fuse-linker-plugin -fno-fat-lto-objects scan-tree-dump optimized "printf"
UNRESOLVED: gcc.dg/tree-ssa/cunroll-9.c scan-tree-dump-times cunroli "1" Removed pointless exit:
FAIL: gcc.dg/tree-ssa/ssa-dom-thread-4.c scan-tree-dump-times dom1 "Threaded" 3
FAIL: gcc.dg/tree-ssa/vrp47.c scan-tree-dump-times vrp1 "[xy][^ ]* !=" 0
FAIL: gcc.dg/tree-ssa/vrp47.c scan-tree-dump-times dom2 "x[^ ]* & y" 1
FAIL: gcc.dg/vect/slp-perm-8.c scan-tree-dump-times vect "vectorized 1 loops" 1
FAIL: gcc.dg/vect/slp-perm-8.c scan-tree-dump-times vect "vectorizing stmts using SLP" 1
FAIL: gcc.dg/vect/slp-perm-9.c scan-tree-dump-times vect "permutation requires at least three vectors" 1
FAIL: gcc.dg/vect/slp-widen-mult-half.c execution test
FAIL: gcc.dg/vect/pr45752.c -flto execution test
FAIL: gcc.dg/vect/vect-reduc-2short.c -flto execution test
FAIL: gcc.dg/vect/vect-reduc-6.c -flto execution test
FAIL: gcc.dg/vect/slp-perm-1.c -flto execution test
FAIL: gcc.dg/vect/slp-perm-2.c -flto execution test
FAIL: gcc.dg/vect/slp-perm-3.c -flto execution test
FAIL: gcc.dg/vect/slp-perm-4.c -flto execution test
FAIL: gcc.dg/vect/slp-perm-5.c -flto execution test
FAIL: gcc.dg/vect/slp-perm-6.c -flto execution test
FAIL: gcc.dg/vect/slp-perm-7.c -flto execution test
FAIL: gcc.dg/vect/slp-perm-8.c -flto scan-tree-dump-times vect "vectorized 1 loops" 1
FAIL: gcc.dg/vect/slp-perm-8.c -flto scan-tree-dump-times vect "vectorizing stmts using SLP" 1
FAIL: gcc.dg/vect/slp-perm-9.c -flto scan-tree-dump-times vect "permutation requires at least three vectors" 1
FAIL: gcc.dg/vect/slp-widen-mult-half.c -flto execution test
FAIL: gcc.dg/vect/aligned-section-anchors-nest-1.c scan-ipa-dump-times increase_alignment "Increasing alignment of decl" 3
FAIL: gcc.dg/vmx/varargs-4.c -O1 execution test
FAIL: gcc.dg/vmx/varargs-4.c -O2 execution test
FAIL: gcc.dg/vmx/varargs-4.c -O3 -fomit-frame-pointer execution test
FAIL: gcc.dg/vmx/varargs-4.c -O3 -fomit-frame-pointer -funroll-loops execution test
FAIL: gcc.dg/vmx/varargs-4.c -O3 -fomit-frame-pointer -funroll-all-loops -finline-functions execution test
FAIL: gcc.dg/vmx/varargs-4.c -O3 -g execution test
FAIL: gcc.dg/vmx/varargs-4.c -O2 -flto -fno-use-linker-plugin -flto-partition=none execution test
FAIL: gcc.dg/vmx/varargs-4.c -O2 -flto -fuse-linker-plugin -fno-fat-lto-objects execution test
=== gcc Summary for unix/-m64 ===
# of expected passes 86312
# of unexpected failures 307
# of unexpected successes 37
# of expected failures 235
# of unresolved testcases 2
# of unsupported tests 1225
=== gcc Summary ===
# of expected passes 173800
# of unexpected failures 479
# of unexpected successes 70
# of expected failures 471
# of unresolved testcases 4
# of unsupported tests 2742
/daten/gcc/gcc-20121103/Build/gcc/xgcc version 4.8.0 20121103 (experimental) (GCC)
=== gfortran tests ===
Running target unix/-m32
FAIL: gfortran.dg/bessel_6.f90 -O0 execution test
FAIL: gfortran.dg/bessel_6.f90 -O1 execution test
FAIL: gfortran.dg/bessel_6.f90 -O2 execution test
FAIL: gfortran.dg/bessel_6.f90 -O3 -fomit-frame-pointer execution test
FAIL: gfortran.dg/bessel_6.f90 -O3 -fomit-frame-pointer -funroll-loops execution test
FAIL: gfortran.dg/bessel_6.f90 -O3 -fomit-frame-pointer -funroll-all-loops -finline-functions execution test
FAIL: gfortran.dg/bessel_6.f90 -O3 -g execution test
FAIL: gfortran.dg/bessel_6.f90 -Os execution test
XPASS: gfortran.dg/do_1.f90 -O0 execution test
XPASS: gfortran.dg/do_1.f90 -O1 execution test
XPASS: gfortran.dg/nint_2.f90 -O0 execution test
FAIL: gfortran.dg/sms-2.f90 -O3 -fomit-frame-pointer -funroll-loops execution test
FAIL: gfortran.dg/sms-2.f90 -O3 -fomit-frame-pointer -funroll-all-loops -finline-functions execution test
FAIL: gfortran.dg/lto/pr45586-2 f_lto_pr45586-2_0.o-f_lto_pr45586-2_0.o link, -O0 -flto -flto-partition=none -fuse-linker-plugin (internal compiler error)
UNRESOLVED: gfortran.dg/lto/pr45586-2 f_lto_pr45586-2_0.o-f_lto_pr45586-2_0.o execute -O0 -flto -flto-partition=none -fuse-linker-plugin
FAIL: gfortran.dg/lto/pr45586-2 f_lto_pr45586-2_0.o-f_lto_pr45586-2_0.o link, -O0 -flto -flto-partition=1to1 -fno-use-linker-plugin (internal compiler error)
UNRESOLVED: gfortran.dg/lto/pr45586-2 f_lto_pr45586-2_0.o-f_lto_pr45586-2_0.o execute -O0 -flto -flto-partition=1to1 -fno-use-linker-plugin
FAIL: gfortran.dg/lto/pr45586-2 f_lto_pr45586-2_0.o-f_lto_pr45586-2_0.o link, -O0 -flto -fuse-linker-plugin -fno-fat-lto-objects (internal compiler error)
UNRESOLVED: gfortran.dg/lto/pr45586-2 f_lto_pr45586-2_0.o-f_lto_pr45586-2_0.o execute -O0 -flto -fuse-linker-plugin -fno-fat-lto-objects
FAIL: gfortran.dg/lto/pr45586 f_lto_pr45586_0.o-f_lto_pr45586_0.o link, -O0 -flto -flto-partition=none -fuse-linker-plugin (internal compiler error)
UNRESOLVED: gfortran.dg/lto/pr45586 f_lto_pr45586_0.o-f_lto_pr45586_0.o execute -O0 -flto -flto-partition=none -fuse-linker-plugin
FAIL: gfortran.dg/lto/pr45586 f_lto_pr45586_0.o-f_lto_pr45586_0.o link, -O0 -flto -flto-partition=1to1 -fno-use-linker-plugin (internal compiler error)
UNRESOLVED: gfortran.dg/lto/pr45586 f_lto_pr45586_0.o-f_lto_pr45586_0.o execute -O0 -flto -flto-partition=1to1 -fno-use-linker-plugin
FAIL: gfortran.dg/lto/pr45586 f_lto_pr45586_0.o-f_lto_pr45586_0.o link, -O0 -flto -fuse-linker-plugin -fno-fat-lto-objects (internal compiler error)
UNRESOLVED: gfortran.dg/lto/pr45586 f_lto_pr45586_0.o-f_lto_pr45586_0.o execute -O0 -flto -fuse-linker-plugin -fno-fat-lto-objects
=== gfortran Summary for unix/-m32 ===
# of expected passes 41950
# of unexpected failures 16
# of unexpected successes 3
# of expected failures 73
# of unresolved testcases 6
# of unsupported tests 234
Running target unix/-m64
FAIL: gfortran.dg/bessel_6.f90 -O0 execution test
FAIL: gfortran.dg/bessel_6.f90 -O1 execution test
FAIL: gfortran.dg/bessel_6.f90 -O2 execution test
FAIL: gfortran.dg/bessel_6.f90 -O3 -fomit-frame-pointer execution test
FAIL: gfortran.dg/bessel_6.f90 -O3 -fomit-frame-pointer -funroll-loops execution test
FAIL: gfortran.dg/bessel_6.f90 -O3 -fomit-frame-pointer -funroll-all-loops -finline-functions execution test
FAIL: gfortran.dg/bessel_6.f90 -O3 -g execution test
FAIL: gfortran.dg/bessel_6.f90 -Os execution test
XPASS: gfortran.dg/do_1.f90 -O0 execution test
XPASS: gfortran.dg/do_1.f90 -O1 execution test
XPASS: gfortran.dg/nint_2.f90 -O0 execution test
FAIL: gfortran.dg/sms-2.f90 -O3 -fomit-frame-pointer -funroll-loops execution test
FAIL: gfortran.dg/sms-2.f90 -O3 -fomit-frame-pointer -funroll-all-loops -finline-functions execution test
FAIL: gfortran.dg/lto/pr45586-2 f_lto_pr45586-2_0.o-f_lto_pr45586-2_0.o link, -O0 -flto -flto-partition=none -fuse-linker-plugin (internal compiler error)
UNRESOLVED: gfortran.dg/lto/pr45586-2 f_lto_pr45586-2_0.o-f_lto_pr45586-2_0.o execute -O0 -flto -flto-partition=none -fuse-linker-plugin
FAIL: gfortran.dg/lto/pr45586-2 f_lto_pr45586-2_0.o-f_lto_pr45586-2_0.o link, -O0 -flto -flto-partition=1to1 -fno-use-linker-plugin (internal compiler error)
UNRESOLVED: gfortran.dg/lto/pr45586-2 f_lto_pr45586-2_0.o-f_lto_pr45586-2_0.o execute -O0 -flto -flto-partition=1to1 -fno-use-linker-plugin
FAIL: gfortran.dg/lto/pr45586-2 f_lto_pr45586-2_0.o-f_lto_pr45586-2_0.o link, -O0 -flto -fuse-linker-plugin -fno-fat-lto-objects (internal compiler error)
UNRESOLVED: gfortran.dg/lto/pr45586-2 f_lto_pr45586-2_0.o-f_lto_pr45586-2_0.o execute -O0 -flto -fuse-linker-plugin -fno-fat-lto-objects
FAIL: gfortran.dg/lto/pr45586 f_lto_pr45586_0.o-f_lto_pr45586_0.o link, -O0 -flto -flto-partition=none -fuse-linker-plugin (internal compiler error)
UNRESOLVED: gfortran.dg/lto/pr45586 f_lto_pr45586_0.o-f_lto_pr45586_0.o execute -O0 -flto -flto-partition=none -fuse-linker-plugin
FAIL: gfortran.dg/lto/pr45586 f_lto_pr45586_0.o-f_lto_pr45586_0.o link, -O0 -flto -flto-partition=1to1 -fno-use-linker-plugin (internal compiler error)
UNRESOLVED: gfortran.dg/lto/pr45586 f_lto_pr45586_0.o-f_lto_pr45586_0.o execute -O0 -flto -flto-partition=1to1 -fno-use-linker-plugin
FAIL: gfortran.dg/lto/pr45586 f_lto_pr45586_0.o-f_lto_pr45586_0.o link, -O0 -flto -fuse-linker-plugin -fno-fat-lto-objects (internal compiler error)
UNRESOLVED: gfortran.dg/lto/pr45586 f_lto_pr45586_0.o-f_lto_pr45586_0.o execute -O0 -flto -fuse-linker-plugin -fno-fat-lto-objects
=== gfortran Summary for unix/-m64 ===
# of expected passes 42277
# of unexpected failures 16
# of unexpected successes 3
# of expected failures 73
# of unresolved testcases 6
# of unsupported tests 73
=== gfortran Summary ===
# of expected passes 84227
# of unexpected failures 32
# of unexpected successes 6
# of expected failures 146
# of unresolved testcases 12
# of unsupported tests 307
/daten/gcc/gcc-20121103/Build/gcc/testsuite/gfortran/../../gfortran version 4.8.0 20121103 (experimental) (GCC)
=== gnat tests ===
Running target unix/-m32
FAIL: gnat.dg/array11.adb (test for warnings, line 12)
FAIL: gnat.dg/object_overflow.adb (test for warnings, line 8)
=== gnat Summary for unix/-m32 ===
# of expected passes 1115
# of unexpected failures 2
# of expected failures 17
# of unsupported tests 9
Running target unix/-m64
FAIL: gnat.dg/array11.adb (test for warnings, line 12)
FAIL: gnat.dg/object_overflow.adb (test for warnings, line 8)
=== gnat Summary for unix/-m64 ===
# of expected passes 1115
# of unexpected failures 2
# of expected failures 17
# of unsupported tests 9
=== gnat Summary ===
# of expected passes 2230
# of unexpected failures 4
# of expected failures 34
# of unsupported tests 18
/daten/gcc/gcc-20121103/Build/gcc/gnatmake version 4.8.0 20121103 (experimental)
=== go tests ===
Running target unix/-m32
FAIL: go.go-torture/execute/array-1.go compilation, -O0
FAIL: go.go-torture/execute/array-1.go compilation, -O1
FAIL: go.go-torture/execute/array-1.go compilation, -O2
FAIL: go.go-torture/execute/array-1.go compilation, -O2 -fomit-frame-pointer -finline-functions
FAIL: go.go-torture/execute/array-1.go compilation, -O2 -fomit-frame-pointer -finline-functions -funroll-loops
FAIL: go.go-torture/execute/array-1.go compilation, -O2 -fbounds-check
FAIL: go.go-torture/execute/array-1.go compilation, -O3 -g
FAIL: go.go-torture/execute/array-1.go compilation, -Os
FAIL: go.go-torture/execute/array-2.go compilation, -O0
FAIL: go.go-torture/execute/array-2.go compilation, -O1
FAIL: go.go-torture/execute/array-2.go compilation, -O2
FAIL: go.go-torture/execute/array-2.go compilation, -O2 -fomit-frame-pointer -finline-functions
FAIL: go.go-torture/execute/array-2.go compilation, -O2 -fomit-frame-pointer -finline-functions -funroll-loops
FAIL: go.go-torture/execute/array-2.go compilation, -O2 -fbounds-check
FAIL: go.go-torture/execute/array-2.go compilation, -O3 -g
FAIL: go.go-torture/execute/array-2.go compilation, -Os
FAIL: go.go-torture/execute/chan-1.go compilation, -O0
FAIL: go.go-torture/execute/chan-1.go compilation, -O1
FAIL: go.go-torture/execute/chan-1.go compilation, -O2
FAIL: go.go-torture/execute/chan-1.go compilation, -O2 -fomit-frame-pointer -finline-functions
FAIL: go.go-torture/execute/chan-1.go compilation, -O2 -fomit-frame-pointer -finline-functions -funroll-loops
FAIL: go.go-torture/execute/chan-1.go compilation, -O2 -fbounds-check
FAIL: go.go-torture/execute/chan-1.go compilation, -O3 -g
FAIL: go.go-torture/execute/chan-1.go compilation, -Os
FAIL: go.go-torture/execute/const-1.go compilation, -O0
FAIL: go.go-torture/execute/const-1.go compilation, -O1
FAIL: go.go-torture/execute/const-1.go compilation, -O2
FAIL: go.go-torture/execute/const-1.go compilation, -O2 -fomit-frame-pointer -finline-functions
FAIL: go.go-torture/execute/const-1.go compilation, -O2 -fomit-frame-pointer -finline-functions -funroll-loops
FAIL: go.go-torture/execute/const-1.go compilation, -O2 -fbounds-check
FAIL: go.go-torture/execute/const-1.go compilation, -O3 -g
FAIL: go.go-torture/execute/const-1.go compilation, -Os
FAIL: go.go-torture/execute/const-2.go compilation, -O0
FAIL: go.go-torture/execute/const-2.go compilation, -O1
FAIL: go.go-torture/execute/const-2.go compilation, -O2
FAIL: go.go-torture/execute/const-2.go compilation, -O2 -fomit-frame-pointer -finline-functions
FAIL: go.go-torture/execute/const-2.go compilation, -O2 -fomit-frame-pointer -finline-functions -funroll-loops
FAIL: go.go-torture/execute/const-2.go compilation, -O2 -fbounds-check
FAIL: go.go-torture/execute/const-2.go compilation, -O3 -g
FAIL: go.go-torture/execute/const-2.go compilation, -Os
FAIL: go.go-torture/execute/expr-1.go compilation, -O0
FAIL: go.go-torture/execute/expr-1.go compilation, -O1
FAIL: go.go-torture/execute/expr-1.go compilation, -O2
FAIL: go.go-torture/execute/expr-1.go compilation, -O2 -fomit-frame-pointer -finline-functions
FAIL: go.go-torture/execute/expr-1.go compilation, -O2 -fomit-frame-pointer -finline-functions -funroll-loops
FAIL: go.go-torture/execute/expr-1.go compilation, -O2 -fbounds-check
FAIL: go.go-torture/execute/expr-1.go compilation, -O3 -g
FAIL: go.go-torture/execute/expr-1.go compilation, -Os
FAIL: go.go-torture/execute/for-1.go compilation, -O0
FAIL: go.go-torture/execute/for-1.go compilation, -O1
FAIL: go.go-torture/execute/for-1.go compilation, -O2
FAIL: go.go-torture/execute/for-1.go compilation, -O2 -fomit-frame-pointer -finline-functions
FAIL: go.go-torture/execute/for-1.go compilation, -O2 -fomit-frame-pointer -finline-functions -funroll-loops
FAIL: go.go-torture/execute/for-1.go compilation, -O2 -fbounds-check
FAIL: go.go-torture/execute/for-1.go compilation, -O3 -g
FAIL: go.go-torture/execute/for-1.go compilation, -Os
FAIL: go.go-torture/execute/for-2.go compilation, -O0
FAIL: go.go-torture/execute/for-2.go compilation, -O1
FAIL: go.go-torture/execute/for-2.go compilation, -O2
FAIL: go.go-torture/execute/for-2.go compilation, -O2 -fomit-frame-pointer -finline-functions
FAIL: go.go-torture/execute/for-2.go compilation, -O2 -fomit-frame-pointer -finline-functions -funroll-loops
FAIL: go.go-torture/execute/for-2.go compilation, -O2 -fbounds-check
FAIL: go.go-torture/execute/for-2.go compilation, -O3 -g
FAIL: go.go-torture/execute/for-2.go compilation, -Os
FAIL: go.go-torture/execute/function-1.go compilation, -O0
FAIL: go.go-torture/execute/function-1.go compilation, -O1
FAIL: go.go-torture/execute/function-1.go compilation, -O2
FAIL: go.go-torture/execute/function-1.go compilation, -O2 -fomit-frame-pointer -finline-functions
FAIL: go.go-torture/execute/function-1.go compilation, -O2 -fomit-frame-pointer -finline-functions -funroll-loops
FAIL: go.go-torture/execute/function-1.go compilation, -O2 -fbounds-check
FAIL: go.go-torture/execute/function-1.go compilation, -O3 -g
FAIL: go.go-torture/execute/function-1.go compilation, -Os
FAIL: go.go-torture/execute/function-2.go compilation, -O0
FAIL: go.go-torture/execute/function-2.go compilation, -O1
FAIL: go.go-torture/execute/function-2.go compilation, -O2
FAIL: go.go-torture/execute/function-2.go compilation, -O2 -fomit-frame-pointer -finline-functions
FAIL: go.go-torture/execute/function-2.go compilation, -O2 -fomit-frame-pointer -finline-functions -funroll-loops
FAIL: go.go-torture/execute/function-2.go compilation, -O2 -fbounds-check
FAIL: go.go-torture/execute/function-2.go compilation, -O3 -g
FAIL: go.go-torture/execute/function-2.go compilation, -Os
FAIL: go.go-torture/execute/go-1.go compilation, -O0
FAIL: go.go-torture/execute/go-1.go compilation, -O1
FAIL: go.go-torture/execute/go-1.go compilation, -O2
FAIL: go.go-torture/execute/go-1.go compilation, -O2 -fomit-frame-pointer -finline-functions
FAIL: go.go-torture/execute/go-1.go compilation, -O2 -fomit-frame-pointer -finline-functions -funroll-loops
FAIL: go.go-torture/execute/go-1.go compilation, -O2 -fbounds-check
FAIL: go.go-torture/execute/go-1.go compilation, -O3 -g
FAIL: go.go-torture/execute/go-1.go compilation, -Os
FAIL: go.go-torture/execute/go-2.go compilation, -O0
FAIL: go.go-torture/execute/go-2.go compilation, -O1
FAIL: go.go-torture/execute/go-2.go compilation, -O2
FAIL: go.go-torture/execute/go-2.go compilation, -O2 -fomit-frame-pointer -finline-functions
FAIL: go.go-torture/execute/go-2.go compilation, -O2 -fomit-frame-pointer -finline-functions -funroll-loops
FAIL: go.go-torture/execute/go-2.go compilation, -O2 -fbounds-check
FAIL: go.go-torture/execute/go-2.go compilation, -O3 -g
FAIL: go.go-torture/execute/go-2.go compilation, -Os
FAIL: go.go-torture/execute/go-3.go compilation, -O0
FAIL: go.go-torture/execute/go-3.go compilation, -O1
FAIL: go.go-torture/execute/go-3.go compilation, -O2
FAIL: go.go-torture/execute/go-3.go compilation, -O2 -fomit-frame-pointer -finline-functions
FAIL: go.go-torture/execute/go-3.go compilation, -O2 -fomit-frame-pointer -finline-functions -funroll-loops
FAIL: go.go-torture/execute/go-3.go compilation, -O2 -fbounds-check
FAIL: go.go-torture/execute/go-3.go compilation, -O3 -g
FAIL: go.go-torture/execute/go-3.go compilation, -Os
FAIL: go.go-torture/execute/goto-1.go compilation, -O0
FAIL: go.go-torture/execute/goto-1.go compilation, -O1
FAIL: go.go-torture/execute/goto-1.go compilation, -O2
FAIL: go.go-torture/execute/goto-1.go compilation, -O2 -fomit-frame-pointer -finline-functions
FAIL: go.go-torture/execute/goto-1.go compilation, -O2 -fomit-frame-pointer -finline-functions -funroll-loops
FAIL: go.go-torture/execute/goto-1.go compilation, -O2 -fbounds-check
FAIL: go.go-torture/execute/goto-1.go compilation, -O3 -g
FAIL: go.go-torture/execute/goto-1.go compilation, -Os
FAIL: go.go-torture/execute/map-1.go compilation, -O0
FAIL: go.go-torture/execute/map-1.go compilation, -O1
FAIL: go.go-torture/execute/map-1.go compilation, -O2
FAIL: go.go-torture/execute/map-1.go compilation, -O2 -fomit-frame-pointer -finline-functions
FAIL: go.go-torture/execute/map-1.go compilation, -O2 -fomit-frame-pointer -finline-functions -funroll-loops
FAIL: go.go-torture/execute/map-1.go compilation, -O2 -fbounds-check
FAIL: go.go-torture/execute/map-1.go compilation, -O3 -g
FAIL: go.go-torture/execute/map-1.go compilation, -Os
FAIL: go.go-torture/execute/method-1.go compilation, -O0
FAIL: go.go-torture/execute/method-1.go compilation, -O1
FAIL: go.go-torture/execute/method-1.go compilation, -O2
FAIL: go.go-torture/execute/method-1.go compilation, -O2 -fomit-frame-pointer -finline-functions
FAIL: go.go-torture/execute/method-1.go compilation, -O2 -fomit-frame-pointer -finline-functions -funroll-loops
FAIL: go.go-torture/execute/method-1.go compilation, -O2 -fbounds-check
FAIL: go.go-torture/execute/method-1.go compilation, -O3 -g
FAIL: go.go-torture/execute/method-1.go compilation, -Os
FAIL: go.go-torture/execute/nested-1.go compilation, -O0
FAIL: go.go-torture/execute/nested-1.go compilation, -O1
FAIL: go.go-torture/execute/nested-1.go compilation, -O2
FAIL: go.go-torture/execute/nested-1.go compilation, -O2 -fomit-frame-pointer -finline-functions
FAIL: go.go-torture/execute/nested-1.go compilation, -O2 -fomit-frame-pointer -finline-functions -funroll-loops
FAIL: go.go-torture/execute/nested-1.go compilation, -O2 -fbounds-check
FAIL: go.go-torture/execute/nested-1.go compilation, -O3 -g
FAIL: go.go-torture/execute/nested-1.go compilation, -Os
FAIL: go.go-torture/execute/pointer-1.go compilation, -O0
FAIL: go.go-torture/execute/pointer-1.go compilation, -O1
FAIL: go.go-torture/execute/pointer-1.go compilation, -O2
FAIL: go.go-torture/execute/pointer-1.go compilation, -O2 -fomit-frame-pointer -finline-functions
FAIL: go.go-torture/execute/pointer-1.go compilation, -O2 -fomit-frame-pointer -finline-functions -funroll-loops
FAIL: go.go-torture/execute/pointer-1.go compilation, -O2 -fbounds-check
FAIL: go.go-torture/execute/pointer-1.go compilation, -O3 -g
FAIL: go.go-torture/execute/pointer-1.go compilation, -Os
FAIL: go.go-torture/execute/return-1.go compilation, -O0
FAIL: go.go-torture/execute/return-1.go compilation, -O1
FAIL: go.go-torture/execute/return-1.go compilation, -O2
FAIL: go.go-torture/execute/return-1.go compilation, -O2 -fomit-frame-pointer -finline-functions
FAIL: go.go-torture/execute/return-1.go compilation, -O2 -fomit-frame-pointer -finline-functions -funroll-loops
FAIL: go.go-torture/execute/return-1.go compilation, -O2 -fbounds-check
FAIL: go.go-torture/execute/return-1.go compilation, -O3 -g
FAIL: go.go-torture/execute/return-1.go compilation, -Os
FAIL: go.go-torture/execute/return-2.go compilation, -O0
FAIL: go.go-torture/execute/return-2.go compilation, -O1
FAIL: go.go-torture/execute/return-2.go compilation, -O2
FAIL: go.go-torture/execute/return-2.go compilation, -O2 -fomit-frame-pointer -finline-functions
FAIL: go.go-torture/execute/return-2.go compilation, -O2 -fomit-frame-pointer -finline-functions -funroll-loops
FAIL: go.go-torture/execute/return-2.go compilation, -O2 -fbounds-check
FAIL: go.go-torture/execute/return-2.go compilation, -O3 -g
FAIL: go.go-torture/execute/return-2.go compilation, -Os
FAIL: go.go-torture/execute/return-3.go compilation, -O0
FAIL: go.go-torture/execute/return-3.go compilation, -O1
FAIL: go.go-torture/execute/return-3.go compilation, -O2
FAIL: go.go-torture/execute/return-3.go compilation, -O2 -fomit-frame-pointer -finline-functions
FAIL: go.go-torture/execute/return-3.go compilation, -O2 -fomit-frame-pointer -finline-functions -funroll-loops
FAIL: go.go-torture/execute/return-3.go compilation, -O2 -fbounds-check
FAIL: go.go-torture/execute/return-3.go compilation, -O3 -g
FAIL: go.go-torture/execute/return-3.go compilation, -Os
FAIL: go.go-torture/execute/select-1.go compilation, -O0
FAIL: go.go-torture/execute/select-1.go compilation, -O1
FAIL: go.go-torture/execute/select-1.go compilation, -O2
FAIL: go.go-torture/execute/select-1.go compilation, -O2 -fomit-frame-pointer -finline-functions
FAIL: go.go-torture/execute/select-1.go compilation, -O2 -fomit-frame-pointer -finline-functions -funroll-loops
FAIL: go.go-torture/execute/select-1.go compilation, -O2 -fbounds-check
FAIL: go.go-torture/execute/select-1.go compilation, -O3 -g
FAIL: go.go-torture/execute/select-1.go compilation, -Os
FAIL: go.go-torture/execute/string-1.go compilation, -O0
FAIL: go.go-torture/execute/string-1.go compilation, -O1
FAIL: go.go-torture/execute/string-1.go compilation, -O2
FAIL: go.go-torture/execute/string-1.go compilation, -O2 -fomit-frame-pointer -finline-functions
FAIL: go.go-torture/execute/string-1.go compilation, -O2 -fomit-frame-pointer -finline-functions -funroll-loops
FAIL: go.go-torture/execute/string-1.go compilation, -O2 -fbounds-check
FAIL: go.go-torture/execute/string-1.go compilation, -O3 -g
FAIL: go.go-torture/execute/string-1.go compilation, -Os
FAIL: go.go-torture/execute/string-2.go compilation, -O0
FAIL: go.go-torture/execute/string-2.go compilation, -O1
FAIL: go.go-torture/execute/string-2.go compilation, -O2
FAIL: go.go-torture/execute/string-2.go compilation, -O2 -fomit-frame-pointer -finline-functions
FAIL: go.go-torture/execute/string-2.go compilation, -O2 -fomit-frame-pointer -finline-functions -funroll-loops
FAIL: go.go-torture/execute/string-2.go compilation, -O2 -fbounds-check
FAIL: go.go-torture/execute/string-2.go compilation, -O3 -g
FAIL: go.go-torture/execute/string-2.go compilation, -Os
FAIL: go.go-torture/execute/struct-1.go compilation, -O0
FAIL: go.go-torture/execute/struct-1.go compilation, -O1
FAIL: go.go-torture/execute/struct-1.go compilation, -O2
FAIL: go.go-torture/execute/struct-1.go compilation, -O2 -fomit-frame-pointer -finline-functions
FAIL: go.go-torture/execute/struct-1.go compilation, -O2 -fomit-frame-pointer -finline-functions -funroll-loops
FAIL: go.go-torture/execute/struct-1.go compilation, -O2 -fbounds-check
FAIL: go.go-torture/execute/struct-1.go compilation, -O3 -g
FAIL: go.go-torture/execute/struct-1.go compilation, -Os
FAIL: go.go-torture/execute/struct-2.go compilation, -O0
FAIL: go.go-torture/execute/struct-2.go compilation, -O1
FAIL: go.go-torture/execute/struct-2.go compilation, -O2
FAIL: go.go-torture/execute/struct-2.go compilation, -O2 -fomit-frame-pointer -finline-functions
FAIL: go.go-torture/execute/struct-2.go compilation, -O2 -fomit-frame-pointer -finline-functions -funroll-loops
FAIL: go.go-torture/execute/struct-2.go compilation, -O2 -fbounds-check
FAIL: go.go-torture/execute/struct-2.go compilation, -O3 -g
FAIL: go.go-torture/execute/struct-2.go compilation, -Os
FAIL: go.go-torture/execute/switch-1.go compilation, -O0
FAIL: go.go-torture/execute/switch-1.go compilation, -O1
FAIL: go.go-torture/execute/switch-1.go compilation, -O2
FAIL: go.go-torture/execute/switch-1.go compilation, -O2 -fomit-frame-pointer -finline-functions
FAIL: go.go-torture/execute/switch-1.go compilation, -O2 -fomit-frame-pointer -finline-functions -funroll-loops
FAIL: go.go-torture/execute/switch-1.go compilation, -O2 -fbounds-check
FAIL: go.go-torture/execute/switch-1.go compilation, -O3 -g
FAIL: go.go-torture/execute/switch-1.go compilation, -Os
FAIL: go.go-torture/execute/var-1.go compilation, -O0
FAIL: go.go-torture/execute/var-1.go compilation, -O1
FAIL: go.go-torture/execute/var-1.go compilation, -O2
FAIL: go.go-torture/execute/var-1.go compilation, -O2 -fomit-frame-pointer -finline-functions
FAIL: go.go-torture/execute/var-1.go compilation, -O2 -fomit-frame-pointer -finline-functions -funroll-loops
FAIL: go.go-torture/execute/var-1.go compilation, -O2 -fbounds-check
FAIL: go.go-torture/execute/var-1.go compilation, -O3 -g
FAIL: go.go-torture/execute/var-1.go compilation, -Os
FAIL: go.go-torture/execute/var-2.go compilation, -O0
FAIL: go.go-torture/execute/var-2.go compilation, -O1
FAIL: go.go-torture/execute/var-2.go compilation, -O2
FAIL: go.go-torture/execute/var-2.go compilation, -O2 -fomit-frame-pointer -finline-functions
FAIL: go.go-torture/execute/var-2.go compilation, -O2 -fomit-frame-pointer -finline-functions -funroll-loops
FAIL: go.go-torture/execute/var-2.go compilation, -O2 -fbounds-check
FAIL: go.go-torture/execute/var-2.go compilation, -O3 -g
FAIL: go.go-torture/execute/var-2.go compilation, -Os
FAIL: go.go-torture/execute/var-3.go compilation, -O0
FAIL: go.go-torture/execute/var-3.go compilation, -O1
FAIL: go.go-torture/execute/var-3.go compilation, -O2
FAIL: go.go-torture/execute/var-3.go compilation, -O2 -fomit-frame-pointer -finline-functions
FAIL: go.go-torture/execute/var-3.go compilation, -O2 -fomit-frame-pointer -finline-functions -funroll-loops
FAIL: go.go-torture/execute/var-3.go compilation, -O2 -fbounds-check
FAIL: go.go-torture/execute/var-3.go compilation, -O3 -g
FAIL: go.go-torture/execute/var-3.go compilation, -Os
ERROR: ./bug160.exe does not exist in unix_load.
ERROR: ./bug324.exe does not exist in unix_load.
ERROR: ./bug414.exe does not exist in unix_load.
ERROR: ./bug424.exe does not exist in unix_load.
ERROR: ./bug437.exe does not exist in unix_load.
ERROR: ./method4.exe does not exist in unix_load.
FAIL: bug429.go -O2 -g (test for excess errors)
WARNING: bug429.go -O2 -g compilation failed to produce executable
FAIL: go.test/test/235.go compilation, -O2 -g
FAIL: go.test/test/64bit.go -O (test for excess errors)
FAIL: go.test/test/64bit.go execution
FAIL: go.test/test/alias1.go compilation, -O2 -g
FAIL: go.test/test/append.go compilation, -O2 -g
FAIL: go.test/test/args.go compilation, -O2 -g
FAIL: go.test/test/bigalg.go compilation, -O2 -g
FAIL: go.test/test/bigmap.go compilation, -O2 -g
FAIL: go.test/test/blank.go compilation, -O2 -g
FAIL: go.test/test/bom.go -O (test for excess errors)
FAIL: go.test/test/bom.go execution
FAIL: go.test/test/chan/doubleselect.go compilation, -O2 -g
FAIL: go.test/test/chan/fifo.go compilation, -O2 -g
FAIL: go.test/test/chan/goroutines.go compilation, -O2 -g
FAIL: go.test/test/chan/nonblock.go compilation, -O2 -g
FAIL: go.test/test/chan/powser1.go compilation, -O2 -g
FAIL: go.test/test/chan/powser2.go compilation, -O2 -g
FAIL: go.test/test/chan/select.go compilation, -O2 -g
FAIL: go.test/test/chan/select3.go compilation, -O2 -g
FAIL: go.test/test/chan/select4.go compilation, -O2 -g
FAIL: go.test/test/chan/select5.go -O (test for excess errors)
FAIL: go.test/test/chan/select5.go execution
FAIL: go.test/test/chan/select6.go compilation, -O2 -g
FAIL: go.test/test/chan/select7.go compilation, -O2 -g
FAIL: go.test/test/chan/sendstmt.go compilation, -O2 -g
FAIL: go.test/test/chan/sieve1.go compilation, -O2 -g
FAIL: go.test/test/chan/sieve2.go compilation, -O2 -g
FAIL: go.test/test/chan/zerosize.go compilation, -O2 -g
FAIL: go.test/test/chancap.go compilation, -O2 -g
FAIL: go.test/test/char_lit.go compilation, -O2 -g
FAIL: go.test/test/closedchan.go compilation, -O2 -g
FAIL: go.test/test/cmp.go compilation, -O2 -g
FAIL: go.test/test/cmplxdivide.go
FAIL: go.test/test/complit.go compilation, -O2 -g
FAIL: go.test/test/compos.go compilation, -O2 -g
FAIL: go.test/test/const.go compilation, -O2 -g
FAIL: go.test/test/const3.go compilation, -O2 -g
FAIL: go.test/test/const4.go compilation, -O2 -g
FAIL: go.test/test/convT2X.go compilation, -O2 -g
FAIL: go.test/test/convert.go compilation, -O2 -g
FAIL: go.test/test/copy.go compilation, -O2 -g
FAIL: go.test/test/crlf.go -O (test for excess errors)
FAIL: go.test/test/crlf.go execution
FAIL: go.test/test/ddd.go compilation, -O2 -g
FAIL: go.test/test/ddd3.go
FAIL: go.test/test/decl.go compilation, -O2 -g
FAIL: go.test/test/defer.go compilation, -O2 -g
FAIL: go.test/test/deferprint.go -O (test for excess errors)
FAIL: go.test/test/deferprint.go execution
FAIL: go.test/test/divide.go compilation, -O2 -g
FAIL: go.test/test/dwarf/linedirectives.go compilation, -O2 -g
FAIL: go.test/test/dwarf/main.go compilation, -O2 -g
FAIL: go.test/test/env.go compilation, -O2 -g
FAIL: go.test/test/escape.go compilation, -O2 -g
FAIL: go.test/test/escape3.go compilation, -O2 -g
FAIL: go.test/test/fixedbugs/bug000.go compilation, -O2 -g
FAIL: go.test/test/fixedbugs/bug002.go compilation, -O2 -g
FAIL: go.test/test/fixedbugs/bug003.go compilation, -O2 -g
FAIL: go.test/test/fixedbugs/bug004.go compilation, -O2 -g
FAIL: go.test/test/fixedbugs/bug005.go compilation, -O2 -g
FAIL: go.test/test/fixedbugs/bug006.go compilation, -O2 -g
FAIL: go.test/test/fixedbugs/bug007.go compilation, -O2 -g
FAIL: go.test/test/fixedbugs/bug008.go compilation, -O2 -g
FAIL: go.test/test/fixedbugs/bug009.go compilation, -O2 -g
FAIL: go.test/test/fixedbugs/bug010.go compilation, -O2 -g
FAIL: go.test/test/fixedbugs/bug011.go compilation, -O2 -g
FAIL: go.test/test/fixedbugs/bug012.go compilation, -O2 -g
FAIL: go.test/test/fixedbugs/bug013.go compilation, -O2 -g
FAIL: go.test/test/fixedbugs/bug017.go compilation, -O2 -g
FAIL: go.test/test/fixedbugs/bug021.go compilation, -O2 -g
FAIL: go.test/test/fixedbugs/bug023.go compilation, -O2 -g
FAIL: go.test/test/fixedbugs/bug024.go compilation, -O2 -g
FAIL: go.test/test/fixedbugs/bug026.go compilation, -O2 -g
FAIL: go.test/test/fixedbugs/bug027.go compilation, -O2 -g
FAIL: go.test/test/fixedbugs/bug028.go compilation, -O2 -g
FAIL: go.test/test/fixedbugs/bug031.go compilation, -O2 -g
FAIL: go.test/test/fixedbugs/bug045.go compilation, -O2 -g
FAIL: go.test/test/fixedbugs/bug047.go compilation, -O2 -g
FAIL: go.test/test/fixedbugs/bug048.go compilation, -O2 -g
FAIL: go.test/test/fixedbugs/bug052.go compilation, -O2 -g
FAIL: go.test/test/fixedbugs/bug053.go compilation, -O2 -g
FAIL: go.test/test/fixedbugs/bug054.go compilation, -O2 -g
FAIL: go.test/test/fixedbugs/bug055.go compilation, -O2 -g
FAIL: go.test/test/fixedbugs/bug056.go compilation, -O2 -g
FAIL: go.test/test/fixedbugs/bug058.go compilation, -O2 -g
FAIL: go.test/test/fixedbugs/bug059.go compilation, -O2 -g
FAIL: go.test/test/fixedbugs/bug060.go compilation, -O2 -g
FAIL: go.test/test/fixedbugs/bug061.go compilation, -O2 -g
FAIL: go.test/test/fixedbugs/bug065.go compilation, -O2 -g
FAIL: go.test/test/fixedbugs/bug067.go compilation, -O2 -g
FAIL: go.test/test/fixedbugs/bug070.go compilation, -O2 -g
FAIL: go.test/test/fixedbugs/bug075.go compilation, -O2 -g
FAIL: go.test/test/fixedbugs/bug076.go -O (test for excess errors)
FAIL: go.test/test/fixedbugs/bug078.go compilation, -O2 -g
FAIL: go.test/test/fixedbugs/bug082.go compilation, -O2 -g
FAIL: go.test/test/fixedbugs/bug084.go compilation, -O2 -g
FAIL: go.test/test/fixedbugs/bug092.go compilation, -O2 -g
FAIL: go.test/test/fixedbugs/bug093.go compilation, -O2 -g
FAIL: go.test/test/fixedbugs/bug097.go compilation, -O2 -g
FAIL: go.test/test/fixedbugs/bug099.go compilation, -O2 -g
FAIL: go.test/test/fixedbugs/bug101.go compilation, -O2 -g
FAIL: go.test/test/fixedbugs/bug102.go compilation, -O2 -g
FAIL: go.test/test/fixedbugs/bug110.go -O (test for excess errors)
FAIL: go.test/test/fixedbugs/bug111.go compilation, -O2 -g
FAIL: go.test/test/fixedbugs/bug113.go compilation, -O2 -g
FAIL: go.test/test/fixedbugs/bug114.go compilation, -O2 -g
FAIL: go.test/test/fixedbugs/bug116.go compilation, -O2 -g
FAIL: go.test/test/fixedbugs/bug119.go compilation, -O2 -g
FAIL: go.test/test/fixedbugs/bug120.go compilation, -O2 -g
FAIL: go.test/test/fixedbugs/bug128.go compilation, -O2 -g
FAIL: go.test/test/fixedbugs/bug130.go compilation, -O2 -g
FAIL: go.test/test/fixedbugs/bug141.go compilation, -O2 -g
FAIL: go.test/test/fixedbugs/bug142.go compilation, -O2 -g
FAIL: go.test/test/fixedbugs/bug147.go compilation, -O2 -g
FAIL: go.test/test/fixedbugs/bug148.go compilation, -O2 -g
FAIL: go.test/test/fixedbugs/bug1515.go compilation, -O2 -g
FAIL: go.test/test/fixedbugs/bug152.go compilation, -O2 -g
FAIL: go.test/test/fixedbugs/bug154.go compilation, -O2 -g
FAIL: go.test/test/fixedbugs/bug155.go -O (test for excess errors)
FAIL: go.test/test/fixedbugs/bug159.go compilation, -O2 -g
UNRESOLVED: go.test/test/fixedbugs/bug160.go
FAIL: go.test/test/fixedbugs/bug167.go -O (test for excess errors)
FAIL: go.test/test/fixedbugs/bug168.go compilation, -O2 -g
FAIL: go.test/test/fixedbugs/bug177.go compilation, -O2 -g
FAIL: go.test/test/fixedbugs/bug178.go compilation, -O2 -g
FAIL: go.test/test/fixedbugs/bug180.go compilation, -O2 -g
FAIL: go.test/test/fixedbugs/bug184.go compilation, -O2 -g
FAIL: go.test/test/fixedbugs/bug185.go compilation, -O2 -g
FAIL: go.test/test/fixedbugs/bug187.go compilation, -O2 -g
FAIL: go.test/test/fixedbugs/bug191.go
FAIL: go.test/test/fixedbugs/bug194.go compilation, -O2 -g
FAIL: go.test/test/fixedbugs/bug196.go compilation, -O2 -g
FAIL: go.test/test/fixedbugs/bug199.go compilation, -O2 -g
FAIL: go.test/test/fixedbugs/bug201.go compilation, -O2 -g
FAIL: go.test/test/fixedbugs/bug202.go compilation, -O2 -g
FAIL: go.test/test/fixedbugs/bug203.go compilation, -O2 -g
FAIL: go.test/test/fixedbugs/bug204.go compilation, -O2 -g
FAIL: go.test/test/fixedbugs/bug206.go -O (test for excess errors)
FAIL: go.test/test/fixedbugs/bug206.go execution
FAIL: go.test/test/fixedbugs/bug207.go compilation, -O2 -g
FAIL: go.test/test/fixedbugs/bug221.go compilation, -O2 -g
FAIL: go.test/test/fixedbugs/bug225.go compilation, -O2 -g
FAIL: go.test/test/fixedbugs/bug227.go compilation, -O2 -g
FAIL: go.test/test/fixedbugs/bug230.go compilation, -O2 -g
FAIL: go.test/test/fixedbugs/bug234.go compilation, -O2 -g
FAIL: go.test/test/fixedbugs/bug236.go compilation, -O2 -g
FAIL: go.test/test/fixedbugs/bug237.go compilation, -O2 -g
FAIL: go.test/test/fixedbugs/bug242.go compilation, -O2 -g
FAIL: go.test/test/fixedbugs/bug243.go compilation, -O2 -g
FAIL: go.test/test/fixedbugs/bug244.go compilation, -O2 -g
FAIL: go.test/test/fixedbugs/bug246.go compilation, -O2 -g
FAIL: go.test/test/fixedbugs/bug247.go compilation, -O2 -g
FAIL: go.test/test/fixedbugs/bug248.go
FAIL: go.test/test/fixedbugs/bug253.go compilation, -O2 -g
FAIL: go.test/test/fixedbugs/bug254.go compilation, -O2 -g
FAIL: go.test/test/fixedbugs/bug257.go compilation, -O2 -g
FAIL: go.test/test/fixedbugs/bug258.go compilation, -O2 -g
FAIL: go.test/test/fixedbugs/bug259.go compilation, -O2 -g
FAIL: go.test/test/fixedbugs/bug260.go compilation, -O2 -g
FAIL: go.test/test/fixedbugs/bug261.go compilation, -O2 -g
FAIL: go.test/test/fixedbugs/bug262.go compilation, -O2 -g
FAIL: go.test/test/fixedbugs/bug263.go compilation, -O2 -g
FAIL: go.test/test/fixedbugs/bug264.go compilation, -O2 -g
FAIL: go.test/test/fixedbugs/bug265.go compilation, -O2 -g
FAIL: go.test/test/fixedbugs/bug266.go compilation, -O2 -g
FAIL: go.test/test/fixedbugs/bug269.go compilation, -O2 -g
FAIL: go.test/test/fixedbugs/bug271.go compilation, -O2 -g
FAIL: go.test/test/fixedbugs/bug272.go compilation, -O2 -g
FAIL: go.test/test/fixedbugs/bug273.go compilation, -O2 -g
FAIL: go.test/test/fixedbugs/bug276.go compilation, -O2 -g
FAIL: go.test/test/fixedbugs/bug279.go compilation, -O2 -g
FAIL: go.test/test/fixedbugs/bug281.go compilation, -O2 -g
FAIL: go.test/test/fixedbugs/bug285.go compilation, -O2 -g
FAIL: go.test/test/fixedbugs/bug286.go compilation, -O2 -g
FAIL: go.test/test/fixedbugs/bug290.go compilation, -O2 -g
FAIL: go.test/test/fixedbugs/bug291.go compilation, -O2 -g
FAIL: go.test/test/fixedbugs/bug292.go compilation, -O2 -g
FAIL: go.test/test/fixedbugs/bug293.go compilation, -O2 -g
FAIL: go.test/test/fixedbugs/bug294.go compilation, -O2 -g
FAIL: go.test/test/fixedbugs/bug295.go compilation, -O2 -g
FAIL: go.test/test/fixedbugs/bug296.go compilation, -O2 -g
FAIL: go.test/test/fixedbugs/bug303.go compilation, -O2 -g
FAIL: go.test/test/fixedbugs/bug311.go compilation, -O2 -g
FAIL: go.test/test/fixedbugs/bug312.go compilation, -O2 -g
FAIL: go.test/test/fixedbugs/bug314.go compilation, -O2 -g
FAIL: go.test/test/fixedbugs/bug317.go compilation, -O2 -g
FAIL: go.test/test/fixedbugs/bug320.go compilation, -O2 -g
FAIL: go.test/test/fixedbugs/bug321.go compilation, -O2 -g
FAIL: go.test/test/fixedbugs/bug322.go
UNRESOLVED: go.test/test/fixedbugs/bug324.go
FAIL: go.test/test/fixedbugs/bug327.go compilation, -O2 -g
FAIL: go.test/test/fixedbugs/bug328.go -O (test for excess errors)
FAIL: go.test/test/fixedbugs/bug328.go execution
FAIL: go.test/test/fixedbugs/bug329.go compilation, -O2 -g
FAIL: go.test/test/fixedbugs/bug331.go compilation, -O2 -g
FAIL: go.test/test/fixedbugs/bug333.go compilation, -O2 -g
FAIL: go.test/test/fixedbugs/bug336.go compilation, -O2 -g
FAIL: go.test/test/fixedbugs/bug339.go compilation, -O2 -g
FAIL: go.test/test/fixedbugs/bug341.go compilation, -O2 -g
FAIL: go.test/test/fixedbugs/bug343.go compilation, -O2 -g
FAIL: go.test/test/fixedbugs/bug346.go compilation, -O2 -g
FAIL: go.test/test/fixedbugs/bug347.go compilation, -O0 -g
FAIL: go.test/test/fixedbugs/bug348.go compilation, -O0 -g
FAIL: go.test/test/fixedbugs/bug352.go compilation, -O2 -g
FAIL: go.test/test/fixedbugs/bug355.go compilation, -O2 -g
FAIL: go.test/test/fixedbugs/bug356.go compilation, -O2 -g
FAIL: go.test/test/fixedbugs/bug364.go compilation, -O2 -g
FAIL: go.test/test/fixedbugs/bug366.go compilation, -O2 -g
FAIL: go.test/test/fixedbugs/bug367.go
FAIL: go.test/test/fixedbugs/bug368.go compilation, -O2 -g
FAIL: go.test/test/fixedbugs/bug369.go
FAIL: go.test/test/fixedbugs/bug370.go compilation, -O2 -g
FAIL: go.test/test/fixedbugs/bug372.go compilation, -O2 -g
FAIL: go.test/test/fixedbugs/bug375.go compilation, -O2 -g
FAIL: go.test/test/fixedbugs/bug378.go compilation, -O2 -g
FAIL: go.test/test/fixedbugs/bug401.go compilation, -O2 -g
FAIL: go.test/test/fixedbugs/bug402.go compilation, -O2 -g
FAIL: go.test/test/fixedbugs/bug405.go compilation, -O2 -g
FAIL: go.test/test/fixedbugs/bug406.go compilation, -O2 -g
FAIL: go.test/test/fixedbugs/bug409.go -O (test for excess errors)
FAIL: go.test/test/fixedbugs/bug409.go execution
UNRESOLVED: go.test/test/fixedbugs/bug414.go
FAIL: go.test/test/fixedbugs/bug423.go compilation, -O2 -g
UNRESOLVED: go.test/test/fixedbugs/bug424.go
FAIL: go.test/test/fixedbugs/bug428.go compilation, -O2 -g
FAIL: go.test/test/fixedbugs/bug433.go compilation, -O2 -g
FAIL: go.test/test/fixedbugs/bug434.go compilation, -O2 -g
FAIL: go.test/test/fixedbugs/bug436.go compilation, -O2 -g
UNRESOLVED: go.test/test/fixedbugs/bug437.go
FAIL: go.test/test/fixedbugs/bug440_32.go compilation, -O2 -g
FAIL: go.test/test/fixedbugs/bug440_64.go compilation, -O2 -g
FAIL: go.test/test/fixedbugs/bug441.go compilation, -O2 -g
FAIL: go.test/test/fixedbugs/bug442.go compilation, -O2 -g
FAIL: go.test/test/fixedbugs/bug444.go compilation, -O2 -g
FAIL: go.test/test/fixedbugs/bug446.go compilation, -O2 -g
FAIL: go.test/test/fixedbugs/bug447.go -O (test for excess errors)
FAIL: go.test/test/fixedbugs/bug447.go execution
FAIL: go.test/test/fixedbugs/bug449.go -O (test for excess errors)
FAIL: go.test/test/fixedbugs/bug449.go execution
FAIL: go.test/test/fixedbugs/bug450.go compilation, -O2 -g
FAIL: go.test/test/fixedbugs/bug452.go compilation, -O2 -g
FAIL: go.test/test/float_lit.go compilation, -O2 -g
FAIL: go.test/test/floatcmp.go compilation, -O2 -g
FAIL: go.test/test/for.go compilation, -O2 -g
FAIL: go.test/test/func.go compilation, -O2 -g
FAIL: go.test/test/func5.go compilation, -O2 -g
FAIL: go.test/test/func6.go compilation, -O2 -g
FAIL: go.test/test/func7.go compilation, -O2 -g
FAIL: go.test/test/func8.go compilation, -O2 -g
FAIL: go.test/test/gc.go compilation, -O2 -g
FAIL: go.test/test/gc1.go compilation, -O2 -g
FAIL: go.test/test/gc2.go compilation, -O2 -g
FAIL: go.test/test/goprint.go -O (test for excess errors)
FAIL: go.test/test/goprint.go execution
FAIL: go.test/test/helloworld.go -O (test for excess errors)
FAIL: go.test/test/helloworld.go execution
FAIL: go.test/test/if.go compilation, -O2 -g
FAIL: go.test/test/index.go -O (test for excess errors)
FAIL: go.test/test/index.go execution 0
FAIL: go.test/test/index.go execution 1
FAIL: go.test/test/index.go execution 2
FAIL: go.test/test/indirect.go compilation, -O2 -g
FAIL: go.test/test/initcomma.go compilation, -O2 -g
FAIL: go.test/test/initialize.go compilation, -O2 -g
FAIL: go.test/test/int_lit.go compilation, -O2 -g
FAIL: go.test/test/intcvt.go compilation, -O2 -g
FAIL: go.test/test/interface/bigdata.go compilation, -O2 -g
FAIL: go.test/test/interface/convert.go compilation, -O2 -g
FAIL: go.test/test/interface/convert1.go compilation, -O2 -g
FAIL: go.test/test/interface/convert2.go compilation, -O2 -g
FAIL: go.test/test/interface/embed.go compilation, -O2 -g
FAIL: go.test/test/interface/embed1.go
FAIL: go.test/test/interface/fail.go compilation, -O2 -g
FAIL: go.test/test/interface/fake.go compilation, -O2 -g
FAIL: go.test/test/interface/noeq.go compilation, -O2 -g
FAIL: go.test/test/interface/receiver.go compilation, -O2 -g
FAIL: go.test/test/interface/returntype.go compilation, -O2 -g
FAIL: go.test/test/interface/struct.go compilation, -O2 -g
FAIL: go.test/test/iota.go compilation, -O2 -g
FAIL: go.test/test/ken/array.go compilation, -O2 -g
FAIL: go.test/test/ken/chan.go compilation, -O2 -g
FAIL: go.test/test/ken/chan1.go compilation, -O2 -g
FAIL: go.test/test/ken/complit.go compilation, -O2 -g
FAIL: go.test/test/ken/convert.go compilation, -O2 -g
FAIL: go.test/test/ken/cplx0.go -O (test for excess errors)
FAIL: go.test/test/ken/cplx0.go execution
FAIL: go.test/test/ken/cplx1.go compilation, -O2 -g
FAIL: go.test/test/ken/cplx2.go compilation, -O2 -g
FAIL: go.test/test/ken/cplx3.go compilation, -O2 -g
FAIL: go.test/test/ken/cplx4.go compilation, -O2 -g
FAIL: go.test/test/ken/cplx5.go compilation, -O2 -g
FAIL: go.test/test/ken/divconst.go compilation, -O2 -g
FAIL: go.test/test/ken/divmod.go compilation, -O2 -g
FAIL: go.test/test/ken/embed.go compilation, -O2 -g
FAIL: go.test/test/ken/for.go compilation, -O2 -g
FAIL: go.test/test/ken/interbasic.go compilation, -O2 -g
FAIL: go.test/test/ken/interfun.go compilation, -O2 -g
FAIL: go.test/test/ken/intervar.go compilation, -O2 -g
FAIL: go.test/test/ken/label.go compilation, -O2 -g
FAIL: go.test/test/ken/litfun.go compilation, -O2 -g
FAIL: go.test/test/ken/mfunc.go compilation, -O2 -g
FAIL: go.test/test/ken/modconst.go compilation, -O2 -g
FAIL: go.test/test/ken/ptrfun.go compilation, -O2 -g
FAIL: go.test/test/ken/ptrvar.go compilation, -O2 -g
FAIL: go.test/test/ken/range.go compilation, -O2 -g
FAIL: go.test/test/ken/rob1.go compilation, -O2 -g
FAIL: go.test/test/ken/rob2.go compilation, -O2 -g
FAIL: go.test/test/ken/robfor.go compilation, -O2 -g
FAIL: go.test/test/ken/robfunc.go compilation, -O2 -g
FAIL: go.test/test/ken/shift.go compilation, -O2 -g
FAIL: go.test/test/ken/simparray.go compilation, -O2 -g
FAIL: go.test/test/ken/simpbool.go compilation, -O2 -g
FAIL: go.test/test/ken/simpconv.go compilation, -O2 -g
FAIL: go.test/test/ken/simpfun.go compilation, -O2 -g
FAIL: go.test/test/ken/simpswitch.go compilation, -O2 -g
FAIL: go.test/test/ken/simpvar.go compilation, -O2 -g
FAIL: go.test/test/ken/slicearray.go compilation, -O2 -g
FAIL: go.test/test/ken/sliceslice.go compilation, -O2 -g
FAIL: go.test/test/ken/string.go -O (test for excess errors)
FAIL: go.test/test/ken/string.go execution
FAIL: go.test/test/ken/strvar.go compilation, -O2 -g
FAIL: go.test/test/literal.go compilation, -O2 -g
FAIL: go.test/test/mallocfin.go compilation, -O2 -g
FAIL: go.test/test/map.go compilation, -O2 -g
FAIL: go.test/test/method.go compilation, -O2 -g
FAIL: go.test/test/method3.go compilation, -O2 -g
UNRESOLVED: go.test/test/method4.go
FAIL: go.test/test/named.go compilation, -O2 -g
FAIL: go.test/test/nil.go compilation, -O2 -g
FAIL: go.test/test/nul1.go -O (test for excess errors)
FAIL: go.test/test/nul1.go execution
FAIL: go.test/test/peano.go compilation, -O2 -g
FAIL: go.test/test/printbig.go -O (test for excess errors)
FAIL: go.test/test/printbig.go execution
FAIL: go.test/test/range.go compilation, -O2 -g
FAIL: go.test/test/recover.go compilation, -O2 -g
FAIL: go.test/test/recover1.go compilation, -O2 -g
FAIL: go.test/test/recover2.go compilation, -O2 -g
FAIL: go.test/test/recover3.go compilation, -O2 -g
FAIL: go.test/test/rename.go compilation, -O2 -g
FAIL: go.test/test/reorder.go compilation, -O2 -g
FAIL: go.test/test/reorder2.go compilation, -O2 -g
FAIL: go.test/test/sieve.go -O (test for excess errors)
FAIL: go.test/test/sigchld.go -O (test for excess errors)
FAIL: go.test/test/sigchld.go execution
FAIL: go.test/test/simassign.go compilation, -O2 -g
FAIL: go.test/test/solitaire.go -O (test for excess errors)
FAIL: go.test/test/string_lit.go compilation, -O2 -g
FAIL: go.test/test/stringrange.go compilation, -O2 -g
FAIL: go.test/test/struct0.go compilation, -O2 -g
FAIL: go.test/test/switch.go compilation, -O2 -g
FAIL: go.test/test/turing.go compilation, -O2 -g
FAIL: go.test/test/typeswitch.go compilation, -O2 -g
FAIL: go.test/test/typeswitch1.go compilation, -O2 -g
FAIL: go.test/test/utf.go compilation, -O2 -g
FAIL: go.test/test/varinit.go compilation, -O2 -g
FAIL: go.test/test/zerodivide.go compilation, -O2 -g
=== go Summary for unix/-m32 ===
# of expected passes 1144
# of unexpected failures 592
# of untested testcases 555
# of unresolved testcases 6
Running target unix/-m64
=== go Summary for unix/-m64 ===
# of expected passes 5079
# of expected failures 1
# of untested testcases 6
=== go Summary ===
# of expected passes 6223
# of unexpected failures 592
# of expected failures 1
# of untested testcases 561
# of unresolved testcases 6
/daten/gcc/gcc-20121103/Build/gcc/testsuite/go/../../gccgo version 4.8.0 20121103 (experimental) (GCC)
=== objc tests ===
Running target unix/-m32
=== objc Summary for unix/-m32 ===
# of expected passes 2994
# of unsupported tests 74
Running target unix/-m64
=== objc Summary for unix/-m64 ===
# of expected passes 2994
# of unsupported tests 74
=== objc Summary ===
# of expected passes 5988
# of unsupported tests 148
/daten/gcc/gcc-20121103/Build/gcc/xgcc version 4.8.0 20121103 (experimental) (GCC)
=== boehm-gc tests ===
Running target unix/-m32
=== boehm-gc Summary for unix/-m32 ===
# of expected passes 12
# of unsupported tests 1
Running target unix/-m64
=== boehm-gc Summary for unix/-m64 ===
# of expected passes 12
# of unsupported tests 1
=== boehm-gc Summary ===
# of expected passes 24
# of unsupported tests 2
=== libatomic tests ===
Running target unix/-m32
=== libatomic Summary for unix/-m32 ===
# of expected passes 34
# of unsupported tests 10
Running target unix/-m64
=== libatomic Summary for unix/-m64 ===
# of expected passes 44
# of unsupported tests 5
=== libatomic Summary ===
# of expected passes 78
# of unsupported tests 15
=== libffi tests ===
Running target unix/-m32
=== libffi Summary for unix/-m32 ===
# of expected passes 1659
# of unsupported tests 55
Running target unix/-m64
=== libffi Summary for unix/-m64 ===
# of expected passes 1659
# of unsupported tests 55
=== libffi Summary ===
# of expected passes 3318
# of unsupported tests 110
=== libgo tests ===
Running target unix
FAIL: bufio
FAIL: bytes
FAIL: errors
FAIL: expvar
FAIL: flag
FAIL: fmt
FAIL: html
FAIL: image
FAIL: io
FAIL: log
FAIL: math
FAIL: mime
FAIL: net
FAIL: os
FAIL: path
FAIL: reflect
FAIL: regexp
FAIL: runtime
FAIL: sort
FAIL: strconv
FAIL: strings
FAIL: sync
FAIL: syscall
FAIL: time
FAIL: unicode
FAIL: archive/tar
FAIL: archive/zip
FAIL: compress/bzip2
FAIL: compress/flate
FAIL: compress/gzip
FAIL: compress/lzw
FAIL: compress/zlib
FAIL: container/heap
FAIL: container/list
FAIL: container/ring
FAIL: crypto/aes
FAIL: crypto/cipher
FAIL: crypto/des
FAIL: crypto/dsa
FAIL: crypto/ecdsa
FAIL: crypto/elliptic
FAIL: crypto/hmac
FAIL: crypto/md5
FAIL: crypto/rand
FAIL: crypto/rc4
FAIL: crypto/rsa
FAIL: crypto/sha1
FAIL: crypto/sha256
FAIL: crypto/sha512
FAIL: crypto/subtle
FAIL: crypto/tls
FAIL: crypto/x509
FAIL: database/sql
FAIL: database/sql/driver
FAIL: debug/dwarf
FAIL: debug/elf
FAIL: debug/macho
FAIL: debug/pe
FAIL: encoding/ascii85
FAIL: encoding/asn1
FAIL: encoding/base32
FAIL: encoding/base64
FAIL: encoding/binary
FAIL: encoding/csv
FAIL: encoding/gob
FAIL: encoding/hex
FAIL: encoding/json
FAIL: encoding/pem
FAIL: encoding/xml
FAIL: exp/ebnf
FAIL: exp/html
FAIL: exp/html/atom
FAIL: exp/locale/collate
FAIL: exp/locale/collate/build
FAIL: exp/norm
FAIL: exp/proxy
FAIL: exp/terminal
FAIL: exp/types
FAIL: exp/utf8string
FAIL: html/template
FAIL: go/ast
FAIL: go/doc
FAIL: go/parser
FAIL: go/printer
FAIL: go/scanner
FAIL: go/token
FAIL: hash/adler32
FAIL: hash/crc32
FAIL: hash/crc64
FAIL: hash/fnv
FAIL: image/color
FAIL: image/draw
FAIL: image/jpeg
FAIL: image/png
FAIL: index/suffixarray
FAIL: io/ioutil
FAIL: log/syslog
FAIL: math/big
FAIL: math/cmplx
FAIL: math/rand
FAIL: mime/multipart
FAIL: net/http
FAIL: net/http/cgi
FAIL: net/http/fcgi
FAIL: net/http/httptest
FAIL: net/http/httputil
FAIL: net/mail
FAIL: net/rpc
FAIL: net/smtp
FAIL: net/textproto
FAIL: net/url
FAIL: net/rpc/jsonrpc
FAIL: old/netchan
FAIL: old/regexp
FAIL: old/template
FAIL: os/exec
FAIL: os/signal
FAIL: os/user
FAIL: path/filepath
FAIL: regexp/syntax
FAIL: runtime/pprof
FAIL: sync/atomic
FAIL: text/scanner
FAIL: text/tabwriter
FAIL: text/template
FAIL: text/template/parse
FAIL: testing/quick
FAIL: unicode/utf16
FAIL: unicode/utf8
=== libgo Summary for unix ===
# of unexpected failures 129
Running target unix/-m64 -fPIC
FAIL: math/big
FAIL: net/http
=== libgo Summary for unix/-m64 -fPIC ===
# of expected passes 127
# of unexpected failures 2
=== libgo Summary ===
# of expected passes 127
# of unexpected failures 131
/daten/gcc/gcc-20121103/Build/./gcc/gccgo version 4.8.0 20121103 (experimental) (GCC)
=== libgomp tests ===
Running target unix/-m32
=== libgomp Summary for unix/-m32 ===
# of expected passes 2930
# of unsupported tests 1
Running target unix/-m64
=== libgomp Summary for unix/-m64 ===
# of expected passes 2930
# of unsupported tests 1
=== libgomp Summary ===
# of expected passes 5860
# of unsupported tests 2
=== libitm tests ===
Running target unix/-m32
=== libitm Summary for unix/-m32 ===
# of expected passes 26
# of expected failures 3
# of unsupported tests 1
Running target unix/-m64
=== libitm Summary for unix/-m64 ===
# of expected passes 26
# of expected failures 3
# of unsupported tests 1
=== libitm Summary ===
# of expected passes 52
# of expected failures 6
# of unsupported tests 2
=== libjava tests ===
Running target unix/-m32
FAIL: PR25535 -findirect-dispatch execution - source compiled test
FAIL: PR25535 -O3 -findirect-dispatch execution - source compiled test
FAIL: bclink execution - source compiled test
FAIL: bclink -findirect-dispatch execution - source compiled test
FAIL: bclink -O3 execution - source compiled test
FAIL: bclink -O3 -findirect-dispatch execution - source compiled test
FAIL: sourcelocation output - source compiled test
FAIL: sourcelocation -findirect-dispatch output - source compiled test
FAIL: sourcelocation -O3 output - source compiled test
FAIL: sourcelocation -O3 -findirect-dispatch output - source compiled test
=== libjava Summary for unix/-m32 ===
# of expected passes 2570
# of unexpected failures 10
# of untested testcases 6
Running target unix/-m64
FAIL: getlocalvartable output
FAIL: sourcelocation output - source compiled test
FAIL: sourcelocation -findirect-dispatch output - source compiled test
FAIL: sourcelocation -O3 output - source compiled test
FAIL: sourcelocation -O3 -findirect-dispatch output - source compiled test
=== libjava Summary for unix/-m64 ===
# of expected passes 2581
# of unexpected failures 5
=== libjava Summary ===
# of expected passes 5151
# of unexpected failures 15
# of untested testcases 6
=== libmudflap tests ===
Running target unix/-m32
FAIL: libmudflap.c/fail37-frag.c (-O2) crash test
FAIL: libmudflap.c/fail37-frag.c (-O2) output pattern test
FAIL: libmudflap.c/fail37-frag.c (-O3) crash test
FAIL: libmudflap.c/fail37-frag.c (-O3) output pattern test
FAIL: libmudflap.cth/pass39-frag.c (-static -DSTATIC) (rerun 4) execution test
FAIL: libmudflap.cth/pass39-frag.c (-static -DSTATIC) (rerun 4) output pattern test
=== libmudflap Summary for unix/-m32 ===
# of expected passes 1900
# of unexpected failures 6
Running target unix/-m64
FAIL: libmudflap.c/fail37-frag.c (-O2) crash test
FAIL: libmudflap.c/fail37-frag.c (-O2) output pattern test
FAIL: libmudflap.c/fail37-frag.c (-O3) crash test
FAIL: libmudflap.c/fail37-frag.c (-O3) output pattern test
FAIL: libmudflap.c++/pass41-frag.cxx (-O0) (test for excess errors)
WARNING: libmudflap.c++/pass41-frag.cxx (-O0) compilation failed to produce executable
FAIL: libmudflap.c++/pass55-frag.cxx (-O0) (test for excess errors)
WARNING: libmudflap.c++/pass55-frag.cxx (-O0) compilation failed to produce executable
FAIL: libmudflap.c++/pass57-frag.cxx (-O0) (test for excess errors)
WARNING: libmudflap.c++/pass57-frag.cxx (-O0) compilation failed to produce executable
FAIL: libmudflap.c++/pass41-frag.cxx (-static) (test for excess errors)
WARNING: libmudflap.c++/pass41-frag.cxx (-static) compilation failed to produce executable
FAIL: libmudflap.c++/pass55-frag.cxx (-static) (test for excess errors)
WARNING: libmudflap.c++/pass55-frag.cxx (-static) compilation failed to produce executable
WARNING: libmudflap.c++/pass57-frag.cxx (-static) compilation failed to produce executable
FAIL: libmudflap.c++/pass41-frag.cxx ( -O) (test for excess errors)
WARNING: libmudflap.c++/pass41-frag.cxx ( -O) compilation failed to produce executable
FAIL: libmudflap.c++/pass55-frag.cxx ( -O) (test for excess errors)
WARNING: libmudflap.c++/pass55-frag.cxx ( -O) compilation failed to produce executable
WARNING: libmudflap.c++/pass57-frag.cxx ( -O) compilation failed to produce executable
FAIL: libmudflap.c++/pass41-frag.cxx (-O2) (test for excess errors)
WARNING: libmudflap.c++/pass41-frag.cxx (-O2) compilation failed to produce executable
FAIL: libmudflap.c++/pass55-frag.cxx (-O2) (test for excess errors)
WARNING: libmudflap.c++/pass55-frag.cxx (-O2) compilation failed to produce executable
WARNING: libmudflap.c++/pass57-frag.cxx (-O2) compilation failed to produce executable
FAIL: libmudflap.c++/pass41-frag.cxx (-O3) (test for excess errors)
WARNING: libmudflap.c++/pass41-frag.cxx (-O3) compilation failed to produce executable
FAIL: libmudflap.c++/pass55-frag.cxx (-O3) (test for excess errors)
WARNING: libmudflap.c++/pass55-frag.cxx (-O3) compilation failed to produce executable
WARNING: libmudflap.c++/pass57-frag.cxx (-O3) compilation failed to produce executable
FAIL: ctors-12 linkage -O0
FAIL: ctors-21 linkage -O0
WARNING: program timed out.
FAIL: ctors-12 execution -O0
WARNING: program timed out.
FAIL: ctors-21 execution -O0
FAIL: ctors-12 linkage -static
FAIL: ctors-21 linkage -static
WARNING: program timed out.
FAIL: ctors-12 execution -static
WARNING: program timed out.
FAIL: ctors-21 execution -static
FAIL: ctors-12 linkage -O2
FAIL: ctors-21 linkage -O2
WARNING: program timed out.
FAIL: ctors-12 execution -O2
WARNING: program timed out.
FAIL: ctors-21 execution -O2
FAIL: ctors-12 linkage -O3
FAIL: ctors-21 linkage -O3
WARNING: program timed out.
FAIL: ctors-12 execution -O3
WARNING: program timed out.
FAIL: ctors-21 execution -O3
=== libmudflap Summary for unix/-m64 ===
# of expected passes 1860
# of unexpected failures 31
=== libmudflap Summary ===
# of expected passes 3760
# of unexpected failures 37
=== libstdc++ tests ===
Running target unix/-m32
FAIL: 20_util/tuple/creation_functions/tie2.cc (test for excess errors)
WARNING: 20_util/tuple/creation_functions/tie2.cc compilation failed to produce executable
FAIL: 23_containers/map/requirements/explicit_instantiation/1_c++0x.cc (test for excess errors)
FAIL: 23_containers/unordered_map/cons/moveable.cc (test for excess errors)
WARNING: 23_containers/unordered_map/cons/moveable.cc compilation failed to produce executable
FAIL: 23_containers/unordered_map/dr761.cc (test for excess errors)
WARNING: 23_containers/unordered_map/dr761.cc compilation failed to produce executable
FAIL: 23_containers/unordered_map/init-list.cc (test for excess errors)
WARNING: 23_containers/unordered_map/init-list.cc compilation failed to produce executable
FAIL: 23_containers/unordered_map/insert/array_syntax.cc (test for excess errors)
WARNING: 23_containers/unordered_map/insert/array_syntax.cc compilation failed to produce executable
FAIL: 23_containers/unordered_map/insert/array_syntax_move.cc (test for excess errors)
WARNING: 23_containers/unordered_map/insert/array_syntax_move.cc compilation failed to produce executable
FAIL: 23_containers/unordered_map/insert/map_range.cc (test for excess errors)
WARNING: 23_containers/unordered_map/insert/map_range.cc compilation failed to produce executable
FAIL: 23_containers/unordered_map/operators/2.cc (test for excess errors)
WARNING: 23_containers/unordered_map/operators/2.cc compilation failed to produce executable
FAIL: 23_containers/unordered_map/profile/unordered.cc (test for excess errors)
WARNING: 23_containers/unordered_map/profile/unordered.cc compilation failed to produce executable
FAIL: 23_containers/unordered_map/requirements/explicit_instantiation/1.cc (test for excess errors)
FAIL: 23_containers/unordered_map/requirements/explicit_instantiation/2.cc (test for excess errors)
FAIL: 23_containers/unordered_map/requirements/explicit_instantiation/3.cc (test for excess errors)
FAIL: 23_containers/unordered_map/requirements/explicit_instantiation/4.cc (test for excess errors)
FAIL: 23_containers/unordered_map/requirements/explicit_instantiation/5.cc (test for excess errors)
FAIL: 25_algorithms/stable_sort/49559.cc (test for excess errors)
WARNING: 25_algorithms/stable_sort/49559.cc compilation failed to produce executable
WARNING: libstdc++-prettyprinters/cxx11.cc compilation failed to produce executable
=== libstdc++ Summary for unix/-m32 ===
# of expected passes 9098
# of unexpected failures 16
# of expected failures 44
# of unsupported tests 216
Running target unix/-m64
FAIL: 20_util/tuple/creation_functions/tie2.cc (test for excess errors)
WARNING: 20_util/tuple/creation_functions/tie2.cc compilation failed to produce executable
FAIL: 23_containers/map/requirements/explicit_instantiation/1_c++0x.cc (test for excess errors)
FAIL: 23_containers/unordered_map/cons/moveable.cc (test for excess errors)
WARNING: 23_containers/unordered_map/cons/moveable.cc compilation failed to produce executable
FAIL: 23_containers/unordered_map/dr761.cc (test for excess errors)
WARNING: 23_containers/unordered_map/dr761.cc compilation failed to produce executable
FAIL: 23_containers/unordered_map/init-list.cc (test for excess errors)
WARNING: 23_containers/unordered_map/init-list.cc compilation failed to produce executable
FAIL: 23_containers/unordered_map/insert/array_syntax.cc (test for excess errors)
WARNING: 23_containers/unordered_map/insert/array_syntax.cc compilation failed to produce executable
FAIL: 23_containers/unordered_map/insert/array_syntax_move.cc (test for excess errors)
WARNING: 23_containers/unordered_map/insert/array_syntax_move.cc compilation failed to produce executable
FAIL: 23_containers/unordered_map/insert/map_range.cc (test for excess errors)
WARNING: 23_containers/unordered_map/insert/map_range.cc compilation failed to produce executable
FAIL: 23_containers/unordered_map/operators/2.cc (test for excess errors)
WARNING: 23_containers/unordered_map/operators/2.cc compilation failed to produce executable
FAIL: 23_containers/unordered_map/profile/unordered.cc (test for excess errors)
WARNING: 23_containers/unordered_map/profile/unordered.cc compilation failed to produce executable
FAIL: 23_containers/unordered_map/requirements/explicit_instantiation/1.cc (test for excess errors)
FAIL: 23_containers/unordered_map/requirements/explicit_instantiation/2.cc (test for excess errors)
FAIL: 23_containers/unordered_map/requirements/explicit_instantiation/3.cc (test for excess errors)
FAIL: 23_containers/unordered_map/requirements/explicit_instantiation/4.cc (test for excess errors)
FAIL: 23_containers/unordered_map/requirements/explicit_instantiation/5.cc (test for excess errors)
FAIL: 25_algorithms/stable_sort/49559.cc (test for excess errors)
WARNING: 25_algorithms/stable_sort/49559.cc compilation failed to produce executable
WARNING: libstdc++-prettyprinters/cxx11.cc compilation failed to produce executable
=== libstdc++ Summary for unix/-m64 ===
# of expected passes 9098
# of unexpected failures 16
# of expected failures 44
# of unsupported tests 216
=== libstdc++ Summary ===
# of expected passes 18196
# of unexpected failures 32
# of expected failures 88
# of unsupported tests 432
Compiler version: 4.8.0 20121103 (experimental) (GCC)
Platform: powerpc64-unknown-linux-gnu
configure flags: --prefix=/usr --build=powerpc64-linux --enable-shared --with-system-zlib --with-cpu=default32 --with-cpu-64=power4 --enable-secureplt --with-long-double-128