This is the mail archive of the
gcc-testresults@gcc.gnu.org
mailing list for the GCC project.
Results for 4.8.0 20121026 (experimental) [trunk revision 192842] (GCC) testsuite on i386-pc-solaris2.9
- From: Rainer Orth <ro at CeBiTec dot Uni-Bielefeld dot DE>
- To: gcc-testresults at gcc dot gnu dot org
- Date: Mon, 29 Oct 2012 11:06:40 +0100 (MET)
- Subject: Results for 4.8.0 20121026 (experimental) [trunk revision 192842] (GCC) testsuite on i386-pc-solaris2.9
LAST_UPDATED: Fri Oct 26 13:09:21 UTC 2012 (revision 192842)
=== acats tests ===
=== acats Summary ===
# of expected passes 2320
# of unexpected failures 0
Native configuration is i386-pc-solaris2.9
=== g++ tests ===
Running target unix
FAIL: g++.dg/debug/dwarf2/pr54508.C -std=gnu++98 scan-assembler "c\\\\\\\\0"[ \\t]+[#;/!|@]+ DW_AT_name[\\r\\n]+[^\\r\\n]+[\\r\\n]+[^\\r\\n]+[\\r\\n]+[^#;/!|@]+[#;/!|@]+ DW_AT_decl_line[\\r\\n]+[^#;/!|@]+[#;/!|@]+ DW_AT_declaration
FAIL: g++.dg/debug/dwarf2/pr54508.C -std=gnu++98 scan-assembler "s\\\\\\\\0"[ \\t]+[#;/!|@]+ DW_AT_name
FAIL: g++.dg/debug/dwarf2/pr54508.C -std=gnu++98 scan-assembler "f1\\\\\\\\0"[ \\t]+[#;/!|@]+ DW_AT_name
FAIL: g++.dg/debug/dwarf2/pr54508.C -std=gnu++98 scan-assembler "u\\\\\\\\0"[ \\t]+[#;/!|@]+ DW_AT_name[\\r\\n]+[^\\r\\n]+[\\r\\n]+[^\\r\\n]+[\\r\\n]+[^#;/!|@]+[#;/!|@]+ DW_AT_decl_line[\\r\\n]+[^#;/!|@]+[#;/!|@]+ DW_AT_declaration
FAIL: g++.dg/debug/dwarf2/pr54508.C -std=gnu++11 scan-assembler "c\\\\\\\\0"[ \\t]+[#;/!|@]+ DW_AT_name[\\r\\n]+[^\\r\\n]+[\\r\\n]+[^\\r\\n]+[\\r\\n]+[^#;/!|@]+[#;/!|@]+ DW_AT_decl_line[\\r\\n]+[^#;/!|@]+[#;/!|@]+ DW_AT_declaration
FAIL: g++.dg/debug/dwarf2/pr54508.C -std=gnu++11 scan-assembler "s\\\\\\\\0"[ \\t]+[#;/!|@]+ DW_AT_name
FAIL: g++.dg/debug/dwarf2/pr54508.C -std=gnu++11 scan-assembler "f1\\\\\\\\0"[ \\t]+[#;/!|@]+ DW_AT_name
FAIL: g++.dg/debug/dwarf2/pr54508.C -std=gnu++11 scan-assembler "u\\\\\\\\0"[ \\t]+[#;/!|@]+ DW_AT_name[\\r\\n]+[^\\r\\n]+[\\r\\n]+[^\\r\\n]+[\\r\\n]+[^#;/!|@]+[#;/!|@]+ DW_AT_decl_line[\\r\\n]+[^#;/!|@]+[#;/!|@]+ DW_AT_declaration
FAIL: g++.dg/debug/dwarf2/thunk1.C -std=gnu++98 scan-assembler-times LFB3 1
FAIL: g++.dg/debug/dwarf2/thunk1.C -std=gnu++11 scan-assembler-times LFB3 1
FAIL: g++.dg/init/cleanup3.C -std=c++98 scan-assembler-not _tcf
FAIL: g++.dg/init/cleanup3.C -std=c++11 scan-assembler-not _tcf
FAIL: g++.dg/opt/pr39607.C -std=gnu++98 (internal compiler error)
FAIL: g++.dg/opt/pr39607.C -std=gnu++98 (test for excess errors)
FAIL: g++.dg/opt/pr39607.C -std=gnu++11 (internal compiler error)
FAIL: g++.dg/opt/pr39607.C -std=gnu++11 (test for excess errors)
FAIL: g++.dg/tls/thread_local-cse.C execution test
FAIL: g++.dg/tls/thread_local-order1.C execution test
FAIL: g++.dg/tls/thread_local2.C execution test
FAIL: g++.dg/tls/thread_local2g.C execution test
FAIL: g++.dg/tls/thread_local3g.C -std=gnu++11 execution test
FAIL: g++.dg/tls/thread_local4g.C -std=gnu++11 execution test
FAIL: g++.dg/tls/thread_local5g.C -std=gnu++11 execution test
FAIL: g++.dg/tls/thread_local6.C execution test
FAIL: g++.dg/tls/thread_local6g.C execution test
FAIL: g++.dg/torture/pr46154.C -O2 (internal compiler error)
FAIL: g++.dg/torture/pr46154.C -O2 (test for excess errors)
FAIL: g++.dg/torture/pr46154.C -O3 -fomit-frame-pointer (internal compiler error)
FAIL: g++.dg/torture/pr46154.C -O3 -fomit-frame-pointer (test for excess errors)
FAIL: g++.dg/torture/pr46154.C -O3 -g (internal compiler error)
FAIL: g++.dg/torture/pr46154.C -O3 -g (test for excess errors)
FAIL: g++.dg/torture/pr46154.C -O2 -flto -fno-use-linker-plugin -flto-partition=none (internal compiler error)
FAIL: g++.dg/torture/pr46154.C -O2 -flto -fno-use-linker-plugin -flto-partition=none (test for excess errors)
FAIL: g++.old-deja/g++.other/init5.C -std=c++98 execution test
FAIL: g++.old-deja/g++.other/init5.C -std=c++11 execution test
=== g++ Summary ===
# of expected passes 49875
# of unexpected failures 35
# of expected failures 288
# of unsupported tests 520
/var/gcc/regression/trunk/9-gcc-gas-gld/build/gcc/testsuite/g++/../../g++ version 4.8.0 20121026 (experimental) [trunk revision 192842] (GCC)
=== gcc tests ===
Running target unix
FAIL: gcc.dg/debug/dwarf2/const-2b.c scan-assembler DW_AT_const_value
FAIL: gcc.dg/attr-weakref-1.c (test for excess errors)
WARNING: gcc.dg/attr-weakref-1.c compilation failed to produce executable
FAIL: gcc.dg/builtin-object-size-8.c execution test
FAIL: gcc.dg/graphite/pr42521.c (internal compiler error)
FAIL: gcc.dg/graphite/pr42521.c (test for excess errors)
FAIL: gcc.dg/graphite/pr42771.c (internal compiler error)
FAIL: gcc.dg/graphite/pr42771.c (test for excess errors)
FAIL: gcc.dg/torture/pr51106-2.c -O0 (internal compiler error)
FAIL: gcc.dg/torture/pr51106-2.c -O0 (test for excess errors)
FAIL: gcc.dg/torture/pr51106-2.c -O1 (internal compiler error)
FAIL: gcc.dg/torture/pr51106-2.c -O1 (test for excess errors)
FAIL: gcc.dg/torture/pr51106-2.c -O2 (internal compiler error)
FAIL: gcc.dg/torture/pr51106-2.c -O2 (test for excess errors)
FAIL: gcc.dg/torture/pr51106-2.c -O3 -fomit-frame-pointer (internal compiler error)
FAIL: gcc.dg/torture/pr51106-2.c -O3 -fomit-frame-pointer (test for excess errors)
FAIL: gcc.dg/torture/pr51106-2.c -O3 -g (internal compiler error)
FAIL: gcc.dg/torture/pr51106-2.c -O3 -g (test for excess errors)
FAIL: gcc.dg/torture/pr51106-2.c -Os (internal compiler error)
FAIL: gcc.dg/torture/pr51106-2.c -Os (test for excess errors)
FAIL: gcc.dg/torture/pr51106-2.c -O2 -flto -fno-use-linker-plugin -flto-partition=none (internal compiler error)
FAIL: gcc.dg/torture/pr51106-2.c -O2 -flto -fno-use-linker-plugin -flto-partition=none (test for excess errors)
FAIL: gcc.target/i386/pr44948-2a.c (internal compiler error)
FAIL: gcc.target/i386/pr44948-2a.c (test for excess errors)
WARNING: gcc.target/i386/pr44948-2a.c compilation failed to produce executable
=== gcc Summary ===
# of expected passes 89637
# of unexpected failures 23
# of expected failures 257
# of unsupported tests 1113
/var/gcc/regression/trunk/9-gcc-gas-gld/build/gcc/xgcc version 4.8.0 20121026 (experimental) [trunk revision 192842] (GCC)
=== gfortran tests ===
Running target unix
XPASS: gfortran.dg/do_1.f90 -O0 execution test
XPASS: gfortran.dg/do_1.f90 -O1 execution test
FAIL: gfortran.dg/pr40587.f -O (internal compiler error)
FAIL: gfortran.dg/pr40587.f -O (test for excess errors)
FAIL: gfortran.dg/pr48757.f -O (internal compiler error)
FAIL: gfortran.dg/pr48757.f -O (test for excess errors)
FAIL: gfortran.dg/static_linking_1.f -O0 execution test
FAIL: gfortran.dg/static_linking_1.f -O1 execution test
FAIL: gfortran.dg/static_linking_1.f -O2 execution test
FAIL: gfortran.dg/static_linking_1.f -O3 -fomit-frame-pointer execution test
FAIL: gfortran.dg/static_linking_1.f -O3 -fomit-frame-pointer -funroll-loops execution test
FAIL: gfortran.dg/static_linking_1.f -O3 -fomit-frame-pointer -funroll-all-loops -finline-functions execution test
FAIL: gfortran.dg/static_linking_1.f -O3 -g execution test
FAIL: gfortran.dg/static_linking_1.f -Os execution test
FAIL: gfortran.dg/graphite/id-13.f -O (internal compiler error)
FAIL: gfortran.dg/graphite/id-13.f -O (test for excess errors)
FAIL: gfortran.dg/lto/pr45586-2 f_lto_pr45586-2_0.o-f_lto_pr45586-2_0.o link, -O0 -flto -flto-partition=none -fuse-linker-plugin (internal compiler error)
UNRESOLVED: gfortran.dg/lto/pr45586-2 f_lto_pr45586-2_0.o-f_lto_pr45586-2_0.o execute -O0 -flto -flto-partition=none -fuse-linker-plugin
FAIL: gfortran.dg/lto/pr45586-2 f_lto_pr45586-2_0.o-f_lto_pr45586-2_0.o link, -O0 -flto -flto-partition=1to1 -fno-use-linker-plugin (internal compiler error)
UNRESOLVED: gfortran.dg/lto/pr45586-2 f_lto_pr45586-2_0.o-f_lto_pr45586-2_0.o execute -O0 -flto -flto-partition=1to1 -fno-use-linker-plugin
FAIL: gfortran.dg/lto/pr45586-2 f_lto_pr45586-2_0.o-f_lto_pr45586-2_0.o link, -O0 -flto -fuse-linker-plugin -fno-fat-lto-objects (internal compiler error)
UNRESOLVED: gfortran.dg/lto/pr45586-2 f_lto_pr45586-2_0.o-f_lto_pr45586-2_0.o execute -O0 -flto -fuse-linker-plugin -fno-fat-lto-objects
FAIL: gfortran.dg/lto/pr45586 f_lto_pr45586_0.o-f_lto_pr45586_0.o link, -O0 -flto -flto-partition=none -fuse-linker-plugin (internal compiler error)
UNRESOLVED: gfortran.dg/lto/pr45586 f_lto_pr45586_0.o-f_lto_pr45586_0.o execute -O0 -flto -flto-partition=none -fuse-linker-plugin
FAIL: gfortran.dg/lto/pr45586 f_lto_pr45586_0.o-f_lto_pr45586_0.o link, -O0 -flto -flto-partition=1to1 -fno-use-linker-plugin (internal compiler error)
UNRESOLVED: gfortran.dg/lto/pr45586 f_lto_pr45586_0.o-f_lto_pr45586_0.o execute -O0 -flto -flto-partition=1to1 -fno-use-linker-plugin
FAIL: gfortran.dg/lto/pr45586 f_lto_pr45586_0.o-f_lto_pr45586_0.o link, -O0 -flto -fuse-linker-plugin -fno-fat-lto-objects (internal compiler error)
UNRESOLVED: gfortran.dg/lto/pr45586 f_lto_pr45586_0.o-f_lto_pr45586_0.o execute -O0 -flto -fuse-linker-plugin -fno-fat-lto-objects
=== gfortran Summary ===
# of expected passes 41786
# of unexpected failures 20
# of unexpected successes 2
# of expected failures 62
# of unresolved testcases 6
# of unsupported tests 365
/var/gcc/regression/trunk/9-gcc-gas-gld/build/gcc/testsuite/gfortran/../../gfortran version 4.8.0 20121026 (experimental) [trunk revision 192842] (GCC)
=== gnat tests ===
Running target unix
FAIL: gnat.dg/array11.adb (test for warnings, line 12)
FAIL: gnat.dg/object_overflow.adb (test for warnings, line 8)
=== gnat Summary ===
# of expected passes 1123
# of unexpected failures 2
# of expected failures 17
# of unsupported tests 6
/var/gcc/regression/trunk/9-gcc-gas-gld/build/gcc/gnatmake version 4.8.0 20121026 (experimental) [trunk revision 192842]
=== go tests ===
Running target unix
=== go Summary ===
# of expected passes 5081
# of expected failures 1
# of untested testcases 5
/var/gcc/regression/trunk/9-gcc-gas-gld/build/gcc/testsuite/go/../../gccgo version 4.8.0 20121026 (experimental) [trunk revision 192842] (GCC)
=== obj-c++ tests ===
Running target unix
=== obj-c++ Summary ===
# of expected passes 1450
# of expected failures 2
# of unsupported tests 86
/var/gcc/regression/trunk/9-gcc-gas-gld/build/gcc/testsuite/obj-c++/../../g++ version 4.8.0 20121026 (experimental) [trunk revision 192842] (GCC)
=== objc tests ===
Running target unix
=== objc Summary ===
# of expected passes 2988
# of expected failures 6
# of unsupported tests 74
/var/gcc/regression/trunk/9-gcc-gas-gld/build/gcc/xgcc version 4.8.0 20121026 (experimental) [trunk revision 192842] (GCC)
=== boehm-gc tests ===
Running target unix
FAIL: boehm-gc.c/gctest.c -O2 execution test
=== boehm-gc Summary ===
# of expected passes 11
# of unexpected failures 1
# of unsupported tests 1
=== libatomic tests ===
Running target unix
=== libatomic Summary ===
# of expected passes 44
# of unsupported tests 5
=== libffi tests ===
Running target unix
=== libffi Summary ===
# of expected passes 1659
# of unsupported tests 55
=== libgo tests ===
Running target unix
FAIL: net
FAIL: syscall
FAIL: net/http
FAIL: runtime/pprof
=== libgo Summary ===
# of expected passes 125
# of unexpected failures 4
=== libgomp tests ===
Running target unix
=== libgomp Summary ===
# of expected passes 2975
# of unsupported tests 3
=== libitm tests ===
Running target unix
=== libitm Summary ===
# of expected passes 26
# of expected failures 3
# of unsupported tests 1
=== libjava tests ===
Running target unix
FAIL: Divide_1 output - source compiled test
FAIL: Divide_1 -findirect-dispatch output - source compiled test
FAIL: Divide_1 -O3 output - source compiled test
FAIL: Divide_1 -O3 -findirect-dispatch output - source compiled test
FAIL: sourcelocation output - source compiled test
FAIL: sourcelocation -findirect-dispatch output - source compiled test
FAIL: sourcelocation -O3 output - source compiled test
FAIL: sourcelocation -O3 -findirect-dispatch output - source compiled test
=== libjava Summary ===
# of expected passes 2578
# of unexpected failures 8
=== libstdc++ tests ===
Running target unix
=== libstdc++ Summary ===
# of expected passes 7559
# of expected failures 48
# of unsupported tests 866
Compiler version: 4.8.0 20121026 (experimental) [trunk revision 192842] (GCC)
Platform: i386-pc-solaris2.9
configure flags: --prefix=/vol/gcc --target=i386-pc-solaris2.9 --enable-objc-gc --with-host-libstdcxx='-L/vol/gcc-4.4/lib -Wl,-Bstatic -lstdc++ -Wl,-Bdynamic -lm' --with-boot-ldflags='-static-libstdc++ -static-libgcc -L/vol/gcc-4.4/lib' --with-as=/vol/gcc/bin/gas-2.22 --with-gnu-as --with-ld=/vol/gcc/bin/gld-2.22 --with-gnu-ld --with-gmp-include=/vol/gcc/include --with-gmp-lib=/vol/gcc/lib --with-mpfr-include=/vol/gcc/include --with-mpfr-lib=/vol/gcc/lib --with-mpc-include=/vol/gcc/include --with-mpc-lib=/vol/gcc/lib --enable-languages=all,ada,obj-c++,go --with-isl-include=/vol/gcc/include --with-isl-lib=/vol/gcc/lib --with-cloog-include=/vol/gcc/include --with-cloog-lib=/vol/gcc/lib --enable-cloog-backend=isl
BOOT_CFLAGS=-g -O2