This is the mail archive of the
gcc-testresults@gcc.gnu.org
mailing list for the GCC project.
Results for 4.7.3 20121028 (prerelease) (GCC) testsuite on arm-none-linux-gnueabi
- From: CodeSourcery Automatic Testing System <gcc at codesourcery dot com>
- To: <gcc-testresults at gcc dot gnu dot org>
- Date: Mon, 29 Oct 2012 00:16:46 -0700
- Subject: Results for 4.7.3 20121028 (prerelease) (GCC) testsuite on arm-none-linux-gnueabi
LAST_UPDATED: Sun Oct 28 23:51:41 UTC 2012 (/branches/gcc-4_7-branch revision 192885)
Target is arm-none-linux-gnueabi
Host is i686-pc-linux-gnu
=== g++ tests ===
Running target qemu-default
=== g++ Summary ===
# of expected passes 46508
# of expected failures 281
# of unsupported tests 671
/scratch/gcc/nightly-2012-10-28-4.7/arm-none-linux-gnueabi/obj/test-4.7-0-arm-none-linux-gnueabi/host-i686-pc-linux-gnu/fsf-4.7/bin/arm-none-linux-gnueabi-g++ version 4.7.3 20121028 (prerelease) (GCC)
=== Summary adjusted for local xfails ===
# of expected passes 46508
# of expected failures 281
# of unsupported tests 671
Host is i686-pc-linux-gnu
=== gcc tests ===
Running target qemu-default
FAIL: gcc.dg/atomic-compare-exchange-1.c execution test
FAIL: gcc.dg/atomic-compare-exchange-2.c execution test
FAIL: gcc.dg/uninit-13.c unconditional (test for warnings, line 8)
FAIL: gcc.dg/uninit-13.c (test for excess errors)
FAIL: gcc.dg/tree-ssa/sra-12.c scan-tree-dump-times release_ssa "l;" 0
FAIL: gcc.dg/vect/slp-perm-8.c scan-tree-dump-times vect "vectorized 1 loops" 2
FAIL: gcc.dg/vect/slp-perm-8.c -flto scan-tree-dump-times vect "vectorized 1 loops" 2
FAIL: gcc.target/arm/pr42172-1.c scan-assembler-times ldr 1
FAIL: gcc.target/arm/pr42575.c scan-assembler-not mov
=== gcc Summary ===
# of expected passes 81670
# of unexpected failures 9
# of expected failures 255
# of unsupported tests 1291
/scratch/gcc/nightly-2012-10-28-4.7/arm-none-linux-gnueabi/obj/test-4.7-0-arm-none-linux-gnueabi/host-i686-pc-linux-gnu/fsf-4.7/bin/arm-none-linux-gnueabi-gcc version 4.7.3 20121028 (prerelease) (GCC)
=== Summary adjusted for local xfails ===
# of unexpected failures 9
# of expected passes 81670
# of expected failures 255
# of unsupported tests 1291
Host is i686-pc-linux-gnu
=== gfortran tests ===
Running target qemu-default
FAIL: gfortran.dg/zero_sized_1.f90 -O0 execution test
FAIL: gfortran.dg/vect/pr32380.f -O scan-tree-dump-times vect "vectorized 7 loops" 1
=== gfortran Summary ===
# of expected passes 39857
# of unexpected failures 2
# of expected failures 57
# of unsupported tests 388
/scratch/gcc/nightly-2012-10-28-4.7/arm-none-linux-gnueabi/obj/test-4.7-0-arm-none-linux-gnueabi/host-i686-pc-linux-gnu/fsf-4.7/bin/arm-none-linux-gnueabi-gfortran version 4.7.3 20121028 (prerelease) (GCC)
=== Summary adjusted for local xfails ===
# of unexpected failures 2
# of expected passes 39857
# of expected failures 57
# of unsupported tests 388
Host is i686-pc-linux-gnu
=== libstdc++ tests ===
Running target qemu-default
ERROR: tcl error sourcing /scratch/gcc/nightly-2012-10-28-4.7/src/gcc-4.7/libstdc++-v3/testsuite/libstdc++-abi/abi.exp.
ERROR: can't read "baseline_subdir_switch": no such variable
FAIL: 21_strings/basic_string/inserters_extractors/wchar_t/28277.cc execution test
FAIL: 27_io/basic_ostream/inserters_character/wchar_t/28277-3.cc execution test
FAIL: 27_io/basic_ostream/inserters_character/wchar_t/28277-4.cc execution test
FAIL: ext/vstring/inserters_extractors/wchar_t/28277.cc execution test
FAIL: tr2/headers/all.cc (test for excess errors)
=== libstdc++ Summary ===
# of expected passes 8467
# of unexpected failures 5
# of expected failures 43
# of unsupported tests 270
=== Summary adjusted for local xfails ===
# of errors 2
# of unexpected failures 5
# of expected passes 8467
# of expected failures 43
# of unsupported tests 270
Host is i686-pc-linux-gnu
=== g++ tests ===
Running target qemu-default-thumb/-mthumb
FAIL: g++.dg/ipa/pr46984.C -std=gnu++98 execution test
FAIL: g++.dg/ipa/pr46984.C -std=gnu++11 execution test
FAIL: g++.dg/torture/covariant-1.C -O2 -flto -fno-use-linker-plugin -flto-partition=none execution test
FAIL: g++.dg/torture/covariant-1.C -O2 -flto -fuse-linker-plugin -fno-fat-lto-objects execution test
FAIL: g++.dg/torture/pr45699.C -O2 -flto -fuse-linker-plugin -fno-fat-lto-objects execution test
=== g++ Summary ===
# of expected passes 46363
# of unexpected failures 5
# of expected failures 281
# of unsupported tests 687
/scratch/gcc/nightly-2012-10-28-4.7/arm-none-linux-gnueabi/obj/test-4.7-0-arm-none-linux-gnueabi/host-i686-pc-linux-gnu/fsf-4.7/bin/arm-none-linux-gnueabi-g++ version 4.7.3 20121028 (prerelease) (GCC)
=== Summary adjusted for local xfails ===
# of unexpected failures 5
# of expected passes 46363
# of expected failures 281
# of unsupported tests 687
Host is i686-pc-linux-gnu
=== gcc tests ===
Running target qemu-default-thumb/-mthumb
FAIL: gcc.dg/atomic-compare-exchange-1.c execution test
FAIL: gcc.dg/atomic-compare-exchange-2.c execution test
FAIL: gcc.dg/uninit-13.c unconditional (test for warnings, line 8)
FAIL: gcc.dg/uninit-13.c (test for excess errors)
FAIL: gcc.dg/tree-ssa/sra-12.c scan-tree-dump-times release_ssa "l;" 0
FAIL: gcc.target/arm/pr42172-1.c scan-assembler-times ldr 1
FAIL: gcc.target/arm/unsigned-extend-1.c scan-assembler-not uxtb
=== gcc Summary ===
# of expected passes 74866
# of unexpected failures 7
# of expected failures 113
# of unsupported tests 3192
/scratch/gcc/nightly-2012-10-28-4.7/arm-none-linux-gnueabi/obj/test-4.7-0-arm-none-linux-gnueabi/host-i686-pc-linux-gnu/fsf-4.7/bin/arm-none-linux-gnueabi-gcc version 4.7.3 20121028 (prerelease) (GCC)
=== Summary adjusted for local xfails ===
# of unexpected failures 7
# of expected passes 74866
# of expected failures 113
# of unsupported tests 3192
Host is i686-pc-linux-gnu
=== gfortran tests ===
Running target qemu-default-thumb/-mthumb
=== gfortran Summary ===
# of expected passes 39809
# of expected failures 56
# of unsupported tests 378
/scratch/gcc/nightly-2012-10-28-4.7/arm-none-linux-gnueabi/obj/test-4.7-0-arm-none-linux-gnueabi/host-i686-pc-linux-gnu/fsf-4.7/bin/arm-none-linux-gnueabi-gfortran version 4.7.3 20121028 (prerelease) (GCC)
=== Summary adjusted for local xfails ===
# of expected passes 39809
# of expected failures 56
# of unsupported tests 378
Host is i686-pc-linux-gnu
=== libstdc++ tests ===
Running target qemu-default-thumb/-mthumb
ERROR: tcl error sourcing /scratch/gcc/nightly-2012-10-28-4.7/src/gcc-4.7/libstdc++-v3/testsuite/libstdc++-abi/abi.exp.
ERROR: can't read "baseline_subdir_switch": no such variable
FAIL: 21_strings/basic_string/inserters_extractors/wchar_t/28277.cc execution test
FAIL: 27_io/basic_ostream/inserters_character/wchar_t/28277-3.cc execution test
FAIL: 27_io/basic_ostream/inserters_character/wchar_t/28277-4.cc execution test
FAIL: ext/vstring/inserters_extractors/wchar_t/28277.cc execution test
FAIL: tr2/headers/all.cc (test for excess errors)
=== libstdc++ Summary ===
# of expected passes 8467
# of unexpected failures 5
# of expected failures 43
# of unsupported tests 270
=== Summary adjusted for local xfails ===
# of errors 2
# of unexpected failures 5
# of expected passes 8467
# of expected failures 43
# of unsupported tests 270
Compiler version: 4.7.3 20121028 (prerelease) (GCC)
Platform: arm-none-linux-gnueabi
configure flags: --build=i686-pc-linux-gnu --host=i686-pc-linux-gnu --target=arm-none-linux-gnueabi --enable-threads --disable-libmudflap --disable-libssp --disable-libstdcxx-pch --with-gnu-as --with-gnu-ld --enable-languages=c,c++,fortran --enable-shared --enable-lto --enable-symvers=gnu --enable-__cxa_atexit --disable-nls --prefix=/opt/codesourcery --with-sysroot=/opt/codesourcery/arm-none-linux-gnueabi/libc --with-build-sysroot=/scratch/gcc/nightly-2012-10-28-4.7/arm-none-linux-gnueabi/install/arm-none-linux-gnueabi/libc --with-gmp=/scratch/gcc/nightly-2012-10-28-4.7/arm-none-linux-gnueabi/obj/pkg-4.7-0-arm-none-linux-gnueabi/fsf-4.7-0-arm-none-linux-gnueabi.extras/host-libs-i686-pc-linux-gnu/usr --with-mpfr=/scratch/gcc/nightly-2012-10-28-4.7/arm-none-linux-gnueabi/obj/pkg-4.7-0-arm-none-linux-gnueabi/fsf-4.7-0-arm-none-linux-gnueabi.extras/host-libs-i686-pc-linux-gnu/usr --with-mpc=/scratch/gcc/nightly-2012-10-28-4.7/arm-none-linux-gnueabi/obj/pkg-4.7-0-arm-none-linux-gn
ueabi/fsf-4.7-0-arm-none-linux-gnueabi.extras/host-libs-i686-pc-linux-gnu/usr --with-ppl=/scratch/gcc/nightly-2012-10-28-4.7/arm-none-linux-gnueabi/obj/pkg-4.7-0-arm-none-linux-gnueabi/fsf-4.7-0-arm-none-linux-gnueabi.extras/host-libs-i686-pc-linux-gnu/usr --with-host-libstdcxx='-static-libgcc -Wl,-Bstatic,-lstdc++,-Bdynamic -lm' --with-cloog=/scratch/gcc/nightly-2012-10-28-4.7/arm-none-linux-gnueabi/obj/pkg-4.7-0-arm-none-linux-gnueabi/fsf-4.7-0-arm-none-linux-gnueabi.extras/host-libs-i686-pc-linux-gnu/usr --with-libelf=/scratch/gcc/nightly-2012-10-28-4.7/arm-none-linux-gnueabi/obj/pkg-4.7-0-arm-none-linux-gnueabi/fsf-4.7-0-arm-none-linux-gnueabi.extras/host-libs-i686-pc-linux-gnu/usr --disable-libgomp --disable-libitm --enable-poison-system-directories --with-build-time-tools=/scratch/gcc/nightly-2012-10-28-4.7/arm-none-linux-gnueabi/install/arm-none-linux-gnueabi/bin --with-build-time-tools=/scratch/gcc/nightly-2012-10-28-4.7/arm-none-linux-gnueabi/install/arm-none-linux-
gnueabi/bin