This is the mail archive of the
gcc-testresults@gcc.gnu.org
mailing list for the GCC project.
Results for 4.8.0 20120304 (experimental) [trunk revision 184905] testsuite on hppa1.1-hp-hpux10.20
- From: dave at hiauly1 dot hia dot nrc dot ca (John David Anglin)
- To: dave at hiauly1 dot hia dot nrc dot ca, gcc-testresults at gcc dot gnu dot org
- Date: Thu, 25 Oct 2012 22:18:42 -0400 (EDT)
- Subject: Results for 4.8.0 20120304 (experimental) [trunk revision 184905] testsuite on hppa1.1-hp-hpux10.20
=== acats tests ===
FAIL: c34007j
FAIL: c380004
FAIL: c393a06
FAIL: c52008b
FAIL: c52104k
FAIL: c64201b
FAIL: c85018b
FAIL: c91004b
FAIL: c91004c
FAIL: c93004b
FAIL: c93004c
FAIL: c93004d
FAIL: c93005a
FAIL: c93005b
FAIL: c93005c
FAIL: c93005d
FAIL: c93005e
FAIL: c93005f
FAIL: c93005g
FAIL: c93005h
FAIL: c940010
FAIL: c940013
FAIL: c940014
FAIL: c940016
FAIL: c94001a
FAIL: c94001b
FAIL: c94001c
FAIL: c94002a
FAIL: c94002f
FAIL: c94002g
FAIL: c94007a
FAIL: c94008d
FAIL: c94010a
FAIL: c94011a
FAIL: c95008a
FAIL: c95022b
FAIL: c95040d
FAIL: c95065a
FAIL: c95065b
FAIL: c95065c
FAIL: c95065d
FAIL: c95065e
FAIL: c95065f
FAIL: c95085a
FAIL: c95085b
FAIL: c95085c
FAIL: c95085d
FAIL: c95085e
FAIL: c95085f
FAIL: c95085g
FAIL: c953001
FAIL: c954016
FAIL: c954017
FAIL: c954018
FAIL: c954019
FAIL: c954023
FAIL: c954025
FAIL: c97204b
FAIL: c97304b
FAIL: c97307a
FAIL: c974013
FAIL: c99004a
FAIL: c99005a
FAIL: c9a007a
FAIL: c9a009a
FAIL: c9a009c
FAIL: c9a009f
FAIL: c9a009g
FAIL: c9a009h
FAIL: cb1010a
FAIL: cb20001
FAIL: cb5002a
FAIL: cc3019c
FAIL: cc3120a
FAIL: cc3120b
=== acats Summary ===
# of expected passes 2245
# of unexpected failures 75
Native configuration is hppa1.1-hp-hpux10.20
=== gcc tests ===
Running target unix
WARNING: program timed out.
FAIL: gcc.c-torture/compile/20001226-1.c -O2 (test for excess errors)
WARNING: program timed out.
FAIL: gcc.c-torture/compile/20001226-1.c -O3 -fomit-frame-pointer (test for excess errors)
WARNING: program timed out.
FAIL: gcc.c-torture/compile/20001226-1.c -O3 -g (test for excess errors)
WARNING: program timed out.
FAIL: gcc.c-torture/compile/20001226-1.c -Os (test for excess errors)
WARNING: program timed out.
FAIL: gcc.c-torture/compile/limits-fndefn.c -O1 (test for excess errors)
WARNING: program timed out.
FAIL: gcc.c-torture/compile/limits-fndefn.c -O2 (test for excess errors)
WARNING: program timed out.
FAIL: gcc.c-torture/compile/limits-fndefn.c -O3 -fomit-frame-pointer (test for excess errors)
WARNING: program timed out.
FAIL: gcc.c-torture/compile/limits-fndefn.c -O3 -g (test for excess errors)
WARNING: program timed out.
FAIL: gcc.c-torture/compile/limits-fndefn.c -Os (test for excess errors)
FAIL: gcc.c-torture/compile/limits-structnest.c -O2 (test for excess errors)
FAIL: gcc.c-torture/compile/limits-structnest.c -O3 -fomit-frame-pointer (test for excess errors)
FAIL: gcc.c-torture/compile/limits-structnest.c -O3 -g (test for excess errors)
FAIL: gcc.c-torture/compile/limits-structnest.c -Os (test for excess errors)
WARNING: program timed out.
FAIL: gcc.c-torture/compile/pr46534.c -O0 (test for excess errors)
WARNING: program timed out.
FAIL: gcc.c-torture/compile/pr46534.c -O1 (test for excess errors)
WARNING: program timed out.
FAIL: gcc.c-torture/compile/pr46534.c -O2 (test for excess errors)
WARNING: program timed out.
FAIL: gcc.c-torture/compile/pr46534.c -O3 -fomit-frame-pointer (test for excess errors)
WARNING: program timed out.
FAIL: gcc.c-torture/compile/pr46534.c -O3 -g (test for excess errors)
WARNING: program timed out.
FAIL: gcc.c-torture/compile/pr46534.c -Os (test for excess errors)
WARNING: program timed out.
FAIL: gcc.c-torture/execute/builtins/memset-chk.c compilation, -O3 -fomit-frame-pointer -funroll-loops
UNRESOLVED: gcc.c-torture/execute/builtins/memset-chk.c execution, -O3 -fomit-frame-pointer -funroll-loops
WARNING: program timed out.
FAIL: gcc.c-torture/execute/builtins/memset-chk.c compilation, -O3 -fomit-frame-pointer -funroll-all-loops -finline-functions
UNRESOLVED: gcc.c-torture/execute/builtins/memset-chk.c execution, -O3 -fomit-frame-pointer -funroll-all-loops -finline-functions
WARNING: program timed out.
FAIL: tmpdir-gcc.dg-struct-layout-1/t002 c_compat_y_tst.o compile
UNRESOLVED: tmpdir-gcc.dg-struct-layout-1/t002 c_compat_x_tst.o-c_compat_y_tst.o link
UNRESOLVED: tmpdir-gcc.dg-struct-layout-1/t002 c_compat_x_tst.o-c_compat_y_tst.o execute
WARNING: program timed out.
FAIL: tmpdir-gcc.dg-struct-layout-1/t024 c_compat_y_tst.o compile
UNRESOLVED: tmpdir-gcc.dg-struct-layout-1/t024 c_compat_x_tst.o-c_compat_y_tst.o link
UNRESOLVED: tmpdir-gcc.dg-struct-layout-1/t024 c_compat_x_tst.o-c_compat_y_tst.o execute
WARNING: program timed out.
FAIL: tmpdir-gcc.dg-struct-layout-1/t025 c_compat_y_tst.o compile
UNRESOLVED: tmpdir-gcc.dg-struct-layout-1/t025 c_compat_x_tst.o-c_compat_y_tst.o link
UNRESOLVED: tmpdir-gcc.dg-struct-layout-1/t025 c_compat_x_tst.o-c_compat_y_tst.o execute
WARNING: program timed out.
FAIL: tmpdir-gcc.dg-struct-layout-1/t026 c_compat_y_tst.o compile
UNRESOLVED: tmpdir-gcc.dg-struct-layout-1/t026 c_compat_x_tst.o-c_compat_y_tst.o link
UNRESOLVED: tmpdir-gcc.dg-struct-layout-1/t026 c_compat_x_tst.o-c_compat_y_tst.o execute
WARNING: program timed out.
FAIL: tmpdir-gcc.dg-struct-layout-1/t027 c_compat_y_tst.o compile
UNRESOLVED: tmpdir-gcc.dg-struct-layout-1/t027 c_compat_x_tst.o-c_compat_y_tst.o link
UNRESOLVED: tmpdir-gcc.dg-struct-layout-1/t027 c_compat_x_tst.o-c_compat_y_tst.o execute
WARNING: program timed out.
FAIL: tmpdir-gcc.dg-struct-layout-1/t028 c_compat_y_tst.o compile
UNRESOLVED: tmpdir-gcc.dg-struct-layout-1/t028 c_compat_x_tst.o-c_compat_y_tst.o link
UNRESOLVED: tmpdir-gcc.dg-struct-layout-1/t028 c_compat_x_tst.o-c_compat_y_tst.o execute
WARNING: program timed out.
FAIL: gcc.dg/20020425-1.c (test for excess errors)
FAIL: gcc.dg/20030711-1.c (test for excess errors)
WARNING: gcc.dg/20030711-1.c compilation failed to produce executable
FAIL: gcc.dg/20050826-1.c (test for excess errors)
WARNING: gcc.dg/20050826-1.c compilation failed to produce executable
WARNING: program timed out.
FAIL: gcc.dg/binary-constants-1.c (test for excess errors)
WARNING: program timed out.
FAIL: gcc.dg/c99-intconst-1.c (test for excess errors)
WARNING: program timed out.
FAIL: gcc.dg/pr43058.c (test for excess errors)
FAIL: gcc.dg/pr46309.c scan-tree-dump-times reassoc1 "Optimizing range tests a_[0-9]*.D. -.1, 1. and -.2, 2. and -.3, 3. and -.4, 4.[
FAIL: gcc.dg/pr46309.c scan-tree-dump-times reassoc1 "Optimizing range tests a_[0-9]*.D. -.1, 1. and -.3, 3.[
FAIL: gcc.dg/pr46309.c scan-tree-dump-times reassoc1 "Optimizing range tests a_[0-9]*.D. -.1, 1. and -.2, 2.[
FAIL: gcc.dg/pr46309.c scan-tree-dump-times reassoc1 "Optimizing range tests a_[0-9]*.D. -.0, 31. and -.64, 95.[
FAIL: gcc.dg/pr46309.c scan-tree-dump-times reassoc1 "Optimizing range tests a_[0-9]*.D. -.128, 159. and -.192, 223.[
FAIL: gcc.dg/pr46309.c scan-tree-dump-times reassoc2 "Optimizing range tests D.[0-9]*_[0-9]* -.0, 31. and -.128, 159.[
WARNING: program timed out.
FAIL: gcc.dg/pr48141.c (test for excess errors)
XPASS: gcc.dg/guality/example.c -O0 execution test
WARNING: program timed out.
WARNING: program timed out.
WARNING: program timed out.
WARNING: program timed out.
XPASS: gcc.dg/guality/guality.c -O0 execution test
FAIL: gcc.dg/guality/inline-params.c -O0 execution test
FAIL: gcc.dg/guality/inline-params.c -O1 execution test
FAIL: gcc.dg/guality/nrv-1.c -O2 line 20 a2.i[0] == 42
FAIL: gcc.dg/guality/nrv-1.c -O3 -fomit-frame-pointer line 20 a2.i[0] == 42
FAIL: gcc.dg/guality/nrv-1.c -O3 -g line 20 a2.i[0] == 42
FAIL: gcc.dg/guality/nrv-1.c -Os line 20 a2.i[0] == 42
FAIL: gcc.dg/guality/pr36728-1.c -O1 line 12 arg7 == 30
FAIL: gcc.dg/guality/pr36728-1.c -O1 line 14 arg7 == 30
FAIL: gcc.dg/guality/pr36728-1.c -O2 line 12 arg7 == 30
FAIL: gcc.dg/guality/pr36728-1.c -O2 line 14 arg7 == 30
FAIL: gcc.dg/guality/pr36728-1.c -O3 -fomit-frame-pointer line 12 arg7 == 30
FAIL: gcc.dg/guality/pr36728-1.c -O3 -fomit-frame-pointer line 14 arg7 == 30
FAIL: gcc.dg/guality/pr36728-1.c -O3 -g line 12 arg7 == 30
FAIL: gcc.dg/guality/pr36728-1.c -O3 -g line 14 arg7 == 30
FAIL: gcc.dg/guality/pr36728-1.c -Os line 12 arg7 == 30
FAIL: gcc.dg/guality/pr36728-1.c -Os line 14 arg7 == 30
XPASS: gcc.dg/guality/pr41353-1.c -O0 line 28 j == 28 + 37
XPASS: gcc.dg/guality/pr41447-1.c -O0 execution test
XPASS: gcc.dg/guality/pr41616-1.c -O0 execution test
FAIL: gcc.dg/guality/pr43051-1.c -Os line 34 c == &a[0]
FAIL: gcc.dg/guality/pr43051-1.c -Os line 36 e == &a[1]
FAIL: gcc.dg/guality/pr43051-1.c -Os line 39 c == &a[0]
FAIL: gcc.dg/guality/pr43077-1.c -O1 line 42 varb == 2
FAIL: gcc.dg/guality/pr43077-1.c -O2 line 42 varb == 2
FAIL: gcc.dg/guality/pr43077-1.c -O3 -fomit-frame-pointer line 42 varb == 2
FAIL: gcc.dg/guality/pr43077-1.c -O3 -g line 42 varb == 2
FAIL: gcc.dg/guality/pr43077-1.c -Os line 42 varb == 2
FAIL: gcc.dg/guality/pr43177.c -O1 line 15 x == 7
FAIL: gcc.dg/guality/pr43177.c -O1 line 24 x == 7
FAIL: gcc.dg/guality/pr43177.c -O2 line 15 x == 7
FAIL: gcc.dg/guality/pr43177.c -O2 line 24 x == 7
FAIL: gcc.dg/guality/pr43177.c -O3 -fomit-frame-pointer line 15 x == 7
FAIL: gcc.dg/guality/pr43177.c -O3 -fomit-frame-pointer line 24 x == 7
FAIL: gcc.dg/guality/pr43177.c -O3 -g line 15 x == 7
FAIL: gcc.dg/guality/pr43177.c -O3 -g line 24 x == 7
FAIL: gcc.dg/guality/pr43177.c -Os line 15 x == 7
FAIL: gcc.dg/guality/pr43177.c -Os line 24 x == 7
FAIL: gcc.dg/guality/pr48437.c -O0 line 14 i == 0
FAIL: gcc.dg/guality/pr48437.c -O1 line 14 i == 0
FAIL: gcc.dg/guality/pr48437.c -O2 line 14 i == 0
FAIL: gcc.dg/guality/pr48437.c -O3 -fomit-frame-pointer line 14 i == 0
FAIL: gcc.dg/guality/pr48437.c -O3 -fomit-frame-pointer -funroll-loops line 14 i == 0
FAIL: gcc.dg/guality/pr48437.c -O3 -fomit-frame-pointer -funroll-all-loops -finline-functions line 14 i == 0
FAIL: gcc.dg/guality/pr48437.c -O3 -g line 14 i == 0
FAIL: gcc.dg/guality/pr48437.c -Os line 14 i == 0
FAIL: gcc.dg/guality/vla-1.c -O2 line 24 i == 5
FAIL: gcc.dg/guality/vla-1.c -O3 -fomit-frame-pointer line 24 i == 5
FAIL: gcc.dg/guality/vla-1.c -O3 -g line 24 i == 5
FAIL: gcc.dg/guality/vla-1.c -Os line 24 i == 5
FAIL: gcc.dg/torture/builtin-complex-1.c -O0 execution test
FAIL: gcc.dg/torture/builtin-complex-1.c -O1 execution test
FAIL: gcc.dg/torture/builtin-complex-1.c -O2 execution test
FAIL: gcc.dg/torture/builtin-complex-1.c -Os execution test
FAIL: gcc.dg/torture/pr41094.c -O0 execution test
XPASS: gcc.dg/torture/pr47917.c -O0 (test for excess errors)
FAIL: gcc.dg/torture/pr47917.c -O0 execution test
XPASS: gcc.dg/torture/pr47917.c -O1 (test for excess errors)
FAIL: gcc.dg/torture/pr47917.c -O1 execution test
XPASS: gcc.dg/torture/pr47917.c -O2 (test for excess errors)
FAIL: gcc.dg/torture/pr47917.c -O2 execution test
XPASS: gcc.dg/torture/pr47917.c -O3 -fomit-frame-pointer (test for excess errors)
FAIL: gcc.dg/torture/pr47917.c -O3 -fomit-frame-pointer execution test
XPASS: gcc.dg/torture/pr47917.c -O3 -g (test for excess errors)
FAIL: gcc.dg/torture/pr47917.c -O3 -g execution test
XPASS: gcc.dg/torture/pr47917.c -Os (test for excess errors)
FAIL: gcc.dg/torture/pr47917.c -Os execution test
FAIL: gcc.dg/torture/pr52402.c -O1 execution test
FAIL: gcc.dg/torture/pr52402.c -O2 execution test
FAIL: gcc.dg/torture/pr52402.c -O3 -fomit-frame-pointer execution test
FAIL: gcc.dg/torture/pr52402.c -O3 -g execution test
FAIL: gcc.dg/torture/pr52402.c -Os execution test
FAIL: gcc.dg/torture/pr52407.c -O0 (test for excess errors)
FAIL: gcc.dg/torture/pr52407.c -O1 (test for excess errors)
FAIL: gcc.dg/torture/pr52407.c -O2 (test for excess errors)
FAIL: gcc.dg/torture/pr52407.c -O3 -fomit-frame-pointer (test for excess errors)
FAIL: gcc.dg/torture/pr52407.c -O3 -fomit-frame-pointer -funroll-loops (test for excess errors)
FAIL: gcc.dg/torture/pr52407.c -O3 -fomit-frame-pointer -funroll-all-loops -finline-functions (test for excess errors)
FAIL: gcc.dg/torture/pr52407.c -O3 -g (test for excess errors)
FAIL: gcc.dg/torture/pr52407.c -Os (test for excess errors)
FAIL: gcc.dg/tree-ssa/ssa-dom-thread-4.c scan-tree-dump-times dom1 "Threaded" 3
FAIL: gcc.dg/tree-ssa/vrp47.c scan-tree-dump-times vrp1 "[xy][^ ]* !=" 0
FAIL: gcc.dg/tree-ssa/vrp47.c scan-tree-dump-times dom2 "x[^ ]* & y" 1
FAIL: gcc.dg/tree-ssa/vrp47.c scan-tree-dump-times vrp1 "x[^ ]* [|] y" 1
FAIL: gcc.misc-tests/gcov-12.c (test for excess errors)
=== gcc Summary ===
# of expected passes 58610
# of unexpected failures 115
# of unexpected successes 11
# of expected failures 137
# of unresolved testcases 14
# of unsupported tests 1770
/xxx/gnu/gcc/objdir/gcc/xgcc version 4.8.0 20120304 (experimental) [trunk revision 184905] (GCC)
=== gnat tests ===
Running target unix
WARNING: program timed out.
FAIL: gnat.dg/array3.adb (test for excess errors)
WARNING: gnat.dg/array3.adb compilation failed to produce executable
WARNING: program timed out.
FAIL: gnat.dg/atomic4.adb (test for excess errors)
FAIL: gnat.dg/curr_task.adb execution test
FAIL: gnat.dg/null_pointer_deref2.adb execution test
FAIL: gnat.dg/stack_check1.adb execution test
FAIL: gnat.dg/stack_check2.adb execution test
FAIL: gnat.dg/test_image.adb execution test
FAIL: gnat.dg/timer_cancel.adb execution test
FAIL: gnat.dg/specs/weak1.ads (test for excess errors)
=== gnat Summary ===
# of expected passes 1056
# of unexpected failures 9
# of expected failures 13
# of unsupported tests 11
/xxx/gnu/gcc/objdir/gcc/gnatmake version 4.8.0 20120304 (experimental) [trunk revision 184905]
Compiler version: 4.8.0 20120304 (experimental) [trunk revision 184905]
Platform: hppa1.1-hp-hpux10.20
configure flags:Test Run By bin on Fri Mar 9 05:28:20 EST 2012