This is the mail archive of the
gcc-testresults@gcc.gnu.org
mailing list for the GCC project.
Results for 4.8.0 20121017 (experimental) [trunk revision 192531] (GCC) testsuite on hppa2.0w-hp-hpux11.11
- From: John David Anglin <dave at hiauly3 dot hia dot nrc dot ca>
- To: dave at hiauly3 dot hia dot nrc dot ca, gcc-testresults at gcc dot gnu dot org
- Date: Thu, 18 Oct 2012 18:40:36 -0400 (EDT)
- Subject: Results for 4.8.0 20121017 (experimental) [trunk revision 192531] (GCC) testsuite on hppa2.0w-hp-hpux11.11
=== acats tests ===
FAIL: c974013
FAIL: c9a011b
=== acats Summary ===
# of expected passes 2318
# of unexpected failures 2
Native configuration is hppa2.0w-hp-hpux11.11
=== g++ tests ===
Running target unix
UNRESOLVED: g++.dg/ext/label13.C -std=gnu++98 compilation failed to produce executable
UNRESOLVED: g++.dg/ext/label13.C -std=gnu++11 compilation failed to produce executable
FAIL: g++.dg/gomp/tls-5.C -std=c++11 (test for excess errors)
WARNING: program timed out.
FAIL: g++.dg/pch/array-1.C -g assembly comparison
FAIL: g++.dg/pch/array-1.C -O2 -g assembly comparison
FAIL: g++.dg/pch/externc-1.C -g assembly comparison
FAIL: g++.dg/pch/externc-1.C -O2 -g assembly comparison
FAIL: g++.dg/pch/static-1.C -g assembly comparison
FAIL: g++.dg/pch/static-1.C -O2 -g assembly comparison
FAIL: g++.dg/pch/system-1.C -g assembly comparison
FAIL: g++.dg/pch/system-1.C -O2 -g assembly comparison
FAIL: g++.dg/pch/system-2.C -g assembly comparison
FAIL: g++.dg/pch/system-2.C -O2 -g assembly comparison
FAIL: g++.dg/pch/uninst.C -g assembly comparison
FAIL: g++.dg/pch/uninst.C -O2 -g assembly comparison
FAIL: g++.dg/pch/wchar-1.C -g assembly comparison
FAIL: g++.dg/pch/wchar-1.C -O2 -g assembly comparison
FAIL: c-c++-common/simulate-thread/bitfields-2.c -Os -g thread simulation test
FAIL: g++.dg/tls/thread_local-cse.C (test for excess errors)
UNRESOLVED: g++.dg/tls/thread_local-cse.C compilation failed to produce executable
FAIL: g++.dg/tls/thread_local-order1.C (test for excess errors)
UNRESOLVED: g++.dg/tls/thread_local-order1.C compilation failed to produce executable
FAIL: g++.dg/tls/thread_local-order2.C (test for excess errors)
UNRESOLVED: g++.dg/tls/thread_local-order2.C compilation failed to produce executable
FAIL: g++.dg/tls/thread_local2g.C (test for excess errors)
UNRESOLVED: g++.dg/tls/thread_local2g.C compilation failed to produce executable
FAIL: g++.dg/tls/thread_local3.C -std=gnu++11 (test for excess errors)
FAIL: g++.dg/tls/thread_local3.C -std=gnu++11 execution test
FAIL: g++.dg/tls/thread_local3g.C -std=gnu++11 (test for excess errors)
UNRESOLVED: g++.dg/tls/thread_local3g.C -std=gnu++11 compilation failed to produce executable
FAIL: g++.dg/tls/thread_local4.C -std=gnu++11 (test for excess errors)
FAIL: g++.dg/tls/thread_local4.C -std=gnu++11 execution test
FAIL: g++.dg/tls/thread_local4g.C -std=gnu++11 (test for excess errors)
UNRESOLVED: g++.dg/tls/thread_local4g.C -std=gnu++11 compilation failed to produce executable
FAIL: g++.dg/tls/thread_local5.C -std=gnu++11 (test for excess errors)
FAIL: g++.dg/tls/thread_local5.C -std=gnu++11 execution test
FAIL: g++.dg/tls/thread_local5g.C -std=gnu++11 (test for excess errors)
UNRESOLVED: g++.dg/tls/thread_local5g.C -std=gnu++11 compilation failed to produce executable
FAIL: g++.dg/tls/thread_local6.C (test for excess errors)
FAIL: g++.dg/tls/thread_local6.C execution test
FAIL: g++.dg/tls/thread_local6g.C (test for excess errors)
UNRESOLVED: g++.dg/tls/thread_local6g.C compilation failed to produce executable
FAIL: g++.dg/tls/thread_local7g.C (test for excess errors)
FAIL: c-c++-common/torture/vector-compare-1.c -O3 -fomit-frame-pointer (internal compiler error)
FAIL: c-c++-common/torture/vector-compare-1.c -O3 -fomit-frame-pointer (test for excess errors)
UNRESOLVED: c-c++-common/torture/vector-compare-1.c -O3 -fomit-frame-pointer compilation failed to produce executable
FAIL: c-c++-common/torture/vector-compare-1.c -O3 -fomit-frame-pointer -funroll-loops (internal compiler error)
FAIL: c-c++-common/torture/vector-compare-1.c -O3 -fomit-frame-pointer -funroll-loops (test for excess errors)
UNRESOLVED: c-c++-common/torture/vector-compare-1.c -O3 -fomit-frame-pointer -funroll-loops compilation failed to produce executable
FAIL: c-c++-common/torture/vector-compare-1.c -O3 -fomit-frame-pointer -funroll-all-loops -finline-functions (internal compiler error)
FAIL: c-c++-common/torture/vector-compare-1.c -O3 -fomit-frame-pointer -funroll-all-loops -finline-functions (test for excess errors)
UNRESOLVED: c-c++-common/torture/vector-compare-1.c -O3 -fomit-frame-pointer -funroll-all-loops -finline-functions compilation failed to produce executable
FAIL: c-c++-common/torture/vector-compare-1.c -O3 -g (internal compiler error)
FAIL: c-c++-common/torture/vector-compare-1.c -O3 -g (test for excess errors)
UNRESOLVED: c-c++-common/torture/vector-compare-1.c -O3 -g compilation failed to produce executable
FAIL: c-c++-common/torture/vector-compare-2.c -O3 -fomit-frame-pointer (internal compiler error)
FAIL: c-c++-common/torture/vector-compare-2.c -O3 -fomit-frame-pointer (test for excess errors)
UNRESOLVED: c-c++-common/torture/vector-compare-2.c -O3 -fomit-frame-pointer compilation failed to produce executable
FAIL: c-c++-common/torture/vector-compare-2.c -O3 -fomit-frame-pointer -funroll-loops (internal compiler error)
FAIL: c-c++-common/torture/vector-compare-2.c -O3 -fomit-frame-pointer -funroll-loops (test for excess errors)
UNRESOLVED: c-c++-common/torture/vector-compare-2.c -O3 -fomit-frame-pointer -funroll-loops compilation failed to produce executable
FAIL: c-c++-common/torture/vector-compare-2.c -O3 -fomit-frame-pointer -funroll-all-loops -finline-functions (internal compiler error)
FAIL: c-c++-common/torture/vector-compare-2.c -O3 -fomit-frame-pointer -funroll-all-loops -finline-functions (test for excess errors)
UNRESOLVED: c-c++-common/torture/vector-compare-2.c -O3 -fomit-frame-pointer -funroll-all-loops -finline-functions compilation failed to produce executable
FAIL: c-c++-common/torture/vector-compare-2.c -O3 -g (internal compiler error)
FAIL: c-c++-common/torture/vector-compare-2.c -O3 -g (test for excess errors)
UNRESOLVED: c-c++-common/torture/vector-compare-2.c -O3 -g compilation failed to produce executable
FAIL: c-c++-common/torture/vector-shift.c -O3 -fomit-frame-pointer (internal compiler error)
FAIL: c-c++-common/torture/vector-shift.c -O3 -fomit-frame-pointer (test for excess errors)
UNRESOLVED: c-c++-common/torture/vector-shift.c -O3 -fomit-frame-pointer compilation failed to produce executable
FAIL: c-c++-common/torture/vector-shift.c -O3 -fomit-frame-pointer -funroll-loops (internal compiler error)
FAIL: c-c++-common/torture/vector-shift.c -O3 -fomit-frame-pointer -funroll-loops (test for excess errors)
UNRESOLVED: c-c++-common/torture/vector-shift.c -O3 -fomit-frame-pointer -funroll-loops compilation failed to produce executable
FAIL: c-c++-common/torture/vector-shift.c -O3 -fomit-frame-pointer -funroll-all-loops -finline-functions (internal compiler error)
FAIL: c-c++-common/torture/vector-shift.c -O3 -fomit-frame-pointer -funroll-all-loops -finline-functions (test for excess errors)
UNRESOLVED: c-c++-common/torture/vector-shift.c -O3 -fomit-frame-pointer -funroll-all-loops -finline-functions compilation failed to produce executable
FAIL: c-c++-common/torture/vector-shift.c -O3 -g (internal compiler error)
FAIL: c-c++-common/torture/vector-shift.c -O3 -g (test for excess errors)
UNRESOLVED: c-c++-common/torture/vector-shift.c -O3 -g compilation failed to produce executable
FAIL: c-c++-common/torture/vector-subscript-2.c -O3 -fomit-frame-pointer (internal compiler error)
FAIL: c-c++-common/torture/vector-subscript-2.c -O3 -fomit-frame-pointer (test for excess errors)
UNRESOLVED: c-c++-common/torture/vector-subscript-2.c -O3 -fomit-frame-pointer compilation failed to produce executable
FAIL: c-c++-common/torture/vector-subscript-2.c -O3 -fomit-frame-pointer -funroll-loops (internal compiler error)
FAIL: c-c++-common/torture/vector-subscript-2.c -O3 -fomit-frame-pointer -funroll-loops (test for excess errors)
UNRESOLVED: c-c++-common/torture/vector-subscript-2.c -O3 -fomit-frame-pointer -funroll-loops compilation failed to produce executable
FAIL: c-c++-common/torture/vector-subscript-2.c -O3 -fomit-frame-pointer -funroll-all-loops -finline-functions (internal compiler error)
FAIL: c-c++-common/torture/vector-subscript-2.c -O3 -fomit-frame-pointer -funroll-all-loops -finline-functions (test for excess errors)
UNRESOLVED: c-c++-common/torture/vector-subscript-2.c -O3 -fomit-frame-pointer -funroll-all-loops -finline-functions compilation failed to produce executable
FAIL: c-c++-common/torture/vector-subscript-2.c -O3 -g (internal compiler error)
FAIL: c-c++-common/torture/vector-subscript-2.c -O3 -g (test for excess errors)
UNRESOLVED: c-c++-common/torture/vector-subscript-2.c -O3 -g compilation failed to produce executable
FAIL: c-c++-common/torture/vshuf-v16qi.c -O3 -fomit-frame-pointer (internal compiler error)
FAIL: c-c++-common/torture/vshuf-v16qi.c -O3 -fomit-frame-pointer (test for excess errors)
FAIL: c-c++-common/torture/vshuf-v16qi.c -O3 -g (internal compiler error)
FAIL: c-c++-common/torture/vshuf-v16qi.c -O3 -g (test for excess errors)
FAIL: c-c++-common/torture/vshuf-v2di.c -O3 -fomit-frame-pointer (internal compiler error)
FAIL: c-c++-common/torture/vshuf-v2di.c -O3 -fomit-frame-pointer (test for excess errors)
FAIL: c-c++-common/torture/vshuf-v2di.c -O3 -g (internal compiler error)
FAIL: c-c++-common/torture/vshuf-v2di.c -O3 -g (test for excess errors)
FAIL: c-c++-common/torture/vshuf-v4si.c -O3 -fomit-frame-pointer (internal compiler error)
FAIL: c-c++-common/torture/vshuf-v4si.c -O3 -fomit-frame-pointer (test for excess errors)
FAIL: c-c++-common/torture/vshuf-v4si.c -O3 -g (internal compiler error)
FAIL: c-c++-common/torture/vshuf-v4si.c -O3 -g (test for excess errors)
FAIL: c-c++-common/torture/vshuf-v8hi.c -O3 -fomit-frame-pointer (internal compiler error)
FAIL: c-c++-common/torture/vshuf-v8hi.c -O3 -fomit-frame-pointer (test for excess errors)
FAIL: c-c++-common/torture/vshuf-v8hi.c -O3 -g (internal compiler error)
FAIL: c-c++-common/torture/vshuf-v8hi.c -O3 -g (test for excess errors)
FAIL: g++.dg/torture/pr38565.C -O3 -fomit-frame-pointer (internal compiler error)
FAIL: g++.dg/torture/pr38565.C -O3 -fomit-frame-pointer (test for excess errors)
FAIL: g++.dg/torture/pr38565.C -O3 -g (internal compiler error)
FAIL: g++.dg/torture/pr38565.C -O3 -g (test for excess errors)
FAIL: g++.dg/torture/vshuf-v16qi.C -O3 -fomit-frame-pointer (internal compiler error)
FAIL: g++.dg/torture/vshuf-v16qi.C -O3 -fomit-frame-pointer (test for excess errors)
UNRESOLVED: g++.dg/torture/vshuf-v16qi.C -O3 -fomit-frame-pointer compilation failed to produce executable
FAIL: g++.dg/torture/vshuf-v16qi.C -O3 -g (internal compiler error)
FAIL: g++.dg/torture/vshuf-v16qi.C -O3 -g (test for excess errors)
UNRESOLVED: g++.dg/torture/vshuf-v16qi.C -O3 -g compilation failed to produce executable
FAIL: g++.dg/torture/vshuf-v2di.C -O3 -fomit-frame-pointer (internal compiler error)
FAIL: g++.dg/torture/vshuf-v2di.C -O3 -fomit-frame-pointer (test for excess errors)
UNRESOLVED: g++.dg/torture/vshuf-v2di.C -O3 -fomit-frame-pointer compilation failed to produce executable
FAIL: g++.dg/torture/vshuf-v2di.C -O3 -g (internal compiler error)
FAIL: g++.dg/torture/vshuf-v2di.C -O3 -g (test for excess errors)
UNRESOLVED: g++.dg/torture/vshuf-v2di.C -O3 -g compilation failed to produce executable
FAIL: g++.dg/torture/vshuf-v4si.C -O3 -fomit-frame-pointer (internal compiler error)
FAIL: g++.dg/torture/vshuf-v4si.C -O3 -fomit-frame-pointer (test for excess errors)
UNRESOLVED: g++.dg/torture/vshuf-v4si.C -O3 -fomit-frame-pointer compilation failed to produce executable
FAIL: g++.dg/torture/vshuf-v4si.C -O3 -g (internal compiler error)
FAIL: g++.dg/torture/vshuf-v4si.C -O3 -g (test for excess errors)
UNRESOLVED: g++.dg/torture/vshuf-v4si.C -O3 -g compilation failed to produce executable
FAIL: g++.dg/torture/vshuf-v8hi.C -O3 -fomit-frame-pointer (internal compiler error)
FAIL: g++.dg/torture/vshuf-v8hi.C -O3 -fomit-frame-pointer (test for excess errors)
UNRESOLVED: g++.dg/torture/vshuf-v8hi.C -O3 -fomit-frame-pointer compilation failed to produce executable
FAIL: g++.dg/torture/vshuf-v8hi.C -O3 -g (internal compiler error)
FAIL: g++.dg/torture/vshuf-v8hi.C -O3 -g (test for excess errors)
UNRESOLVED: g++.dg/torture/vshuf-v8hi.C -O3 -g compilation failed to produce executable
=== g++ Summary ===
# of expected passes 44707
# of unexpected failures 101
# of expected failures 291
# of unresolved testcases 34
# of unsupported tests 1099
/test/gnu/gcc/objdir/gcc/testsuite/g++/../../g++ version 4.8.0 20121017 (experimental) [trunk revision 192531] (GCC)
=== gcc tests ===
Running target unix
FAIL: gcc.c-torture/compile/pr53410-2.c -O3 -fomit-frame-pointer (internal compiler error)
FAIL: gcc.c-torture/compile/pr53410-2.c -O3 -fomit-frame-pointer (test for excess errors)
FAIL: gcc.c-torture/compile/pr53410-2.c -O3 -g (internal compiler error)
FAIL: gcc.c-torture/compile/pr53410-2.c -O3 -g (test for excess errors)
FAIL: gcc.c-torture/compile/pr53748.c -O3 -fomit-frame-pointer (internal compiler error)
FAIL: gcc.c-torture/compile/pr53748.c -O3 -fomit-frame-pointer (test for excess errors)
FAIL: gcc.c-torture/compile/pr53748.c -O3 -g (internal compiler error)
FAIL: gcc.c-torture/compile/pr53748.c -O3 -g (test for excess errors)
FAIL: gcc.c-torture/execute/pr53645-2.c compilation, -O3 -fomit-frame-pointer (internal compiler error)
UNRESOLVED: gcc.c-torture/execute/pr53645-2.c execution, -O3 -fomit-frame-pointer
FAIL: gcc.c-torture/execute/pr53645-2.c compilation, -O3 -fomit-frame-pointer -funroll-loops (internal compiler error)
UNRESOLVED: gcc.c-torture/execute/pr53645-2.c execution, -O3 -fomit-frame-pointer -funroll-loops
FAIL: gcc.c-torture/execute/pr53645-2.c compilation, -O3 -fomit-frame-pointer -funroll-all-loops -finline-functions (internal compiler error)
UNRESOLVED: gcc.c-torture/execute/pr53645-2.c execution, -O3 -fomit-frame-pointer -funroll-all-loops -finline-functions
FAIL: gcc.c-torture/execute/pr53645-2.c compilation, -O3 -g (internal compiler error)
UNRESOLVED: gcc.c-torture/execute/pr53645-2.c execution, -O3 -g
FAIL: gcc.c-torture/execute/pr53645.c compilation, -O3 -fomit-frame-pointer (internal compiler error)
UNRESOLVED: gcc.c-torture/execute/pr53645.c execution, -O3 -fomit-frame-pointer
FAIL: gcc.c-torture/execute/pr53645.c compilation, -O3 -fomit-frame-pointer -funroll-loops (internal compiler error)
UNRESOLVED: gcc.c-torture/execute/pr53645.c execution, -O3 -fomit-frame-pointer -funroll-loops
FAIL: gcc.c-torture/execute/pr53645.c compilation, -O3 -fomit-frame-pointer -funroll-all-loops -finline-functions (internal compiler error)
UNRESOLVED: gcc.c-torture/execute/pr53645.c execution, -O3 -fomit-frame-pointer -funroll-all-loops -finline-functions
FAIL: gcc.c-torture/execute/pr53645.c compilation, -O3 -g (internal compiler error)
UNRESOLVED: gcc.c-torture/execute/pr53645.c execution, -O3 -g
FAIL: gcc.c-torture/execute/scal-to-vec1.c compilation, -O3 -fomit-frame-pointer (internal compiler error)
UNRESOLVED: gcc.c-torture/execute/scal-to-vec1.c execution, -O3 -fomit-frame-pointer
FAIL: gcc.c-torture/execute/scal-to-vec1.c compilation, -O3 -fomit-frame-pointer -funroll-loops (internal compiler error)
UNRESOLVED: gcc.c-torture/execute/scal-to-vec1.c execution, -O3 -fomit-frame-pointer -funroll-loops
FAIL: gcc.c-torture/execute/scal-to-vec1.c compilation, -O3 -fomit-frame-pointer -funroll-all-loops -finline-functions (internal compiler error)
UNRESOLVED: gcc.c-torture/execute/scal-to-vec1.c execution, -O3 -fomit-frame-pointer -funroll-all-loops -finline-functions
FAIL: gcc.c-torture/execute/scal-to-vec1.c compilation, -O3 -g (internal compiler error)
UNRESOLVED: gcc.c-torture/execute/scal-to-vec1.c execution, -O3 -g
FAIL: gcc.c-torture/execute/scal-to-vec2.c compilation, -O3 -fomit-frame-pointer (internal compiler error)
UNRESOLVED: gcc.c-torture/execute/scal-to-vec2.c execution, -O3 -fomit-frame-pointer
FAIL: gcc.c-torture/execute/scal-to-vec2.c compilation, -O3 -fomit-frame-pointer -funroll-loops (internal compiler error)
UNRESOLVED: gcc.c-torture/execute/scal-to-vec2.c execution, -O3 -fomit-frame-pointer -funroll-loops
FAIL: gcc.c-torture/execute/scal-to-vec2.c compilation, -O3 -fomit-frame-pointer -funroll-all-loops -finline-functions (internal compiler error)
UNRESOLVED: gcc.c-torture/execute/scal-to-vec2.c execution, -O3 -fomit-frame-pointer -funroll-all-loops -finline-functions
FAIL: gcc.c-torture/execute/scal-to-vec2.c compilation, -O3 -g (internal compiler error)
UNRESOLVED: gcc.c-torture/execute/scal-to-vec2.c execution, -O3 -g
FAIL: gcc.c-torture/execute/simd-1.c compilation, -O3 -fomit-frame-pointer (internal compiler error)
UNRESOLVED: gcc.c-torture/execute/simd-1.c execution, -O3 -fomit-frame-pointer
FAIL: gcc.c-torture/execute/simd-1.c compilation, -O3 -g (internal compiler error)
UNRESOLVED: gcc.c-torture/execute/simd-1.c execution, -O3 -g
FAIL: gcc.c-torture/execute/simd-2.c compilation, -O3 -fomit-frame-pointer (internal compiler error)
UNRESOLVED: gcc.c-torture/execute/simd-2.c execution, -O3 -fomit-frame-pointer
FAIL: gcc.c-torture/execute/simd-2.c compilation, -O3 -g (internal compiler error)
UNRESOLVED: gcc.c-torture/execute/simd-2.c execution, -O3 -g
XPASS: gcc.dg/Wstrict-overflow-18.c (test for bogus messages, line 20)
FAIL: gcc.dg/builtin-object-size-8.c execution test
FAIL: gcc.dg/sms-8.c execution test
WARNING: program timed out.
FAIL: gcc.dg/ipa/iinline-4.c scan-ipa-dump inline "hooray4[^\\\\n]*inline copy in test4"
FAIL: gcc.dg/pch/decl-3.c -O0 -g assembly comparison
FAIL: gcc.dg/pch/decl-3.c -O3 -g assembly comparison
FAIL: gcc.dg/pch/decl-4.c -O0 -g assembly comparison
FAIL: gcc.dg/pch/decl-4.c -O3 -g assembly comparison
FAIL: gcc.dg/pch/struct-1.c -O0 -g assembly comparison
FAIL: gcc.dg/pch/struct-1.c -O3 -g assembly comparison
FAIL: gcc.dg/pch/system-1.c -O0 -g assembly comparison
FAIL: gcc.dg/pch/system-1.c -O3 -g assembly comparison
FAIL: c-c++-common/torture/vector-compare-1.c -O3 -fomit-frame-pointer (internal compiler error)
FAIL: c-c++-common/torture/vector-compare-1.c -O3 -fomit-frame-pointer (test for excess errors)
UNRESOLVED: c-c++-common/torture/vector-compare-1.c -O3 -fomit-frame-pointer compilation failed to produce executable
FAIL: c-c++-common/torture/vector-compare-1.c -O3 -fomit-frame-pointer -funroll-loops (internal compiler error)
FAIL: c-c++-common/torture/vector-compare-1.c -O3 -fomit-frame-pointer -funroll-loops (test for excess errors)
UNRESOLVED: c-c++-common/torture/vector-compare-1.c -O3 -fomit-frame-pointer -funroll-loops compilation failed to produce executable
FAIL: c-c++-common/torture/vector-compare-1.c -O3 -fomit-frame-pointer -funroll-all-loops -finline-functions (internal compiler error)
FAIL: c-c++-common/torture/vector-compare-1.c -O3 -fomit-frame-pointer -funroll-all-loops -finline-functions (test for excess errors)
UNRESOLVED: c-c++-common/torture/vector-compare-1.c -O3 -fomit-frame-pointer -funroll-all-loops -finline-functions compilation failed to produce executable
FAIL: c-c++-common/torture/vector-compare-1.c -O3 -g (internal compiler error)
FAIL: c-c++-common/torture/vector-compare-1.c -O3 -g (test for excess errors)
UNRESOLVED: c-c++-common/torture/vector-compare-1.c -O3 -g compilation failed to produce executable
FAIL: c-c++-common/torture/vector-compare-2.c -O3 -fomit-frame-pointer (internal compiler error)
FAIL: c-c++-common/torture/vector-compare-2.c -O3 -fomit-frame-pointer (test for excess errors)
UNRESOLVED: c-c++-common/torture/vector-compare-2.c -O3 -fomit-frame-pointer compilation failed to produce executable
FAIL: c-c++-common/torture/vector-compare-2.c -O3 -fomit-frame-pointer -funroll-loops (internal compiler error)
FAIL: c-c++-common/torture/vector-compare-2.c -O3 -fomit-frame-pointer -funroll-loops (test for excess errors)
UNRESOLVED: c-c++-common/torture/vector-compare-2.c -O3 -fomit-frame-pointer -funroll-loops compilation failed to produce executable
FAIL: c-c++-common/torture/vector-compare-2.c -O3 -fomit-frame-pointer -funroll-all-loops -finline-functions (internal compiler error)
FAIL: c-c++-common/torture/vector-compare-2.c -O3 -fomit-frame-pointer -funroll-all-loops -finline-functions (test for excess errors)
UNRESOLVED: c-c++-common/torture/vector-compare-2.c -O3 -fomit-frame-pointer -funroll-all-loops -finline-functions compilation failed to produce executable
FAIL: c-c++-common/torture/vector-compare-2.c -O3 -g (internal compiler error)
FAIL: c-c++-common/torture/vector-compare-2.c -O3 -g (test for excess errors)
UNRESOLVED: c-c++-common/torture/vector-compare-2.c -O3 -g compilation failed to produce executable
FAIL: c-c++-common/torture/vector-shift.c -O3 -fomit-frame-pointer (internal compiler error)
FAIL: c-c++-common/torture/vector-shift.c -O3 -fomit-frame-pointer (test for excess errors)
UNRESOLVED: c-c++-common/torture/vector-shift.c -O3 -fomit-frame-pointer compilation failed to produce executable
FAIL: c-c++-common/torture/vector-shift.c -O3 -fomit-frame-pointer -funroll-loops (internal compiler error)
FAIL: c-c++-common/torture/vector-shift.c -O3 -fomit-frame-pointer -funroll-loops (test for excess errors)
UNRESOLVED: c-c++-common/torture/vector-shift.c -O3 -fomit-frame-pointer -funroll-loops compilation failed to produce executable
FAIL: c-c++-common/torture/vector-shift.c -O3 -fomit-frame-pointer -funroll-all-loops -finline-functions (internal compiler error)
FAIL: c-c++-common/torture/vector-shift.c -O3 -fomit-frame-pointer -funroll-all-loops -finline-functions (test for excess errors)
UNRESOLVED: c-c++-common/torture/vector-shift.c -O3 -fomit-frame-pointer -funroll-all-loops -finline-functions compilation failed to produce executable
FAIL: c-c++-common/torture/vector-shift.c -O3 -g (internal compiler error)
FAIL: c-c++-common/torture/vector-shift.c -O3 -g (test for excess errors)
UNRESOLVED: c-c++-common/torture/vector-shift.c -O3 -g compilation failed to produce executable
FAIL: c-c++-common/torture/vector-subscript-1.c -O0 (test for excess errors)
FAIL: c-c++-common/torture/vector-subscript-1.c -O1 (test for excess errors)
FAIL: c-c++-common/torture/vector-subscript-1.c -O2 (test for excess errors)
FAIL: c-c++-common/torture/vector-subscript-1.c -O3 -fomit-frame-pointer (test for excess errors)
FAIL: c-c++-common/torture/vector-subscript-1.c -O3 -fomit-frame-pointer -funroll-loops (test for excess errors)
FAIL: c-c++-common/torture/vector-subscript-1.c -O3 -fomit-frame-pointer -funroll-all-loops -finline-functions (test for excess errors)
FAIL: c-c++-common/torture/vector-subscript-1.c -O3 -g (test for excess errors)
FAIL: c-c++-common/torture/vector-subscript-1.c -Os (test for excess errors)
FAIL: c-c++-common/torture/vector-subscript-2.c -O3 -fomit-frame-pointer (internal compiler error)
FAIL: c-c++-common/torture/vector-subscript-2.c -O3 -fomit-frame-pointer (test for excess errors)
UNRESOLVED: c-c++-common/torture/vector-subscript-2.c -O3 -fomit-frame-pointer compilation failed to produce executable
FAIL: c-c++-common/torture/vector-subscript-2.c -O3 -fomit-frame-pointer -funroll-loops (internal compiler error)
FAIL: c-c++-common/torture/vector-subscript-2.c -O3 -fomit-frame-pointer -funroll-loops (test for excess errors)
UNRESOLVED: c-c++-common/torture/vector-subscript-2.c -O3 -fomit-frame-pointer -funroll-loops compilation failed to produce executable
FAIL: c-c++-common/torture/vector-subscript-2.c -O3 -fomit-frame-pointer -funroll-all-loops -finline-functions (internal compiler error)
FAIL: c-c++-common/torture/vector-subscript-2.c -O3 -fomit-frame-pointer -funroll-all-loops -finline-functions (test for excess errors)
UNRESOLVED: c-c++-common/torture/vector-subscript-2.c -O3 -fomit-frame-pointer -funroll-all-loops -finline-functions compilation failed to produce executable
FAIL: c-c++-common/torture/vector-subscript-2.c -O3 -g (internal compiler error)
FAIL: c-c++-common/torture/vector-subscript-2.c -O3 -g (test for excess errors)
UNRESOLVED: c-c++-common/torture/vector-subscript-2.c -O3 -g compilation failed to produce executable
FAIL: c-c++-common/torture/vshuf-v16qi.c -O3 -fomit-frame-pointer (internal compiler error)
FAIL: c-c++-common/torture/vshuf-v16qi.c -O3 -fomit-frame-pointer (test for excess errors)
FAIL: c-c++-common/torture/vshuf-v16qi.c -O3 -g (internal compiler error)
FAIL: c-c++-common/torture/vshuf-v16qi.c -O3 -g (test for excess errors)
FAIL: c-c++-common/torture/vshuf-v2di.c -O3 -fomit-frame-pointer (internal compiler error)
FAIL: c-c++-common/torture/vshuf-v2di.c -O3 -fomit-frame-pointer (test for excess errors)
FAIL: c-c++-common/torture/vshuf-v2di.c -O3 -g (internal compiler error)
FAIL: c-c++-common/torture/vshuf-v2di.c -O3 -g (test for excess errors)
FAIL: c-c++-common/torture/vshuf-v4si.c -O3 -fomit-frame-pointer (internal compiler error)
FAIL: c-c++-common/torture/vshuf-v4si.c -O3 -fomit-frame-pointer (test for excess errors)
FAIL: c-c++-common/torture/vshuf-v4si.c -O3 -g (internal compiler error)
FAIL: c-c++-common/torture/vshuf-v4si.c -O3 -g (test for excess errors)
FAIL: c-c++-common/torture/vshuf-v8hi.c -O3 -fomit-frame-pointer (internal compiler error)
FAIL: c-c++-common/torture/vshuf-v8hi.c -O3 -fomit-frame-pointer (test for excess errors)
FAIL: c-c++-common/torture/vshuf-v8hi.c -O3 -g (internal compiler error)
FAIL: c-c++-common/torture/vshuf-v8hi.c -O3 -g (test for excess errors)
FAIL: gcc.dg/torture/pr51106-2.c -O0 (internal compiler error)
FAIL: gcc.dg/torture/pr51106-2.c -O0 (test for excess errors)
FAIL: gcc.dg/torture/pr51106-2.c -O1 (internal compiler error)
FAIL: gcc.dg/torture/pr51106-2.c -O1 (test for excess errors)
FAIL: gcc.dg/torture/pr51106-2.c -O2 (internal compiler error)
FAIL: gcc.dg/torture/pr51106-2.c -O2 (test for excess errors)
FAIL: gcc.dg/torture/pr51106-2.c -O3 -fomit-frame-pointer (internal compiler error)
FAIL: gcc.dg/torture/pr51106-2.c -O3 -fomit-frame-pointer (test for excess errors)
FAIL: gcc.dg/torture/pr51106-2.c -O3 -g (internal compiler error)
FAIL: gcc.dg/torture/pr51106-2.c -O3 -g (test for excess errors)
FAIL: gcc.dg/torture/pr51106-2.c -Os (internal compiler error)
FAIL: gcc.dg/torture/pr51106-2.c -Os (test for excess errors)
XPASS: gcc.dg/torture/pr52402.c -O0 execution test
XPASS: gcc.dg/torture/pr52402.c -O1 execution test
XPASS: gcc.dg/torture/pr52402.c -O2 execution test
FAIL: gcc.dg/torture/pr52402.c -O3 -fomit-frame-pointer (internal compiler error)
FAIL: gcc.dg/torture/pr52402.c -O3 -fomit-frame-pointer (test for excess errors)
UNRESOLVED: gcc.dg/torture/pr52402.c -O3 -fomit-frame-pointer compilation failed to produce executable
FAIL: gcc.dg/torture/pr52402.c -O3 -g (internal compiler error)
FAIL: gcc.dg/torture/pr52402.c -O3 -g (test for excess errors)
UNRESOLVED: gcc.dg/torture/pr52402.c -O3 -g compilation failed to produce executable
XPASS: gcc.dg/torture/pr52402.c -Os execution test
FAIL: gcc.dg/torture/pr52407.c -O3 -fomit-frame-pointer (internal compiler error)
FAIL: gcc.dg/torture/pr52407.c -O3 -fomit-frame-pointer (test for excess errors)
UNRESOLVED: gcc.dg/torture/pr52407.c -O3 -fomit-frame-pointer compilation failed to produce executable
FAIL: gcc.dg/torture/pr52407.c -O3 -fomit-frame-pointer -funroll-loops (internal compiler error)
FAIL: gcc.dg/torture/pr52407.c -O3 -fomit-frame-pointer -funroll-loops (test for excess errors)
UNRESOLVED: gcc.dg/torture/pr52407.c -O3 -fomit-frame-pointer -funroll-loops compilation failed to produce executable
FAIL: gcc.dg/torture/pr52407.c -O3 -fomit-frame-pointer -funroll-all-loops -finline-functions (internal compiler error)
FAIL: gcc.dg/torture/pr52407.c -O3 -fomit-frame-pointer -funroll-all-loops -finline-functions (test for excess errors)
UNRESOLVED: gcc.dg/torture/pr52407.c -O3 -fomit-frame-pointer -funroll-all-loops -finline-functions compilation failed to produce executable
FAIL: gcc.dg/torture/pr52407.c -O3 -g (internal compiler error)
FAIL: gcc.dg/torture/pr52407.c -O3 -g (test for excess errors)
UNRESOLVED: gcc.dg/torture/pr52407.c -O3 -g compilation failed to produce executable
FAIL: gcc.dg/torture/pr52419.c -O3 -fomit-frame-pointer (internal compiler error)
FAIL: gcc.dg/torture/pr52419.c -O3 -fomit-frame-pointer (test for excess errors)
UNRESOLVED: gcc.dg/torture/pr52419.c -O3 -fomit-frame-pointer compilation failed to produce executable
FAIL: gcc.dg/torture/pr52419.c -O3 -g (internal compiler error)
FAIL: gcc.dg/torture/pr52419.c -O3 -g (test for excess errors)
UNRESOLVED: gcc.dg/torture/pr52419.c -O3 -g compilation failed to produce executable
FAIL: gcc.dg/torture/pr54920.c -O0 (test for excess errors)
FAIL: gcc.dg/torture/pr54920.c -O1 (test for excess errors)
FAIL: gcc.dg/torture/pr54920.c -O2 (test for excess errors)
FAIL: gcc.dg/torture/pr54920.c -O3 -fomit-frame-pointer (test for excess errors)
FAIL: gcc.dg/torture/pr54920.c -O3 -fomit-frame-pointer -funroll-loops (test for excess errors)
FAIL: gcc.dg/torture/pr54920.c -O3 -fomit-frame-pointer -funroll-all-loops -finline-functions (test for excess errors)
FAIL: gcc.dg/torture/pr54920.c -O3 -g (test for excess errors)
FAIL: gcc.dg/torture/pr54920.c -Os (test for excess errors)
FAIL: gcc.dg/torture/vector-2.c -O3 -fomit-frame-pointer (internal compiler error)
FAIL: gcc.dg/torture/vector-2.c -O3 -fomit-frame-pointer (test for excess errors)
UNRESOLVED: gcc.dg/torture/vector-2.c -O3 -fomit-frame-pointer compilation failed to produce executable
FAIL: gcc.dg/torture/vector-2.c -O3 -g (internal compiler error)
FAIL: gcc.dg/torture/vector-2.c -O3 -g (test for excess errors)
UNRESOLVED: gcc.dg/torture/vector-2.c -O3 -g compilation failed to produce executable
FAIL: gcc.dg/tree-ssa/vector-4.c scan-tree-dump-times gimple "VEC_PERM_EXPR <a, b, { 0, 4, 1, 5 }>;" 1
=== gcc Summary ===
# of expected passes 64121
# of unexpected failures 136
# of unexpected successes 5
# of expected failures 113
# of unresolved testcases 46
# of unsupported tests 1406
/test/gnu/gcc/objdir/gcc/xgcc version 4.8.0 20121017 (experimental) [trunk revision 192531] (GCC)
=== gnat tests ===
Running target unix
FAIL: gnat.dg/array11.adb (test for warnings, line 12)
FAIL: gnat.dg/object_overflow.adb (test for warnings, line 8)
=== gnat Summary ===
# of expected passes 1107
# of unexpected failures 2
# of expected failures 17
# of unsupported tests 12
/test/gnu/gcc/objdir/gcc/gnatmake version 4.8.0 20121017 (experimental) [trunk revision 192531]
=== obj-c++ tests ===
Running target unix
=== obj-c++ Summary ===
# of expected passes 1408
# of expected failures 2
# of unsupported tests 69
/test/gnu/gcc/objdir/gcc/testsuite/obj-c++/../../g++ version 4.8.0 20121017 (experimental) [trunk revision 192531] (GCC)
=== objc tests ===
Running target unix
FAIL: objc.dg/pch/interface-1.m -fgnu-runtime -O0 -g assembly comparison
FAIL: objc.dg/pch/interface-1.m -fgnu-runtime -O3 -g assembly comparison
=== objc Summary ===
# of expected passes 2918
# of unexpected failures 2
# of unsupported tests 65
/test/gnu/gcc/objdir/gcc/xgcc version 4.8.0 20121017 (experimental) [trunk revision 192531] (GCC)
=== libatomic tests ===
Running target unix
=== libatomic Summary ===
# of expected passes 4
# of unsupported tests 25
=== libgomp tests ===
Running target unix
FAIL: libgomp.c++/pr24455.C -O0 (test for excess errors)
FAIL: libgomp.c++/pr24455.C -O0 execution test
FAIL: libgomp.c++/pr24455.C -O1 (test for excess errors)
FAIL: libgomp.c++/pr24455.C -O1 execution test
FAIL: libgomp.c++/pr24455.C -O2 (test for excess errors)
FAIL: libgomp.c++/pr24455.C -O2 execution test
FAIL: libgomp.c++/pr24455.C -O3 -fomit-frame-pointer (test for excess errors)
FAIL: libgomp.c++/pr24455.C -O3 -fomit-frame-pointer execution test
FAIL: libgomp.c++/pr24455.C -O3 -fomit-frame-pointer -funroll-loops (test for excess errors)
FAIL: libgomp.c++/pr24455.C -O3 -fomit-frame-pointer -funroll-loops execution test
FAIL: libgomp.c++/pr24455.C -O3 -fomit-frame-pointer -funroll-all-loops -finline-functions (test for excess errors)
FAIL: libgomp.c++/pr24455.C -O3 -fomit-frame-pointer -funroll-all-loops -finline-functions execution test
FAIL: libgomp.c++/pr24455.C -O3 -g (test for excess errors)
FAIL: libgomp.c++/pr24455.C -O3 -g execution test
FAIL: libgomp.c++/pr24455.C -Os (test for excess errors)
FAIL: libgomp.c++/pr24455.C -Os execution test
FAIL: libgomp.c++/tls-init1.C -O (test for excess errors)
UNRESOLVED: libgomp.c++/tls-init1.C -O compilation failed to produce executable
=== libgomp Summary ===
# of expected passes 1205
# of unexpected failures 17
# of unresolved testcases 1
# of unsupported tests 10
=== libstdc++ tests ===
Running target unix
=== libstdc++ Summary ===
# of expected passes 7504
# of expected failures 43
# of unsupported tests 873
Compiler version: 4.8.0 20121017 (experimental) [trunk revision 192531] (GCC)
Platform: hppa2.0w-hp-hpux11.11
configure flags:Test Run By dave on Wed Oct 17 14:03:46 EDT 2012