This is the mail archive of the
gcc-testresults@gcc.gnu.org
mailing list for the GCC project.
Results for 4.8.0 20121012 (experimental) [trunk revision 192392] (GCC) testsuite on hppa-unknown-openbsd5.2
- From: Mark Kettenis <mark dot kettenis at xs4all dot nl>
- To: gcc-testresults at gcc dot gnu dot org
- Date: Mon, 15 Oct 2012 10:01:05 +0200 (CEST)
- Subject: Results for 4.8.0 20121012 (experimental) [trunk revision 192392] (GCC) testsuite on hppa-unknown-openbsd5.2
LAST_UPDATED: Fri Oct 12 09:21:02 UTC 2012 (revision 192392)
Native configuration is hppa-unknown-openbsd5.2
=== g++ tests ===
Running target unix
FAIL: g++.dg/cpp0x/stddef.C -std=c++11 (test for excess errors)
FAIL: g++.dg/cpp0x/stdint.C -std=c++11 (test for excess errors)
FAIL: g++.dg/eh/forced1.C -std=c++98 execution test
FAIL: g++.dg/eh/forced1.C -std=c++11 execution test
FAIL: g++.dg/eh/forced2.C -std=c++98 execution test
FAIL: g++.dg/eh/forced2.C -std=c++11 execution test
FAIL: g++.dg/eh/forced4.C -std=c++98 execution test
FAIL: g++.dg/eh/forced4.C -std=c++11 execution test
FAIL: g++.dg/eh/gcsec1.C -std=gnu++98 (test for excess errors)
FAIL: g++.dg/eh/gcsec1.C -std=gnu++11 (test for excess errors)
FAIL: g++.dg/ext/cleanup-5.C -std=gnu++98 execution test
FAIL: g++.dg/ext/cleanup-5.C -std=gnu++11 execution test
FAIL: g++.dg/lookup/builtin5.C -std=c++11 scan-assembler _ZSt5atanhd
FAIL: g++.dg/lto/20080829 cp_lto_20080829_0.o assemble, -O2 -flto -flto-partition=none (internal compiler error)
FAIL: g++.dg/lto/20080829 cp_lto_20080829_0.o assemble, -O2 -flto -flto-partition=1to1 (internal compiler error)
FAIL: g++.dg/lto/20080829 cp_lto_20080829_0.o assemble, -O2 -flto (internal compiler error)
FAIL: g++.dg/simulate-thread/atomics-2.C -O1 -g thread simulation test
FAIL: g++.dg/simulate-thread/atomics-2.C -O2 -g -std=c++98 thread simulation test
FAIL: g++.dg/simulate-thread/atomics-2.C -O3 -g -std=c++11 thread simulation test
FAIL: g++.dg/simulate-thread/atomics-2.C -Os -g thread simulation test
FAIL: g++.dg/simulate-thread/bitfields-2.C -O2 -g -std=c++98 thread simulation test
FAIL: g++.dg/simulate-thread/bitfields-2.C -O3 -g -std=c++11 thread simulation test
FAIL: g++.dg/simulate-thread/bitfields-2.C -Os -g thread simulation test
FAIL: g++.dg/simulate-thread/bitfields.C -O2 -g -std=c++98 thread simulation test
FAIL: g++.dg/simulate-thread/bitfields.C -O3 -g -std=c++11 thread simulation test
FAIL: g++.dg/simulate-thread/bitfields.C -Os -g thread simulation test
FAIL: g++.dg/tls/thread_local3.C -std=gnu++11 execution test
FAIL: g++.dg/tls/thread_local3g.C -std=gnu++11 execution test
FAIL: g++.dg/tls/thread_local4.C -std=gnu++11 execution test
FAIL: g++.dg/tls/thread_local4g.C -std=gnu++11 execution test
FAIL: g++.dg/tls/thread_local5.C -std=gnu++11 execution test
FAIL: g++.dg/tls/thread_local5g.C -std=gnu++11 execution test
FAIL: g++.dg/tls/thread_local7g.C scan-assembler-not \\\\.data
FAIL: c-c++-common/torture/vector-compare-1.c -O3 -fomit-frame-pointer (internal compiler error)
FAIL: c-c++-common/torture/vector-compare-1.c -O3 -fomit-frame-pointer (test for excess errors)
UNRESOLVED: c-c++-common/torture/vector-compare-1.c -O3 -fomit-frame-pointer compilation failed to produce executable
FAIL: c-c++-common/torture/vector-compare-1.c -O3 -fomit-frame-pointer -funroll-loops (internal compiler error)
FAIL: c-c++-common/torture/vector-compare-1.c -O3 -fomit-frame-pointer -funroll-loops (test for excess errors)
UNRESOLVED: c-c++-common/torture/vector-compare-1.c -O3 -fomit-frame-pointer -funroll-loops compilation failed to produce executable
FAIL: c-c++-common/torture/vector-compare-1.c -O3 -fomit-frame-pointer -funroll-all-loops -finline-functions (internal compiler error)
FAIL: c-c++-common/torture/vector-compare-1.c -O3 -fomit-frame-pointer -funroll-all-loops -finline-functions (test for excess errors)
UNRESOLVED: c-c++-common/torture/vector-compare-1.c -O3 -fomit-frame-pointer -funroll-all-loops -finline-functions compilation failed to produce executable
FAIL: c-c++-common/torture/vector-compare-1.c -O3 -g (internal compiler error)
FAIL: c-c++-common/torture/vector-compare-1.c -O3 -g (test for excess errors)
UNRESOLVED: c-c++-common/torture/vector-compare-1.c -O3 -g compilation failed to produce executable
FAIL: c-c++-common/torture/vector-compare-2.c -O3 -fomit-frame-pointer (internal compiler error)
FAIL: c-c++-common/torture/vector-compare-2.c -O3 -fomit-frame-pointer (test for excess errors)
UNRESOLVED: c-c++-common/torture/vector-compare-2.c -O3 -fomit-frame-pointer compilation failed to produce executable
FAIL: c-c++-common/torture/vector-compare-2.c -O3 -fomit-frame-pointer -funroll-loops (internal compiler error)
FAIL: c-c++-common/torture/vector-compare-2.c -O3 -fomit-frame-pointer -funroll-loops (test for excess errors)
UNRESOLVED: c-c++-common/torture/vector-compare-2.c -O3 -fomit-frame-pointer -funroll-loops compilation failed to produce executable
FAIL: c-c++-common/torture/vector-compare-2.c -O3 -fomit-frame-pointer -funroll-all-loops -finline-functions (internal compiler error)
FAIL: c-c++-common/torture/vector-compare-2.c -O3 -fomit-frame-pointer -funroll-all-loops -finline-functions (test for excess errors)
UNRESOLVED: c-c++-common/torture/vector-compare-2.c -O3 -fomit-frame-pointer -funroll-all-loops -finline-functions compilation failed to produce executable
FAIL: c-c++-common/torture/vector-compare-2.c -O3 -g (internal compiler error)
FAIL: c-c++-common/torture/vector-compare-2.c -O3 -g (test for excess errors)
UNRESOLVED: c-c++-common/torture/vector-compare-2.c -O3 -g compilation failed to produce executable
FAIL: c-c++-common/torture/vector-shift.c -O3 -fomit-frame-pointer (internal compiler error)
FAIL: c-c++-common/torture/vector-shift.c -O3 -fomit-frame-pointer (test for excess errors)
UNRESOLVED: c-c++-common/torture/vector-shift.c -O3 -fomit-frame-pointer compilation failed to produce executable
FAIL: c-c++-common/torture/vector-shift.c -O3 -fomit-frame-pointer -funroll-loops (internal compiler error)
FAIL: c-c++-common/torture/vector-shift.c -O3 -fomit-frame-pointer -funroll-loops (test for excess errors)
UNRESOLVED: c-c++-common/torture/vector-shift.c -O3 -fomit-frame-pointer -funroll-loops compilation failed to produce executable
FAIL: c-c++-common/torture/vector-shift.c -O3 -fomit-frame-pointer -funroll-all-loops -finline-functions (internal compiler error)
FAIL: c-c++-common/torture/vector-shift.c -O3 -fomit-frame-pointer -funroll-all-loops -finline-functions (test for excess errors)
UNRESOLVED: c-c++-common/torture/vector-shift.c -O3 -fomit-frame-pointer -funroll-all-loops -finline-functions compilation failed to produce executable
FAIL: c-c++-common/torture/vector-shift.c -O3 -g (internal compiler error)
FAIL: c-c++-common/torture/vector-shift.c -O3 -g (test for excess errors)
UNRESOLVED: c-c++-common/torture/vector-shift.c -O3 -g compilation failed to produce executable
FAIL: c-c++-common/torture/vector-subscript-2.c -O3 -fomit-frame-pointer (internal compiler error)
FAIL: c-c++-common/torture/vector-subscript-2.c -O3 -fomit-frame-pointer (test for excess errors)
UNRESOLVED: c-c++-common/torture/vector-subscript-2.c -O3 -fomit-frame-pointer compilation failed to produce executable
FAIL: c-c++-common/torture/vector-subscript-2.c -O3 -fomit-frame-pointer -funroll-loops (internal compiler error)
FAIL: c-c++-common/torture/vector-subscript-2.c -O3 -fomit-frame-pointer -funroll-loops (test for excess errors)
UNRESOLVED: c-c++-common/torture/vector-subscript-2.c -O3 -fomit-frame-pointer -funroll-loops compilation failed to produce executable
FAIL: c-c++-common/torture/vector-subscript-2.c -O3 -fomit-frame-pointer -funroll-all-loops -finline-functions (internal compiler error)
FAIL: c-c++-common/torture/vector-subscript-2.c -O3 -fomit-frame-pointer -funroll-all-loops -finline-functions (test for excess errors)
UNRESOLVED: c-c++-common/torture/vector-subscript-2.c -O3 -fomit-frame-pointer -funroll-all-loops -finline-functions compilation failed to produce executable
FAIL: c-c++-common/torture/vector-subscript-2.c -O3 -g (internal compiler error)
FAIL: c-c++-common/torture/vector-subscript-2.c -O3 -g (test for excess errors)
UNRESOLVED: c-c++-common/torture/vector-subscript-2.c -O3 -g compilation failed to produce executable
FAIL: c-c++-common/torture/vshuf-v16qi.c -O3 -fomit-frame-pointer (internal compiler error)
FAIL: c-c++-common/torture/vshuf-v16qi.c -O3 -fomit-frame-pointer (test for excess errors)
FAIL: c-c++-common/torture/vshuf-v16qi.c -O3 -g (internal compiler error)
FAIL: c-c++-common/torture/vshuf-v16qi.c -O3 -g (test for excess errors)
FAIL: c-c++-common/torture/vshuf-v2di.c -O3 -fomit-frame-pointer (internal compiler error)
FAIL: c-c++-common/torture/vshuf-v2di.c -O3 -fomit-frame-pointer (test for excess errors)
FAIL: c-c++-common/torture/vshuf-v2di.c -O3 -g (internal compiler error)
FAIL: c-c++-common/torture/vshuf-v2di.c -O3 -g (test for excess errors)
FAIL: c-c++-common/torture/vshuf-v4si.c -O3 -fomit-frame-pointer (internal compiler error)
FAIL: c-c++-common/torture/vshuf-v4si.c -O3 -fomit-frame-pointer (test for excess errors)
FAIL: c-c++-common/torture/vshuf-v4si.c -O3 -g (internal compiler error)
FAIL: c-c++-common/torture/vshuf-v4si.c -O3 -g (test for excess errors)
FAIL: c-c++-common/torture/vshuf-v8hi.c -O3 -fomit-frame-pointer (internal compiler error)
FAIL: c-c++-common/torture/vshuf-v8hi.c -O3 -fomit-frame-pointer (test for excess errors)
FAIL: c-c++-common/torture/vshuf-v8hi.c -O3 -g (internal compiler error)
FAIL: c-c++-common/torture/vshuf-v8hi.c -O3 -g (test for excess errors)
FAIL: g++.dg/torture/pr38565.C -O3 -fomit-frame-pointer (internal compiler error)
FAIL: g++.dg/torture/pr38565.C -O3 -fomit-frame-pointer (test for excess errors)
FAIL: g++.dg/torture/pr38565.C -O3 -g (internal compiler error)
FAIL: g++.dg/torture/pr38565.C -O3 -g (test for excess errors)
FAIL: g++.dg/torture/vshuf-v16qi.C -O3 -fomit-frame-pointer (internal compiler error)
FAIL: g++.dg/torture/vshuf-v16qi.C -O3 -fomit-frame-pointer (test for excess errors)
UNRESOLVED: g++.dg/torture/vshuf-v16qi.C -O3 -fomit-frame-pointer compilation failed to produce executable
FAIL: g++.dg/torture/vshuf-v16qi.C -O3 -g (internal compiler error)
FAIL: g++.dg/torture/vshuf-v16qi.C -O3 -g (test for excess errors)
UNRESOLVED: g++.dg/torture/vshuf-v16qi.C -O3 -g compilation failed to produce executable
FAIL: g++.dg/torture/vshuf-v2di.C -O3 -fomit-frame-pointer (internal compiler error)
FAIL: g++.dg/torture/vshuf-v2di.C -O3 -fomit-frame-pointer (test for excess errors)
UNRESOLVED: g++.dg/torture/vshuf-v2di.C -O3 -fomit-frame-pointer compilation failed to produce executable
FAIL: g++.dg/torture/vshuf-v2di.C -O3 -g (internal compiler error)
FAIL: g++.dg/torture/vshuf-v2di.C -O3 -g (test for excess errors)
UNRESOLVED: g++.dg/torture/vshuf-v2di.C -O3 -g compilation failed to produce executable
FAIL: g++.dg/torture/vshuf-v4si.C -O3 -fomit-frame-pointer (internal compiler error)
FAIL: g++.dg/torture/vshuf-v4si.C -O3 -fomit-frame-pointer (test for excess errors)
UNRESOLVED: g++.dg/torture/vshuf-v4si.C -O3 -fomit-frame-pointer compilation failed to produce executable
FAIL: g++.dg/torture/vshuf-v4si.C -O3 -g (internal compiler error)
FAIL: g++.dg/torture/vshuf-v4si.C -O3 -g (test for excess errors)
UNRESOLVED: g++.dg/torture/vshuf-v4si.C -O3 -g compilation failed to produce executable
FAIL: g++.dg/torture/vshuf-v8hi.C -O3 -fomit-frame-pointer (internal compiler error)
FAIL: g++.dg/torture/vshuf-v8hi.C -O3 -fomit-frame-pointer (test for excess errors)
UNRESOLVED: g++.dg/torture/vshuf-v8hi.C -O3 -fomit-frame-pointer compilation failed to produce executable
FAIL: g++.dg/torture/vshuf-v8hi.C -O3 -g (internal compiler error)
FAIL: g++.dg/torture/vshuf-v8hi.C -O3 -g (test for excess errors)
UNRESOLVED: g++.dg/torture/vshuf-v8hi.C -O3 -g compilation failed to produce executable
FAIL: g++.old-deja/g++.other/init18.C -std=c++98 execution test
FAIL: g++.old-deja/g++.other/init18.C -std=c++11 execution test
FAIL: g++.old-deja/g++.other/init19.C -std=c++98 execution test
FAIL: g++.old-deja/g++.other/init19.C -std=c++11 execution test
=== g++ Summary ===
# of expected passes 48500
# of unexpected failures 105
# of expected failures 288
# of unresolved testcases 24
# of unsupported tests 889
/home/kettenis/obj/gcc/gcc/testsuite/g++/../../g++ version 4.8.0 20121012 (experimental) [trunk revision 192392] (GCC)
=== gcc tests ===
Running target unix
FAIL: gcc.c-torture/compile/limits-structnest.c -O2 (test for excess errors)
FAIL: gcc.c-torture/compile/limits-structnest.c -O3 -fomit-frame-pointer (test for excess errors)
FAIL: gcc.c-torture/compile/limits-structnest.c -O3 -g (test for excess errors)
FAIL: gcc.c-torture/compile/limits-structnest.c -Os (test for excess errors)
FAIL: gcc.c-torture/compile/limits-structnest.c -O2 -flto -flto-partition=none (test for excess errors)
FAIL: gcc.c-torture/compile/limits-structnest.c -O2 -flto (test for excess errors)
FAIL: gcc.c-torture/compile/pr20928.c -O0 (test for excess errors)
FAIL: gcc.c-torture/compile/pr20928.c -O1 (test for excess errors)
FAIL: gcc.c-torture/compile/pr20928.c -O2 (test for excess errors)
FAIL: gcc.c-torture/compile/pr20928.c -O3 -fomit-frame-pointer (test for excess errors)
FAIL: gcc.c-torture/compile/pr20928.c -O3 -fomit-frame-pointer -funroll-loops (test for excess errors)
FAIL: gcc.c-torture/compile/pr20928.c -O3 -fomit-frame-pointer -funroll-all-loops -finline-functions (test for excess errors)
FAIL: gcc.c-torture/compile/pr20928.c -O3 -g (test for excess errors)
FAIL: gcc.c-torture/compile/pr20928.c -Os (test for excess errors)
FAIL: gcc.c-torture/compile/pr20928.c -O2 -flto -flto-partition=none (test for excess errors)
FAIL: gcc.c-torture/compile/pr20928.c -O2 -flto (test for excess errors)
FAIL: gcc.c-torture/compile/pr34966.c -O1 (internal compiler error)
FAIL: gcc.c-torture/compile/pr34966.c -O1 (test for excess errors)
FAIL: gcc.c-torture/compile/pr34966.c -O2 (internal compiler error)
FAIL: gcc.c-torture/compile/pr34966.c -O2 (test for excess errors)
FAIL: gcc.c-torture/compile/pr34966.c -O3 -fomit-frame-pointer (internal compiler error)
FAIL: gcc.c-torture/compile/pr34966.c -O3 -fomit-frame-pointer (test for excess errors)
FAIL: gcc.c-torture/compile/pr34966.c -O3 -g (internal compiler error)
FAIL: gcc.c-torture/compile/pr34966.c -O3 -g (test for excess errors)
FAIL: gcc.c-torture/compile/pr34966.c -Os (internal compiler error)
FAIL: gcc.c-torture/compile/pr34966.c -Os (test for excess errors)
FAIL: gcc.c-torture/compile/pr34966.c -O2 -flto -flto-partition=none (internal compiler error)
FAIL: gcc.c-torture/compile/pr34966.c -O2 -flto -flto-partition=none (test for excess errors)
FAIL: gcc.c-torture/compile/pr34966.c -O2 -flto (internal compiler error)
FAIL: gcc.c-torture/compile/pr34966.c -O2 -flto (test for excess errors)
FAIL: gcc.c-torture/compile/pr53410-2.c -O3 -fomit-frame-pointer (internal compiler error)
FAIL: gcc.c-torture/compile/pr53410-2.c -O3 -fomit-frame-pointer (test for excess errors)
FAIL: gcc.c-torture/compile/pr53410-2.c -O3 -g (internal compiler error)
FAIL: gcc.c-torture/compile/pr53410-2.c -O3 -g (test for excess errors)
FAIL: gcc.c-torture/compile/pr53748.c -O3 -fomit-frame-pointer (internal compiler error)
FAIL: gcc.c-torture/compile/pr53748.c -O3 -fomit-frame-pointer (test for excess errors)
FAIL: gcc.c-torture/compile/pr53748.c -O3 -g (internal compiler error)
FAIL: gcc.c-torture/compile/pr53748.c -O3 -g (test for excess errors)
FAIL: gcc.c-torture/execute/20000822-1.c execution, -O0
FAIL: gcc.c-torture/execute/20000822-1.c execution, -O1
FAIL: gcc.c-torture/execute/20000822-1.c execution, -O2
FAIL: gcc.c-torture/execute/20000822-1.c execution, -O3 -fomit-frame-pointer
FAIL: gcc.c-torture/execute/20000822-1.c execution, -O3 -g
FAIL: gcc.c-torture/execute/20000822-1.c execution, -Os
FAIL: gcc.c-torture/execute/20000822-1.c execution, -Og -g
FAIL: gcc.c-torture/execute/20000822-1.c execution, -O2 -flto -flto-partition=none
FAIL: gcc.c-torture/execute/20000822-1.c execution, -O2 -flto
FAIL: gcc.c-torture/execute/nestfunc-3.c execution, -O0
FAIL: gcc.c-torture/execute/nestfunc-3.c execution, -O1
FAIL: gcc.c-torture/execute/nestfunc-3.c execution, -O2
FAIL: gcc.c-torture/execute/nestfunc-3.c execution, -O3 -fomit-frame-pointer
FAIL: gcc.c-torture/execute/nestfunc-3.c execution, -O3 -fomit-frame-pointer -funroll-loops
FAIL: gcc.c-torture/execute/nestfunc-3.c execution, -O3 -fomit-frame-pointer -funroll-all-loops -finline-functions
FAIL: gcc.c-torture/execute/nestfunc-3.c execution, -O3 -g
FAIL: gcc.c-torture/execute/nestfunc-3.c execution, -Os
FAIL: gcc.c-torture/execute/nestfunc-3.c execution, -Og -g
FAIL: gcc.c-torture/execute/nestfunc-3.c execution, -O2 -flto -flto-partition=none
FAIL: gcc.c-torture/execute/nestfunc-3.c execution, -O2 -flto
FAIL: gcc.c-torture/execute/nestfunc-5.c execution, -O0
FAIL: gcc.c-torture/execute/nestfunc-5.c execution, -O1
FAIL: gcc.c-torture/execute/nestfunc-5.c execution, -O2
FAIL: gcc.c-torture/execute/nestfunc-5.c execution, -O3 -fomit-frame-pointer
FAIL: gcc.c-torture/execute/nestfunc-5.c execution, -O3 -g
FAIL: gcc.c-torture/execute/nestfunc-5.c execution, -Os
FAIL: gcc.c-torture/execute/nestfunc-5.c execution, -Og -g
FAIL: gcc.c-torture/execute/nestfunc-5.c execution, -O2 -flto -flto-partition=none
FAIL: gcc.c-torture/execute/nestfunc-5.c execution, -O2 -flto
FAIL: gcc.c-torture/execute/nestfunc-6.c execution, -O0
FAIL: gcc.c-torture/execute/nestfunc-6.c execution, -O1
FAIL: gcc.c-torture/execute/nestfunc-6.c execution, -O2
FAIL: gcc.c-torture/execute/nestfunc-6.c execution, -O3 -fomit-frame-pointer
FAIL: gcc.c-torture/execute/nestfunc-6.c execution, -O3 -g
FAIL: gcc.c-torture/execute/nestfunc-6.c execution, -Os
FAIL: gcc.c-torture/execute/nestfunc-6.c execution, -Og -g
FAIL: gcc.c-torture/execute/nestfunc-6.c execution, -O2 -flto -flto-partition=none
FAIL: gcc.c-torture/execute/nestfunc-6.c execution, -O2 -flto
FAIL: gcc.c-torture/execute/pr53645-2.c compilation, -O3 -fomit-frame-pointer (internal compiler error)
UNRESOLVED: gcc.c-torture/execute/pr53645-2.c execution, -O3 -fomit-frame-pointer
FAIL: gcc.c-torture/execute/pr53645-2.c compilation, -O3 -fomit-frame-pointer -funroll-loops (internal compiler error)
UNRESOLVED: gcc.c-torture/execute/pr53645-2.c execution, -O3 -fomit-frame-pointer -funroll-loops
FAIL: gcc.c-torture/execute/pr53645-2.c compilation, -O3 -fomit-frame-pointer -funroll-all-loops -finline-functions (internal compiler error)
UNRESOLVED: gcc.c-torture/execute/pr53645-2.c execution, -O3 -fomit-frame-pointer -funroll-all-loops -finline-functions
FAIL: gcc.c-torture/execute/pr53645-2.c compilation, -O3 -g (internal compiler error)
UNRESOLVED: gcc.c-torture/execute/pr53645-2.c execution, -O3 -g
FAIL: gcc.c-torture/execute/pr53645.c compilation, -O3 -fomit-frame-pointer (internal compiler error)
UNRESOLVED: gcc.c-torture/execute/pr53645.c execution, -O3 -fomit-frame-pointer
FAIL: gcc.c-torture/execute/pr53645.c compilation, -O3 -fomit-frame-pointer -funroll-loops (internal compiler error)
UNRESOLVED: gcc.c-torture/execute/pr53645.c execution, -O3 -fomit-frame-pointer -funroll-loops
FAIL: gcc.c-torture/execute/pr53645.c compilation, -O3 -fomit-frame-pointer -funroll-all-loops -finline-functions (internal compiler error)
UNRESOLVED: gcc.c-torture/execute/pr53645.c execution, -O3 -fomit-frame-pointer -funroll-all-loops -finline-functions
FAIL: gcc.c-torture/execute/pr53645.c compilation, -O3 -g (internal compiler error)
UNRESOLVED: gcc.c-torture/execute/pr53645.c execution, -O3 -g
FAIL: gcc.c-torture/execute/scal-to-vec1.c compilation, -O3 -fomit-frame-pointer (internal compiler error)
UNRESOLVED: gcc.c-torture/execute/scal-to-vec1.c execution, -O3 -fomit-frame-pointer
FAIL: gcc.c-torture/execute/scal-to-vec1.c compilation, -O3 -fomit-frame-pointer -funroll-loops (internal compiler error)
UNRESOLVED: gcc.c-torture/execute/scal-to-vec1.c execution, -O3 -fomit-frame-pointer -funroll-loops
FAIL: gcc.c-torture/execute/scal-to-vec1.c compilation, -O3 -fomit-frame-pointer -funroll-all-loops -finline-functions (internal compiler error)
UNRESOLVED: gcc.c-torture/execute/scal-to-vec1.c execution, -O3 -fomit-frame-pointer -funroll-all-loops -finline-functions
FAIL: gcc.c-torture/execute/scal-to-vec1.c compilation, -O3 -g (internal compiler error)
UNRESOLVED: gcc.c-torture/execute/scal-to-vec1.c execution, -O3 -g
FAIL: gcc.c-torture/execute/scal-to-vec2.c compilation, -O3 -fomit-frame-pointer (internal compiler error)
UNRESOLVED: gcc.c-torture/execute/scal-to-vec2.c execution, -O3 -fomit-frame-pointer
FAIL: gcc.c-torture/execute/scal-to-vec2.c compilation, -O3 -fomit-frame-pointer -funroll-loops (internal compiler error)
UNRESOLVED: gcc.c-torture/execute/scal-to-vec2.c execution, -O3 -fomit-frame-pointer -funroll-loops
FAIL: gcc.c-torture/execute/scal-to-vec2.c compilation, -O3 -fomit-frame-pointer -funroll-all-loops -finline-functions (internal compiler error)
UNRESOLVED: gcc.c-torture/execute/scal-to-vec2.c execution, -O3 -fomit-frame-pointer -funroll-all-loops -finline-functions
FAIL: gcc.c-torture/execute/scal-to-vec2.c compilation, -O3 -g (internal compiler error)
UNRESOLVED: gcc.c-torture/execute/scal-to-vec2.c execution, -O3 -g
FAIL: gcc.c-torture/execute/simd-1.c compilation, -O3 -fomit-frame-pointer (internal compiler error)
UNRESOLVED: gcc.c-torture/execute/simd-1.c execution, -O3 -fomit-frame-pointer
FAIL: gcc.c-torture/execute/simd-1.c compilation, -O3 -g (internal compiler error)
UNRESOLVED: gcc.c-torture/execute/simd-1.c execution, -O3 -g
FAIL: gcc.c-torture/execute/simd-2.c compilation, -O3 -fomit-frame-pointer (internal compiler error)
UNRESOLVED: gcc.c-torture/execute/simd-2.c execution, -O3 -fomit-frame-pointer
FAIL: gcc.c-torture/execute/simd-2.c compilation, -O3 -g (internal compiler error)
UNRESOLVED: gcc.c-torture/execute/simd-2.c execution, -O3 -g
FAIL: tmpdir-gcc.dg-struct-layout-1/t001 c_compat_x_tst.o-c_compat_y_tst.o execute
FAIL: tmpdir-gcc.dg-struct-layout-1/t025 c_compat_x_tst.o-c_compat_y_tst.o execute
FAIL: tmpdir-gcc.dg-struct-layout-1/t027 c_compat_x_tst.o-c_compat_y_tst.o execute
FAIL: tmpdir-gcc.dg-struct-layout-1/t028 c_compat_x_tst.o-c_compat_y_tst.o execute
FAIL: gcc.dg/debug/pr49294.c -gdwarf-2 -g1 (test for excess errors)
FAIL: gcc.dg/debug/pr49294.c -gdwarf-2 -g1 -O (test for excess errors)
FAIL: gcc.dg/debug/pr49294.c -gdwarf-2 -g1 -O3 (test for excess errors)
FAIL: gcc.dg/debug/pr49294.c -gdwarf-2 (test for excess errors)
FAIL: gcc.dg/debug/pr49294.c -gdwarf-2 -O (test for excess errors)
FAIL: gcc.dg/debug/pr49294.c -gdwarf-2 -O3 (test for excess errors)
FAIL: gcc.dg/debug/pr49294.c -gdwarf-2 -g3 (test for excess errors)
FAIL: gcc.dg/debug/pr49294.c -gdwarf-2 -g3 -O (test for excess errors)
FAIL: gcc.dg/debug/pr49294.c -gdwarf-2 -g3 -O3 (test for excess errors)
FAIL: gcc.dg/debug/pr49294.c -gstabs1 (test for excess errors)
FAIL: gcc.dg/debug/pr49294.c -gstabs1 -O (test for excess errors)
FAIL: gcc.dg/debug/pr49294.c -gstabs1 -O3 (test for excess errors)
FAIL: gcc.dg/debug/pr49294.c -gstabs (test for excess errors)
FAIL: gcc.dg/debug/pr49294.c -gstabs -O (test for excess errors)
FAIL: gcc.dg/debug/pr49294.c -gstabs -O3 (test for excess errors)
FAIL: gcc.dg/debug/pr49294.c -gstabs3 (test for excess errors)
FAIL: gcc.dg/debug/pr49294.c -gstabs3 -O (test for excess errors)
FAIL: gcc.dg/debug/pr49294.c -gstabs3 -O3 (test for excess errors)
FAIL: gcc.dg/debug/pr49294.c -gstabs+1 (test for excess errors)
FAIL: gcc.dg/debug/pr49294.c -gstabs+1 -O (test for excess errors)
FAIL: gcc.dg/debug/pr49294.c -gstabs+1 -O3 (test for excess errors)
FAIL: gcc.dg/debug/pr49294.c -gstabs+ (test for excess errors)
FAIL: gcc.dg/debug/pr49294.c -gstabs+ -O (test for excess errors)
FAIL: gcc.dg/debug/pr49294.c -gstabs+ -O3 (test for excess errors)
FAIL: gcc.dg/debug/pr49294.c -gstabs+3 (test for excess errors)
FAIL: gcc.dg/debug/pr49294.c -gstabs+3 -O (test for excess errors)
FAIL: gcc.dg/debug/pr49294.c -gstabs+3 -O3 (test for excess errors)
FAIL: gcc.dg/20020219-1.c execution test
XPASS: gcc.dg/Wstrict-overflow-18.c (test for bogus messages, line 20)
FAIL: gcc.dg/attr-weakref-1.c (test for excess errors)
UNRESOLVED: gcc.dg/attr-weakref-1.c compilation failed to produce executable
FAIL: gcc.dg/builtin-object-size-8.c execution test
FAIL: gcc.dg/builtins-1.c (internal compiler error)
FAIL: gcc.dg/builtins-1.c (test for excess errors)
FAIL: gcc.dg/builtins-36.c (internal compiler error)
FAIL: gcc.dg/builtins-36.c (test for excess errors)
FAIL: gcc.dg/builtins-59.c (internal compiler error)
FAIL: gcc.dg/builtins-59.c (test for excess errors)
FAIL: gcc.dg/builtins-61.c (internal compiler error)
FAIL: gcc.dg/builtins-61.c (test for excess errors)
FAIL: gcc.dg/builtins-61.c scan-tree-dump optimized "return 0.0"
FAIL: gcc.dg/builtins-62.c (internal compiler error)
FAIL: gcc.dg/builtins-62.c (test for excess errors)
FAIL: gcc.dg/builtins-62.c scan-tree-dump-times optimized "cexpi" 3
FAIL: gcc.dg/c1x-align-1.c (test for excess errors)
FAIL: gcc.dg/c1x-align-2.c (test for warnings, line 47)
FAIL: gcc.dg/c1x-align-2.c (test for excess errors)
UNRESOLVED: gcc.dg/c1x-align-2.c compilation failed to produce executable
FAIL: gcc.dg/c1x-align-4.c (test for excess errors)
FAIL: gcc.dg/c1x-float-1.c (test for excess errors)
FAIL: gcc.dg/c1x-noreturn-2.c (test for warnings, line 25)
FAIL: gcc.dg/c1x-noreturn-2.c second warning (test for warnings, line 25)
FAIL: gcc.dg/c1x-noreturn-2.c (test for warnings, line 32)
FAIL: gcc.dg/c1x-noreturn-2.c second warning (test for warnings, line 32)
FAIL: gcc.dg/c1x-noreturn-2.c (test for warnings, line 39)
FAIL: gcc.dg/c1x-noreturn-2.c (test for warnings, line 46)
FAIL: gcc.dg/c1x-noreturn-2.c (test for excess errors)
UNRESOLVED: gcc.dg/c1x-noreturn-2.c compilation failed to produce executable
FAIL: gcc.dg/c90-float-1.c (test for excess errors)
FAIL: gcc.dg/c99-stdint-1.c (test for excess errors)
FAIL: gcc.dg/c99-stdint-2.c (test for excess errors)
FAIL: gcc.dg/pr17055-1.c (test for excess errors)
FAIL: gcc.dg/pr17957.c (test for excess errors)
FAIL: gcc.dg/pr46251.c (internal compiler error)
FAIL: gcc.dg/pr46251.c (test for excess errors)
FAIL: gcc.dg/pr48616.c (test for excess errors)
FAIL: gcc.dg/single-precision-constant.c (test for excess errors)
FAIL: gcc.dg/single-precision-constant.c execution test
FAIL: gcc.dg/sms-8.c execution test
FAIL: gcc.dg/trampoline-1.c execution test
FAIL: gcc.dg/utf-array-short-wchar.c (test for errors, line 39)
FAIL: gcc.dg/utf-array-short-wchar.c (test for errors, line 41)
FAIL: gcc.dg/utf-array-short-wchar.c (test for excess errors)
FAIL: gcc.dg/va-arg-2.c file included from (test for warnings, line )
FAIL: gcc.dg/va-arg-2.c #error 1 (test for errors, line 4)
FAIL: gcc.dg/va-arg-2.c #error 2 (test for errors, line 5)
FAIL: c-c++-common/Wunused-var-12.c -Wc++-compat (test for excess errors)
FAIL: c-c++-common/fold-bitand-4.c -Wc++-compat (test for excess errors)
FAIL: c-c++-common/scal-to-vec2.c -Wc++-compat (test for excess errors)
FAIL: c-c++-common/vector-4.c -Wc++-compat (test for excess errors)
FAIL: c-c++-common/vector-compare-2.c -Wc++-compat (test for excess errors)
FAIL: gcc.dg/ipa/iinline-4.c scan-ipa-dump inline "hooray4[^\\\\n]*inline copy in test4"
FAIL: gcc.dg/simulate-thread/speculative-store-4.c -O0 -g thread simulation test
FAIL: gcc.dg/simulate-thread/speculative-store-4.c -O2 -g thread simulation test
FAIL: gcc.dg/simulate-thread/speculative-store-4.c -O3 -g thread simulation test
FAIL: gcc.dg/simulate-thread/subfields.c -O2 -g thread simulation test
FAIL: gcc.dg/simulate-thread/subfields.c -O3 -g thread simulation test
FAIL: gcc.dg/special/gcsec-1.c execution test
FAIL: gcc.dg/tm/pr51472.c (test for excess errors)
FAIL: c-c++-common/torture/vector-compare-1.c -O3 -fomit-frame-pointer (internal compiler error)
FAIL: c-c++-common/torture/vector-compare-1.c -O3 -fomit-frame-pointer (test for excess errors)
UNRESOLVED: c-c++-common/torture/vector-compare-1.c -O3 -fomit-frame-pointer compilation failed to produce executable
FAIL: c-c++-common/torture/vector-compare-1.c -O3 -fomit-frame-pointer -funroll-loops (internal compiler error)
FAIL: c-c++-common/torture/vector-compare-1.c -O3 -fomit-frame-pointer -funroll-loops (test for excess errors)
UNRESOLVED: c-c++-common/torture/vector-compare-1.c -O3 -fomit-frame-pointer -funroll-loops compilation failed to produce executable
FAIL: c-c++-common/torture/vector-compare-1.c -O3 -fomit-frame-pointer -funroll-all-loops -finline-functions (internal compiler error)
FAIL: c-c++-common/torture/vector-compare-1.c -O3 -fomit-frame-pointer -funroll-all-loops -finline-functions (test for excess errors)
UNRESOLVED: c-c++-common/torture/vector-compare-1.c -O3 -fomit-frame-pointer -funroll-all-loops -finline-functions compilation failed to produce executable
FAIL: c-c++-common/torture/vector-compare-1.c -O3 -g (internal compiler error)
FAIL: c-c++-common/torture/vector-compare-1.c -O3 -g (test for excess errors)
UNRESOLVED: c-c++-common/torture/vector-compare-1.c -O3 -g compilation failed to produce executable
FAIL: c-c++-common/torture/vector-compare-2.c -O3 -fomit-frame-pointer (internal compiler error)
FAIL: c-c++-common/torture/vector-compare-2.c -O3 -fomit-frame-pointer (test for excess errors)
UNRESOLVED: c-c++-common/torture/vector-compare-2.c -O3 -fomit-frame-pointer compilation failed to produce executable
FAIL: c-c++-common/torture/vector-compare-2.c -O3 -fomit-frame-pointer -funroll-loops (internal compiler error)
FAIL: c-c++-common/torture/vector-compare-2.c -O3 -fomit-frame-pointer -funroll-loops (test for excess errors)
UNRESOLVED: c-c++-common/torture/vector-compare-2.c -O3 -fomit-frame-pointer -funroll-loops compilation failed to produce executable
FAIL: c-c++-common/torture/vector-compare-2.c -O3 -fomit-frame-pointer -funroll-all-loops -finline-functions (internal compiler error)
FAIL: c-c++-common/torture/vector-compare-2.c -O3 -fomit-frame-pointer -funroll-all-loops -finline-functions (test for excess errors)
UNRESOLVED: c-c++-common/torture/vector-compare-2.c -O3 -fomit-frame-pointer -funroll-all-loops -finline-functions compilation failed to produce executable
FAIL: c-c++-common/torture/vector-compare-2.c -O3 -g (internal compiler error)
FAIL: c-c++-common/torture/vector-compare-2.c -O3 -g (test for excess errors)
UNRESOLVED: c-c++-common/torture/vector-compare-2.c -O3 -g compilation failed to produce executable
FAIL: c-c++-common/torture/vector-shift.c -O3 -fomit-frame-pointer (internal compiler error)
FAIL: c-c++-common/torture/vector-shift.c -O3 -fomit-frame-pointer (test for excess errors)
UNRESOLVED: c-c++-common/torture/vector-shift.c -O3 -fomit-frame-pointer compilation failed to produce executable
FAIL: c-c++-common/torture/vector-shift.c -O3 -fomit-frame-pointer -funroll-loops (internal compiler error)
FAIL: c-c++-common/torture/vector-shift.c -O3 -fomit-frame-pointer -funroll-loops (test for excess errors)
UNRESOLVED: c-c++-common/torture/vector-shift.c -O3 -fomit-frame-pointer -funroll-loops compilation failed to produce executable
FAIL: c-c++-common/torture/vector-shift.c -O3 -fomit-frame-pointer -funroll-all-loops -finline-functions (internal compiler error)
FAIL: c-c++-common/torture/vector-shift.c -O3 -fomit-frame-pointer -funroll-all-loops -finline-functions (test for excess errors)
UNRESOLVED: c-c++-common/torture/vector-shift.c -O3 -fomit-frame-pointer -funroll-all-loops -finline-functions compilation failed to produce executable
FAIL: c-c++-common/torture/vector-shift.c -O3 -g (internal compiler error)
FAIL: c-c++-common/torture/vector-shift.c -O3 -g (test for excess errors)
UNRESOLVED: c-c++-common/torture/vector-shift.c -O3 -g compilation failed to produce executable
FAIL: c-c++-common/torture/vector-subscript-1.c -O0 (test for excess errors)
FAIL: c-c++-common/torture/vector-subscript-1.c -O1 (test for excess errors)
FAIL: c-c++-common/torture/vector-subscript-1.c -O2 (test for excess errors)
FAIL: c-c++-common/torture/vector-subscript-1.c -O3 -fomit-frame-pointer (test for excess errors)
FAIL: c-c++-common/torture/vector-subscript-1.c -O3 -fomit-frame-pointer -funroll-loops (test for excess errors)
FAIL: c-c++-common/torture/vector-subscript-1.c -O3 -fomit-frame-pointer -funroll-all-loops -finline-functions (test for excess errors)
FAIL: c-c++-common/torture/vector-subscript-1.c -O3 -g (test for excess errors)
FAIL: c-c++-common/torture/vector-subscript-1.c -Os (test for excess errors)
FAIL: c-c++-common/torture/vector-subscript-1.c -O2 -flto -flto-partition=none (test for excess errors)
FAIL: c-c++-common/torture/vector-subscript-1.c -O2 -flto (test for excess errors)
FAIL: c-c++-common/torture/vector-subscript-2.c -O0 (test for excess errors)
FAIL: c-c++-common/torture/vector-subscript-2.c -O1 (test for excess errors)
FAIL: c-c++-common/torture/vector-subscript-2.c -O2 (test for excess errors)
FAIL: c-c++-common/torture/vector-subscript-2.c -O3 -fomit-frame-pointer (internal compiler error)
FAIL: c-c++-common/torture/vector-subscript-2.c -O3 -fomit-frame-pointer (test for excess errors)
UNRESOLVED: c-c++-common/torture/vector-subscript-2.c -O3 -fomit-frame-pointer compilation failed to produce executable
FAIL: c-c++-common/torture/vector-subscript-2.c -O3 -fomit-frame-pointer -funroll-loops (internal compiler error)
FAIL: c-c++-common/torture/vector-subscript-2.c -O3 -fomit-frame-pointer -funroll-loops (test for excess errors)
UNRESOLVED: c-c++-common/torture/vector-subscript-2.c -O3 -fomit-frame-pointer -funroll-loops compilation failed to produce executable
FAIL: c-c++-common/torture/vector-subscript-2.c -O3 -fomit-frame-pointer -funroll-all-loops -finline-functions (internal compiler error)
FAIL: c-c++-common/torture/vector-subscript-2.c -O3 -fomit-frame-pointer -funroll-all-loops -finline-functions (test for excess errors)
UNRESOLVED: c-c++-common/torture/vector-subscript-2.c -O3 -fomit-frame-pointer -funroll-all-loops -finline-functions compilation failed to produce executable
FAIL: c-c++-common/torture/vector-subscript-2.c -O3 -g (internal compiler error)
FAIL: c-c++-common/torture/vector-subscript-2.c -O3 -g (test for excess errors)
UNRESOLVED: c-c++-common/torture/vector-subscript-2.c -O3 -g compilation failed to produce executable
FAIL: c-c++-common/torture/vector-subscript-2.c -Os (test for excess errors)
FAIL: c-c++-common/torture/vector-subscript-2.c -O2 -flto -flto-partition=none (test for excess errors)
FAIL: c-c++-common/torture/vector-subscript-2.c -O2 -flto (test for excess errors)
FAIL: c-c++-common/torture/vshuf-v16qi.c -O3 -fomit-frame-pointer (internal compiler error)
FAIL: c-c++-common/torture/vshuf-v16qi.c -O3 -fomit-frame-pointer (test for excess errors)
FAIL: c-c++-common/torture/vshuf-v16qi.c -O3 -g (internal compiler error)
FAIL: c-c++-common/torture/vshuf-v16qi.c -O3 -g (test for excess errors)
FAIL: c-c++-common/torture/vshuf-v2di.c -O3 -fomit-frame-pointer (internal compiler error)
FAIL: c-c++-common/torture/vshuf-v2di.c -O3 -fomit-frame-pointer (test for excess errors)
FAIL: c-c++-common/torture/vshuf-v2di.c -O3 -g (internal compiler error)
FAIL: c-c++-common/torture/vshuf-v2di.c -O3 -g (test for excess errors)
FAIL: c-c++-common/torture/vshuf-v4si.c -O3 -fomit-frame-pointer (internal compiler error)
FAIL: c-c++-common/torture/vshuf-v4si.c -O3 -fomit-frame-pointer (test for excess errors)
FAIL: c-c++-common/torture/vshuf-v4si.c -O3 -g (internal compiler error)
FAIL: c-c++-common/torture/vshuf-v4si.c -O3 -g (test for excess errors)
FAIL: c-c++-common/torture/vshuf-v8hi.c -O3 -fomit-frame-pointer (internal compiler error)
FAIL: c-c++-common/torture/vshuf-v8hi.c -O3 -fomit-frame-pointer (test for excess errors)
FAIL: c-c++-common/torture/vshuf-v8hi.c -O3 -g (internal compiler error)
FAIL: c-c++-common/torture/vshuf-v8hi.c -O3 -g (test for excess errors)
FAIL: gcc.dg/torture/pr21817-1.c -O0 (test for excess errors)
FAIL: gcc.dg/torture/pr21817-1.c -O1 (test for excess errors)
FAIL: gcc.dg/torture/pr21817-1.c -O2 (test for excess errors)
FAIL: gcc.dg/torture/pr21817-1.c -O3 -fomit-frame-pointer (test for excess errors)
FAIL: gcc.dg/torture/pr21817-1.c -O3 -fomit-frame-pointer -funroll-loops (test for excess errors)
FAIL: gcc.dg/torture/pr21817-1.c -O3 -fomit-frame-pointer -funroll-all-loops -finline-functions (test for excess errors)
FAIL: gcc.dg/torture/pr21817-1.c -O3 -g (test for excess errors)
FAIL: gcc.dg/torture/pr21817-1.c -Os (test for excess errors)
FAIL: gcc.dg/torture/pr21817-1.c -O2 -flto -flto-partition=none (test for excess errors)
FAIL: gcc.dg/torture/pr21817-1.c -O2 -flto (test for excess errors)
FAIL: gcc.dg/torture/pr45678-1.c -O0 (test for excess errors)
FAIL: gcc.dg/torture/pr45678-1.c -O1 (test for excess errors)
FAIL: gcc.dg/torture/pr45678-1.c -O2 (test for excess errors)
FAIL: gcc.dg/torture/pr45678-1.c -O3 -fomit-frame-pointer (test for excess errors)
FAIL: gcc.dg/torture/pr45678-1.c -O3 -g (test for excess errors)
FAIL: gcc.dg/torture/pr45678-1.c -Os (test for excess errors)
FAIL: gcc.dg/torture/pr45678-1.c -O2 -flto -flto-partition=none (test for excess errors)
FAIL: gcc.dg/torture/pr45678-1.c -O2 -flto (test for excess errors)
FAIL: gcc.dg/torture/pr45678-2.c -O0 (test for excess errors)
FAIL: gcc.dg/torture/pr45678-2.c -O1 (test for excess errors)
FAIL: gcc.dg/torture/pr45678-2.c -O2 (test for excess errors)
FAIL: gcc.dg/torture/pr45678-2.c -O3 -fomit-frame-pointer (test for excess errors)
FAIL: gcc.dg/torture/pr45678-2.c -O3 -g (test for excess errors)
FAIL: gcc.dg/torture/pr45678-2.c -Os (test for excess errors)
FAIL: gcc.dg/torture/pr45678-2.c -O2 -flto -flto-partition=none (test for excess errors)
FAIL: gcc.dg/torture/pr45678-2.c -O2 -flto (test for excess errors)
FAIL: gcc.dg/torture/pr47975.c -O0 (test for excess errors)
FAIL: gcc.dg/torture/pr47975.c -O1 (test for excess errors)
FAIL: gcc.dg/torture/pr47975.c -O2 (test for excess errors)
FAIL: gcc.dg/torture/pr47975.c -O3 -fomit-frame-pointer (test for excess errors)
FAIL: gcc.dg/torture/pr47975.c -O3 -g (test for excess errors)
FAIL: gcc.dg/torture/pr47975.c -Os (test for excess errors)
FAIL: gcc.dg/torture/pr47975.c -O2 -flto -flto-partition=none (test for excess errors)
FAIL: gcc.dg/torture/pr47975.c -O2 -flto (test for excess errors)
FAIL: gcc.dg/torture/pr51106-2.c -O0 (internal compiler error)
FAIL: gcc.dg/torture/pr51106-2.c -O0 (test for excess errors)
FAIL: gcc.dg/torture/pr51106-2.c -O1 (internal compiler error)
FAIL: gcc.dg/torture/pr51106-2.c -O1 (test for excess errors)
FAIL: gcc.dg/torture/pr51106-2.c -O2 (internal compiler error)
FAIL: gcc.dg/torture/pr51106-2.c -O2 (test for excess errors)
FAIL: gcc.dg/torture/pr51106-2.c -O3 -fomit-frame-pointer (internal compiler error)
FAIL: gcc.dg/torture/pr51106-2.c -O3 -fomit-frame-pointer (test for excess errors)
FAIL: gcc.dg/torture/pr51106-2.c -O3 -g (internal compiler error)
FAIL: gcc.dg/torture/pr51106-2.c -O3 -g (test for excess errors)
FAIL: gcc.dg/torture/pr51106-2.c -Os (internal compiler error)
FAIL: gcc.dg/torture/pr51106-2.c -Os (test for excess errors)
FAIL: gcc.dg/torture/pr51106-2.c -O2 -flto -flto-partition=none (internal compiler error)
FAIL: gcc.dg/torture/pr51106-2.c -O2 -flto -flto-partition=none (test for excess errors)
FAIL: gcc.dg/torture/pr51106-2.c -O2 -flto (internal compiler error)
FAIL: gcc.dg/torture/pr51106-2.c -O2 -flto (test for excess errors)
FAIL: gcc.dg/torture/pr52402.c -O3 -fomit-frame-pointer (internal compiler error)
FAIL: gcc.dg/torture/pr52402.c -O3 -fomit-frame-pointer (test for excess errors)
UNRESOLVED: gcc.dg/torture/pr52402.c -O3 -fomit-frame-pointer compilation failed to produce executable
FAIL: gcc.dg/torture/pr52402.c -O3 -g (internal compiler error)
FAIL: gcc.dg/torture/pr52402.c -O3 -g (test for excess errors)
UNRESOLVED: gcc.dg/torture/pr52402.c -O3 -g compilation failed to produce executable
FAIL: gcc.dg/torture/pr52407.c -O0 (test for excess errors)
FAIL: gcc.dg/torture/pr52407.c -O1 (test for excess errors)
FAIL: gcc.dg/torture/pr52407.c -O2 (test for excess errors)
FAIL: gcc.dg/torture/pr52407.c -O3 -fomit-frame-pointer (internal compiler error)
FAIL: gcc.dg/torture/pr52407.c -O3 -fomit-frame-pointer (test for excess errors)
UNRESOLVED: gcc.dg/torture/pr52407.c -O3 -fomit-frame-pointer compilation failed to produce executable
FAIL: gcc.dg/torture/pr52407.c -O3 -fomit-frame-pointer -funroll-loops (internal compiler error)
FAIL: gcc.dg/torture/pr52407.c -O3 -fomit-frame-pointer -funroll-loops (test for excess errors)
UNRESOLVED: gcc.dg/torture/pr52407.c -O3 -fomit-frame-pointer -funroll-loops compilation failed to produce executable
FAIL: gcc.dg/torture/pr52407.c -O3 -fomit-frame-pointer -funroll-all-loops -finline-functions (internal compiler error)
FAIL: gcc.dg/torture/pr52407.c -O3 -fomit-frame-pointer -funroll-all-loops -finline-functions (test for excess errors)
UNRESOLVED: gcc.dg/torture/pr52407.c -O3 -fomit-frame-pointer -funroll-all-loops -finline-functions compilation failed to produce executable
FAIL: gcc.dg/torture/pr52407.c -O3 -g (internal compiler error)
FAIL: gcc.dg/torture/pr52407.c -O3 -g (test for excess errors)
UNRESOLVED: gcc.dg/torture/pr52407.c -O3 -g compilation failed to produce executable
FAIL: gcc.dg/torture/pr52407.c -Os (test for excess errors)
FAIL: gcc.dg/torture/pr52407.c -O2 -flto -flto-partition=none (test for excess errors)
FAIL: gcc.dg/torture/pr52407.c -O2 -flto (test for excess errors)
FAIL: gcc.dg/torture/pr52419.c -O3 -fomit-frame-pointer (internal compiler error)
FAIL: gcc.dg/torture/pr52419.c -O3 -fomit-frame-pointer (test for excess errors)
UNRESOLVED: gcc.dg/torture/pr52419.c -O3 -fomit-frame-pointer compilation failed to produce executable
FAIL: gcc.dg/torture/pr52419.c -O3 -g (internal compiler error)
FAIL: gcc.dg/torture/pr52419.c -O3 -g (test for excess errors)
UNRESOLVED: gcc.dg/torture/pr52419.c -O3 -g compilation failed to produce executable
FAIL: gcc.dg/torture/vec-cvt-1.c -O3 -fomit-frame-pointer -funroll-loops execution test
FAIL: gcc.dg/torture/vec-cvt-1.c -O3 -fomit-frame-pointer -funroll-all-loops -finline-functions execution test
FAIL: gcc.dg/torture/vector-2.c -O3 -fomit-frame-pointer (internal compiler error)
FAIL: gcc.dg/torture/vector-2.c -O3 -fomit-frame-pointer (test for excess errors)
UNRESOLVED: gcc.dg/torture/vector-2.c -O3 -fomit-frame-pointer compilation failed to produce executable
FAIL: gcc.dg/torture/vector-2.c -O3 -g (internal compiler error)
FAIL: gcc.dg/torture/vector-2.c -O3 -g (test for excess errors)
UNRESOLVED: gcc.dg/torture/vector-2.c -O3 -g compilation failed to produce executable
FAIL: gcc.dg/torture/vshuf-v16hi.c -O2 (test for excess errors)
FAIL: gcc.dg/torture/vshuf-v16qi.c -O2 (test for excess errors)
FAIL: gcc.dg/torture/vshuf-v2df.c -O2 (test for excess errors)
FAIL: gcc.dg/torture/vshuf-v2di.c -O2 (test for excess errors)
FAIL: gcc.dg/torture/vshuf-v32qi.c -O2 (test for excess errors)
FAIL: gcc.dg/torture/vshuf-v4df.c -O2 (test for excess errors)
FAIL: gcc.dg/torture/vshuf-v4di.c -O2 (test for excess errors)
FAIL: gcc.dg/torture/vshuf-v4sf.c -O2 (test for excess errors)
FAIL: gcc.dg/torture/vshuf-v4si.c -O2 (test for excess errors)
FAIL: gcc.dg/torture/vshuf-v8hi.c -O2 (test for excess errors)
FAIL: gcc.dg/torture/vshuf-v8sf.c -O2 (test for excess errors)
FAIL: gcc.dg/torture/vshuf-v8si.c -O2 (test for excess errors)
FAIL: gcc.dg/torture/stackalign/nested-5.c -O0 execution test
FAIL: gcc.dg/torture/stackalign/nested-5.c -O0 -fpic execution test
FAIL: gcc.dg/torture/stackalign/nested-5.c -O1 execution test
FAIL: gcc.dg/torture/stackalign/nested-5.c -O1 -fpic execution test
FAIL: gcc.dg/torture/stackalign/nested-5.c -O2 execution test
FAIL: gcc.dg/torture/stackalign/nested-5.c -O2 -fpic execution test
FAIL: gcc.dg/torture/stackalign/nested-5.c -O3 -fomit-frame-pointer execution test
FAIL: gcc.dg/torture/stackalign/nested-5.c -O3 -fomit-frame-pointer -fpic execution test
FAIL: gcc.dg/torture/stackalign/nested-5.c -O3 -g execution test
FAIL: gcc.dg/torture/stackalign/nested-5.c -O3 -g -fpic execution test
FAIL: gcc.dg/torture/stackalign/nested-5.c -Os execution test
FAIL: gcc.dg/torture/stackalign/nested-5.c -Os -fpic execution test
FAIL: gcc.dg/torture/stackalign/nested-5.c -O2 -flto -flto-partition=none execution test
FAIL: gcc.dg/torture/stackalign/nested-5.c -O2 -flto -flto-partition=none -fpic execution test
FAIL: gcc.dg/torture/stackalign/nested-5.c -O2 -flto execution test
FAIL: gcc.dg/torture/stackalign/nested-5.c -O2 -flto -fpic execution test
FAIL: gcc.dg/torture/stackalign/nested-6.c -O0 execution test
FAIL: gcc.dg/torture/stackalign/nested-6.c -O0 -fpic execution test
FAIL: gcc.dg/torture/stackalign/nested-6.c -O1 execution test
FAIL: gcc.dg/torture/stackalign/nested-6.c -O1 -fpic execution test
FAIL: gcc.dg/torture/stackalign/nested-6.c -O2 execution test
FAIL: gcc.dg/torture/stackalign/nested-6.c -O2 -fpic execution test
FAIL: gcc.dg/torture/stackalign/nested-6.c -O3 -fomit-frame-pointer execution test
FAIL: gcc.dg/torture/stackalign/nested-6.c -O3 -fomit-frame-pointer -fpic execution test
FAIL: gcc.dg/torture/stackalign/nested-6.c -O3 -g execution test
FAIL: gcc.dg/torture/stackalign/nested-6.c -O3 -g -fpic execution test
FAIL: gcc.dg/torture/stackalign/nested-6.c -Os execution test
FAIL: gcc.dg/torture/stackalign/nested-6.c -Os -fpic execution test
FAIL: gcc.dg/torture/stackalign/nested-6.c -O2 -flto -flto-partition=none execution test
FAIL: gcc.dg/torture/stackalign/nested-6.c -O2 -flto -flto-partition=none -fpic execution test
FAIL: gcc.dg/torture/stackalign/nested-6.c -O2 -flto execution test
FAIL: gcc.dg/torture/stackalign/nested-6.c -O2 -flto -fpic execution test
FAIL: gcc.dg/torture/tls/tls-test.c -O0 execution test
FAIL: gcc.dg/torture/tls/tls-test.c -O1 execution test
FAIL: gcc.dg/torture/tls/tls-test.c -O2 execution test
FAIL: gcc.dg/torture/tls/tls-test.c -O3 -fomit-frame-pointer execution test
FAIL: gcc.dg/torture/tls/tls-test.c -O3 -g execution test
FAIL: gcc.dg/torture/tls/tls-test.c -Os execution test
FAIL: gcc.dg/torture/tls/tls-test.c -O0 -fpic execution test
FAIL: gcc.dg/torture/tls/tls-test.c -O1 -fpic execution test
FAIL: gcc.dg/torture/tls/tls-test.c -O2 -fpic execution test
FAIL: gcc.dg/torture/tls/tls-test.c -O3 -fomit-frame-pointer -fpic execution test
FAIL: gcc.dg/torture/tls/tls-test.c -O3 -g -fpic execution test
FAIL: gcc.dg/torture/tls/tls-test.c -Os -fpic execution test
FAIL: gcc.dg/torture/tls/tls-test.c -O0 -fPIC execution test
FAIL: gcc.dg/torture/tls/tls-test.c -O1 -fPIC execution test
FAIL: gcc.dg/torture/tls/tls-test.c -O2 -fPIC execution test
FAIL: gcc.dg/torture/tls/tls-test.c -O3 -fomit-frame-pointer -fPIC execution test
FAIL: gcc.dg/torture/tls/tls-test.c -O3 -g -fPIC execution test
FAIL: gcc.dg/torture/tls/tls-test.c -Os -fPIC execution test
FAIL: gcc.dg/torture/tls/tls-test.c -O2 -flto -flto-partition=none execution test
FAIL: gcc.dg/torture/tls/tls-test.c -O2 -flto execution test
XPASS: gcc.dg/tree-ssa/loop-1.c scan-assembler-times foo 5
FAIL: gcc.dg/tree-ssa/ssa-fre-31.c (test for excess errors)
FAIL: gcc.dg/tree-ssa/ssa-fre-33.c (test for excess errors)
FAIL: gcc.dg/tree-ssa/ssa-fre-34.c (test for excess errors)
FAIL: gcc.dg/tree-ssa/vector-4.c scan-tree-dump-times gimple "VEC_PERM_EXPR <a, b, { 0, 4, 1, 5 }>;" 1
=== gcc Summary ===
# of expected passes 77222
# of unexpected failures 395
# of unexpected successes 2
# of expected failures 107
# of unresolved testcases 49
# of unsupported tests 1314
/home/kettenis/obj/gcc/gcc/xgcc version 4.8.0 20121012 (experimental) [trunk revision 192392] (GCC)
=== libatomic tests ===
Running target unix
FAIL: libatomic.c/atomic-generic.c (test for excess errors)
UNRESOLVED: libatomic.c/atomic-generic.c compilation failed to produce executable
FAIL: libatomic.c/generic-2.c (test for excess errors)
UNRESOLVED: libatomic.c/generic-2.c compilation failed to produce executable
=== libatomic Summary ===
# of unexpected failures 2
# of unresolved testcases 2
# of unsupported tests 25
=== libgomp tests ===
Running target unix
FAIL: libgomp.c/copyin-1.c execution test
FAIL: libgomp.c/copyin-2.c execution test
FAIL: libgomp.c/copyin-3.c execution test
FAIL: libgomp.c/lib-1.c execution test
FAIL: libgomp.c/lock-1.c execution test
FAIL: libgomp.c/lock-2.c execution test
FAIL: libgomp.c/pr24455.c execution test
FAIL: libgomp.c/pr52547.c execution test
FAIL: libgomp.c++/copyin-1.C -O0 execution test
FAIL: libgomp.c++/copyin-1.C -O1 execution test
FAIL: libgomp.c++/copyin-1.C -O2 execution test
FAIL: libgomp.c++/copyin-1.C -O3 -fomit-frame-pointer execution test
FAIL: libgomp.c++/copyin-1.C -O3 -fomit-frame-pointer -funroll-loops execution test
FAIL: libgomp.c++/copyin-1.C -O3 -fomit-frame-pointer -funroll-all-loops -finline-functions execution test
FAIL: libgomp.c++/copyin-1.C -O3 -g execution test
FAIL: libgomp.c++/copyin-1.C -Os execution test
FAIL: libgomp.c++/copyin-2.C -O0 execution test
FAIL: libgomp.c++/copyin-2.C -O1 execution test
FAIL: libgomp.c++/copyin-2.C -O2 execution test
FAIL: libgomp.c++/copyin-2.C -O3 -fomit-frame-pointer execution test
FAIL: libgomp.c++/copyin-2.C -O3 -fomit-frame-pointer -funroll-loops execution test
FAIL: libgomp.c++/copyin-2.C -O3 -fomit-frame-pointer -funroll-all-loops -finline-functions execution test
FAIL: libgomp.c++/copyin-2.C -O3 -g execution test
FAIL: libgomp.c++/copyin-2.C -Os execution test
FAIL: libgomp.c++/ctor-5.C -O0 execution test
FAIL: libgomp.c++/ctor-5.C -O1 execution test
FAIL: libgomp.c++/ctor-5.C -O2 execution test
FAIL: libgomp.c++/ctor-5.C -O3 -fomit-frame-pointer execution test
FAIL: libgomp.c++/ctor-5.C -O3 -fomit-frame-pointer -funroll-loops execution test
FAIL: libgomp.c++/ctor-5.C -O3 -fomit-frame-pointer -funroll-all-loops -finline-functions execution test
FAIL: libgomp.c++/ctor-5.C -O3 -g execution test
FAIL: libgomp.c++/ctor-5.C -Os execution test
FAIL: libgomp.c++/ctor-9.C -O0 execution test
FAIL: libgomp.c++/ctor-9.C -O1 execution test
FAIL: libgomp.c++/ctor-9.C -O2 execution test
FAIL: libgomp.c++/ctor-9.C -O3 -fomit-frame-pointer execution test
FAIL: libgomp.c++/ctor-9.C -O3 -fomit-frame-pointer -funroll-loops execution test
FAIL: libgomp.c++/ctor-9.C -O3 -fomit-frame-pointer -funroll-all-loops -finline-functions execution test
FAIL: libgomp.c++/ctor-9.C -O3 -g execution test
FAIL: libgomp.c++/ctor-9.C -Os execution test
=== libgomp Summary ===
# of expected passes 1183
# of unexpected failures 40
# of unsupported tests 10
=== libstdc++ tests ===
Running target unix
WARNING: program timed out.
FAIL: 20_util/hash/chi2_quality.cc execution test
FAIL: 20_util/ratio/comparisons/comp2.cc (test for excess errors)
UNRESOLVED: 20_util/ratio/comparisons/comp2.cc compilation failed to produce executable
FAIL: 20_util/ratio/cons/cons_overflow_neg.cc (test for errors, line 34)
FAIL: 20_util/ratio/cons/cons_overflow_neg.cc (test for errors, line 40)
FAIL: 20_util/ratio/cons/cons_overflow_neg.cc (test for errors, line 266)
FAIL: 20_util/ratio/cons/cons_overflow_neg.cc (test for errors, line 61)
FAIL: 20_util/ratio/cons/cons_overflow_neg.cc (test for excess errors)
FAIL: 20_util/ratio/operations/ops2.cc (test for excess errors)
UNRESOLVED: 20_util/ratio/operations/ops2.cc compilation failed to produce executable
FAIL: 20_util/ratio/operations/ops3.cc (test for excess errors)
UNRESOLVED: 20_util/ratio/operations/ops3.cc compilation failed to produce executable
FAIL: 20_util/ratio/operations/ops_overflow_neg.cc (test for errors, line 29)
FAIL: 20_util/ratio/operations/ops_overflow_neg.cc (test for errors, line 435)
FAIL: 20_util/ratio/operations/ops_overflow_neg.cc (test for errors, line 97)
FAIL: 20_util/ratio/operations/ops_overflow_neg.cc (test for errors, line 99)
FAIL: 20_util/ratio/operations/ops_overflow_neg.cc (test for errors, line 101)
FAIL: 20_util/ratio/operations/ops_overflow_neg.cc (test for excess errors)
FAIL: 26_numerics/complex/13450.cc (test for excess errors)
UNRESOLVED: 26_numerics/complex/13450.cc compilation failed to produce executable
FAIL: 26_numerics/complex/dr844.cc (test for excess errors)
UNRESOLVED: 26_numerics/complex/dr844.cc compilation failed to produce executable
FAIL: 26_numerics/complex/pow.cc (test for excess errors)
UNRESOLVED: 26_numerics/complex/pow.cc compilation failed to produce executable
FAIL: 26_numerics/headers/cmath/c99_classification_macros_c.cc (test for excess errors)
FAIL: tr1/5_numerical_facilities/special_functions/09_cyl_bessel_j/check_nan.cc (test for excess errors)
UNRESOLVED: tr1/5_numerical_facilities/special_functions/09_cyl_bessel_j/check_nan.cc compilation failed to produce executable
FAIL: tr1/5_numerical_facilities/special_functions/09_cyl_bessel_j/check_value.cc (test for excess errors)
UNRESOLVED: tr1/5_numerical_facilities/special_functions/09_cyl_bessel_j/check_value.cc compilation failed to produce executable
FAIL: tr1/5_numerical_facilities/special_functions/09_cyl_bessel_j/compile.cc (test for excess errors)
FAIL: tr1/5_numerical_facilities/special_functions/09_cyl_bessel_j/compile_2.cc (test for excess errors)
FAIL: tr1/5_numerical_facilities/special_functions/11_cyl_neumann/check_nan.cc (test for excess errors)
UNRESOLVED: tr1/5_numerical_facilities/special_functions/11_cyl_neumann/check_nan.cc compilation failed to produce executable
FAIL: tr1/5_numerical_facilities/special_functions/11_cyl_neumann/check_value.cc (test for excess errors)
UNRESOLVED: tr1/5_numerical_facilities/special_functions/11_cyl_neumann/check_value.cc compilation failed to produce executable
FAIL: tr1/5_numerical_facilities/special_functions/11_cyl_neumann/compile.cc (test for excess errors)
FAIL: tr1/5_numerical_facilities/special_functions/11_cyl_neumann/compile_2.cc (test for excess errors)
FAIL: tr1/5_numerical_facilities/special_functions/12_ellint_1/check_nan.cc (test for excess errors)
UNRESOLVED: tr1/5_numerical_facilities/special_functions/12_ellint_1/check_nan.cc compilation failed to produce executable
FAIL: tr1/5_numerical_facilities/special_functions/12_ellint_1/check_value.cc (test for excess errors)
UNRESOLVED: tr1/5_numerical_facilities/special_functions/12_ellint_1/check_value.cc compilation failed to produce executable
FAIL: tr1/5_numerical_facilities/special_functions/12_ellint_1/compile.cc (test for excess errors)
FAIL: tr1/5_numerical_facilities/special_functions/12_ellint_1/compile_2.cc (test for excess errors)
FAIL: tr1/5_numerical_facilities/special_functions/13_ellint_2/check_nan.cc (test for excess errors)
UNRESOLVED: tr1/5_numerical_facilities/special_functions/13_ellint_2/check_nan.cc compilation failed to produce executable
FAIL: tr1/5_numerical_facilities/special_functions/13_ellint_2/check_value.cc (test for excess errors)
UNRESOLVED: tr1/5_numerical_facilities/special_functions/13_ellint_2/check_value.cc compilation failed to produce executable
FAIL: tr1/5_numerical_facilities/special_functions/13_ellint_2/compile.cc (test for excess errors)
FAIL: tr1/5_numerical_facilities/special_functions/13_ellint_2/compile_2.cc (test for excess errors)
FAIL: tr1/5_numerical_facilities/special_functions/14_ellint_3/check_nan.cc (test for excess errors)
UNRESOLVED: tr1/5_numerical_facilities/special_functions/14_ellint_3/check_nan.cc compilation failed to produce executable
FAIL: tr1/5_numerical_facilities/special_functions/14_ellint_3/check_value.cc (test for excess errors)
UNRESOLVED: tr1/5_numerical_facilities/special_functions/14_ellint_3/check_value.cc compilation failed to produce executable
FAIL: tr1/5_numerical_facilities/special_functions/14_ellint_3/compile.cc (test for excess errors)
FAIL: tr1/5_numerical_facilities/special_functions/14_ellint_3/compile_2.cc (test for excess errors)
FAIL: tr1/5_numerical_facilities/special_functions/17_hyperg/check_nan.cc (test for excess errors)
UNRESOLVED: tr1/5_numerical_facilities/special_functions/17_hyperg/check_nan.cc compilation failed to produce executable
FAIL: tr1/5_numerical_facilities/special_functions/17_hyperg/check_value.cc (test for excess errors)
UNRESOLVED: tr1/5_numerical_facilities/special_functions/17_hyperg/check_value.cc compilation failed to produce executable
FAIL: tr1/5_numerical_facilities/special_functions/17_hyperg/compile.cc (test for excess errors)
FAIL: tr1/5_numerical_facilities/special_functions/17_hyperg/compile_2.cc (test for excess errors)
FAIL: tr1/8_c_compatibility/complex/50880.cc execution test
FAIL: tr1/8_c_compatibility/complex/overloads_float.cc (test for excess errors)
FAIL: tr1/8_c_compatibility/complex/overloads_int.cc (test for excess errors)
UNRESOLVED: tr1/8_c_compatibility/complex/overloads_int.cc compilation failed to produce executable
=== libstdc++ Summary ===
# of expected passes 7541
# of unexpected failures 46
# of expected failures 42
# of unresolved testcases 19
# of unsupported tests 574
Compiler version: 4.8.0 20121012 (experimental) [trunk revision 192392] (GCC)
Platform: hppa-unknown-openbsd5.2
configure flags: --with-mpc=/usr/local --with-mpfr=/usr/local --with-gmp=/usr/local --enable-languages=c,c++,lto --no-create --no-recursion