This is the mail archive of the gcc-testresults@gcc.gnu.org mailing list for the GCC project.


Index Nav: [Date Index] [Subject Index] [Author Index] [Thread Index]
Message Nav: [Date Prev] [Date Next] [Thread Prev] [Thread Next]
Other format: [Raw text]

Results for 4.8.0 20121008 (experimental) (GCC) testsuite on i686-pc-linux-gnu


This build run by an automatic regression tester.
See <http://glutton.geoffk.org/HEAD/> for more information.

Date: 2012-10-08T14:45:30Z
Revision: 192208
URL: svn://gcc.gnu.org/svn/gcc/trunk
Status: regress-7
Prev-Endtime: 2012-10-08T14:43:12Z

Native configuration is i686-pc-linux-gnu

		=== g++ tests ===


Running target unix
FAIL: g++.dg/debug/dwarf2/thunk1.C -std=gnu++98  scan-assembler-times LFB3 1
FAIL: g++.dg/debug/dwarf2/thunk1.C -std=gnu++11  scan-assembler-times LFB3 1
FAIL: g++.dg/cpp0x/gen-attrs-36.C  (test for warnings, line 9)
FAIL: g++.dg/cpp0x/gen-attrs-36.C (test for excess errors)
FAIL: g++.dg/cpp0x/gen-attrs-37.C (test for excess errors)
FAIL: g++.dg/cpp0x/gen-attrs-8.C  (test for warnings, line 5)
FAIL: g++.dg/cpp0x/gen-attrs-8.C (test for excess errors)
FAIL: g++.dg/other/anon5.C -std=gnu++98 (test for excess errors)
FAIL: g++.dg/other/anon5.C -std=gnu++11 (test for excess errors)

		=== g++ Summary ===

# of expected passes		49756
# of unexpected failures	9
# of expected failures		284
# of unsupported tests		477
/home/regress/tbox/native/build/gcc/testsuite/g++/../../g++  version 4.8.0 20121008 (experimental) (GCC) 

		=== gcc tests ===


Running target unix
FAIL: gcc.dg/debug/dwarf2/asm-line1.c scan-assembler is_stmt 1
XPASS: gcc.dg/Wstrict-overflow-18.c  (test for bogus messages, line 20)
FAIL: gcc.dg/attr-weakref-1.c (test for excess errors)
WARNING: gcc.dg/attr-weakref-1.c compilation failed to produce executable
FAIL: gcc.dg/builtin-object-size-8.c execution test
FAIL: gcc.dg/cproj-fails-with-broken-glibc.c execution test
XPASS: gcc.dg/inline_3.c (test for excess errors)
XPASS: gcc.dg/inline_4.c (test for excess errors)
XPASS: gcc.dg/unroll_2.c (test for excess errors)
XPASS: gcc.dg/unroll_3.c (test for excess errors)
XPASS: gcc.dg/unroll_4.c (test for excess errors)
FAIL: gcc.dg/torture/pr51106-2.c  -O0  (internal compiler error)
FAIL: gcc.dg/torture/pr51106-2.c  -O0  (test for excess errors)
FAIL: gcc.dg/torture/pr51106-2.c  -O1  (internal compiler error)
FAIL: gcc.dg/torture/pr51106-2.c  -O1  (test for excess errors)
FAIL: gcc.dg/torture/pr51106-2.c  -O2  (internal compiler error)
FAIL: gcc.dg/torture/pr51106-2.c  -O2  (test for excess errors)
FAIL: gcc.dg/torture/pr51106-2.c  -O3 -fomit-frame-pointer  (internal compiler error)
FAIL: gcc.dg/torture/pr51106-2.c  -O3 -fomit-frame-pointer  (test for excess errors)
FAIL: gcc.dg/torture/pr51106-2.c  -O3 -g  (internal compiler error)
FAIL: gcc.dg/torture/pr51106-2.c  -O3 -g  (test for excess errors)
FAIL: gcc.dg/torture/pr51106-2.c  -Os  (internal compiler error)
FAIL: gcc.dg/torture/pr51106-2.c  -Os  (test for excess errors)
FAIL: gcc.dg/torture/pr51106-2.c  -O2 -flto -flto-partition=none  (internal compiler error)
FAIL: gcc.dg/torture/pr51106-2.c  -O2 -flto -flto-partition=none  (test for excess errors)
FAIL: gcc.dg/torture/pr51106-2.c  -O2 -flto  (internal compiler error)
FAIL: gcc.dg/torture/pr51106-2.c  -O2 -flto  (test for excess errors)
FAIL: gcc.dg/torture/tls/run-le.c  -O0  -pie -fpie  execution test
FAIL: gcc.dg/torture/tls/run-le.c  -O1  -pie -fpie  execution test
FAIL: gcc.dg/torture/tls/run-le.c  -O2  -pie -fpie  execution test
FAIL: gcc.dg/torture/tls/run-le.c  -O3 -fomit-frame-pointer  -pie -fpie  execution test
FAIL: gcc.dg/torture/tls/run-le.c  -O3 -g  -pie -fpie  execution test
FAIL: gcc.dg/torture/tls/run-le.c  -Os  -pie -fpie  execution test
FAIL: gcc.dg/torture/tls/run-le.c  -O0  -pie -fPIE  execution test
FAIL: gcc.dg/torture/tls/run-le.c  -O1  -pie -fPIE  execution test
FAIL: gcc.dg/torture/tls/run-le.c  -O2  -pie -fPIE  execution test
FAIL: gcc.dg/torture/tls/run-le.c  -O3 -fomit-frame-pointer  -pie -fPIE  execution test
FAIL: gcc.dg/torture/tls/run-le.c  -O3 -g  -pie -fPIE  execution test
FAIL: gcc.dg/torture/tls/run-le.c  -Os  -pie -fPIE  execution test
FAIL: gcc.dg/torture/tls/thr-init-1.c  -O0  -pie -fpie  execution test
FAIL: gcc.dg/torture/tls/thr-init-1.c  -O1  -pie -fpie  execution test
FAIL: gcc.dg/torture/tls/thr-init-1.c  -O2  -pie -fpie  execution test
FAIL: gcc.dg/torture/tls/thr-init-1.c  -O3 -fomit-frame-pointer  -pie -fpie  execution test
FAIL: gcc.dg/torture/tls/thr-init-1.c  -O3 -g  -pie -fpie  execution test
FAIL: gcc.dg/torture/tls/thr-init-1.c  -Os  -pie -fpie  execution test
FAIL: gcc.dg/torture/tls/thr-init-1.c  -O0  -pie -fPIE  execution test
FAIL: gcc.dg/torture/tls/thr-init-1.c  -O1  -pie -fPIE  execution test
FAIL: gcc.dg/torture/tls/thr-init-1.c  -O2  -pie -fPIE  execution test
FAIL: gcc.dg/torture/tls/thr-init-1.c  -O3 -fomit-frame-pointer  -pie -fPIE  execution test
FAIL: gcc.dg/torture/tls/thr-init-1.c  -O3 -g  -pie -fPIE  execution test
FAIL: gcc.dg/torture/tls/thr-init-1.c  -Os  -pie -fPIE  execution test
FAIL: gcc.dg/torture/tls/thr-init-2.c  -O0  -pie -fpie  execution test
FAIL: gcc.dg/torture/tls/thr-init-2.c  -O1  -pie -fpie  execution test
FAIL: gcc.dg/torture/tls/thr-init-2.c  -O2  -pie -fpie  execution test
FAIL: gcc.dg/torture/tls/thr-init-2.c  -O3 -fomit-frame-pointer  -pie -fpie  execution test
FAIL: gcc.dg/torture/tls/thr-init-2.c  -O3 -g  -pie -fpie  execution test
FAIL: gcc.dg/torture/tls/thr-init-2.c  -Os  -pie -fpie  execution test
FAIL: gcc.dg/torture/tls/thr-init-2.c  -O0  -pie -fPIE  execution test
FAIL: gcc.dg/torture/tls/thr-init-2.c  -O1  -pie -fPIE  execution test
FAIL: gcc.dg/torture/tls/thr-init-2.c  -O2  -pie -fPIE  execution test
FAIL: gcc.dg/torture/tls/thr-init-2.c  -O3 -fomit-frame-pointer  -pie -fPIE  execution test
FAIL: gcc.dg/torture/tls/thr-init-2.c  -O3 -g  -pie -fPIE  execution test
FAIL: gcc.dg/torture/tls/thr-init-2.c  -Os  -pie -fPIE  execution test
FAIL: gcc.dg/torture/tls/tls-test.c  -O0  -pie -fpie  execution test
FAIL: gcc.dg/torture/tls/tls-test.c  -O1  -pie -fpie  execution test
FAIL: gcc.dg/torture/tls/tls-test.c  -O2  -pie -fpie  execution test
FAIL: gcc.dg/torture/tls/tls-test.c  -O3 -fomit-frame-pointer  -pie -fpie  execution test
FAIL: gcc.dg/torture/tls/tls-test.c  -O3 -g  -pie -fpie  execution test
FAIL: gcc.dg/torture/tls/tls-test.c  -Os  -pie -fpie  execution test
FAIL: gcc.dg/torture/tls/tls-test.c  -O0  -pie -fPIE  execution test
FAIL: gcc.dg/torture/tls/tls-test.c  -O1  -pie -fPIE  execution test
FAIL: gcc.dg/torture/tls/tls-test.c  -O2  -pie -fPIE  execution test
FAIL: gcc.dg/torture/tls/tls-test.c  -O3 -fomit-frame-pointer  -pie -fPIE  execution test
FAIL: gcc.dg/torture/tls/tls-test.c  -O3 -g  -pie -fPIE  execution test
FAIL: gcc.dg/torture/tls/tls-test.c  -Os  -pie -fPIE  execution test
FAIL: gcc.dg/tree-ssa/forwprop-22.c scan-tree-dump-times copyprop1 "VEC_PERM_EXPR" 1
FAIL: gcc.dg/tree-ssa/forwprop-22.c scan-tree-dump-not copyprop1 "BIT_FIELD_REF"
FAIL: gcc.target/i386/long-double-80-7.c (test for excess errors)
WARNING: gcc.target/i386/long-double-80-7.c compilation failed to produce executable

		=== gcc Summary ===

# of expected passes		88776
# of unexpected failures	71
# of unexpected successes	6
# of expected failures		252
# of unsupported tests		1779
/home/regress/tbox/native/build/gcc/xgcc  version 4.8.0 20121008 (experimental) (GCC) 

		=== gfortran tests ===


Running target unix
FAIL: gfortran.dg/lto/pr45586-2 f_lto_pr45586-2_0.o-f_lto_pr45586-2_0.o link, -O0 -flto -flto-partition=none  (internal compiler error)
UNRESOLVED: gfortran.dg/lto/pr45586-2 f_lto_pr45586-2_0.o-f_lto_pr45586-2_0.o execute -O0 -flto -flto-partition=none 
FAIL: gfortran.dg/lto/pr45586-2 f_lto_pr45586-2_0.o-f_lto_pr45586-2_0.o link, -O0 -flto -flto-partition=1to1  (internal compiler error)
UNRESOLVED: gfortran.dg/lto/pr45586-2 f_lto_pr45586-2_0.o-f_lto_pr45586-2_0.o execute -O0 -flto -flto-partition=1to1 
FAIL: gfortran.dg/lto/pr45586-2 f_lto_pr45586-2_0.o-f_lto_pr45586-2_0.o link, -O0 -flto  (internal compiler error)
UNRESOLVED: gfortran.dg/lto/pr45586-2 f_lto_pr45586-2_0.o-f_lto_pr45586-2_0.o execute -O0 -flto 
FAIL: gfortran.dg/lto/pr45586 f_lto_pr45586_0.o-f_lto_pr45586_0.o link, -O0 -flto -flto-partition=none  (internal compiler error)
UNRESOLVED: gfortran.dg/lto/pr45586 f_lto_pr45586_0.o-f_lto_pr45586_0.o execute -O0 -flto -flto-partition=none 
FAIL: gfortran.dg/lto/pr45586 f_lto_pr45586_0.o-f_lto_pr45586_0.o link, -O0 -flto -flto-partition=1to1  (internal compiler error)
UNRESOLVED: gfortran.dg/lto/pr45586 f_lto_pr45586_0.o-f_lto_pr45586_0.o execute -O0 -flto -flto-partition=1to1 
FAIL: gfortran.dg/lto/pr45586 f_lto_pr45586_0.o-f_lto_pr45586_0.o link, -O0 -flto  (internal compiler error)
UNRESOLVED: gfortran.dg/lto/pr45586 f_lto_pr45586_0.o-f_lto_pr45586_0.o execute -O0 -flto 

		=== gfortran Summary ===

# of expected passes		41939
# of unexpected failures	6
# of expected failures		42
# of unresolved testcases	6
# of unsupported tests		221
/home/regress/tbox/native/build/gcc/testsuite/gfortran/../../gfortran  version 4.8.0 20121008 (experimental) (GCC) 

		=== objc tests ===


Running target unix

		=== objc Summary ===

# of expected passes		2988
# of expected failures		6
# of unsupported tests		74
/home/regress/tbox/native/build/gcc/xgcc  version 4.8.0 20121008 (experimental) (GCC) 

		=== boehm-gc tests ===


Running target unix

		=== boehm-gc Summary ===

# of expected passes		12
# of unsupported tests		1
		=== libatomic tests ===


Running target unix

		=== libatomic Summary ===

# of expected passes		44
# of unsupported tests		5
		=== libffi tests ===


Running target unix

		=== libffi Summary ===

# of expected passes		1659
# of unsupported tests		55
		=== libgomp tests ===


Running target unix

		=== libgomp Summary ===

# of expected passes		2930
		=== libitm tests ===


Running target unix

		=== libitm Summary ===

# of expected passes		26
# of expected failures		3
# of unsupported tests		1
		=== libjava tests ===


Running target unix
FAIL: sourcelocation output - source compiled test
FAIL: sourcelocation -findirect-dispatch output - source compiled test
FAIL: sourcelocation -O3 output - source compiled test
FAIL: sourcelocation -O3 -findirect-dispatch output - source compiled test

		=== libjava Summary ===

# of expected passes		2582
# of unexpected failures	4
		=== libmudflap tests ===


Running target unix
FAIL: libmudflap.c/fail17-frag.c (-static) (test for excess errors)
FAIL: libmudflap.c/fail23-frag.c (-static) (test for excess errors)
FAIL: libmudflap.c/fail25-frag.c (-static) (test for excess errors)
FAIL: libmudflap.c/fail4-frag.c (-static) (test for excess errors)
FAIL: libmudflap.c/fail5-frag.c (-static) (test for excess errors)
FAIL: libmudflap.c/fail6-frag.c (-static) (test for excess errors)
FAIL: libmudflap.c/fail7-frag.c (-static) (test for excess errors)
FAIL: libmudflap.c/fail8-frag.c (-static) (test for excess errors)
FAIL: libmudflap.c/fail9-frag.c (-static) (test for excess errors)
FAIL: libmudflap.c/heap-scalestress.c (-static) (test for excess errors)
FAIL: libmudflap.c/hook-allocstuff.c (-static) (test for excess errors)
FAIL: libmudflap.c/pass-stratcliff.c (-static) (test for excess errors)
FAIL: libmudflap.c/pass30-frag.c (-static) (test for excess errors)
FAIL: libmudflap.c/pass30-frag.c (-static) (test for excess errors)
FAIL: libmudflap.c/pass4-frag.c (-static) (test for excess errors)
FAIL: libmudflap.c/pass4-frag.c (-static) (test for excess errors)
FAIL: libmudflap.c/pass45-frag.c (-static) (test for excess errors)
FAIL: libmudflap.c/pass45-frag.c (-static) (test for excess errors)
FAIL: libmudflap.c/pass46-frag.c (-static) (test for excess errors)
FAIL: libmudflap.c/pass46-frag.c (-static) (test for excess errors)
FAIL: libmudflap.c/pass47-frag.c (-static) (test for excess errors)
FAIL: libmudflap.c/pass47-frag.c (-static) (test for excess errors)
FAIL: libmudflap.c/pass49-frag.c (-static) (test for excess errors)
FAIL: libmudflap.c/pass49-frag.c (-static) (test for excess errors)
FAIL: libmudflap.c/pass5-frag.c (-static) (test for excess errors)
FAIL: libmudflap.c/pass5-frag.c (-static) (test for excess errors)
FAIL: libmudflap.c/pass51-frag.c (-static) (test for excess errors)
FAIL: libmudflap.c/pass51-frag.c (-static) (test for excess errors)
FAIL: libmudflap.c/pass52-frag.c (-static) (test for excess errors)
FAIL: libmudflap.c/pass52-frag.c (-static) (test for excess errors)
FAIL: libmudflap.c/pass6-frag.c (-static) (test for excess errors)
FAIL: libmudflap.c/pass6-frag.c (-static) (test for excess errors)
FAIL: libmudflap.c/pass7-frag.c (-static) (test for excess errors)
FAIL: libmudflap.c/pass7-frag.c (-static) (test for excess errors)
FAIL: libmudflap.c/pass8-frag.c (-static) (test for excess errors)
FAIL: libmudflap.c/pass8-frag.c (-static) (test for excess errors)
FAIL: libmudflap.c/pass9-frag.c (-static) (test for excess errors)
FAIL: libmudflap.c/pass9-frag.c (-static) (test for excess errors)
FAIL: libmudflap.c++/fail24-frag.cxx (-static) (test for excess errors)
FAIL: libmudflap.c++/pass31-frag.cxx (-static) (test for excess errors)
FAIL: libmudflap.cth/pass37-frag.c (-static -DSTATIC) (test for excess errors)
FAIL: libmudflap.cth/pass39-frag.c (-static -DSTATIC) (test for excess errors)
FAIL: libmudflap.cth/pass40-frag.c (-static -DSTATIC) (test for excess errors)
FAIL: libmudflap.cth/pass59-frag.c (-static -DSTATIC) (test for excess errors)

		=== libmudflap Summary ===

# of expected passes		1862
# of unexpected failures	44
		=== libstdc++ tests ===


Running target unix

		=== libstdc++ Summary ===

# of expected passes		9043
# of expected failures		43
# of unsupported tests		177

Compiler version: 4.8.0 20121008 (experimental) (GCC) 
Platform: i686-pc-linux-gnu
configure flags: --prefix=/home/regress/tbox/objs --target=i686-pc-linux-gnu


Index Nav: [Date Index] [Subject Index] [Author Index] [Thread Index]
Message Nav: [Date Prev] [Date Next] [Thread Prev] [Thread Next]