This is the mail archive of the
gcc-testresults@gcc.gnu.org
mailing list for the GCC project.
Results for 4.8.0 20121005 (experimental) [trunk revision 192147] (GCC) testsuite on x86_64-unknown-linux-gnu
- From: "Kirill Yukhin [Intel64 Core i7 AVX]" <i64corei7avx at ecsmtp dot ims dot intel dot com>
- To: gcc-testresults at gcc dot gnu dot org
- Date: Sat, 06 Oct 2012 07:28:17 +0400
- Subject: Results for 4.8.0 20121005 (experimental) [trunk revision 192147] (GCC) testsuite on x86_64-unknown-linux-gnu
LAST_UPDATED: Sat Oct 6 00:10:16 UTC 2012 (revision 192147)
Native configuration is x86_64-unknown-linux-gnu
=== g++ tests ===
Running target unix
=== g++ Summary for unix ===
# of expected passes 43424
# of expected failures 280
# of unsupported tests 430
Running target unix/-m32
=== g++ Summary for unix/-m32 ===
# of expected passes 42337
# of expected failures 280
# of unsupported tests 362
=== g++ Summary ===
# of expected passes 85761
# of expected failures 560
# of unsupported tests 792
/nightly/gcc.svn/test-intel64corei7avx/gcc-build-trunk/bld/gcc/testsuite/g++/../../g++ version 4.8.0 20121005 (experimental) [trunk revision 192147] (GCC)
=== gfortran tests ===
Running target unix
FAIL: gfortran.dg/lto/pr45586-2 f_lto_pr45586-2_0.o-f_lto_pr45586-2_0.o link, -O0 -flto -flto-partition=none (internal compiler error)
UNRESOLVED: gfortran.dg/lto/pr45586-2 f_lto_pr45586-2_0.o-f_lto_pr45586-2_0.o execute -O0 -flto -flto-partition=none
FAIL: gfortran.dg/lto/pr45586-2 f_lto_pr45586-2_0.o-f_lto_pr45586-2_0.o link, -O0 -flto -flto-partition=1to1 (internal compiler error)
UNRESOLVED: gfortran.dg/lto/pr45586-2 f_lto_pr45586-2_0.o-f_lto_pr45586-2_0.o execute -O0 -flto -flto-partition=1to1
FAIL: gfortran.dg/lto/pr45586-2 f_lto_pr45586-2_0.o-f_lto_pr45586-2_0.o link, -O0 -flto (internal compiler error)
UNRESOLVED: gfortran.dg/lto/pr45586-2 f_lto_pr45586-2_0.o-f_lto_pr45586-2_0.o execute -O0 -flto
FAIL: gfortran.dg/lto/pr45586 f_lto_pr45586_0.o-f_lto_pr45586_0.o link, -O0 -flto -flto-partition=none (internal compiler error)
UNRESOLVED: gfortran.dg/lto/pr45586 f_lto_pr45586_0.o-f_lto_pr45586_0.o execute -O0 -flto -flto-partition=none
FAIL: gfortran.dg/lto/pr45586 f_lto_pr45586_0.o-f_lto_pr45586_0.o link, -O0 -flto -flto-partition=1to1 (internal compiler error)
UNRESOLVED: gfortran.dg/lto/pr45586 f_lto_pr45586_0.o-f_lto_pr45586_0.o execute -O0 -flto -flto-partition=1to1
FAIL: gfortran.dg/lto/pr45586 f_lto_pr45586_0.o-f_lto_pr45586_0.o link, -O0 -flto (internal compiler error)
UNRESOLVED: gfortran.dg/lto/pr45586 f_lto_pr45586_0.o-f_lto_pr45586_0.o execute -O0 -flto
FAIL: gfortran.dg/vect/fast-math-mgrid-resid.f scan-tree-dump-times optimized "vect_var[^\\\\n]*\\\\+ " 13
=== gfortran Summary for unix ===
# of expected passes 40726
# of expected failures 39
# of unsupported tests 37
Running target unix/-m32
FAIL: gfortran.dg/lto/pr45586-2 f_lto_pr45586-2_0.o-f_lto_pr45586-2_0.o link, -O0 -flto -flto-partition=none (internal compiler error)
UNRESOLVED: gfortran.dg/lto/pr45586-2 f_lto_pr45586-2_0.o-f_lto_pr45586-2_0.o execute -O0 -flto -flto-partition=none
FAIL: gfortran.dg/lto/pr45586-2 f_lto_pr45586-2_0.o-f_lto_pr45586-2_0.o link, -O0 -flto -flto-partition=1to1 (internal compiler error)
UNRESOLVED: gfortran.dg/lto/pr45586-2 f_lto_pr45586-2_0.o-f_lto_pr45586-2_0.o execute -O0 -flto -flto-partition=1to1
FAIL: gfortran.dg/lto/pr45586-2 f_lto_pr45586-2_0.o-f_lto_pr45586-2_0.o link, -O0 -flto (internal compiler error)
UNRESOLVED: gfortran.dg/lto/pr45586-2 f_lto_pr45586-2_0.o-f_lto_pr45586-2_0.o execute -O0 -flto
FAIL: gfortran.dg/lto/pr45586 f_lto_pr45586_0.o-f_lto_pr45586_0.o link, -O0 -flto -flto-partition=none (internal compiler error)
UNRESOLVED: gfortran.dg/lto/pr45586 f_lto_pr45586_0.o-f_lto_pr45586_0.o execute -O0 -flto -flto-partition=none
FAIL: gfortran.dg/lto/pr45586 f_lto_pr45586_0.o-f_lto_pr45586_0.o link, -O0 -flto -flto-partition=1to1 (internal compiler error)
UNRESOLVED: gfortran.dg/lto/pr45586 f_lto_pr45586_0.o-f_lto_pr45586_0.o execute -O0 -flto -flto-partition=1to1
FAIL: gfortran.dg/lto/pr45586 f_lto_pr45586_0.o-f_lto_pr45586_0.o link, -O0 -flto (internal compiler error)
UNRESOLVED: gfortran.dg/lto/pr45586 f_lto_pr45586_0.o-f_lto_pr45586_0.o execute -O0 -flto
FAIL: gfortran.dg/vect/fast-math-mgrid-resid.f scan-tree-dump-times optimized "vect_var[^\\\\n]*\\\\+ " 13
=== gfortran Summary for unix/-m32 ===
# of expected passes 40420
# of expected failures 39
# of unsupported tests 186
=== gfortran Summary ===
# of expected passes 81146
# of expected failures 78
# of unsupported tests 223
/nightly/gcc.svn/test-intel64corei7avx/gcc-build-trunk/bld/gcc/testsuite/gfortran/../../gfortran version 4.8.0 20121005 (experimental) [trunk revision 192147] (GCC)
=== boehm-gc tests ===
Running target unix/-m32
FAIL: staticrootslib.lo -O2 (test for excess errors)
FAIL: boehm-gc.lib/staticrootstest.c -O2 (test for excess errors)
WARNING: boehm-gc.lib/staticrootstest.c -O2 compilation failed to produce executable
=== boehm-gc Summary for unix/-m32 ===
# of expected passes 1
# of unexpected failures 2
Running target unix
FAIL: staticrootslib.lo -O2 (test for excess errors)
FAIL: boehm-gc.lib/staticrootstest.c -O2 (test for excess errors)
WARNING: boehm-gc.lib/staticrootstest.c -O2 compilation failed to produce executable
=== boehm-gc Summary for unix ===
# of expected passes 1
# of unexpected failures 2
=== boehm-gc Summary ===
# of expected passes 18
# of unexpected failures 4
# of unsupported tests 2
=== libgomp tests ===
Running target unix/-m32
=== libjava tests ===
Running target unix/-m32
FAIL: linking getmethodname
FAIL: Array_1 -O3 compilation from source
ERROR: error writing "file3": no space left on device
FAIL: natevents.cc compilation
FAIL: natgetallthreads.cc compilation
FAIL: natgeterrorname.cc compilation
FAIL: natgetmethodname.cc compilation
FAIL: Class_1 -findirect-dispatch compilation from source
FAIL: Class_1 -O3 compilation from source
FAIL: Class_1 -O3 -findirect-dispatch compilation from source
FAIL: CompareNaN compilation from source
FAIL: CompareNaN -findirect-dispatch compilation from source
FAIL: CompareNaN -O3 compilation from source
FAIL: CompareNaN -O3 -findirect-dispatch compilation from source
FAIL: Divide_1 compilation from source
FAIL: Divide_1 -findirect-dispatch compilation from source
FAIL: Divide_1 -O3 compilation from source
FAIL: Divide_1 -O3 -findirect-dispatch compilation from source
FAIL: ExtraClassLoader -O3 compilation from source
FAIL: PR12350 -O3 compilation from source
FAIL: PR12416 compilation from source
FAIL: PR12416 -findirect-dispatch compilation from source
FAIL: PR12416 -O3 compilation from source
FAIL: PR12416 -O3 -findirect-dispatch compilation from source
FAIL: PR12656 compilation from source
FAIL: PR12656 -findirect-dispatch compilation from source
Compiler version: 4.8.0 20121005 (experimental) [trunk revision 192147] (GCC)
Platform: x86_64-unknown-linux-gnu
configure flags: --with-arch=corei7-avx --with-cpu=corei7-avx --prefix=/usr/local --enable-clocale=gnu --with-system-zlib --enable-shared --with-demangler-in-ld --enable-cloog-backend=isl --with-ppl-include=/opt/gnu/include --with-ppl-lib=/opt/gnu/lib64 --with-cloog-include=/opt/gnu/include --with-cloog-lib=/opt/gnu/lib64 --with-fpmath=sse --enable-languages=c,c++,fortran,java,lto,objc