This is the mail archive of the gcc-testresults@gcc.gnu.org mailing list for the GCC project.


Index Nav: [Date Index] [Subject Index] [Author Index] [Thread Index]
Message Nav: [Date Prev] [Date Next] [Thread Prev] [Thread Next]
Other format: [Raw text]

Results for 4.8.0 20121003 (experimental) (GCC) testsuite on x86_64-apple-darwin12.2.0


r192044 with

commit 907f8d9588da2e65cf938985639bfaf0dde53c6f
Author: Jason Merrill <jason@redhat.com>
Date:   Wed Oct 3 09:55:25 2012 -0400

        * config/darwin.c (darwin_assemble_visibility): Treat
        VISIBILITY_INTERNAL as hidden.
    
        * config/darwin-c.c (find_subframework_file): Add missing const.
        (framework_construct_pathname): Likewise.

diff --git a/gcc/config/darwin-c.c b/gcc/config/darwin-c.c
index a642f66..8e48c30 100644
--- a/gcc/config/darwin-c.c
+++ b/gcc/config/darwin-c.c
@@ -267,7 +267,7 @@ static struct framework_header framework_header_dirs[] = {
 static char *
 framework_construct_pathname (const char *fname, cpp_dir *dir)
 {
-  char *buf;
+  const char *buf;
   size_t fname_len, frname_len;
   cpp_dir *fast_dir;
   char *frname;
@@ -344,7 +344,7 @@ find_subframework_file (const char *fname, const char *pname)
 {
   char *sfrname;
   const char *dot_framework = ".framework/";
-  char *bufptr;
+  const char *bufptr;
   int sfrname_len, i, fname_len;
   struct cpp_dir *fast_dir;
   static struct cpp_dir subframe_dir;
diff --git a/gcc/config/darwin.c b/gcc/config/darwin.c
index 54c92d1..5a9f50a 100644
--- a/gcc/config/darwin.c
+++ b/gcc/config/darwin.c
@@ -2623,7 +2623,7 @@ darwin_assemble_visibility (tree decl, int vis)
 {
   if (vis == VISIBILITY_DEFAULT)
     ;
-  else if (vis == VISIBILITY_HIDDEN)
+  else if (vis == VISIBILITY_HIDDEN || vis == VISIBILITY_INTERNAL)
     {
       fputs ("\t.private_extern ", asm_out_file);
       assemble_name (asm_out_file,
@@ -2631,7 +2631,7 @@ darwin_assemble_visibility (tree decl, int vis)
       fputs ("\n", asm_out_file);
     }
   else
-    warning (OPT_Wattributes, "internal and protected visibility attributes "
+    warning (OPT_Wattributes, "protected visibility attribute "
             "not supported in this configuration; ignored");
 }

Native configuration is x86_64-apple-darwin12.2.0

		=== g++ tests ===


Running target unix/-m32
FAIL: g++.dg/debug/dwarf2/nested-4.C -std=gnu++98  scan-assembler-times debug_types 2
FAIL: g++.dg/debug/dwarf2/nested-4.C -std=gnu++11  scan-assembler-times debug_types 2
WARNING: g++.dg/ext/label13.C -std=gnu++98 compilation failed to produce executable
WARNING: g++.dg/ext/label13.C -std=gnu++11 compilation failed to produce executable
FAIL: g++.dg/ext/visibility/pragma-override1.C -std=c++98  scan-assembler \\\\.internal.*Foo.methodEv
FAIL: g++.dg/ext/visibility/pragma-override1.C -std=c++11  scan-assembler \\\\.internal.*Foo.methodEv
FAIL: g++.dg/ext/visibility/pragma-override2.C -std=c++98  scan-assembler \\\\.internal.*Foo.methodEv
FAIL: g++.dg/ext/visibility/pragma-override2.C -std=c++11  scan-assembler \\\\.internal.*Foo.methodEv
FAIL: g++.dg/other/darwin-cfstring1.C -std=gnu++98  (test for errors, line 21)
FAIL: g++.dg/other/darwin-cfstring1.C -std=gnu++98  (test for errors, line 22)
FAIL: g++.dg/other/darwin-cfstring1.C -std=gnu++98 (test for excess errors)
FAIL: g++.dg/other/darwin-cfstring1.C -std=gnu++11  (test for errors, line 21)
FAIL: g++.dg/other/darwin-cfstring1.C -std=gnu++11  (test for errors, line 22)
FAIL: g++.dg/other/darwin-cfstring1.C -std=gnu++11 (test for excess errors)

		=== g++ Summary for unix/-m32 ===

# of expected passes		48376
# of unexpected failures	12
# of expected failures		286
# of unsupported tests		434

Running target unix/-m64
FAIL: g++.dg/debug/dwarf2/nested-4.C -std=gnu++98  scan-assembler-times debug_types 2
FAIL: g++.dg/debug/dwarf2/nested-4.C -std=gnu++11  scan-assembler-times debug_types 2
WARNING: g++.dg/ext/label13.C -std=gnu++98 compilation failed to produce executable
WARNING: g++.dg/ext/label13.C -std=gnu++11 compilation failed to produce executable
FAIL: g++.dg/ext/visibility/pragma-override1.C -std=c++98  scan-assembler \\\\.internal.*Foo.methodEv
FAIL: g++.dg/ext/visibility/pragma-override1.C -std=c++11  scan-assembler \\\\.internal.*Foo.methodEv
FAIL: g++.dg/ext/visibility/pragma-override2.C -std=c++98  scan-assembler \\\\.internal.*Foo.methodEv
FAIL: g++.dg/ext/visibility/pragma-override2.C -std=c++11  scan-assembler \\\\.internal.*Foo.methodEv
FAIL: g++.dg/other/darwin-cfstring1.C -std=gnu++98  (test for errors, line 21)
FAIL: g++.dg/other/darwin-cfstring1.C -std=gnu++98  (test for errors, line 22)
FAIL: g++.dg/other/darwin-cfstring1.C -std=gnu++98 (test for excess errors)
FAIL: g++.dg/other/darwin-cfstring1.C -std=gnu++11  (test for errors, line 21)
FAIL: g++.dg/other/darwin-cfstring1.C -std=gnu++11  (test for errors, line 22)
FAIL: g++.dg/other/darwin-cfstring1.C -std=gnu++11 (test for excess errors)

		=== g++ Summary for unix/-m64 ===

# of expected passes		49173
# of unexpected failures	12
# of expected failures		286
# of unsupported tests		660

		=== g++ Summary ===

# of expected passes		97549
# of unexpected failures	24
# of expected failures		572
# of unsupported tests		1094
/sw/src/fink.build/gcc48-4.8.0-1000/darwin_objdir/gcc/testsuite/g++/../../g++  version 4.8.0 20121003 (experimental) (GCC) 

		=== gcc tests ===


Running target unix/-m32
XPASS: gcc.dg/Wstrict-overflow-18.c  (test for bogus messages, line 20)
FAIL: gcc.dg/builtin-object-size-8.c execution test
FAIL: gcc.dg/lto/pr52634 c_lto_pr52634_1.o assemble, -O0 -flto -flto-partition=none 
UNRESOLVED: gcc.dg/lto/pr52634 c_lto_pr52634_0.o-c_lto_pr52634_1.o link -O0 -flto -flto-partition=none 
UNRESOLVED: gcc.dg/lto/pr52634 c_lto_pr52634_0.o-c_lto_pr52634_1.o execute -O0 -flto -flto-partition=none 
FAIL: gcc.dg/lto/pr52634 c_lto_pr52634_1.o assemble, -O2 -flto -flto-partition=none 
UNRESOLVED: gcc.dg/lto/pr52634 c_lto_pr52634_0.o-c_lto_pr52634_1.o link -O2 -flto -flto-partition=none 
UNRESOLVED: gcc.dg/lto/pr52634 c_lto_pr52634_0.o-c_lto_pr52634_1.o execute -O2 -flto -flto-partition=none 
FAIL: gcc.dg/lto/pr52634 c_lto_pr52634_1.o assemble, -O0 -flto -flto-partition=1to1 
UNRESOLVED: gcc.dg/lto/pr52634 c_lto_pr52634_0.o-c_lto_pr52634_1.o link -O0 -flto -flto-partition=1to1 
UNRESOLVED: gcc.dg/lto/pr52634 c_lto_pr52634_0.o-c_lto_pr52634_1.o execute -O0 -flto -flto-partition=1to1 
FAIL: gcc.dg/lto/pr52634 c_lto_pr52634_1.o assemble, -O2 -flto -flto-partition=1to1 
UNRESOLVED: gcc.dg/lto/pr52634 c_lto_pr52634_0.o-c_lto_pr52634_1.o link -O2 -flto -flto-partition=1to1 
UNRESOLVED: gcc.dg/lto/pr52634 c_lto_pr52634_0.o-c_lto_pr52634_1.o execute -O2 -flto -flto-partition=1to1 
FAIL: gcc.dg/lto/pr52634 c_lto_pr52634_1.o assemble, -O0 -flto 
UNRESOLVED: gcc.dg/lto/pr52634 c_lto_pr52634_0.o-c_lto_pr52634_1.o link -O0 -flto 
UNRESOLVED: gcc.dg/lto/pr52634 c_lto_pr52634_0.o-c_lto_pr52634_1.o execute -O0 -flto 
FAIL: gcc.dg/lto/pr52634 c_lto_pr52634_1.o assemble, -O2 -flto
UNRESOLVED: gcc.dg/lto/pr52634 c_lto_pr52634_0.o-c_lto_pr52634_1.o link -O2 -flto
UNRESOLVED: gcc.dg/lto/pr52634 c_lto_pr52634_0.o-c_lto_pr52634_1.o execute -O2 -flto
FAIL: gcc.dg/torture/pr51106-2.c  -O0  (internal compiler error)
FAIL: gcc.dg/torture/pr51106-2.c  -O0  (test for excess errors)
FAIL: gcc.dg/torture/pr51106-2.c  -O1  (internal compiler error)
FAIL: gcc.dg/torture/pr51106-2.c  -O1  (test for excess errors)
FAIL: gcc.dg/torture/pr51106-2.c  -O2  (internal compiler error)
FAIL: gcc.dg/torture/pr51106-2.c  -O2  (test for excess errors)
FAIL: gcc.dg/torture/pr51106-2.c  -O3 -fomit-frame-pointer  (internal compiler error)
FAIL: gcc.dg/torture/pr51106-2.c  -O3 -fomit-frame-pointer  (test for excess errors)
FAIL: gcc.dg/torture/pr51106-2.c  -O3 -g  (internal compiler error)
FAIL: gcc.dg/torture/pr51106-2.c  -O3 -g  (test for excess errors)
FAIL: gcc.dg/torture/pr51106-2.c  -Os  (internal compiler error)
FAIL: gcc.dg/torture/pr51106-2.c  -Os  (test for excess errors)
FAIL: gcc.dg/torture/pr51106-2.c  -O2 -flto -flto-partition=none  (internal compiler error)
FAIL: gcc.dg/torture/pr51106-2.c  -O2 -flto -flto-partition=none  (test for excess errors)
FAIL: gcc.dg/torture/pr51106-2.c  -O2 -flto  (internal compiler error)
FAIL: gcc.dg/torture/pr51106-2.c  -O2 -flto  (test for excess errors)
FAIL: gcc.dg/torture/pr53922.c  -O0  (test for excess errors)
WARNING: gcc.dg/torture/pr53922.c  -O0  compilation failed to produce executable
FAIL: gcc.dg/torture/pr53922.c  -O1  (test for excess errors)
WARNING: gcc.dg/torture/pr53922.c  -O1  compilation failed to produce executable
FAIL: gcc.dg/torture/pr53922.c  -O2  (test for excess errors)
WARNING: gcc.dg/torture/pr53922.c  -O2  compilation failed to produce executable
FAIL: gcc.dg/torture/pr53922.c  -O3 -fomit-frame-pointer  (test for excess errors)
WARNING: gcc.dg/torture/pr53922.c  -O3 -fomit-frame-pointer  compilation failed to produce executable
FAIL: gcc.dg/torture/pr53922.c  -O3 -g  (test for excess errors)
WARNING: gcc.dg/torture/pr53922.c  -O3 -g  compilation failed to produce executable
FAIL: gcc.dg/torture/pr53922.c  -Os  (test for excess errors)
WARNING: gcc.dg/torture/pr53922.c  -Os  compilation failed to produce executable
FAIL: gcc.dg/torture/pr53922.c  -O2 -flto -flto-partition=none  (test for excess errors)
WARNING: gcc.dg/torture/pr53922.c  -O2 -flto -flto-partition=none  compilation failed to produce executable
FAIL: gcc.dg/torture/pr53922.c  -O2 -flto  (test for excess errors)
WARNING: gcc.dg/torture/pr53922.c  -O2 -flto  compilation failed to produce executable
FAIL: gcc.dg/tree-prof/pr44777.c execution,    -fprofile-generate -D_PROFILE_GENERATE
UNRESOLVED: gcc.dg/tree-prof/pr44777.c compilation,  -fprofile-use -D_PROFILE_USE
UNRESOLVED: gcc.dg/tree-prof/pr44777.c execution,    -fprofile-use -D_PROFILE_USE
FAIL: gcc.dg/tree-prof/pr52027.c compilation,  -fprofile-use -D_PROFILE_USE
UNRESOLVED: gcc.dg/tree-prof/pr52027.c execution,    -fprofile-use -D_PROFILE_USE
FAIL: gcc.target/i386/asm-dialect-1.c (test for excess errors)

		=== gcc Summary for unix/-m32 ===

# of expected passes		87582
# of unexpected failures	34
# of unexpected successes	1
# of expected failures		254
# of unresolved testcases	15
# of unsupported tests		1971

Running target unix/-m64
XPASS: gcc.dg/Wstrict-overflow-18.c  (test for bogus messages, line 20)
FAIL: gcc.dg/builtin-object-size-8.c execution test
FAIL: gcc.dg/lto/pr52634 c_lto_pr52634_1.o assemble, -O0 -flto -flto-partition=none 
UNRESOLVED: gcc.dg/lto/pr52634 c_lto_pr52634_0.o-c_lto_pr52634_1.o link -O0 -flto -flto-partition=none 
UNRESOLVED: gcc.dg/lto/pr52634 c_lto_pr52634_0.o-c_lto_pr52634_1.o execute -O0 -flto -flto-partition=none 
FAIL: gcc.dg/lto/pr52634 c_lto_pr52634_1.o assemble, -O2 -flto -flto-partition=none 
UNRESOLVED: gcc.dg/lto/pr52634 c_lto_pr52634_0.o-c_lto_pr52634_1.o link -O2 -flto -flto-partition=none 
UNRESOLVED: gcc.dg/lto/pr52634 c_lto_pr52634_0.o-c_lto_pr52634_1.o execute -O2 -flto -flto-partition=none 
FAIL: gcc.dg/lto/pr52634 c_lto_pr52634_1.o assemble, -O0 -flto -flto-partition=1to1 
UNRESOLVED: gcc.dg/lto/pr52634 c_lto_pr52634_0.o-c_lto_pr52634_1.o link -O0 -flto -flto-partition=1to1 
UNRESOLVED: gcc.dg/lto/pr52634 c_lto_pr52634_0.o-c_lto_pr52634_1.o execute -O0 -flto -flto-partition=1to1 
FAIL: gcc.dg/lto/pr52634 c_lto_pr52634_1.o assemble, -O2 -flto -flto-partition=1to1 
UNRESOLVED: gcc.dg/lto/pr52634 c_lto_pr52634_0.o-c_lto_pr52634_1.o link -O2 -flto -flto-partition=1to1 
UNRESOLVED: gcc.dg/lto/pr52634 c_lto_pr52634_0.o-c_lto_pr52634_1.o execute -O2 -flto -flto-partition=1to1 
FAIL: gcc.dg/lto/pr52634 c_lto_pr52634_1.o assemble, -O0 -flto 
UNRESOLVED: gcc.dg/lto/pr52634 c_lto_pr52634_0.o-c_lto_pr52634_1.o link -O0 -flto 
UNRESOLVED: gcc.dg/lto/pr52634 c_lto_pr52634_0.o-c_lto_pr52634_1.o execute -O0 -flto 
FAIL: gcc.dg/lto/pr52634 c_lto_pr52634_1.o assemble, -O2 -flto
UNRESOLVED: gcc.dg/lto/pr52634 c_lto_pr52634_0.o-c_lto_pr52634_1.o link -O2 -flto
UNRESOLVED: gcc.dg/lto/pr52634 c_lto_pr52634_0.o-c_lto_pr52634_1.o execute -O2 -flto
FAIL: gcc.dg/torture/pr51106-2.c  -O0  (internal compiler error)
FAIL: gcc.dg/torture/pr51106-2.c  -O0  (test for excess errors)
FAIL: gcc.dg/torture/pr51106-2.c  -O1  (internal compiler error)
FAIL: gcc.dg/torture/pr51106-2.c  -O1  (test for excess errors)
FAIL: gcc.dg/torture/pr51106-2.c  -O2  (internal compiler error)
FAIL: gcc.dg/torture/pr51106-2.c  -O2  (test for excess errors)
FAIL: gcc.dg/torture/pr51106-2.c  -O3 -fomit-frame-pointer  (internal compiler error)
FAIL: gcc.dg/torture/pr51106-2.c  -O3 -fomit-frame-pointer  (test for excess errors)
FAIL: gcc.dg/torture/pr51106-2.c  -O3 -g  (internal compiler error)
FAIL: gcc.dg/torture/pr51106-2.c  -O3 -g  (test for excess errors)
FAIL: gcc.dg/torture/pr51106-2.c  -Os  (internal compiler error)
FAIL: gcc.dg/torture/pr51106-2.c  -Os  (test for excess errors)
FAIL: gcc.dg/torture/pr51106-2.c  -O2 -flto -flto-partition=none  (internal compiler error)
FAIL: gcc.dg/torture/pr51106-2.c  -O2 -flto -flto-partition=none  (test for excess errors)
FAIL: gcc.dg/torture/pr51106-2.c  -O2 -flto  (internal compiler error)
FAIL: gcc.dg/torture/pr51106-2.c  -O2 -flto  (test for excess errors)
FAIL: gcc.dg/torture/pr53922.c  -O0  (test for excess errors)
WARNING: gcc.dg/torture/pr53922.c  -O0  compilation failed to produce executable
FAIL: gcc.dg/torture/pr53922.c  -O1  (test for excess errors)
WARNING: gcc.dg/torture/pr53922.c  -O1  compilation failed to produce executable
FAIL: gcc.dg/torture/pr53922.c  -O2  (test for excess errors)
WARNING: gcc.dg/torture/pr53922.c  -O2  compilation failed to produce executable
FAIL: gcc.dg/torture/pr53922.c  -O3 -fomit-frame-pointer  (test for excess errors)
WARNING: gcc.dg/torture/pr53922.c  -O3 -fomit-frame-pointer  compilation failed to produce executable
FAIL: gcc.dg/torture/pr53922.c  -O3 -g  (test for excess errors)
WARNING: gcc.dg/torture/pr53922.c  -O3 -g  compilation failed to produce executable
FAIL: gcc.dg/torture/pr53922.c  -Os  (test for excess errors)
WARNING: gcc.dg/torture/pr53922.c  -Os  compilation failed to produce executable
FAIL: gcc.dg/torture/pr53922.c  -O2 -flto -flto-partition=none  (test for excess errors)
WARNING: gcc.dg/torture/pr53922.c  -O2 -flto -flto-partition=none  compilation failed to produce executable
FAIL: gcc.dg/torture/pr53922.c  -O2 -flto  (test for excess errors)
WARNING: gcc.dg/torture/pr53922.c  -O2 -flto  compilation failed to produce executable
FAIL: gcc.dg/tree-prof/pr34999.c compilation,  -fprofile-use -D_PROFILE_USE
UNRESOLVED: gcc.dg/tree-prof/pr34999.c execution,    -fprofile-use -D_PROFILE_USE
FAIL: gcc.dg/tree-prof/pr52027.c compilation,  -fprofile-use -D_PROFILE_USE
UNRESOLVED: gcc.dg/tree-prof/pr52027.c execution,    -fprofile-use -D_PROFILE_USE
FAIL: gcc.target/i386/asm-dialect-1.c (test for excess errors)
FAIL: gcc.target/i386/pr49866.c (test for excess errors)
FAIL: gcc.target/i386/pr53249.c (test for excess errors)
FAIL: gcc.target/i386/pr54457.c (test for excess errors)
UNRESOLVED: gcc.target/i386/pr54457.c scan-assembler-not add[lq]?[^\\n]*1

		=== gcc Summary for unix/-m64 ===

# of expected passes		87879
# of unexpected failures	37
# of unexpected successes	1
# of expected failures		257
# of unresolved testcases	15
# of unsupported tests		2285

		=== gcc Summary ===

# of expected passes		175461
# of unexpected failures	71
# of unexpected successes	2
# of expected failures		511
# of unresolved testcases	30
# of unsupported tests		4256
/sw/src/fink.build/gcc48-4.8.0-1000/darwin_objdir/gcc/xgcc  version 4.8.0 20121003 (experimental) (GCC) 

		=== gfortran tests ===


Running target unix/-m32
FAIL: gfortran.dg/lto/pr45586-2 f_lto_pr45586-2_0.o-f_lto_pr45586-2_0.o link, -O0 -flto -flto-partition=none  (internal compiler error)
UNRESOLVED: gfortran.dg/lto/pr45586-2 f_lto_pr45586-2_0.o-f_lto_pr45586-2_0.o execute -O0 -flto -flto-partition=none 
FAIL: gfortran.dg/lto/pr45586-2 f_lto_pr45586-2_0.o-f_lto_pr45586-2_0.o link, -O0 -flto -flto-partition=1to1  (internal compiler error)
UNRESOLVED: gfortran.dg/lto/pr45586-2 f_lto_pr45586-2_0.o-f_lto_pr45586-2_0.o execute -O0 -flto -flto-partition=1to1 
FAIL: gfortran.dg/lto/pr45586-2 f_lto_pr45586-2_0.o-f_lto_pr45586-2_0.o link, -O0 -flto  (internal compiler error)
UNRESOLVED: gfortran.dg/lto/pr45586-2 f_lto_pr45586-2_0.o-f_lto_pr45586-2_0.o execute -O0 -flto 
FAIL: gfortran.dg/lto/pr45586 f_lto_pr45586_0.o-f_lto_pr45586_0.o link, -O0 -flto -flto-partition=none  (internal compiler error)
UNRESOLVED: gfortran.dg/lto/pr45586 f_lto_pr45586_0.o-f_lto_pr45586_0.o execute -O0 -flto -flto-partition=none 
FAIL: gfortran.dg/lto/pr45586 f_lto_pr45586_0.o-f_lto_pr45586_0.o link, -O0 -flto -flto-partition=1to1  (internal compiler error)
UNRESOLVED: gfortran.dg/lto/pr45586 f_lto_pr45586_0.o-f_lto_pr45586_0.o execute -O0 -flto -flto-partition=1to1 
FAIL: gfortran.dg/lto/pr45586 f_lto_pr45586_0.o-f_lto_pr45586_0.o link, -O0 -flto  (internal compiler error)
UNRESOLVED: gfortran.dg/lto/pr45586 f_lto_pr45586_0.o-f_lto_pr45586_0.o execute -O0 -flto 

		=== gfortran Summary for unix/-m32 ===

# of expected passes		41964
# of unexpected failures	6
# of expected failures		56
# of unresolved testcases	6
# of unsupported tests		210

Running target unix/-m64
FAIL: gfortran.dg/lto/pr45586-2 f_lto_pr45586-2_0.o-f_lto_pr45586-2_0.o link, -O0 -flto -flto-partition=none  (internal compiler error)
UNRESOLVED: gfortran.dg/lto/pr45586-2 f_lto_pr45586-2_0.o-f_lto_pr45586-2_0.o execute -O0 -flto -flto-partition=none 
FAIL: gfortran.dg/lto/pr45586-2 f_lto_pr45586-2_0.o-f_lto_pr45586-2_0.o link, -O0 -flto -flto-partition=1to1  (internal compiler error)
UNRESOLVED: gfortran.dg/lto/pr45586-2 f_lto_pr45586-2_0.o-f_lto_pr45586-2_0.o execute -O0 -flto -flto-partition=1to1 
FAIL: gfortran.dg/lto/pr45586-2 f_lto_pr45586-2_0.o-f_lto_pr45586-2_0.o link, -O0 -flto  (internal compiler error)
UNRESOLVED: gfortran.dg/lto/pr45586-2 f_lto_pr45586-2_0.o-f_lto_pr45586-2_0.o execute -O0 -flto 
FAIL: gfortran.dg/lto/pr45586 f_lto_pr45586_0.o-f_lto_pr45586_0.o link, -O0 -flto -flto-partition=none  (internal compiler error)
UNRESOLVED: gfortran.dg/lto/pr45586 f_lto_pr45586_0.o-f_lto_pr45586_0.o execute -O0 -flto -flto-partition=none 
FAIL: gfortran.dg/lto/pr45586 f_lto_pr45586_0.o-f_lto_pr45586_0.o link, -O0 -flto -flto-partition=1to1  (internal compiler error)
UNRESOLVED: gfortran.dg/lto/pr45586 f_lto_pr45586_0.o-f_lto_pr45586_0.o execute -O0 -flto -flto-partition=1to1 
FAIL: gfortran.dg/lto/pr45586 f_lto_pr45586_0.o-f_lto_pr45586_0.o link, -O0 -flto  (internal compiler error)
UNRESOLVED: gfortran.dg/lto/pr45586 f_lto_pr45586_0.o-f_lto_pr45586_0.o execute -O0 -flto 

		=== gfortran Summary for unix/-m64 ===

# of expected passes		42251
# of unexpected failures	6
# of expected failures		56
# of unresolved testcases	6
# of unsupported tests		72

		=== gfortran Summary ===

# of expected passes		84215
# of unexpected failures	12
# of expected failures		112
# of unresolved testcases	12
# of unsupported tests		282
/sw/src/fink.build/gcc48-4.8.0-1000/darwin_objdir/gcc/testsuite/gfortran/../../gfortran  version 4.8.0 20121003 (experimental) (GCC) 

		=== obj-c++ tests ===


Running target unix/-m32
FAIL: obj-c++.dg/cxx-ivars-3.mm -fnext-runtime execution test
FAIL: obj-c++.dg/gnu-api-2-objc.mm -fnext-runtime execution test
FAIL: obj-c++.dg/strings/const-cfstring-2.mm -fnext-runtime  (test for warnings, line 22)
FAIL: obj-c++.dg/strings/const-cfstring-2.mm -fnext-runtime  (test for warnings, line 23)
FAIL: obj-c++.dg/strings/const-cfstring-2.mm -fnext-runtime  (test for warnings, line 25)
FAIL: obj-c++.dg/strings/const-cfstring-2.mm -fnext-runtime  (test for warnings, line 26)
FAIL: obj-c++.dg/torture/strings/string1.mm  -O2 -flto -flto-partition=none  -fnext-runtime (test for excess errors)
FAIL: obj-c++.dg/torture/strings/string1.mm  -O2 -flto  -fnext-runtime (test for excess errors)

		=== obj-c++ Summary for unix/-m32 ===

# of expected passes		3151
# of unexpected failures	8
# of expected failures		2
# of unsupported tests		68

Running target unix/-m64
FAIL: obj-c++.dg/gnu-api-2-objc.mm -fnext-runtime execution test
FAIL: obj-c++.dg/method-12.mm -fnext-runtime (test for excess errors)
FAIL: obj-c++.dg/proto-lossage-7.mm -fnext-runtime (internal compiler error)
FAIL: obj-c++.dg/proto-lossage-7.mm -fnext-runtime (test for excess errors)
FAIL: obj-c++.dg/syntax-error-1.mm -fnext-runtime (test for excess errors)
FAIL: obj-c++.dg/property/at-property-13.mm -fgnu-runtime execution test
FAIL: obj-c++.dg/strings/const-cfstring-2.mm -fnext-runtime  (test for warnings, line 22)
FAIL: obj-c++.dg/strings/const-cfstring-2.mm -fnext-runtime  (test for warnings, line 23)
FAIL: obj-c++.dg/strings/const-cfstring-2.mm -fnext-runtime  (test for warnings, line 25)
FAIL: obj-c++.dg/strings/const-cfstring-2.mm -fnext-runtime  (test for warnings, line 26)
FAIL: obj-c++.dg/strings/const-cfstring-5.mm -fnext-runtime (test for excess errors)
FAIL: obj-c++.dg/strings/const-str-12.mm -fnext-runtime (test for excess errors)
FAIL: obj-c++.dg/torture/strings/const-str-10.mm  -O0  -fnext-runtime (test for excess errors)
UNRESOLVED: obj-c++.dg/torture/strings/const-str-10.mm  -O0  -fnext-runtime  scan-assembler .section __DATA, __objc_stringobj
UNRESOLVED: obj-c++.dg/torture/strings/const-str-10.mm  -O0  -fnext-runtime  scan-assembler .quad\\t_OBJC_CLASS_._NSConstantString\\n\\t.quad\\t.*\\n\\t.long\\t5\\n\\t.space
FAIL: obj-c++.dg/torture/strings/const-str-10.mm  -O1  -fnext-runtime (test for excess errors)
UNRESOLVED: obj-c++.dg/torture/strings/const-str-10.mm  -O1  -fnext-runtime  scan-assembler .section __DATA, __objc_stringobj
UNRESOLVED: obj-c++.dg/torture/strings/const-str-10.mm  -O1  -fnext-runtime  scan-assembler .quad\\t_OBJC_CLASS_._NSConstantString\\n\\t.quad\\t.*\\n\\t.long\\t5\\n\\t.space
FAIL: obj-c++.dg/torture/strings/const-str-10.mm  -O2  -fnext-runtime (test for excess errors)
UNRESOLVED: obj-c++.dg/torture/strings/const-str-10.mm  -O2  -fnext-runtime  scan-assembler .section __DATA, __objc_stringobj
UNRESOLVED: obj-c++.dg/torture/strings/const-str-10.mm  -O2  -fnext-runtime  scan-assembler .quad\\t_OBJC_CLASS_._NSConstantString\\n\\t.quad\\t.*\\n\\t.long\\t5\\n\\t.space
FAIL: obj-c++.dg/torture/strings/const-str-10.mm  -O3 -fomit-frame-pointer  -fnext-runtime (test for excess errors)
UNRESOLVED: obj-c++.dg/torture/strings/const-str-10.mm  -O3 -fomit-frame-pointer  -fnext-runtime  scan-assembler .section __DATA, __objc_stringobj
UNRESOLVED: obj-c++.dg/torture/strings/const-str-10.mm  -O3 -fomit-frame-pointer  -fnext-runtime  scan-assembler .quad\\t_OBJC_CLASS_._NSConstantString\\n\\t.quad\\t.*\\n\\t.long\\t5\\n\\t.space
FAIL: obj-c++.dg/torture/strings/const-str-10.mm  -O3 -g  -fnext-runtime (test for excess errors)
UNRESOLVED: obj-c++.dg/torture/strings/const-str-10.mm  -O3 -g  -fnext-runtime  scan-assembler .section __DATA, __objc_stringobj
UNRESOLVED: obj-c++.dg/torture/strings/const-str-10.mm  -O3 -g  -fnext-runtime  scan-assembler .quad\\t_OBJC_CLASS_._NSConstantString\\n\\t.quad\\t.*\\n\\t.long\\t5\\n\\t.space
FAIL: obj-c++.dg/torture/strings/const-str-10.mm  -Os  -fnext-runtime (test for excess errors)
UNRESOLVED: obj-c++.dg/torture/strings/const-str-10.mm  -Os  -fnext-runtime  scan-assembler .section __DATA, __objc_stringobj
UNRESOLVED: obj-c++.dg/torture/strings/const-str-10.mm  -Os  -fnext-runtime  scan-assembler .quad\\t_OBJC_CLASS_._NSConstantString\\n\\t.quad\\t.*\\n\\t.long\\t5\\n\\t.space
FAIL: obj-c++.dg/torture/strings/const-str-10.mm  -O2 -flto -flto-partition=none  -fnext-runtime (test for excess errors)
UNRESOLVED: obj-c++.dg/torture/strings/const-str-10.mm  -O2 -flto -flto-partition=none  -fnext-runtime  scan-assembler .section __DATA, __objc_stringobj
UNRESOLVED: obj-c++.dg/torture/strings/const-str-10.mm  -O2 -flto -flto-partition=none  -fnext-runtime  scan-assembler .quad\\t_OBJC_CLASS_._NSConstantString\\n\\t.quad\\t.*\\n\\t.long\\t5\\n\\t.space
FAIL: obj-c++.dg/torture/strings/const-str-10.mm  -O2 -flto  -fnext-runtime (test for excess errors)
UNRESOLVED: obj-c++.dg/torture/strings/const-str-10.mm  -O2 -flto  -fnext-runtime  scan-assembler .section __DATA, __objc_stringobj
UNRESOLVED: obj-c++.dg/torture/strings/const-str-10.mm  -O2 -flto  -fnext-runtime  scan-assembler .quad\\t_OBJC_CLASS_._NSConstantString\\n\\t.quad\\t.*\\n\\t.long\\t5\\n\\t.space
FAIL: obj-c++.dg/torture/strings/const-str-11.mm  -O0  -fnext-runtime (test for excess errors)
UNRESOLVED: obj-c++.dg/torture/strings/const-str-11.mm  -O0  -fnext-runtime  scan-assembler .section __DATA, __objc_stringobj
UNRESOLVED: obj-c++.dg/torture/strings/const-str-11.mm  -O0  -fnext-runtime  scan-assembler .quad\\t_OBJC_CLASS_._XStr\\n\\t.quad\\t.*\\n\\t.long\\t5\\n\\t.space
FAIL: obj-c++.dg/torture/strings/const-str-11.mm  -O1  -fnext-runtime (test for excess errors)
UNRESOLVED: obj-c++.dg/torture/strings/const-str-11.mm  -O1  -fnext-runtime  scan-assembler .section __DATA, __objc_stringobj
UNRESOLVED: obj-c++.dg/torture/strings/const-str-11.mm  -O1  -fnext-runtime  scan-assembler .quad\\t_OBJC_CLASS_._XStr\\n\\t.quad\\t.*\\n\\t.long\\t5\\n\\t.space
FAIL: obj-c++.dg/torture/strings/const-str-11.mm  -O2  -fnext-runtime (test for excess errors)
UNRESOLVED: obj-c++.dg/torture/strings/const-str-11.mm  -O2  -fnext-runtime  scan-assembler .section __DATA, __objc_stringobj
UNRESOLVED: obj-c++.dg/torture/strings/const-str-11.mm  -O2  -fnext-runtime  scan-assembler .quad\\t_OBJC_CLASS_._XStr\\n\\t.quad\\t.*\\n\\t.long\\t5\\n\\t.space
FAIL: obj-c++.dg/torture/strings/const-str-11.mm  -O3 -fomit-frame-pointer  -fnext-runtime (test for excess errors)
UNRESOLVED: obj-c++.dg/torture/strings/const-str-11.mm  -O3 -fomit-frame-pointer  -fnext-runtime  scan-assembler .section __DATA, __objc_stringobj
UNRESOLVED: obj-c++.dg/torture/strings/const-str-11.mm  -O3 -fomit-frame-pointer  -fnext-runtime  scan-assembler .quad\\t_OBJC_CLASS_._XStr\\n\\t.quad\\t.*\\n\\t.long\\t5\\n\\t.space
FAIL: obj-c++.dg/torture/strings/const-str-11.mm  -O3 -g  -fnext-runtime (test for excess errors)
UNRESOLVED: obj-c++.dg/torture/strings/const-str-11.mm  -O3 -g  -fnext-runtime  scan-assembler .section __DATA, __objc_stringobj
UNRESOLVED: obj-c++.dg/torture/strings/const-str-11.mm  -O3 -g  -fnext-runtime  scan-assembler .quad\\t_OBJC_CLASS_._XStr\\n\\t.quad\\t.*\\n\\t.long\\t5\\n\\t.space
FAIL: obj-c++.dg/torture/strings/const-str-11.mm  -Os  -fnext-runtime (test for excess errors)
UNRESOLVED: obj-c++.dg/torture/strings/const-str-11.mm  -Os  -fnext-runtime  scan-assembler .section __DATA, __objc_stringobj
UNRESOLVED: obj-c++.dg/torture/strings/const-str-11.mm  -Os  -fnext-runtime  scan-assembler .quad\\t_OBJC_CLASS_._XStr\\n\\t.quad\\t.*\\n\\t.long\\t5\\n\\t.space
FAIL: obj-c++.dg/torture/strings/const-str-11.mm  -O2 -flto -flto-partition=none  -fnext-runtime (test for excess errors)
UNRESOLVED: obj-c++.dg/torture/strings/const-str-11.mm  -O2 -flto -flto-partition=none  -fnext-runtime  scan-assembler .section __DATA, __objc_stringobj
UNRESOLVED: obj-c++.dg/torture/strings/const-str-11.mm  -O2 -flto -flto-partition=none  -fnext-runtime  scan-assembler .quad\\t_OBJC_CLASS_._XStr\\n\\t.quad\\t.*\\n\\t.long\\t5\\n\\t.space
FAIL: obj-c++.dg/torture/strings/const-str-11.mm  -O2 -flto  -fnext-runtime (test for excess errors)
UNRESOLVED: obj-c++.dg/torture/strings/const-str-11.mm  -O2 -flto  -fnext-runtime  scan-assembler .section __DATA, __objc_stringobj
UNRESOLVED: obj-c++.dg/torture/strings/const-str-11.mm  -O2 -flto  -fnext-runtime  scan-assembler .quad\\t_OBJC_CLASS_._XStr\\n\\t.quad\\t.*\\n\\t.long\\t5\\n\\t.space
FAIL: obj-c++.dg/torture/strings/const-str-9.mm  -O0  -fnext-runtime (test for excess errors)
UNRESOLVED: obj-c++.dg/torture/strings/const-str-9.mm  -O0  -fnext-runtime  scan-assembler .section __DATA, __objc_stringobj
UNRESOLVED: obj-c++.dg/torture/strings/const-str-9.mm  -O0  -fnext-runtime  scan-assembler .quad\\t_OBJC_CLASS_._NSConstantString\\n\\t.quad\\t.*\\n\\t.long\\t5\\n\\t.space
FAIL: obj-c++.dg/torture/strings/const-str-9.mm  -O1  -fnext-runtime (test for excess errors)
UNRESOLVED: obj-c++.dg/torture/strings/const-str-9.mm  -O1  -fnext-runtime  scan-assembler .section __DATA, __objc_stringobj
UNRESOLVED: obj-c++.dg/torture/strings/const-str-9.mm  -O1  -fnext-runtime  scan-assembler .quad\\t_OBJC_CLASS_._NSConstantString\\n\\t.quad\\t.*\\n\\t.long\\t5\\n\\t.space
FAIL: obj-c++.dg/torture/strings/const-str-9.mm  -O2  -fnext-runtime (test for excess errors)
UNRESOLVED: obj-c++.dg/torture/strings/const-str-9.mm  -O2  -fnext-runtime  scan-assembler .section __DATA, __objc_stringobj
UNRESOLVED: obj-c++.dg/torture/strings/const-str-9.mm  -O2  -fnext-runtime  scan-assembler .quad\\t_OBJC_CLASS_._NSConstantString\\n\\t.quad\\t.*\\n\\t.long\\t5\\n\\t.space
FAIL: obj-c++.dg/torture/strings/const-str-9.mm  -O3 -fomit-frame-pointer  -fnext-runtime (test for excess errors)
UNRESOLVED: obj-c++.dg/torture/strings/const-str-9.mm  -O3 -fomit-frame-pointer  -fnext-runtime  scan-assembler .section __DATA, __objc_stringobj
UNRESOLVED: obj-c++.dg/torture/strings/const-str-9.mm  -O3 -fomit-frame-pointer  -fnext-runtime  scan-assembler .quad\\t_OBJC_CLASS_._NSConstantString\\n\\t.quad\\t.*\\n\\t.long\\t5\\n\\t.space
FAIL: obj-c++.dg/torture/strings/const-str-9.mm  -O3 -g  -fnext-runtime (test for excess errors)
UNRESOLVED: obj-c++.dg/torture/strings/const-str-9.mm  -O3 -g  -fnext-runtime  scan-assembler .section __DATA, __objc_stringobj
UNRESOLVED: obj-c++.dg/torture/strings/const-str-9.mm  -O3 -g  -fnext-runtime  scan-assembler .quad\\t_OBJC_CLASS_._NSConstantString\\n\\t.quad\\t.*\\n\\t.long\\t5\\n\\t.space
FAIL: obj-c++.dg/torture/strings/const-str-9.mm  -Os  -fnext-runtime (test for excess errors)
UNRESOLVED: obj-c++.dg/torture/strings/const-str-9.mm  -Os  -fnext-runtime  scan-assembler .section __DATA, __objc_stringobj
UNRESOLVED: obj-c++.dg/torture/strings/const-str-9.mm  -Os  -fnext-runtime  scan-assembler .quad\\t_OBJC_CLASS_._NSConstantString\\n\\t.quad\\t.*\\n\\t.long\\t5\\n\\t.space
FAIL: obj-c++.dg/torture/strings/const-str-9.mm  -O2 -flto -flto-partition=none  -fnext-runtime (test for excess errors)
UNRESOLVED: obj-c++.dg/torture/strings/const-str-9.mm  -O2 -flto -flto-partition=none  -fnext-runtime  scan-assembler .section __DATA, __objc_stringobj
UNRESOLVED: obj-c++.dg/torture/strings/const-str-9.mm  -O2 -flto -flto-partition=none  -fnext-runtime  scan-assembler .quad\\t_OBJC_CLASS_._NSConstantString\\n\\t.quad\\t.*\\n\\t.long\\t5\\n\\t.space
FAIL: obj-c++.dg/torture/strings/const-str-9.mm  -O2 -flto  -fnext-runtime (test for excess errors)
UNRESOLVED: obj-c++.dg/torture/strings/const-str-9.mm  -O2 -flto  -fnext-runtime  scan-assembler .section __DATA, __objc_stringobj
UNRESOLVED: obj-c++.dg/torture/strings/const-str-9.mm  -O2 -flto  -fnext-runtime  scan-assembler .quad\\t_OBJC_CLASS_._NSConstantString\\n\\t.quad\\t.*\\n\\t.long\\t5\\n\\t.space
FAIL: obj-c++.dg/torture/strings/string1.mm  -O2 -flto -flto-partition=none  -fnext-runtime (test for excess errors)
FAIL: obj-c++.dg/torture/strings/string1.mm  -O2 -flto  -fnext-runtime (test for excess errors)

		=== obj-c++ Summary for unix/-m64 ===

# of expected passes		3024
# of unexpected failures	38
# of expected failures		19
# of unresolved testcases	48
# of unsupported tests		73

		=== obj-c++ Summary ===

# of expected passes		6175
# of unexpected failures	46
# of expected failures		21
# of unresolved testcases	48
# of unsupported tests		141
/sw/src/fink.build/gcc48-4.8.0-1000/darwin_objdir/gcc/testsuite/obj-c++/../../g++  version 4.8.0 20121003 (experimental) (GCC) 

		=== objc tests ===


Running target unix/-m32
FAIL: objc.dg/gnu-api-2-objc.m -fnext-runtime execution test
FAIL: objc.dg/no-extra-load.m -fnext-runtime (test for excess errors)
UNRESOLVED: objc.dg/no-extra-load.m -fnext-runtime  scan-assembler-not L_objc_msgSend\\\\\$non_lazy_ptr
FAIL: objc.dg/objc-foreach-4.m -fnext-runtime (test for excess errors)
FAIL: objc.dg/objc-foreach-5.m -fnext-runtime (test for excess errors)
UNRESOLVED: objc.dg/objc-foreach-5.m -fnext-runtime  scan-assembler _addStuffUp:
FAIL: objc.dg/torture/strings/string1.m  -O2 -flto -flto-partition=none  -fnext-runtime (test for excess errors)
FAIL: objc.dg/torture/strings/string1.m  -O2 -flto  -fnext-runtime (test for excess errors)
FAIL: objc.dg/torture/strings/string2.m  -O2 -flto -flto-partition=none  -fnext-runtime (test for excess errors)
FAIL: objc.dg/torture/strings/string2.m  -O2 -flto  -fnext-runtime (test for excess errors)
FAIL: objc.dg/torture/strings/string3.m  -O2 -flto -flto-partition=none  -fnext-runtime (test for excess errors)
FAIL: objc.dg/torture/strings/string3.m  -O2 -flto  -fnext-runtime (test for excess errors)
FAIL: objc.dg/torture/strings/string4.m  -O2 -flto -flto-partition=none  -fnext-runtime (test for excess errors)
FAIL: objc.dg/torture/strings/string4.m  -O2 -flto  -fnext-runtime (test for excess errors)

		=== objc Summary for unix/-m32 ===

# of expected passes		6085
# of unexpected failures	12
# of expected failures		6
# of unresolved testcases	2
# of unsupported tests		85

Running target unix/-m64
FAIL: objc.dg/encode-7-next-64bit.m -fnext-runtime (test for excess errors)
WARNING: objc.dg/encode-7-next-64bit.m -fnext-runtime compilation failed to produce executable
FAIL: objc.dg/gnu-api-2-objc.m -fnext-runtime execution test
FAIL: objc.dg/image-info.m -fnext-runtime (test for excess errors)
UNRESOLVED: objc.dg/image-info.m -fnext-runtime  scan-assembler \\t.section __DATA, __objc_imageinfo.*\\n\\t.align.*\\nL_OBJC_ImageInfo.*:\\n\\t.long\\t0\\n\\t.long\\t17
FAIL: objc.dg/method-6.m -fnext-runtime (test for excess errors)
FAIL: objc.dg/no-extra-load.m -fnext-runtime (test for excess errors)
UNRESOLVED: objc.dg/no-extra-load.m -fnext-runtime  scan-assembler-not L_objc_msgSend\\\\\$non_lazy_ptr
FAIL: objc.dg/objc-foreach-4.m -fnext-runtime (test for excess errors)
FAIL: objc.dg/objc-foreach-5.m -fnext-runtime (test for excess errors)
UNRESOLVED: objc.dg/objc-foreach-5.m -fnext-runtime  scan-assembler _addStuffUp:
FAIL: objc.dg/pr23214.m -fnext-runtime (test for excess errors)
WARNING: objc.dg/pr23214.m -fnext-runtime compilation failed to produce executable
FAIL: objc.dg/proto-lossage-7.m -fnext-runtime (test for excess errors)
FAIL: objc.dg/symtab-1.m -fnext-runtime (test for excess errors)
UNRESOLVED: objc.dg/symtab-1.m -fnext-runtime  scan-assembler-not L_OBJC_Symbols
FAIL: objc.dg/zero-link-1.m -fnext-runtime (test for excess errors)
UNRESOLVED: objc.dg/zero-link-1.m -fnext-runtime  scan-assembler-not _OBJC_ClassRef_Base
UNRESOLVED: objc.dg/zero-link-1.m -fnext-runtime  scan-assembler objc_getClass
FAIL: objc.dg/zero-link-2.m -fnext-runtime (test for excess errors)
UNRESOLVED: objc.dg/zero-link-2.m -fnext-runtime  scan-assembler _OBJC_ClassRef_Base
UNRESOLVED: objc.dg/zero-link-2.m -fnext-runtime  scan-assembler-not objc_getClass
FAIL: objc.dg/zero-link-3.m -fnext-runtime (test for excess errors)
WARNING: objc.dg/zero-link-3.m -fnext-runtime compilation failed to produce executable
FAIL: objc.dg/property/at-property-13.m -fgnu-runtime execution test
FAIL: objc.dg/strings/const-cfstring-5.m -fnext-runtime (test for excess errors)
FAIL: objc.dg/strings/const-str-12b.m -fnext-runtime (test for excess errors)
FAIL: objc.dg/torture/strings/const-str-10.m  -O0  -fnext-runtime (test for excess errors)
UNRESOLVED: objc.dg/torture/strings/const-str-10.m  -O0  -fnext-runtime  scan-assembler .section __DATA, __objc_stringobj
UNRESOLVED: objc.dg/torture/strings/const-str-10.m  -O0  -fnext-runtime  scan-assembler .quad\\t_OBJC_CLASS_._NSConstantString\\n\\t.quad\\t.*\\n\\t.long\\t5\\n\\t.space
FAIL: objc.dg/torture/strings/const-str-10.m  -O1  -fnext-runtime (test for excess errors)
UNRESOLVED: objc.dg/torture/strings/const-str-10.m  -O1  -fnext-runtime  scan-assembler .section __DATA, __objc_stringobj
UNRESOLVED: objc.dg/torture/strings/const-str-10.m  -O1  -fnext-runtime  scan-assembler .quad\\t_OBJC_CLASS_._NSConstantString\\n\\t.quad\\t.*\\n\\t.long\\t5\\n\\t.space
FAIL: objc.dg/torture/strings/const-str-10.m  -O2  -fnext-runtime (test for excess errors)
UNRESOLVED: objc.dg/torture/strings/const-str-10.m  -O2  -fnext-runtime  scan-assembler .section __DATA, __objc_stringobj
UNRESOLVED: objc.dg/torture/strings/const-str-10.m  -O2  -fnext-runtime  scan-assembler .quad\\t_OBJC_CLASS_._NSConstantString\\n\\t.quad\\t.*\\n\\t.long\\t5\\n\\t.space
FAIL: objc.dg/torture/strings/const-str-10.m  -O3 -fomit-frame-pointer  -fnext-runtime (test for excess errors)
UNRESOLVED: objc.dg/torture/strings/const-str-10.m  -O3 -fomit-frame-pointer  -fnext-runtime  scan-assembler .section __DATA, __objc_stringobj
UNRESOLVED: objc.dg/torture/strings/const-str-10.m  -O3 -fomit-frame-pointer  -fnext-runtime  scan-assembler .quad\\t_OBJC_CLASS_._NSConstantString\\n\\t.quad\\t.*\\n\\t.long\\t5\\n\\t.space
FAIL: objc.dg/torture/strings/const-str-10.m  -O3 -g  -fnext-runtime (test for excess errors)
UNRESOLVED: objc.dg/torture/strings/const-str-10.m  -O3 -g  -fnext-runtime  scan-assembler .section __DATA, __objc_stringobj
UNRESOLVED: objc.dg/torture/strings/const-str-10.m  -O3 -g  -fnext-runtime  scan-assembler .quad\\t_OBJC_CLASS_._NSConstantString\\n\\t.quad\\t.*\\n\\t.long\\t5\\n\\t.space
FAIL: objc.dg/torture/strings/const-str-10.m  -Os  -fnext-runtime (test for excess errors)
UNRESOLVED: objc.dg/torture/strings/const-str-10.m  -Os  -fnext-runtime  scan-assembler .section __DATA, __objc_stringobj
UNRESOLVED: objc.dg/torture/strings/const-str-10.m  -Os  -fnext-runtime  scan-assembler .quad\\t_OBJC_CLASS_._NSConstantString\\n\\t.quad\\t.*\\n\\t.long\\t5\\n\\t.space
FAIL: objc.dg/torture/strings/const-str-10.m  -O2 -flto -flto-partition=none  -fnext-runtime (test for excess errors)
UNRESOLVED: objc.dg/torture/strings/const-str-10.m  -O2 -flto -flto-partition=none  -fnext-runtime  scan-assembler .section __DATA, __objc_stringobj
UNRESOLVED: objc.dg/torture/strings/const-str-10.m  -O2 -flto -flto-partition=none  -fnext-runtime  scan-assembler .quad\\t_OBJC_CLASS_._NSConstantString\\n\\t.quad\\t.*\\n\\t.long\\t5\\n\\t.space
FAIL: objc.dg/torture/strings/const-str-10.m  -O2 -flto  -fnext-runtime (test for excess errors)
UNRESOLVED: objc.dg/torture/strings/const-str-10.m  -O2 -flto  -fnext-runtime  scan-assembler .section __DATA, __objc_stringobj
UNRESOLVED: objc.dg/torture/strings/const-str-10.m  -O2 -flto  -fnext-runtime  scan-assembler .quad\\t_OBJC_CLASS_._NSConstantString\\n\\t.quad\\t.*\\n\\t.long\\t5\\n\\t.space
FAIL: objc.dg/torture/strings/const-str-11.m  -O0  -fnext-runtime (test for excess errors)
UNRESOLVED: objc.dg/torture/strings/const-str-11.m  -O0  -fnext-runtime  scan-assembler .section __DATA, __objc_stringobj
UNRESOLVED: objc.dg/torture/strings/const-str-11.m  -O0  -fnext-runtime  scan-assembler .quad\\t_OBJC_CLASS_._XStr\\n\\t.quad\\t.*\\n\\t.long\\t5\\n\\t.space
FAIL: objc.dg/torture/strings/const-str-11.m  -O1  -fnext-runtime (test for excess errors)
UNRESOLVED: objc.dg/torture/strings/const-str-11.m  -O1  -fnext-runtime  scan-assembler .section __DATA, __objc_stringobj
UNRESOLVED: objc.dg/torture/strings/const-str-11.m  -O1  -fnext-runtime  scan-assembler .quad\\t_OBJC_CLASS_._XStr\\n\\t.quad\\t.*\\n\\t.long\\t5\\n\\t.space
FAIL: objc.dg/torture/strings/const-str-11.m  -O2  -fnext-runtime (test for excess errors)
UNRESOLVED: objc.dg/torture/strings/const-str-11.m  -O2  -fnext-runtime  scan-assembler .section __DATA, __objc_stringobj
UNRESOLVED: objc.dg/torture/strings/const-str-11.m  -O2  -fnext-runtime  scan-assembler .quad\\t_OBJC_CLASS_._XStr\\n\\t.quad\\t.*\\n\\t.long\\t5\\n\\t.space
FAIL: objc.dg/torture/strings/const-str-11.m  -O3 -fomit-frame-pointer  -fnext-runtime (test for excess errors)
UNRESOLVED: objc.dg/torture/strings/const-str-11.m  -O3 -fomit-frame-pointer  -fnext-runtime  scan-assembler .section __DATA, __objc_stringobj
UNRESOLVED: objc.dg/torture/strings/const-str-11.m  -O3 -fomit-frame-pointer  -fnext-runtime  scan-assembler .quad\\t_OBJC_CLASS_._XStr\\n\\t.quad\\t.*\\n\\t.long\\t5\\n\\t.space
FAIL: objc.dg/torture/strings/const-str-11.m  -O3 -g  -fnext-runtime (test for excess errors)
UNRESOLVED: objc.dg/torture/strings/const-str-11.m  -O3 -g  -fnext-runtime  scan-assembler .section __DATA, __objc_stringobj
UNRESOLVED: objc.dg/torture/strings/const-str-11.m  -O3 -g  -fnext-runtime  scan-assembler .quad\\t_OBJC_CLASS_._XStr\\n\\t.quad\\t.*\\n\\t.long\\t5\\n\\t.space
FAIL: objc.dg/torture/strings/const-str-11.m  -Os  -fnext-runtime (test for excess errors)
UNRESOLVED: objc.dg/torture/strings/const-str-11.m  -Os  -fnext-runtime  scan-assembler .section __DATA, __objc_stringobj
UNRESOLVED: objc.dg/torture/strings/const-str-11.m  -Os  -fnext-runtime  scan-assembler .quad\\t_OBJC_CLASS_._XStr\\n\\t.quad\\t.*\\n\\t.long\\t5\\n\\t.space
FAIL: objc.dg/torture/strings/const-str-11.m  -O2 -flto -flto-partition=none  -fnext-runtime (test for excess errors)
UNRESOLVED: objc.dg/torture/strings/const-str-11.m  -O2 -flto -flto-partition=none  -fnext-runtime  scan-assembler .section __DATA, __objc_stringobj
UNRESOLVED: objc.dg/torture/strings/const-str-11.m  -O2 -flto -flto-partition=none  -fnext-runtime  scan-assembler .quad\\t_OBJC_CLASS_._XStr\\n\\t.quad\\t.*\\n\\t.long\\t5\\n\\t.space
FAIL: objc.dg/torture/strings/const-str-11.m  -O2 -flto  -fnext-runtime (test for excess errors)
UNRESOLVED: objc.dg/torture/strings/const-str-11.m  -O2 -flto  -fnext-runtime  scan-assembler .section __DATA, __objc_stringobj
UNRESOLVED: objc.dg/torture/strings/const-str-11.m  -O2 -flto  -fnext-runtime  scan-assembler .quad\\t_OBJC_CLASS_._XStr\\n\\t.quad\\t.*\\n\\t.long\\t5\\n\\t.space
FAIL: objc.dg/torture/strings/const-str-9.m  -O0  -fnext-runtime (test for excess errors)
UNRESOLVED: objc.dg/torture/strings/const-str-9.m  -O0  -fnext-runtime  scan-assembler .section __DATA, __objc_stringobj
UNRESOLVED: objc.dg/torture/strings/const-str-9.m  -O0  -fnext-runtime  scan-assembler .quad\\t_OBJC_CLASS_._NSConstantString\\n\\t.quad\\t.*\\n\\t.long\\t5\\n\\t.space
FAIL: objc.dg/torture/strings/const-str-9.m  -O1  -fnext-runtime (test for excess errors)
UNRESOLVED: objc.dg/torture/strings/const-str-9.m  -O1  -fnext-runtime  scan-assembler .section __DATA, __objc_stringobj
UNRESOLVED: objc.dg/torture/strings/const-str-9.m  -O1  -fnext-runtime  scan-assembler .quad\\t_OBJC_CLASS_._NSConstantString\\n\\t.quad\\t.*\\n\\t.long\\t5\\n\\t.space
FAIL: objc.dg/torture/strings/const-str-9.m  -O2  -fnext-runtime (test for excess errors)
UNRESOLVED: objc.dg/torture/strings/const-str-9.m  -O2  -fnext-runtime  scan-assembler .section __DATA, __objc_stringobj
UNRESOLVED: objc.dg/torture/strings/const-str-9.m  -O2  -fnext-runtime  scan-assembler .quad\\t_OBJC_CLASS_._NSConstantString\\n\\t.quad\\t.*\\n\\t.long\\t5\\n\\t.space
FAIL: objc.dg/torture/strings/const-str-9.m  -O3 -fomit-frame-pointer  -fnext-runtime (test for excess errors)
UNRESOLVED: objc.dg/torture/strings/const-str-9.m  -O3 -fomit-frame-pointer  -fnext-runtime  scan-assembler .section __DATA, __objc_stringobj
UNRESOLVED: objc.dg/torture/strings/const-str-9.m  -O3 -fomit-frame-pointer  -fnext-runtime  scan-assembler .quad\\t_OBJC_CLASS_._NSConstantString\\n\\t.quad\\t.*\\n\\t.long\\t5\\n\\t.space
FAIL: objc.dg/torture/strings/const-str-9.m  -O3 -g  -fnext-runtime (test for excess errors)
UNRESOLVED: objc.dg/torture/strings/const-str-9.m  -O3 -g  -fnext-runtime  scan-assembler .section __DATA, __objc_stringobj
UNRESOLVED: objc.dg/torture/strings/const-str-9.m  -O3 -g  -fnext-runtime  scan-assembler .quad\\t_OBJC_CLASS_._NSConstantString\\n\\t.quad\\t.*\\n\\t.long\\t5\\n\\t.space
FAIL: objc.dg/torture/strings/const-str-9.m  -Os  -fnext-runtime (test for excess errors)
UNRESOLVED: objc.dg/torture/strings/const-str-9.m  -Os  -fnext-runtime  scan-assembler .section __DATA, __objc_stringobj
UNRESOLVED: objc.dg/torture/strings/const-str-9.m  -Os  -fnext-runtime  scan-assembler .quad\\t_OBJC_CLASS_._NSConstantString\\n\\t.quad\\t.*\\n\\t.long\\t5\\n\\t.space
FAIL: objc.dg/torture/strings/const-str-9.m  -O2 -flto -flto-partition=none  -fnext-runtime (test for excess errors)
UNRESOLVED: objc.dg/torture/strings/const-str-9.m  -O2 -flto -flto-partition=none  -fnext-runtime  scan-assembler .section __DATA, __objc_stringobj
UNRESOLVED: objc.dg/torture/strings/const-str-9.m  -O2 -flto -flto-partition=none  -fnext-runtime  scan-assembler .quad\\t_OBJC_CLASS_._NSConstantString\\n\\t.quad\\t.*\\n\\t.long\\t5\\n\\t.space
FAIL: objc.dg/torture/strings/const-str-9.m  -O2 -flto  -fnext-runtime (test for excess errors)
UNRESOLVED: objc.dg/torture/strings/const-str-9.m  -O2 -flto  -fnext-runtime  scan-assembler .section __DATA, __objc_stringobj
UNRESOLVED: objc.dg/torture/strings/const-str-9.m  -O2 -flto  -fnext-runtime  scan-assembler .quad\\t_OBJC_CLASS_._NSConstantString\\n\\t.quad\\t.*\\n\\t.long\\t5\\n\\t.space
FAIL: objc.dg/torture/strings/string1.m  -O2 -flto -flto-partition=none  -fnext-runtime (test for excess errors)
FAIL: objc.dg/torture/strings/string1.m  -O2 -flto  -fnext-runtime (test for excess errors)
FAIL: objc.dg/torture/strings/string2.m  -O2 -flto -flto-partition=none  -fnext-runtime (test for excess errors)
FAIL: objc.dg/torture/strings/string2.m  -O2 -flto  -fnext-runtime (test for excess errors)
FAIL: objc.dg/torture/strings/string3.m  -O2 -flto -flto-partition=none  -fnext-runtime (test for excess errors)
FAIL: objc.dg/torture/strings/string3.m  -O2 -flto  -fnext-runtime (test for excess errors)
FAIL: objc.dg/torture/strings/string4.m  -O2 -flto -flto-partition=none  -fnext-runtime (test for excess errors)
FAIL: objc.dg/torture/strings/string4.m  -O2 -flto  -fnext-runtime (test for excess errors)

		=== objc Summary for unix/-m64 ===

# of expected passes		5944
# of unexpected failures	48
# of expected failures		14
# of unresolved testcases	56
# of unsupported tests		91

		=== objc Summary ===

# of expected passes		12029
# of unexpected failures	60
# of expected failures		20
# of unresolved testcases	58
# of unsupported tests		176
/sw/src/fink.build/gcc48-4.8.0-1000/darwin_objdir/gcc/xgcc  version 4.8.0 20121003 (experimental) (GCC) 

		=== boehm-gc tests ===


Running target unix/-m32

		=== boehm-gc Summary for unix/-m32 ===

# of expected passes		12
# of unsupported tests		1

Running target unix/-m64

		=== boehm-gc Summary for unix/-m64 ===

# of expected passes		12
# of unsupported tests		1

		=== boehm-gc Summary ===

# of expected passes		24
# of unsupported tests		2
		=== libatomic tests ===


Running target unix/-m32

		=== libatomic Summary for unix/-m32 ===

# of expected passes		44
# of unsupported tests		5

Running target unix/-m64

		=== libatomic Summary for unix/-m64 ===

# of expected passes		54

		=== libatomic Summary ===

# of expected passes		98
# of unsupported tests		5
		=== libffi tests ===


Running target unix/-m32

		=== libffi Summary for unix/-m32 ===

# of expected passes		1659
# of unsupported tests		55

Running target unix/-m64

		=== libffi Summary for unix/-m64 ===

# of expected passes		1659
# of unsupported tests		55

		=== libffi Summary ===

# of expected passes		3318
# of unsupported tests		110
		=== libgomp tests ===


Running target unix/-m32

		=== libgomp Summary for unix/-m32 ===

# of expected passes		2973
# of unsupported tests		3

Running target unix/-m64

		=== libgomp Summary for unix/-m64 ===

# of expected passes		2973
# of unsupported tests		3

		=== libgomp Summary ===

# of expected passes		5946
# of unsupported tests		6
		=== libitm tests ===


Running target unix/-m32

		=== libitm Summary for unix/-m32 ===

# of expected passes		26
# of expected failures		3
# of unsupported tests		1

Running target unix/-m64

		=== libitm Summary for unix/-m64 ===

# of expected passes		26
# of expected failures		3
# of unsupported tests		1

		=== libitm Summary ===

# of expected passes		52
# of expected failures		6
# of unsupported tests		2
		=== libjava tests ===


Running target unix/-m32
FAIL: PR16923.c compilation
FAIL: sourcelocation output - source compiled test
FAIL: sourcelocation -findirect-dispatch output - source compiled test
FAIL: sourcelocation -O3 output - source compiled test
FAIL: sourcelocation -O3 -findirect-dispatch output - source compiled test

		=== libjava Summary for unix/-m32 ===

# of expected passes		2580
# of unexpected failures	5

Running target unix/-m64
FAIL: PR16923 run
FAIL: Throw_2 execution - source compiled test
FAIL: Throw_2 -findirect-dispatch execution - source compiled test
FAIL: Throw_2 -O3 execution - source compiled test
FAIL: Throw_2 -O3 -findirect-dispatch execution - source compiled test
FAIL: sourcelocation output - source compiled test
FAIL: sourcelocation -findirect-dispatch output - source compiled test
FAIL: sourcelocation -O3 output - source compiled test
FAIL: sourcelocation -O3 -findirect-dispatch output - source compiled test

		=== libjava Summary for unix/-m64 ===

# of expected passes		2573
# of unexpected failures	9
# of untested testcases		5

		=== libjava Summary ===

# of expected passes		5153
# of unexpected failures	14
# of untested testcases		5
		=== libstdc++ tests ===


Running target unix/-m32

		=== libstdc++ Summary for unix/-m32 ===

# of expected passes		7989
# of expected failures		42
# of unsupported tests		608

Running target unix/-m64

		=== libstdc++ Summary for unix/-m64 ===

# of expected passes		7987
# of expected failures		42
# of unsupported tests		609

		=== libstdc++ Summary ===

# of expected passes		15976
# of expected failures		84
# of unsupported tests		1217

Compiler version: 4.8.0 20121003 (experimental) (GCC) 
Platform: x86_64-apple-darwin12.2.0
configure flags: --prefix=/sw --prefix=/sw/lib/gcc4.8 --mandir=/sw/share/man --infodir=/sw/lib/gcc4.8/info --enable-languages=c,c++,fortran,lto,objc,obj-c++,java --with-gmp=/sw --with-libiconv-prefix=/sw --with-isl=/sw --with-cloog=/sw --with-mpc=/sw --with-system-zlib --enable-checking=yes --x-includes=/usr/X11R6/include --x-libraries=/usr/X11R6/lib --program-suffix=-fsf-4.8


Index Nav: [Date Index] [Subject Index] [Author Index] [Thread Index]
Message Nav: [Date Prev] [Date Next] [Thread Prev] [Thread Next]