This is the mail archive of the
gcc-testresults@gcc.gnu.org
mailing list for the GCC project.
Results for 4.8.0 20120926 (experimental) [trunk revision 191764] (GCC) testsuite on hppa64-hp-hpux11.11
- From: John David Anglin <dave at hiauly3 dot hia dot nrc dot ca>
- To: dave at hiauly3 dot hia dot nrc dot ca, gcc-testresults at gcc dot gnu dot org
- Date: Thu, 27 Sep 2012 16:59:08 -0400 (EDT)
- Subject: Results for 4.8.0 20120926 (experimental) [trunk revision 191764] (GCC) testsuite on hppa64-hp-hpux11.11
Native configuration is hppa64-hp-hpux11.11
=== g++ tests ===
Running target unix
WARNING: program timed out.
=== g++ Summary ===
# of expected passes 46080
# of expected failures 288
# of unsupported tests 943
/test/gnu/gcc/objdir/gcc/testsuite/g++/../../g++ version 4.8.0 20120926 (experimental) [trunk revision 191764] (GCC)
=== gcc tests ===
Running target unix
FAIL: gcc.c-torture/execute/20041113-1.c execution, -Os
FAIL: gcc.c-torture/execute/920501-8.c execution, -Os
FAIL: gcc.c-torture/execute/980608-1.c execution, -Os
FAIL: gcc.c-torture/execute/stdarg-4.c execution, -Os
FAIL: gcc.c-torture/execute/va-arg-19.c execution, -Os
XPASS: gcc.dg/Wstrict-overflow-18.c (test for bogus messages, line 20)
FAIL: gcc.dg/builtin-object-size-8.c execution test
FAIL: gcc.dg/pr44194-1.c scan-rtl-dump dse1 "global deletions = (2|3)"
FAIL: gcc.dg/pr44194-1.c scan-rtl-dump-not final "set \\\\(mem"
WARNING: program timed out.
FAIL: gcc.dg/torture/pr51106-2.c -O0 (internal compiler error)
FAIL: gcc.dg/torture/pr51106-2.c -O0 (test for excess errors)
FAIL: gcc.dg/torture/pr51106-2.c -O1 (internal compiler error)
FAIL: gcc.dg/torture/pr51106-2.c -O1 (test for excess errors)
FAIL: gcc.dg/torture/pr51106-2.c -O2 (internal compiler error)
FAIL: gcc.dg/torture/pr51106-2.c -O2 (test for excess errors)
FAIL: gcc.dg/torture/pr51106-2.c -O3 -fomit-frame-pointer (internal compiler error)
FAIL: gcc.dg/torture/pr51106-2.c -O3 -fomit-frame-pointer (test for excess errors)
FAIL: gcc.dg/torture/pr51106-2.c -O3 -g (internal compiler error)
FAIL: gcc.dg/torture/pr51106-2.c -O3 -g (test for excess errors)
FAIL: gcc.dg/torture/pr51106-2.c -Os (internal compiler error)
FAIL: gcc.dg/torture/pr51106-2.c -Os (test for excess errors)
FAIL: gcc.dg/torture/pr51106-2.c -O2 -flto -flto-partition=none (internal compiler error)
FAIL: gcc.dg/torture/pr51106-2.c -O2 -flto -flto-partition=none (test for excess errors)
FAIL: gcc.dg/torture/pr51106-2.c -O2 -flto (internal compiler error)
FAIL: gcc.dg/torture/pr51106-2.c -O2 -flto (test for excess errors)
=== gcc Summary ===
# of expected passes 75740
# of unexpected failures 24
# of unexpected successes 1
# of expected failures 120
# of unsupported tests 1509
/test/gnu/gcc/objdir/gcc/xgcc version 4.8.0 20120926 (experimental) [trunk revision 191764] (GCC)
=== libatomic tests ===
Running target unix
=== libatomic Summary ===
# of expected passes 4
# of unsupported tests 25
=== libgomp tests ===
Running target unix
=== libgomp Summary ===
# of expected passes 1221
# of unsupported tests 10
=== libstdc++ tests ===
Running target unix
FAIL: ext/random/beta_distribution/cons/default.cc (test for excess errors)
UNRESOLVED: ext/random/beta_distribution/cons/default.cc compilation failed to produce executable
FAIL: ext/random/beta_distribution/cons/parms.cc (test for excess errors)
UNRESOLVED: ext/random/beta_distribution/cons/parms.cc compilation failed to produce executable
FAIL: ext/random/beta_distribution/operators/equal.cc (test for excess errors)
UNRESOLVED: ext/random/beta_distribution/operators/equal.cc compilation failed to produce executable
FAIL: ext/random/beta_distribution/operators/inequal.cc (test for excess errors)
UNRESOLVED: ext/random/beta_distribution/operators/inequal.cc compilation failed to produce executable
FAIL: ext/random/beta_distribution/operators/serialize.cc (test for excess errors)
UNRESOLVED: ext/random/beta_distribution/operators/serialize.cc compilation failed to produce executable
FAIL: ext/random/beta_distribution/requirements/explicit_instantiation/1.cc (test for excess errors)
FAIL: ext/random/beta_distribution/requirements/typedefs.cc (test for excess errors)
FAIL: ext/random/k_distribution/cons/default.cc (test for excess errors)
UNRESOLVED: ext/random/k_distribution/cons/default.cc compilation failed to produce executable
FAIL: ext/random/k_distribution/cons/parms.cc (test for excess errors)
UNRESOLVED: ext/random/k_distribution/cons/parms.cc compilation failed to produce executable
FAIL: ext/random/k_distribution/operators/equal.cc (test for excess errors)
UNRESOLVED: ext/random/k_distribution/operators/equal.cc compilation failed to produce executable
FAIL: ext/random/k_distribution/operators/inequal.cc (test for excess errors)
UNRESOLVED: ext/random/k_distribution/operators/inequal.cc compilation failed to produce executable
FAIL: ext/random/k_distribution/operators/serialize.cc (test for excess errors)
UNRESOLVED: ext/random/k_distribution/operators/serialize.cc compilation failed to produce executable
FAIL: ext/random/k_distribution/requirements/explicit_instantiation/1.cc (test for excess errors)
FAIL: ext/random/k_distribution/requirements/typedefs.cc (test for excess errors)
FAIL: ext/random/nakagami_distribution/cons/default.cc (test for excess errors)
UNRESOLVED: ext/random/nakagami_distribution/cons/default.cc compilation failed to produce executable
FAIL: ext/random/nakagami_distribution/cons/parms.cc (test for excess errors)
UNRESOLVED: ext/random/nakagami_distribution/cons/parms.cc compilation failed to produce executable
FAIL: ext/random/nakagami_distribution/operators/equal.cc (test for excess errors)
UNRESOLVED: ext/random/nakagami_distribution/operators/equal.cc compilation failed to produce executable
FAIL: ext/random/nakagami_distribution/operators/inequal.cc (test for excess errors)
UNRESOLVED: ext/random/nakagami_distribution/operators/inequal.cc compilation failed to produce executable
FAIL: ext/random/nakagami_distribution/operators/serialize.cc (test for excess errors)
UNRESOLVED: ext/random/nakagami_distribution/operators/serialize.cc compilation failed to produce executable
FAIL: ext/random/nakagami_distribution/requirements/explicit_instantiation/1.cc (test for excess errors)
FAIL: ext/random/nakagami_distribution/requirements/typedefs.cc (test for excess errors)
FAIL: ext/random/normal_mv_distribution/cons/default.cc (test for excess errors)
UNRESOLVED: ext/random/normal_mv_distribution/cons/default.cc compilation failed to produce executable
FAIL: ext/random/normal_mv_distribution/cons/parms.cc (test for excess errors)
UNRESOLVED: ext/random/normal_mv_distribution/cons/parms.cc compilation failed to produce executable
FAIL: ext/random/normal_mv_distribution/operators/equal.cc (test for excess errors)
UNRESOLVED: ext/random/normal_mv_distribution/operators/equal.cc compilation failed to produce executable
FAIL: ext/random/normal_mv_distribution/operators/inequal.cc (test for excess errors)
UNRESOLVED: ext/random/normal_mv_distribution/operators/inequal.cc compilation failed to produce executable
FAIL: ext/random/normal_mv_distribution/operators/serialize.cc (test for excess errors)
UNRESOLVED: ext/random/normal_mv_distribution/operators/serialize.cc compilation failed to produce executable
FAIL: ext/random/normal_mv_distribution/requirements/explicit_instantiation/1.cc (test for excess errors)
FAIL: ext/random/normal_mv_distribution/requirements/typedefs.cc (test for excess errors)
FAIL: ext/random/pareto_distribution/cons/default.cc (test for excess errors)
UNRESOLVED: ext/random/pareto_distribution/cons/default.cc compilation failed to produce executable
FAIL: ext/random/pareto_distribution/cons/parms.cc (test for excess errors)
UNRESOLVED: ext/random/pareto_distribution/cons/parms.cc compilation failed to produce executable
FAIL: ext/random/pareto_distribution/operators/equal.cc (test for excess errors)
UNRESOLVED: ext/random/pareto_distribution/operators/equal.cc compilation failed to produce executable
FAIL: ext/random/pareto_distribution/operators/inequal.cc (test for excess errors)
UNRESOLVED: ext/random/pareto_distribution/operators/inequal.cc compilation failed to produce executable
FAIL: ext/random/pareto_distribution/operators/serialize.cc (test for excess errors)
UNRESOLVED: ext/random/pareto_distribution/operators/serialize.cc compilation failed to produce executable
FAIL: ext/random/pareto_distribution/requirements/explicit_instantiation/1.cc (test for excess errors)
FAIL: ext/random/pareto_distribution/requirements/typedefs.cc (test for excess errors)
FAIL: ext/random/rice_distribution/cons/default.cc (test for excess errors)
UNRESOLVED: ext/random/rice_distribution/cons/default.cc compilation failed to produce executable
FAIL: ext/random/rice_distribution/cons/parms.cc (test for excess errors)
UNRESOLVED: ext/random/rice_distribution/cons/parms.cc compilation failed to produce executable
FAIL: ext/random/rice_distribution/operators/equal.cc (test for excess errors)
UNRESOLVED: ext/random/rice_distribution/operators/equal.cc compilation failed to produce executable
FAIL: ext/random/rice_distribution/operators/inequal.cc (test for excess errors)
UNRESOLVED: ext/random/rice_distribution/operators/inequal.cc compilation failed to produce executable
FAIL: ext/random/rice_distribution/operators/serialize.cc (test for excess errors)
UNRESOLVED: ext/random/rice_distribution/operators/serialize.cc compilation failed to produce executable
FAIL: ext/random/rice_distribution/requirements/explicit_instantiation/1.cc (test for excess errors)
FAIL: ext/random/rice_distribution/requirements/typedefs.cc (test for excess errors)
FAIL: ext/random/simd_fast_mersenne_twister_engine/cons/copy.cc (test for excess errors)
UNRESOLVED: ext/random/simd_fast_mersenne_twister_engine/cons/copy.cc compilation failed to produce executable
FAIL: ext/random/simd_fast_mersenne_twister_engine/cons/default.cc (test for excess errors)
UNRESOLVED: ext/random/simd_fast_mersenne_twister_engine/cons/default.cc compilation failed to produce executable
FAIL: ext/random/simd_fast_mersenne_twister_engine/cons/seed1.cc (test for excess errors)
UNRESOLVED: ext/random/simd_fast_mersenne_twister_engine/cons/seed1.cc compilation failed to produce executable
FAIL: ext/random/simd_fast_mersenne_twister_engine/cons/seed2.cc (test for excess errors)
UNRESOLVED: ext/random/simd_fast_mersenne_twister_engine/cons/seed2.cc compilation failed to produce executable
FAIL: ext/random/simd_fast_mersenne_twister_engine/cons/seed_seq.cc (test for excess errors)
UNRESOLVED: ext/random/simd_fast_mersenne_twister_engine/cons/seed_seq.cc compilation failed to produce executable
FAIL: ext/random/simd_fast_mersenne_twister_engine/operators/equal.cc (test for excess errors)
UNRESOLVED: ext/random/simd_fast_mersenne_twister_engine/operators/equal.cc compilation failed to produce executable
FAIL: ext/random/simd_fast_mersenne_twister_engine/operators/inequal.cc (test for excess errors)
UNRESOLVED: ext/random/simd_fast_mersenne_twister_engine/operators/inequal.cc compilation failed to produce executable
FAIL: ext/random/simd_fast_mersenne_twister_engine/operators/serialize.cc (test for excess errors)
UNRESOLVED: ext/random/simd_fast_mersenne_twister_engine/operators/serialize.cc compilation failed to produce executable
=== libstdc++ Summary ===
# of expected passes 7392
# of unexpected failures 50
# of expected failures 42
# of unresolved testcases 38
# of unsupported tests 833
Compiler version: 4.8.0 20120926 (experimental) [trunk revision 191764] (GCC)
Platform: hppa64-hp-hpux11.11
configure flags:Test Run By dave on Thu Sep 27 07:53:41 2012