This is the mail archive of the gcc-testresults@gcc.gnu.org mailing list for the GCC project.


Index Nav: [Date Index] [Subject Index] [Author Index] [Thread Index]
Message Nav: [Date Prev] [Date Next] [Thread Prev] [Thread Next]
Other format: [Raw text]

Results for 4.7.1 (GCC) testsuite on alphaev68-dec-osf5.1a


Noticing "bootstrap4-lean" tests out slightly differently than just "make".
I tried on 5 versions: 4.3.3,  4.3.6, 4.6.1,  4.7.1,  4.7.2 to keep some records
of how it differs. This is one of them.
 
 gcc built with "make -j 3 bootstrap4-lean".

(There are small differences between plain "make" and "bootstrap4-lean",
which I'll file a later report)

----
Testing and re-testing all recent gcc versions, due to
discovering about mpfr 3.1.x not working correctly.

This test built and ran with:
gmp-4.3.2
mpfr-3.0.0
mpc-0.9

See also:
Bug 44959 - [4.6 Regression] bootstrap failed at Comparing stages 2 and 3
Bug 40894 - [4.4/4.5/4.6/4.7 Regression] bootstrap4-lean failed crtfastmath.o comparision
Bug 40947 - Invalid flag usage: Wl,-rpath, -Wx,-option must appear after -_SYSTYPE_SVR4
---
LAST_UPDATED: Obtained from SVN: tags/gcc_4_7_1_release revision 188597

Native configuration is alphaev68-dec-osf5.1a

		=== boehm-gc tests ===


Running target unix

		=== boehm-gc Summary ===

# of expected passes		12
# of unsupported tests		1
		=== libffi tests ===


Running target unix

		=== libffi Summary ===

# of expected passes		1634
# of expected failures		10
# of unsupported tests		55
		=== libgomp tests ===


Running target unix

		=== libgomp Summary ===

# of expected passes		2946
# of unsupported tests		3
		=== libitm tests ===


Running target unix
FAIL: libitm.c/cancel.c (internal compiler error)
FAIL: libitm.c/cancel.c (test for excess errors)
WARNING: libitm.c/cancel.c compilation failed to produce executable
FAIL: libitm.c/clone-1.c (internal compiler error)
FAIL: libitm.c/clone-1.c (test for excess errors)
WARNING: libitm.c/clone-1.c compilation failed to produce executable
FAIL: libitm.c/reentrant.c (internal compiler error)
FAIL: libitm.c/reentrant.c (test for excess errors)
WARNING: libitm.c/reentrant.c compilation failed to produce executable
FAIL: libitm.c/stackundo.c (internal compiler error)
FAIL: libitm.c/stackundo.c (test for excess errors)
WARNING: libitm.c/stackundo.c compilation failed to produce executable
FAIL: libitm.c++/eh-1.C (internal compiler error)
FAIL: libitm.c++/eh-1.C (test for excess errors)
WARNING: libitm.c++/eh-1.C compilation failed to produce executable
FAIL: libitm.c++/throwdown.C (internal compiler error)
FAIL: libitm.c++/throwdown.C (test for excess errors)

		=== libitm Summary ===

# of expected passes		15
# of unexpected failures	12
# of expected failures		3
# of unsupported tests		1
		=== libjava tests ===


Running target unix
FAIL: TestClosureGC run
FAIL: PR16923.c compilation
FAIL: pr29812 execution - gij test
FAIL: Array_3 execution - source compiled test
FAIL: Array_3 -findirect-dispatch execution - source compiled test
FAIL: Array_3 -O3 execution - source compiled test
FAIL: Array_3 -O3 -findirect-dispatch execution - source compiled test
FAIL: Invoke_1 execution - source compiled test
FAIL: Invoke_1 -findirect-dispatch execution - source compiled test
FAIL: Invoke_1 -O3 execution - source compiled test
FAIL: Invoke_1 -O3 -findirect-dispatch execution - source compiled test
FAIL: PR218 execution - source compiled test
FAIL: PR218 -O3 execution - source compiled test
FAIL: StackTrace2 execution - source compiled test
FAIL: StackTrace2 -findirect-dispatch execution - source compiled test
FAIL: StackTrace2 -O3 execution - source compiled test
FAIL: StackTrace2 -O3 -findirect-dispatch execution - source compiled test
FAIL: Throw_2 execution - source compiled test
FAIL: Throw_2 -findirect-dispatch execution - source compiled test
FAIL: Throw_2 -O3 execution - source compiled test
FAIL: Throw_2 -O3 -findirect-dispatch execution - source compiled test
FAIL: Throw_3 execution - source compiled test
FAIL: Throw_3 -findirect-dispatch execution - source compiled test
FAIL: Throw_3 -O3 execution - source compiled test
FAIL: Throw_3 -O3 -findirect-dispatch execution - source compiled test
FAIL: md5test output - source compiled test
FAIL: md5test -findirect-dispatch output - source compiled test
FAIL: md5test -O3 output - source compiled test
FAIL: md5test -O3 -findirect-dispatch output - source compiled test
FAIL: pr83 -findirect-dispatch execution - source compiled test
FAIL: pr83 -O3 -findirect-dispatch execution - source compiled test
FAIL: shatest execution - source compiled test
FAIL: shatest -findirect-dispatch execution - source compiled test
FAIL: shatest -O3 execution - source compiled test
FAIL: shatest -O3 -findirect-dispatch execution - source compiled test

		=== libjava Summary ===

# of expected passes		2509
# of unexpected failures	35
# of untested testcases		30
		=== libstdc++ tests ===


Running target unix
FAIL: 18_support/50594.cc execution test
FAIL: 18_support/bad_alloc/cons_virtual_derivation.cc execution test
FAIL: 18_support/bad_alloc/what.cc execution test
FAIL: 18_support/bad_cast/cons_virtual_derivation.cc execution test
FAIL: 18_support/bad_cast/what.cc execution test
FAIL: 18_support/bad_exception/cons_virtual_derivation.cc execution test
FAIL: 18_support/bad_exception/what.cc execution test
FAIL: 18_support/bad_typeid/cons_virtual_derivation.cc execution test
FAIL: 18_support/bad_typeid/what.cc execution test
FAIL: 18_support/exception/38732.cc execution test
FAIL: 18_support/exception/what.cc execution test
FAIL: 18_support/exception_ptr/current_exception.cc execution test
FAIL: 18_support/exception_ptr/lifespan.cc execution test
FAIL: 18_support/exception_ptr/make_exception_ptr.cc execution test
FAIL: 18_support/exception_ptr/move.cc execution test
FAIL: 18_support/exception_ptr/requirements.cc execution test
FAIL: 18_support/exception_ptr/rethrow_exception.cc execution test
FAIL: 18_support/nested_exception/cons.cc execution test
FAIL: 18_support/nested_exception/nested_ptr.cc execution test
FAIL: 18_support/nested_exception/rethrow_if_nested.cc execution test
FAIL: 18_support/nested_exception/rethrow_nested.cc execution test
FAIL: 18_support/nested_exception/throw_with_nested.cc execution test
FAIL: 18_support/new_delete_placement.cc execution test
FAIL: 18_support/numeric_limits/char16_32_t.cc execution test
FAIL: 18_support/numeric_limits/cons/default.cc execution test
FAIL: 18_support/numeric_limits/cons/default_c++0x.cc execution test
FAIL: 18_support/numeric_limits/denorm_min.cc execution test
FAIL: 18_support/numeric_limits/digits10.cc execution test
FAIL: 18_support/numeric_limits/dr559.cc execution test
FAIL: 18_support/numeric_limits/epsilon.cc execution test
FAIL: 18_support/numeric_limits/infinity.cc execution test
FAIL: 18_support/numeric_limits/is_iec559.cc execution test
FAIL: 18_support/numeric_limits/is_signed.cc execution test
FAIL: 18_support/numeric_limits/lowest.cc execution test
FAIL: 18_support/numeric_limits/max_digits10.cc execution test
FAIL: 18_support/numeric_limits/min_max.cc execution test
FAIL: 18_support/numeric_limits/quiet_NaN.cc execution test
FAIL: 18_support/numeric_limits/specialization_default_values.cc execution test
FAIL: 18_support/numeric_limits/traps.cc execution test
FAIL: 18_support/type_info/hash_code.cc execution test
FAIL: 18_support/uncaught_exception/14026.cc execution test
FAIL: 19_diagnostics/error_category/cons/default.cc execution test
FAIL: 19_diagnostics/error_category/operators/equal.cc execution test
FAIL: 19_diagnostics/error_category/operators/not_equal.cc execution test
FAIL: 19_diagnostics/error_code/cons/1.cc execution test
FAIL: 19_diagnostics/error_code/cons/39882.cc execution test
FAIL: 19_diagnostics/error_code/modifiers/39882.cc execution test
FAIL: 19_diagnostics/error_code/operators/bool.cc execution test
FAIL: 19_diagnostics/error_code/operators/equal.cc execution test
FAIL: 19_diagnostics/error_code/operators/not_equal.cc execution test
FAIL: 19_diagnostics/error_condition/cons/1.cc execution test
FAIL: 19_diagnostics/error_condition/cons/39881.cc execution test
FAIL: 19_diagnostics/error_condition/modifiers/39881.cc execution test
FAIL: 19_diagnostics/error_condition/operators/bool.cc execution test
FAIL: 19_diagnostics/error_condition/operators/equal.cc execution test
FAIL: 19_diagnostics/error_condition/operators/not_equal.cc execution test
FAIL: 19_diagnostics/logic_error/cons_virtual_derivation.cc execution test
FAIL: 19_diagnostics/logic_error/what-1.cc execution test
FAIL: 19_diagnostics/logic_error/what-2.cc execution test
FAIL: 19_diagnostics/logic_error/what-3.cc execution test
FAIL: 19_diagnostics/logic_error/what-big.cc execution test
FAIL: 19_diagnostics/runtime_error/cons_virtual_derivation.cc execution test
FAIL: 19_diagnostics/runtime_error/what-1.cc execution test
FAIL: 19_diagnostics/runtime_error/what-2.cc execution test
FAIL: 19_diagnostics/runtime_error/what-3.cc execution test
FAIL: 19_diagnostics/runtime_error/what-big.cc execution test
FAIL: 19_diagnostics/stdexcept.cc execution test
FAIL: 19_diagnostics/system_error/cons-1.cc execution test
FAIL: 19_diagnostics/system_error/cons_virtual_derivation.cc execution test
FAIL: 19_diagnostics/system_error/what-1.cc execution test
FAIL: 19_diagnostics/system_error/what-2.cc execution test
FAIL: 19_diagnostics/system_error/what-3.cc execution test
FAIL: 19_diagnostics/system_error/what-4.cc execution test
FAIL: 19_diagnostics/system_error/what-big.cc execution test
FAIL: 20_util/add_lvalue_reference/value.cc execution test
FAIL: 20_util/add_rvalue_reference/value.cc execution test
FAIL: 20_util/aligned_storage/value.cc execution test
FAIL: 20_util/allocator/1.cc execution test
FAIL: 20_util/allocator/10378.cc execution test
FAIL: 20_util/allocator/14176.cc execution test
FAIL: 20_util/allocator/8230.cc execution test
FAIL: 20_util/allocator_traits/members/allocate_hint.cc execution test
FAIL: 20_util/allocator_traits/members/construct.cc execution test
FAIL: 20_util/allocator_traits/members/max_size.cc execution test
FAIL: 20_util/auto_ptr/1.cc execution test
FAIL: 20_util/auto_ptr/2.cc execution test
FAIL: 20_util/auto_ptr/3.cc execution test
FAIL: 20_util/auto_ptr/3946.cc execution test
FAIL: 20_util/auto_ptr/4.cc execution test
FAIL: 20_util/auto_ptr/5.cc execution test
FAIL: 20_util/auto_ptr/6.cc execution test
FAIL: 20_util/auto_ptr/7.cc execution test
FAIL: 20_util/bad_function_call/cons_virtual_derivation.cc execution test
FAIL: 20_util/bind/all_bound.cc execution test
FAIL: 20_util/bind/conv_result.cc execution test
FAIL: 20_util/bind/cv_quals.cc execution test
FAIL: 20_util/bind/cv_quals_2.cc execution test
FAIL: 20_util/bind/move.cc execution test
FAIL: 20_util/bind/nested.cc execution test
FAIL: 20_util/bind/placeholders.cc execution test
FAIL: 20_util/bind/ref.cc execution test
FAIL: 20_util/bind/ref2.cc execution test
FAIL: 20_util/common_type/requirements/typedefs-1.cc execution test
FAIL: 20_util/common_type/requirements/typedefs-2.cc execution test
FAIL: 20_util/conditional/requirements/typedefs.cc execution test
FAIL: 20_util/decay/requirements/typedefs.cc execution test
FAIL: 20_util/duration/arithmetic/1.cc execution test
FAIL: 20_util/duration/arithmetic/2.cc execution test
FAIL: 20_util/duration/arithmetic/dr2020.cc execution test
FAIL: 20_util/duration/arithmetic/dr934-2.cc execution test
FAIL: 20_util/duration/comparison_operators/1.cc execution test
FAIL: 20_util/duration/cons/1.cc execution test
FAIL: 20_util/duration/cons/2.cc execution test
FAIL: 20_util/forward/a.cc execution test
FAIL: 20_util/forward/b.cc execution test
FAIL: 20_util/forward/d.cc execution test
FAIL: 20_util/function/1.cc execution test
FAIL: 20_util/function/2.cc execution test
FAIL: 20_util/function/3.cc execution test
FAIL: 20_util/function/4.cc execution test
FAIL: 20_util/function/43397.cc execution test
FAIL: 20_util/function/5.cc execution test
FAIL: 20_util/function/6.cc execution test
FAIL: 20_util/function/7.cc execution test
FAIL: 20_util/function/8.cc execution test
FAIL: 20_util/function/9.cc execution test
FAIL: 20_util/function/assign/move.cc execution test
FAIL: 20_util/function/assign/move_target.cc execution test
FAIL: 20_util/function/cons/move.cc execution test
FAIL: 20_util/function/cons/move_target.cc execution test
FAIL: 20_util/function/invoke/move_only.cc execution test
FAIL: 20_util/function_objects/binders/3113.cc execution test
FAIL: 20_util/function_objects/comparisons.cc execution test
FAIL: 20_util/function_objects/dr660.cc execution test
FAIL: 20_util/has_trivial_copy_assign/value.cc execution test
FAIL: 20_util/has_trivial_copy_constructor/value.cc execution test
FAIL: 20_util/has_trivial_default_constructor/value.cc execution test
FAIL: 20_util/hash/chi2_quality.cc execution test
FAIL: 20_util/hash/operators/size_t.cc execution test
FAIL: 20_util/hash/quality.cc execution test
FAIL: 20_util/is_compound/value.cc execution test
FAIL: 20_util/is_constructible/value.cc execution test
FAIL: 20_util/is_convertible/value.cc execution test
FAIL: 20_util/is_copy_assignable/value.cc execution test
FAIL: 20_util/is_copy_constructible/value.cc execution test
FAIL: 20_util/is_explicitly_convertible/value.cc execution test
FAIL: 20_util/is_floating_point/value.cc execution test
FAIL: 20_util/is_function/24808.cc execution test
FAIL: 20_util/is_function/value.cc execution test
FAIL: 20_util/is_fundamental/value.cc execution test
FAIL: 20_util/is_integral/value.cc execution test
FAIL: 20_util/is_literal_type/value.cc execution test
FAIL: 20_util/is_lvalue_reference/value.cc execution test
FAIL: 20_util/is_member_function_pointer/value.cc execution test
FAIL: 20_util/is_member_object_pointer/value.cc execution test
FAIL: 20_util/is_member_pointer/value.cc execution test
FAIL: 20_util/is_move_assignable/value.cc execution test
FAIL: 20_util/is_move_constructible/value.cc execution test
FAIL: 20_util/is_nothrow_assignable/value.cc execution test
FAIL: 20_util/is_nothrow_constructible/value.cc execution test
FAIL: 20_util/is_nothrow_copy_assignable/value.cc execution test
FAIL: 20_util/is_nothrow_copy_constructible/value.cc execution test
FAIL: 20_util/is_nothrow_default_constructible/value.cc execution test
FAIL: 20_util/is_nothrow_move_assignable/value.cc execution test
FAIL: 20_util/is_nothrow_move_constructible/value.cc execution test
FAIL: 20_util/is_object/24808.cc execution test
FAIL: 20_util/is_object/value.cc execution test
FAIL: 20_util/is_pod/value.cc execution test
FAIL: 20_util/is_reference/value.cc execution test
FAIL: 20_util/is_rvalue_reference/value.cc execution test
FAIL: 20_util/is_scalar/value.cc execution test
FAIL: 20_util/is_signed/value.cc execution test
FAIL: 20_util/is_standard_layout/value.cc execution test
FAIL: 20_util/is_trivial/value.cc execution test
FAIL: 20_util/is_unsigned/value.cc execution test
FAIL: 20_util/make_signed/requirements/typedefs-1.cc execution test
FAIL: 20_util/make_signed/requirements/typedefs-2.cc execution test
FAIL: 20_util/make_unsigned/requirements/typedefs-1.cc execution test
FAIL: 20_util/make_unsigned/requirements/typedefs-2.cc execution test
FAIL: 20_util/move_if_noexcept/1.cc execution test
FAIL: 20_util/owner_less/cmp.cc execution test
FAIL: 20_util/pair/1.cc execution test
FAIL: 20_util/pair/2.cc execution test
FAIL: 20_util/pair/3.cc execution test
FAIL: 20_util/pair/4.cc execution test
FAIL: 20_util/pair/moveable.cc execution test
FAIL: 20_util/pair/piecewise.cc execution test
FAIL: 20_util/pair/swap.cc execution test
FAIL: 20_util/pointer_traits/pointer_to.cc execution test
FAIL: 20_util/ratio/comparisons/comp1.cc execution test
FAIL: 20_util/ratio/comparisons/comp2.cc execution test
FAIL: 20_util/ratio/comparisons/comp3.cc execution test
FAIL: 20_util/ratio/cons/cons1.cc execution test
FAIL: 20_util/ratio/operations/45866.cc execution test
FAIL: 20_util/ratio/operations/47913.cc execution test
FAIL: 20_util/ratio/operations/ops1.cc execution test
FAIL: 20_util/ratio/operations/ops2.cc execution test
FAIL: 20_util/ratio/operations/ops3.cc execution test
FAIL: 20_util/reference_wrapper/invoke-2.cc execution test
FAIL: 20_util/reference_wrapper/invoke.cc execution test
FAIL: 20_util/rel_ops.cc execution test
FAIL: 20_util/remove_reference/value.cc execution test
FAIL: 20_util/scoped_allocator/1.cc execution test
FAIL: 20_util/shared_ptr/assign/assign.cc execution test
FAIL: 20_util/shared_ptr/assign/auto_ptr.cc execution test
FAIL: 20_util/shared_ptr/assign/move.cc execution test
FAIL: 20_util/shared_ptr/assign/shared_ptr.cc execution test
FAIL: 20_util/shared_ptr/comparison/cmp.cc execution test
FAIL: 20_util/shared_ptr/comparison/less.cc execution test
FAIL: 20_util/shared_ptr/cons/alias.cc execution test
FAIL: 20_util/shared_ptr/cons/alloc.cc execution test
FAIL: 20_util/shared_ptr/cons/auto_ptr.cc execution test
FAIL: 20_util/shared_ptr/cons/copy.cc execution test
FAIL: 20_util/shared_ptr/cons/default.cc execution test
FAIL: 20_util/shared_ptr/cons/move.cc execution test
FAIL: 20_util/shared_ptr/cons/nullptr.cc execution test
FAIL: 20_util/shared_ptr/cons/pointer.cc execution test
FAIL: 20_util/shared_ptr/cons/unique_ptr.cc execution test
FAIL: 20_util/shared_ptr/cons/unique_ptr_deleter.cc execution test
FAIL: 20_util/shared_ptr/cons/unique_ptr_deleter_ref_1.cc execution test
FAIL: 20_util/shared_ptr/cons/unique_ptr_deleter_ref_2.cc execution test
FAIL: 20_util/shared_ptr/cons/weak_ptr.cc execution test
FAIL: 20_util/shared_ptr/cons/weak_ptr_expired.cc execution test
FAIL: 20_util/shared_ptr/creation/36949.cc execution test
FAIL: 20_util/shared_ptr/creation/alloc.cc execution test
FAIL: 20_util/shared_ptr/creation/dr925.cc execution test
FAIL: 20_util/shared_ptr/creation/make.cc execution test
FAIL: 20_util/shared_ptr/creation/private.cc execution test
FAIL: 20_util/shared_ptr/dest/dest.cc execution test
FAIL: 20_util/shared_ptr/hash/1.cc execution test
FAIL: 20_util/shared_ptr/misc/24595.cc execution test
FAIL: 20_util/shared_ptr/misc/42019.cc execution test
FAIL: 20_util/shared_ptr/misc/io.cc execution test
FAIL: 20_util/shared_ptr/misc/swap.cc execution test
FAIL: 20_util/shared_ptr/modifiers/reset.cc execution test
FAIL: 20_util/shared_ptr/modifiers/reset_alloc.cc execution test
FAIL: 20_util/shared_ptr/modifiers/swap.cc execution test
FAIL: 20_util/shared_ptr/observers/bool_conv.cc execution test
FAIL: 20_util/shared_ptr/observers/get.cc execution test
FAIL: 20_util/shared_ptr/observers/owner_before.cc execution test
FAIL: 20_util/shared_ptr/observers/unique.cc execution test
FAIL: 20_util/shared_ptr/observers/use_count.cc execution test
FAIL: 20_util/shared_ptr/thread/default_weaktoshared.cc execution test
FAIL: 20_util/shared_ptr/thread/mutex_weaktoshared.cc execution test
FAIL: 20_util/specialized_algorithms/uninitialized_copy/move_iterators/1.cc execution test
FAIL: 20_util/specialized_algorithms/uninitialized_copy_n/move_iterators/1.cc execution test
FAIL: 20_util/temporary_buffer.cc execution test
FAIL: 20_util/time_point/1.cc execution test
FAIL: 20_util/time_point/2.cc execution test
FAIL: 20_util/time_point/3.cc execution test
FAIL: 20_util/tuple/48476.cc execution test
FAIL: 20_util/tuple/comparison_operators/comparisons.cc execution test
FAIL: 20_util/tuple/cons/allocators.cc execution test
FAIL: 20_util/tuple/cons/assignment.cc execution test
FAIL: 20_util/tuple/cons/big_tuples.cc execution test
FAIL: 20_util/tuple/cons/constructor.cc execution test
FAIL: 20_util/tuple/creation_functions/23978.cc execution test
FAIL: 20_util/tuple/creation_functions/48476.cc execution test
FAIL: 20_util/tuple/creation_functions/forward_as_tuple.cc execution test
FAIL: 20_util/tuple/creation_functions/make_tuple.cc execution test
FAIL: 20_util/tuple/creation_functions/tie.cc execution test
FAIL: 20_util/tuple/creation_functions/tie2.cc execution test
FAIL: 20_util/tuple/creation_functions/tuple_cat.cc execution test
FAIL: 20_util/tuple/cv_tuple_size.cc execution test
FAIL: 20_util/tuple/element_access/get.cc execution test
FAIL: 20_util/tuple/moveable.cc execution test
FAIL: 20_util/tuple/moveable2.cc execution test
FAIL: 20_util/tuple/swap.cc execution test
FAIL: 20_util/tuple/tuple_element.cc execution test
FAIL: 20_util/tuple/tuple_size.cc execution test
FAIL: 20_util/typeindex/comparison_operators.cc execution test
FAIL: 20_util/typeindex/hash.cc execution test
FAIL: 20_util/typeindex/hash_code.cc execution test
FAIL: 20_util/typeindex/name.cc execution test
FAIL: 20_util/unique_ptr/assign/48635.cc execution test
FAIL: 20_util/unique_ptr/assign/move.cc execution test
FAIL: 20_util/unique_ptr/assign/move_array.cc execution test
FAIL: 20_util/unique_ptr/assign/nullptr.cc execution test
FAIL: 20_util/unique_ptr/cons/auto_ptr.cc execution test
FAIL: 20_util/unique_ptr/cons/nullptr.cc execution test
FAIL: 20_util/unique_ptr/cons/pointer.cc execution test
FAIL: 20_util/unique_ptr/cons/pointer_array.cc execution test
FAIL: 20_util/unique_ptr/cons/ptr_deleter.cc execution test
FAIL: 20_util/unique_ptr/hash/1.cc execution test
FAIL: 20_util/unique_ptr/modifiers/43183.cc execution test
FAIL: 20_util/unique_ptr/specialized_algorithms/comparisons.cc execution test
FAIL: 20_util/unique_ptr/specialized_algorithms/comparisons_array.cc execution test
FAIL: 20_util/unique_ptr/specialized_algorithms/swap.cc execution test
FAIL: 20_util/uses_allocator/construction.cc execution test
FAIL: 20_util/uses_allocator/value.cc execution test
FAIL: 20_util/weak_ptr/observers/owner_before.cc execution test
FAIL: 21_strings/basic_string/append/char/1.cc execution test
FAIL: 21_strings/basic_string/append/char/2.cc execution test
FAIL: 21_strings/basic_string/append/char/3.cc execution test
FAIL: 21_strings/basic_string/append/wchar_t/1.cc execution test
FAIL: 21_strings/basic_string/append/wchar_t/2.cc execution test
FAIL: 21_strings/basic_string/append/wchar_t/3.cc execution test
FAIL: 21_strings/basic_string/assign/char/1.cc execution test
FAIL: 21_strings/basic_string/assign/char/2.cc execution test
FAIL: 21_strings/basic_string/assign/char/3.cc execution test
FAIL: 21_strings/basic_string/assign/wchar_t/1.cc execution test
FAIL: 21_strings/basic_string/assign/wchar_t/2.cc execution test
FAIL: 21_strings/basic_string/assign/wchar_t/3.cc execution test
FAIL: 21_strings/basic_string/capacity/1.cc execution test
FAIL: 21_strings/basic_string/capacity/char/1.cc execution test
FAIL: 21_strings/basic_string/capacity/char/18654.cc execution test
FAIL: 21_strings/basic_string/capacity/char/2.cc execution test
FAIL: 21_strings/basic_string/capacity/char/shrink_to_fit.cc execution test
FAIL: 21_strings/basic_string/capacity/wchar_t/1.cc execution test
FAIL: 21_strings/basic_string/capacity/wchar_t/18654.cc execution test
FAIL: 21_strings/basic_string/capacity/wchar_t/2.cc execution test
FAIL: 21_strings/basic_string/capacity/wchar_t/shrink_to_fit.cc execution test
FAIL: 21_strings/basic_string/compare/char/1.cc execution test
FAIL: 21_strings/basic_string/compare/char/13650.cc execution test
FAIL: 21_strings/basic_string/compare/wchar_t/1.cc execution test
FAIL: 21_strings/basic_string/compare/wchar_t/13650.cc execution test
FAIL: 21_strings/basic_string/cons/char/1.cc execution test
FAIL: 21_strings/basic_string/cons/char/2.cc execution test
FAIL: 21_strings/basic_string/cons/char/3.cc execution test
FAIL: 21_strings/basic_string/cons/char/4.cc execution test
FAIL: 21_strings/basic_string/cons/char/42261.cc execution test
FAIL: 21_strings/basic_string/cons/char/5.cc execution test
FAIL: 21_strings/basic_string/cons/char/6.cc execution test
FAIL: 21_strings/basic_string/cons/wchar_t/1.cc execution test
FAIL: 21_strings/basic_string/cons/wchar_t/2.cc execution test
FAIL: 21_strings/basic_string/cons/wchar_t/3.cc execution test
FAIL: 21_strings/basic_string/cons/wchar_t/4.cc execution test
FAIL: 21_strings/basic_string/cons/wchar_t/42261.cc execution test
FAIL: 21_strings/basic_string/cons/wchar_t/5.cc execution test
FAIL: 21_strings/basic_string/cons/wchar_t/6.cc execution test
FAIL: 21_strings/basic_string/element_access/char/1.cc execution test
FAIL: 21_strings/basic_string/element_access/char/2.cc execution test
FAIL: 21_strings/basic_string/element_access/char/3.cc execution test
FAIL: 21_strings/basic_string/element_access/char/4.cc execution test
FAIL: 21_strings/basic_string/element_access/char/empty.cc execution test
FAIL: 21_strings/basic_string/element_access/wchar_t/1.cc execution test
FAIL: 21_strings/basic_string/element_access/wchar_t/2.cc execution test
FAIL: 21_strings/basic_string/element_access/wchar_t/3.cc execution test
FAIL: 21_strings/basic_string/element_access/wchar_t/4.cc execution test
FAIL: 21_strings/basic_string/element_access/wchar_t/empty.cc execution test
FAIL: 21_strings/basic_string/find/char/1.cc execution test
FAIL: 21_strings/basic_string/find/char/2.cc execution test
FAIL: 21_strings/basic_string/find/char/3.cc execution test
FAIL: 21_strings/basic_string/find/char/4.cc execution test
FAIL: 21_strings/basic_string/find/wchar_t/1.cc execution test
FAIL: 21_strings/basic_string/find/wchar_t/2.cc execution test
FAIL: 21_strings/basic_string/find/wchar_t/3.cc execution test
FAIL: 21_strings/basic_string/find/wchar_t/4.cc execution test
FAIL: 21_strings/basic_string/init-list.cc execution test
FAIL: 21_strings/basic_string/insert/char/1.cc execution test
FAIL: 21_strings/basic_string/insert/char/2.cc execution test
FAIL: 21_strings/basic_string/insert/wchar_t/1.cc execution test
FAIL: 21_strings/basic_string/insert/wchar_t/2.cc execution test
FAIL: 21_strings/basic_string/inserters_extractors/char/1.cc execution test
FAIL: 21_strings/basic_string/inserters_extractors/char/28277.cc execution test
FAIL: 21_strings/basic_string/inserters_extractors/char/4.cc execution test
FAIL: 21_strings/basic_string/inserters_extractors/char/6.cc execution test
FAIL: 21_strings/basic_string/inserters_extractors/char/7.cc execution test
FAIL: 21_strings/basic_string/inserters_extractors/char/8.cc execution test
FAIL: 21_strings/basic_string/inserters_extractors/char/9.cc execution test
FAIL: 21_strings/basic_string/inserters_extractors/pod/10081-in.cc execution test
FAIL: 21_strings/basic_string/inserters_extractors/pod/10081-out.cc execution test
FAIL: 21_strings/basic_string/inserters_extractors/wchar_t/1.cc execution test
FAIL: 21_strings/basic_string/inserters_extractors/wchar_t/10.cc execution test
FAIL: 21_strings/basic_string/inserters_extractors/wchar_t/11.cc execution test
FAIL: 21_strings/basic_string/inserters_extractors/wchar_t/28277.cc execution test
FAIL: 21_strings/basic_string/inserters_extractors/wchar_t/4.cc execution test
FAIL: 21_strings/basic_string/inserters_extractors/wchar_t/5.cc execution test
FAIL: 21_strings/basic_string/inserters_extractors/wchar_t/6.cc execution test
FAIL: 21_strings/basic_string/inserters_extractors/wchar_t/7.cc execution test
FAIL: 21_strings/basic_string/inserters_extractors/wchar_t/8.cc execution test
FAIL: 21_strings/basic_string/inserters_extractors/wchar_t/9.cc execution test
FAIL: 21_strings/basic_string/modifiers/char/pop_back.cc execution test
FAIL: 21_strings/basic_string/modifiers/wchar_t/pop_back.cc execution test
FAIL: 21_strings/basic_string/operations/char/1.cc execution test
FAIL: 21_strings/basic_string/operations/wchar_t/1.cc execution test
FAIL: 21_strings/basic_string/operators/char/1.cc execution test
FAIL: 21_strings/basic_string/operators/char/2.cc execution test
FAIL: 21_strings/basic_string/operators/wchar_t/1.cc execution test
FAIL: 21_strings/basic_string/operators/wchar_t/2.cc execution test
FAIL: 21_strings/basic_string/pthread4.cc execution test
FAIL: 21_strings/basic_string/replace/char/1.cc execution test
FAIL: 21_strings/basic_string/replace/char/2.cc execution test
FAIL: 21_strings/basic_string/replace/char/3.cc execution test
FAIL: 21_strings/basic_string/replace/char/4.cc execution test
FAIL: 21_strings/basic_string/replace/char/5.cc execution test
FAIL: 21_strings/basic_string/replace/char/6.cc execution test
FAIL: 21_strings/basic_string/replace/wchar_t/1.cc execution test
FAIL: 21_strings/basic_string/replace/wchar_t/2.cc execution test
FAIL: 21_strings/basic_string/replace/wchar_t/3.cc execution test
FAIL: 21_strings/basic_string/replace/wchar_t/4.cc execution test
FAIL: 21_strings/basic_string/replace/wchar_t/5.cc execution test
FAIL: 21_strings/basic_string/replace/wchar_t/6.cc execution test
FAIL: 21_strings/basic_string/requirements/exception/basic.cc execution test
FAIL: 21_strings/basic_string/requirements/exception/generation_prohibited.cc execution test
FAIL: 21_strings/basic_string/requirements/exception/propagation_consistent.cc execution test
FAIL: 21_strings/basic_string/rfind/char/1.cc execution test
FAIL: 21_strings/basic_string/rfind/char/2.cc execution test
FAIL: 21_strings/basic_string/rfind/char/3.cc execution test
FAIL: 21_strings/basic_string/rfind/wchar_t/1.cc execution test
FAIL: 21_strings/basic_string/rfind/wchar_t/2.cc execution test
FAIL: 21_strings/basic_string/rfind/wchar_t/3.cc execution test
FAIL: 21_strings/basic_string/substr/char/1.cc execution test
FAIL: 21_strings/basic_string/substr/wchar_t/1.cc execution test
FAIL: 21_strings/c_strings/char/1.cc execution test
FAIL: 21_strings/c_strings/char/2.cc execution test
FAIL: 21_strings/c_strings/wchar_t/1.cc execution test
FAIL: 21_strings/c_strings/wchar_t/2.cc execution test
FAIL: 21_strings/char_traits/requirements/char/1.cc execution test
FAIL: 21_strings/char_traits/requirements/short/1.cc execution test
FAIL: 21_strings/char_traits/requirements/wchar_t/1.cc execution test
FAIL: 22_locale/codecvt/always_noconv/char/1.cc execution test
FAIL: 22_locale/codecvt/always_noconv/wchar_t/1.cc execution test
FAIL: 22_locale/codecvt/encoding/char/1.cc execution test
FAIL: 22_locale/codecvt/encoding/wchar_t/1.cc execution test
FAIL: 22_locale/codecvt/in/char/1.cc execution test
FAIL: 22_locale/codecvt/in/wchar_t/1.cc execution test
FAIL: 22_locale/codecvt/in/wchar_t/5.cc execution test
FAIL: 22_locale/codecvt/in/wchar_t/6.cc execution test
FAIL: 22_locale/codecvt/length/char/1.cc execution test
FAIL: 22_locale/codecvt/length/char/2.cc execution test
FAIL: 22_locale/codecvt/length/wchar_t/1.cc execution test
FAIL: 22_locale/codecvt/length/wchar_t/5.cc execution test
FAIL: 22_locale/codecvt/length/wchar_t/6.cc execution test
FAIL: 22_locale/codecvt/max_length/char/1.cc execution test
FAIL: 22_locale/codecvt/max_length/wchar_t/1.cc execution test
FAIL: 22_locale/codecvt/out/char/1.cc execution test
FAIL: 22_locale/codecvt/out/wchar_t/1.cc execution test
FAIL: 22_locale/codecvt/out/wchar_t/5.cc execution test
FAIL: 22_locale/codecvt/out/wchar_t/6.cc execution test
FAIL: 22_locale/codecvt/unshift/char/1.cc execution test
FAIL: 22_locale/codecvt/unshift/wchar_t/1.cc execution test
FAIL: 22_locale/collate/hash/char/1.cc execution test
FAIL: 22_locale/collate/hash/wchar_t/1.cc execution test
FAIL: 22_locale/collate/transform/char/28277.cc execution test
FAIL: 22_locale/collate/transform/wchar_t/28277.cc execution test
FAIL: 22_locale/ctype/cons/char/1.cc execution test
FAIL: 22_locale/ctype/is/char/1.cc execution test
FAIL: 22_locale/ctype/is/char/3.cc execution test
FAIL: 22_locale/ctype/is/char/9858.cc execution test
FAIL: 22_locale/ctype/is/wchar_t/1.cc execution test
FAIL: 22_locale/ctype/is/wchar_t/11740.cc execution test
FAIL: 22_locale/ctype/narrow/char/1.cc execution test
FAIL: 22_locale/ctype/narrow/char/19955.cc execution test
FAIL: 22_locale/ctype/narrow/char/2.cc execution test
FAIL: 22_locale/ctype/narrow/wchar_t/1.cc execution test
FAIL: 22_locale/ctype/narrow/wchar_t/2.cc execution test
FAIL: 22_locale/ctype/scan/char/1.cc execution test
FAIL: 22_locale/ctype/scan/wchar_t/1.cc execution test
FAIL: 22_locale/ctype/to/char/1.cc execution test
FAIL: 22_locale/ctype/to/wchar_t/1.cc execution test
FAIL: 22_locale/ctype/widen/char/1.cc execution test
FAIL: 22_locale/ctype/widen/wchar_t/1.cc execution test
FAIL: 22_locale/ctype_base/11844.cc execution test
FAIL: 22_locale/facet/1.cc execution test
FAIL: 22_locale/facet/25421.cc execution test
FAIL: 22_locale/global_templates/1.cc execution test
FAIL: 22_locale/global_templates/standard_facet_hierarchies.cc execution test
FAIL: 22_locale/global_templates/user_facet_hierarchies.cc execution test
FAIL: 22_locale/locale/13630.cc execution test
FAIL: 22_locale/locale/cons/1.cc execution test
FAIL: 22_locale/locale/cons/6.cc execution test
FAIL: 22_locale/locale/cons/7222-c.cc execution test
FAIL: 22_locale/locale/cons/8.cc execution test
FAIL: 22_locale/locale/global_locale_objects/1.cc execution test
FAIL: 22_locale/locale/global_locale_objects/3.cc execution test
FAIL: 22_locale/locale/operations/1.cc execution test
FAIL: 22_locale/locale/operations/2.cc execution test
FAIL: 22_locale/money_get/get/char/14.cc execution test
FAIL: 22_locale/money_get/get/char/19.cc execution test
FAIL: 22_locale/money_get/get/char/22131.cc execution test
FAIL: 22_locale/money_get/get/char/38399.cc execution test
FAIL: 22_locale/money_get/get/char/39168.cc execution test
FAIL: 22_locale/money_get/get/char/5.cc execution test
FAIL: 22_locale/money_get/get/char/6.cc execution test
FAIL: 22_locale/money_get/get/char/7.cc execution test
FAIL: 22_locale/money_get/get/char/8.cc execution test
FAIL: 22_locale/money_get/get/char/9.cc execution test
FAIL: 22_locale/money_get/get/wchar_t/14.cc execution test
FAIL: 22_locale/money_get/get/wchar_t/19.cc execution test
FAIL: 22_locale/money_get/get/wchar_t/22131.cc execution test
FAIL: 22_locale/money_get/get/wchar_t/38399.cc execution test
FAIL: 22_locale/money_get/get/wchar_t/39168.cc execution test
FAIL: 22_locale/money_get/get/wchar_t/5.cc execution test
FAIL: 22_locale/money_get/get/wchar_t/6.cc execution test
FAIL: 22_locale/money_get/get/wchar_t/7.cc execution test
FAIL: 22_locale/money_get/get/wchar_t/8.cc execution test
FAIL: 22_locale/money_get/get/wchar_t/9.cc execution test
FAIL: 22_locale/money_put/put/char/12971.cc execution test
FAIL: 22_locale/money_put/put/char/39168.cc execution test
FAIL: 22_locale/money_put/put/char/4.cc execution test
FAIL: 22_locale/money_put/put/char/5.cc execution test
FAIL: 22_locale/money_put/put/char/6.cc execution test
FAIL: 22_locale/money_put/put/wchar_t/12971.cc execution test
FAIL: 22_locale/money_put/put/wchar_t/39168.cc execution test
FAIL: 22_locale/money_put/put/wchar_t/4.cc execution test
FAIL: 22_locale/money_put/put/wchar_t/5.cc execution test
FAIL: 22_locale/money_put/put/wchar_t/6.cc execution test
FAIL: 22_locale/moneypunct/members/char/1.cc execution test
FAIL: 22_locale/moneypunct/members/wchar_t/1.cc execution test
FAIL: 22_locale/moneypunct/requirements/false/intl.cc execution test
FAIL: 22_locale/moneypunct/requirements/true/intl.cc execution test
FAIL: 22_locale/num_get/get/char/10.cc execution test
FAIL: 22_locale/num_get/get/char/11.cc execution test
FAIL: 22_locale/num_get/get/char/12.cc execution test
FAIL: 22_locale/num_get/get/char/13.cc execution test
FAIL: 22_locale/num_get/get/char/14.cc execution test
FAIL: 22_locale/num_get/get/char/15.cc execution test
FAIL: 22_locale/num_get/get/char/16.cc execution test
FAIL: 22_locale/num_get/get/char/2.cc execution test
FAIL: 22_locale/num_get/get/char/22131.cc execution test
FAIL: 22_locale/num_get/get/char/23953.cc execution test
FAIL: 22_locale/num_get/get/char/37958.cc execution test
FAIL: 22_locale/num_get/get/char/39168.cc execution test
FAIL: 22_locale/num_get/get/char/39802.cc execution test
FAIL: 22_locale/num_get/get/char/4.cc execution test
FAIL: 22_locale/num_get/get/char/7.cc execution test
FAIL: 22_locale/num_get/get/char/8.cc execution test
FAIL: 22_locale/num_get/get/wchar_t/10.cc execution test
FAIL: 22_locale/num_get/get/wchar_t/11.cc execution test
FAIL: 22_locale/num_get/get/wchar_t/12.cc execution test
FAIL: 22_locale/num_get/get/wchar_t/13.cc execution test
FAIL: 22_locale/num_get/get/wchar_t/14.cc execution test
FAIL: 22_locale/num_get/get/wchar_t/15.cc execution test
FAIL: 22_locale/num_get/get/wchar_t/16.cc execution test
FAIL: 22_locale/num_get/get/wchar_t/2.cc execution test
FAIL: 22_locale/num_get/get/wchar_t/22131.cc execution test
FAIL: 22_locale/num_get/get/wchar_t/23953.cc execution test
FAIL: 22_locale/num_get/get/wchar_t/37958.cc execution test
FAIL: 22_locale/num_get/get/wchar_t/39168.cc execution test
FAIL: 22_locale/num_get/get/wchar_t/39802.cc execution test
FAIL: 22_locale/num_get/get/wchar_t/4.cc execution test
FAIL: 22_locale/num_get/get/wchar_t/7.cc execution test
FAIL: 22_locale/num_get/get/wchar_t/8.cc execution test
FAIL: 22_locale/num_put/put/char/10.cc execution test
FAIL: 22_locale/num_put/put/char/11.cc execution test
FAIL: 22_locale/num_put/put/char/12.cc execution test
FAIL: 22_locale/num_put/put/char/14220.cc execution test
FAIL: 22_locale/num_put/put/char/15565.cc execution test
FAIL: 22_locale/num_put/put/char/2.cc execution test
FAIL: 22_locale/num_put/put/char/23953.cc execution test
FAIL: 22_locale/num_put/put/char/38196.cc execution test
FAIL: 22_locale/num_put/put/char/38210.cc execution test
FAIL: 22_locale/num_put/put/char/4.cc execution test
FAIL: 22_locale/num_put/put/char/6.cc execution test
FAIL: 22_locale/num_put/put/char/7.cc execution test
FAIL: 22_locale/num_put/put/char/8.cc execution test
FAIL: 22_locale/num_put/put/char/9.cc execution test
FAIL: 22_locale/num_put/put/wchar_t/10.cc execution test
FAIL: 22_locale/num_put/put/wchar_t/11.cc execution test
FAIL: 22_locale/num_put/put/wchar_t/12.cc execution test
FAIL: 22_locale/num_put/put/wchar_t/14220.cc execution test
FAIL: 22_locale/num_put/put/wchar_t/15565.cc execution test
FAIL: 22_locale/num_put/put/wchar_t/2.cc execution test
FAIL: 22_locale/num_put/put/wchar_t/23953.cc execution test
FAIL: 22_locale/num_put/put/wchar_t/38196.cc execution test
FAIL: 22_locale/num_put/put/wchar_t/38210.cc execution test
FAIL: 22_locale/num_put/put/wchar_t/4.cc execution test
FAIL: 22_locale/num_put/put/wchar_t/6.cc execution test
FAIL: 22_locale/num_put/put/wchar_t/7.cc execution test
FAIL: 22_locale/num_put/put/wchar_t/8.cc execution test
FAIL: 22_locale/num_put/put/wchar_t/9.cc execution test
FAIL: 22_locale/numpunct/members/char/1.cc execution test
FAIL: 22_locale/numpunct/members/char/cache_1.cc execution test
FAIL: 22_locale/numpunct/members/char/cache_2.cc execution test
FAIL: 22_locale/numpunct/members/pod/1.cc execution test
FAIL: 22_locale/numpunct/members/pod/2.cc execution test
FAIL: 22_locale/numpunct/members/wchar_t/1.cc execution test
FAIL: 22_locale/numpunct/members/wchar_t/cache_1.cc execution test
FAIL: 22_locale/numpunct/members/wchar_t/cache_2.cc execution test
FAIL: 22_locale/time_get/date_order/char/1.cc execution test
FAIL: 22_locale/time_get/date_order/wchar_t/1.cc execution test
FAIL: 22_locale/time_get/get_date/char/1.cc execution test
FAIL: 22_locale/time_get/get_date/char/12791.cc execution test
FAIL: 22_locale/time_get/get_date/char/3.cc execution test
FAIL: 22_locale/time_get/get_date/char/5.cc execution test
FAIL: 22_locale/time_get/get_date/wchar_t/1.cc execution test
FAIL: 22_locale/time_get/get_date/wchar_t/12791.cc execution test
FAIL: 22_locale/time_get/get_date/wchar_t/3.cc execution test
FAIL: 22_locale/time_get/get_date/wchar_t/5.cc execution test
FAIL: 22_locale/time_get/get_monthname/char/1.cc execution test
FAIL: 22_locale/time_get/get_monthname/char/3.cc execution test
FAIL: 22_locale/time_get/get_monthname/char/4.cc execution test
FAIL: 22_locale/time_get/get_monthname/char/5.cc execution test
FAIL: 22_locale/time_get/get_monthname/char/6.cc execution test
FAIL: 22_locale/time_get/get_monthname/wchar_t/1.cc execution test
FAIL: 22_locale/time_get/get_monthname/wchar_t/3.cc execution test
FAIL: 22_locale/time_get/get_monthname/wchar_t/4.cc execution test
FAIL: 22_locale/time_get/get_monthname/wchar_t/5.cc execution test
FAIL: 22_locale/time_get/get_monthname/wchar_t/6.cc execution test
FAIL: 22_locale/time_get/get_time/char/3.cc execution test
FAIL: 22_locale/time_get/get_time/char/4.cc execution test
FAIL: 22_locale/time_get/get_time/char/5.cc execution test
FAIL: 22_locale/time_get/get_time/char/6.cc execution test
FAIL: 22_locale/time_get/get_time/wchar_t/3.cc execution test
FAIL: 22_locale/time_get/get_time/wchar_t/4.cc execution test
FAIL: 22_locale/time_get/get_time/wchar_t/5.cc execution test
FAIL: 22_locale/time_get/get_time/wchar_t/6.cc execution test
FAIL: 22_locale/time_get/get_weekday/char/1.cc execution test
FAIL: 22_locale/time_get/get_weekday/char/3.cc execution test
FAIL: 22_locale/time_get/get_weekday/char/5.cc execution test
FAIL: 22_locale/time_get/get_weekday/char/6.cc execution test
FAIL: 22_locale/time_get/get_weekday/wchar_t/1.cc execution test
FAIL: 22_locale/time_get/get_weekday/wchar_t/3.cc execution test
FAIL: 22_locale/time_get/get_weekday/wchar_t/5.cc execution test
FAIL: 22_locale/time_get/get_weekday/wchar_t/6.cc execution test
FAIL: 22_locale/time_get/get_year/char/1.cc execution test
FAIL: 22_locale/time_get/get_year/char/3.cc execution test
FAIL: 22_locale/time_get/get_year/char/5.cc execution test
FAIL: 22_locale/time_get/get_year/wchar_t/1.cc execution test
FAIL: 22_locale/time_get/get_year/wchar_t/3.cc execution test
FAIL: 22_locale/time_get/get_year/wchar_t/5.cc execution test
FAIL: 22_locale/time_put/put/char/1.cc execution test
FAIL: 22_locale/time_put/put/char/10.cc execution test
FAIL: 22_locale/time_put/put/char/5.cc execution test
FAIL: 22_locale/time_put/put/char/9.cc execution test
FAIL: 22_locale/time_put/put/wchar_t/1.cc execution test
FAIL: 22_locale/time_put/put/wchar_t/10.cc execution test
FAIL: 22_locale/time_put/put/wchar_t/5.cc execution test
FAIL: 22_locale/time_put/put/wchar_t/9.cc execution test
FAIL: 23_containers/array/capacity/empty.cc execution test
FAIL: 23_containers/array/capacity/max_size.cc execution test
FAIL: 23_containers/array/capacity/size.cc execution test
FAIL: 23_containers/array/comparison_operators/equal.cc execution test
FAIL: 23_containers/array/comparison_operators/greater.cc execution test
FAIL: 23_containers/array/comparison_operators/greater_or_equal.cc execution test
FAIL: 23_containers/array/comparison_operators/less.cc execution test
FAIL: 23_containers/array/comparison_operators/less_or_equal.cc execution test
FAIL: 23_containers/array/comparison_operators/not_equal.cc execution test
FAIL: 23_containers/array/element_access/at_out_of_range.cc execution test
FAIL: 23_containers/array/element_access/back.cc execution test
FAIL: 23_containers/array/element_access/data.cc execution test
FAIL: 23_containers/array/element_access/front.cc execution test
FAIL: 23_containers/array/iterators/end_is_one_past.cc execution test
FAIL: 23_containers/array/requirements/citerators.cc execution test
FAIL: 23_containers/array/requirements/contiguous.cc execution test
FAIL: 23_containers/array/requirements/fill.cc execution test
FAIL: 23_containers/array/requirements/member_swap.cc execution test
FAIL: 23_containers/array/requirements/zero_sized_arrays.cc execution test
FAIL: 23_containers/array/specialized_algorithms/swap.cc execution test
FAIL: 23_containers/array/tuple_interface/tuple_element.cc execution test
FAIL: 23_containers/array/tuple_interface/tuple_size.cc execution test
FAIL: 23_containers/bitset/all/1.cc execution test
FAIL: 23_containers/bitset/cons/1.cc execution test
FAIL: 23_containers/bitset/cons/16020.cc execution test
FAIL: 23_containers/bitset/cons/2.cc execution test
FAIL: 23_containers/bitset/cons/3.cc execution test
FAIL: 23_containers/bitset/cons/50268.cc execution test
FAIL: 23_containers/bitset/cons/6282.cc execution test
FAIL: 23_containers/bitset/cons/dr1325-2.cc execution test
FAIL: 23_containers/bitset/cons/dr396.cc execution test
FAIL: 23_containers/bitset/count/6124.cc execution test
FAIL: 23_containers/bitset/debug/invalidation/1.cc execution test
FAIL: 23_containers/bitset/ext/15361.cc execution test
FAIL: 23_containers/bitset/hash/1.cc execution test
FAIL: 23_containers/bitset/input/1.cc execution test
FAIL: 23_containers/bitset/operations/1.cc execution test
FAIL: 23_containers/bitset/operations/13838.cc execution test
FAIL: 23_containers/bitset/operations/2.cc execution test
FAIL: 23_containers/bitset/test/1.cc execution test
FAIL: 23_containers/bitset/to_string/1.cc execution test
FAIL: 23_containers/bitset/to_string/dr396.cc execution test
FAIL: 23_containers/bitset/to_ullong/1.cc execution test
FAIL: 23_containers/bitset/to_ulong/1.cc execution test
FAIL: 23_containers/deque/capacity/29134-2.cc execution test
FAIL: 23_containers/deque/capacity/29134.cc execution test
FAIL: 23_containers/deque/capacity/moveable.cc execution test
FAIL: 23_containers/deque/capacity/resize_size.cc execution test
FAIL: 23_containers/deque/capacity/shrink_to_fit.cc execution test
FAIL: 23_containers/deque/check_construct_destroy.cc execution test
FAIL: 23_containers/deque/cons/1.cc execution test
FAIL: 23_containers/deque/cons/2.cc execution test
FAIL: 23_containers/deque/cons/assign/1.cc execution test
FAIL: 23_containers/deque/cons/clear_allocator.cc execution test
FAIL: 23_containers/deque/cons/cons_size.cc execution test
FAIL: 23_containers/deque/cons/moveable.cc execution test
FAIL: 23_containers/deque/debug/invalidation/1.cc execution test
FAIL: 23_containers/deque/debug/invalidation/2.cc execution test
FAIL: 23_containers/deque/debug/invalidation/3.cc execution test
FAIL: 23_containers/deque/debug/invalidation/4.cc execution test
FAIL: 23_containers/deque/init-list.cc execution test
FAIL: 23_containers/deque/modifiers/erase/1.cc execution test
FAIL: 23_containers/deque/modifiers/erase/2.cc execution test
FAIL: 23_containers/deque/modifiers/erase/3.cc execution test
FAIL: 23_containers/deque/modifiers/erase/50529.cc execution test
FAIL: 23_containers/deque/modifiers/erase/moveable.cc execution test
FAIL: 23_containers/deque/modifiers/moveable.cc execution test
FAIL: 23_containers/deque/modifiers/push_back/49836.cc execution test
FAIL: 23_containers/deque/modifiers/push_front/49836.cc execution test
FAIL: 23_containers/deque/modifiers/swap/1.cc execution test
FAIL: 23_containers/deque/modifiers/swap/2.cc execution test
FAIL: 23_containers/deque/modifiers/swap/3.cc execution test
FAIL: 23_containers/deque/operators/1.cc execution test
FAIL: 23_containers/deque/operators/2.cc execution test
FAIL: 23_containers/deque/requirements/citerators.cc execution test
FAIL: 23_containers/deque/requirements/exception/basic.cc execution test
FAIL: 23_containers/deque/requirements/exception/generation_prohibited.cc execution test
FAIL: 23_containers/forward_list/capacity/1.cc execution test
FAIL: 23_containers/forward_list/capacity/resize_size.cc execution test
FAIL: 23_containers/forward_list/comparable.cc execution test
FAIL: 23_containers/forward_list/cons/1.cc execution test
FAIL: 23_containers/forward_list/cons/2.cc execution test
FAIL: 23_containers/forward_list/cons/3.cc execution test
FAIL: 23_containers/forward_list/cons/4.cc execution test
FAIL: 23_containers/forward_list/cons/5.cc execution test
FAIL: 23_containers/forward_list/cons/6.cc execution test
FAIL: 23_containers/forward_list/cons/7.cc execution test
FAIL: 23_containers/forward_list/cons/8.cc execution test
FAIL: 23_containers/forward_list/cons/9.cc execution test
FAIL: 23_containers/forward_list/cons/cons_size.cc execution test
FAIL: 23_containers/forward_list/cons/moveable.cc execution test
FAIL: 23_containers/forward_list/debug/clear.cc execution test
FAIL: 23_containers/forward_list/debug/move_constructor.cc execution test
FAIL: 23_containers/forward_list/debug/splice_after.cc execution test
FAIL: 23_containers/forward_list/debug/swap.cc execution test
FAIL: 23_containers/forward_list/modifiers/1.cc execution test
FAIL: 23_containers/forward_list/modifiers/2.cc execution test
FAIL: 23_containers/forward_list/modifiers/3.cc execution test
FAIL: 23_containers/forward_list/modifiers/4.cc execution test
FAIL: 23_containers/forward_list/modifiers/5.cc execution test
FAIL: 23_containers/forward_list/modifiers/6.cc execution test
FAIL: 23_containers/forward_list/operations/1.cc execution test
FAIL: 23_containers/forward_list/operations/2.cc execution test
FAIL: 23_containers/forward_list/operations/3.cc execution test
FAIL: 23_containers/forward_list/operations/4.cc execution test
FAIL: 23_containers/forward_list/operations/5.cc execution test
FAIL: 23_containers/forward_list/operations/6.cc execution test
FAIL: 23_containers/forward_list/operations/7.cc execution test
FAIL: 23_containers/forward_list/operations/remove_freed.cc execution test
FAIL: 23_containers/forward_list/requirements/citerators.cc execution test
FAIL: 23_containers/forward_list/requirements/exception/basic.cc execution test
FAIL: 23_containers/forward_list/requirements/exception/generation_prohibited.cc execution test
FAIL: 23_containers/forward_list/requirements/exception/propagation_consistent.cc execution test
FAIL: 23_containers/list/capacity/1.cc execution test
FAIL: 23_containers/list/capacity/29134.cc execution test
FAIL: 23_containers/list/capacity/resize_size.cc execution test
FAIL: 23_containers/list/check_construct_destroy.cc execution test
FAIL: 23_containers/list/cons/1.cc execution test
FAIL: 23_containers/list/cons/2.cc execution test
FAIL: 23_containers/list/cons/3.cc execution test
FAIL: 23_containers/list/cons/4.cc execution test
FAIL: 23_containers/list/cons/5.cc execution test
FAIL: 23_containers/list/cons/6.cc execution test
FAIL: 23_containers/list/cons/7.cc execution test
FAIL: 23_containers/list/cons/8.cc execution test
FAIL: 23_containers/list/cons/9.cc execution test
FAIL: 23_containers/list/cons/clear_allocator.cc execution test
FAIL: 23_containers/list/cons/cons_size.cc execution test
FAIL: 23_containers/list/cons/moveable.cc execution test
FAIL: 23_containers/list/debug/invalidation/1.cc execution test
FAIL: 23_containers/list/debug/invalidation/2.cc execution test
FAIL: 23_containers/list/debug/invalidation/3.cc execution test
FAIL: 23_containers/list/debug/invalidation/4.cc execution test
FAIL: 23_containers/list/init-list.cc execution test
FAIL: 23_containers/list/modifiers/1.cc execution test
FAIL: 23_containers/list/modifiers/1_c++0x.cc execution test
FAIL: 23_containers/list/modifiers/2.cc execution test
FAIL: 23_containers/list/modifiers/3.cc execution test
FAIL: 23_containers/list/modifiers/swap/1.cc execution test
FAIL: 23_containers/list/modifiers/swap/2.cc execution test
FAIL: 23_containers/list/modifiers/swap/3.cc execution test
FAIL: 23_containers/list/operations/1.cc execution test
FAIL: 23_containers/list/operations/2.cc execution test
FAIL: 23_containers/list/operations/2_c++0x.cc execution test
FAIL: 23_containers/list/operations/3.cc execution test
FAIL: 23_containers/list/operations/35969.cc execution test
FAIL: 23_containers/list/operations/3_c++0x.cc execution test
FAIL: 23_containers/list/operations/4.cc execution test
FAIL: 23_containers/list/operations/42352.cc execution test
FAIL: 23_containers/list/operations/5.cc execution test
FAIL: 23_containers/list/pthread1.cc execution test
FAIL: 23_containers/list/pthread5.cc execution test
FAIL: 23_containers/list/requirements/citerators.cc execution test
FAIL: 23_containers/list/requirements/exception/basic.cc execution test
FAIL: 23_containers/list/requirements/exception/generation_prohibited.cc execution test
FAIL: 23_containers/list/requirements/exception/propagation_consistent.cc execution test
FAIL: 23_containers/map/capacity/29134.cc execution test
FAIL: 23_containers/map/cons/moveable.cc execution test
FAIL: 23_containers/map/debug/invalidation/1.cc execution test
FAIL: 23_containers/map/debug/invalidation/2.cc execution test
FAIL: 23_containers/map/dr130.cc execution test
FAIL: 23_containers/map/element_access/1.cc execution test
FAIL: 23_containers/map/element_access/2.cc execution test
FAIL: 23_containers/map/element_access/39901.cc execution test
FAIL: 23_containers/map/element_access/46148.cc execution test
FAIL: 23_containers/map/init-list.cc execution test
FAIL: 23_containers/map/modifiers/insert/1.cc execution test
FAIL: 23_containers/map/modifiers/insert/16813.cc execution test
FAIL: 23_containers/map/modifiers/insert/2.cc execution test
FAIL: 23_containers/map/modifiers/insert/3.cc execution test
FAIL: 23_containers/map/modifiers/insert/4.cc execution test
FAIL: 23_containers/map/modifiers/insert/5.cc execution test
FAIL: 23_containers/map/modifiers/swap/1.cc execution test
FAIL: 23_containers/map/modifiers/swap/2.cc execution test
FAIL: 23_containers/map/modifiers/swap/3.cc execution test
FAIL: 23_containers/map/operations/1.cc execution test
FAIL: 23_containers/map/operations/count.cc execution test
FAIL: 23_containers/map/operators/1.cc execution test
FAIL: 23_containers/map/requirements/citerators.cc execution test
FAIL: 23_containers/map/requirements/exception/basic.cc execution test
FAIL: 23_containers/map/requirements/exception/generation_prohibited.cc execution test
FAIL: 23_containers/map/requirements/exception/propagation_consistent.cc execution test
FAIL: 23_containers/multimap/capacity/29134.cc execution test
FAIL: 23_containers/multimap/cons/moveable.cc execution test
FAIL: 23_containers/multimap/debug/invalidation/1.cc execution test
FAIL: 23_containers/multimap/debug/invalidation/2.cc execution test
FAIL: 23_containers/multimap/dr130.cc execution test
FAIL: 23_containers/multimap/init-list.cc execution test
FAIL: 23_containers/multimap/modifiers/insert/1.cc execution test
FAIL: 23_containers/multimap/modifiers/insert/2.cc execution test
FAIL: 23_containers/multimap/modifiers/insert/22102.cc execution test
FAIL: 23_containers/multimap/modifiers/insert/3.cc execution test
FAIL: 23_containers/multimap/modifiers/insert/4.cc execution test
FAIL: 23_containers/multimap/modifiers/swap/1.cc execution test
FAIL: 23_containers/multimap/modifiers/swap/2.cc execution test
FAIL: 23_containers/multimap/modifiers/swap/3.cc execution test
FAIL: 23_containers/multimap/operations/1.cc execution test
FAIL: 23_containers/multimap/operations/count.cc execution test
FAIL: 23_containers/multimap/requirements/citerators.cc execution test
FAIL: 23_containers/multimap/requirements/exception/basic.cc execution test
FAIL: 23_containers/multimap/requirements/exception/generation_prohibited.cc execution test
FAIL: 23_containers/multimap/requirements/exception/propagation_consistent.cc execution test
FAIL: 23_containers/multiset/capacity/29134.cc execution test
FAIL: 23_containers/multiset/cons/moveable.cc execution test
FAIL: 23_containers/multiset/debug/invalidation/1.cc execution test
FAIL: 23_containers/multiset/debug/invalidation/2.cc execution test
FAIL: 23_containers/multiset/dr130.cc execution test
FAIL: 23_containers/multiset/init-list.cc execution test
FAIL: 23_containers/multiset/modifiers/insert/1.cc execution test
FAIL: 23_containers/multiset/modifiers/insert/2.cc execution test
FAIL: 23_containers/multiset/modifiers/insert/22102.cc execution test
FAIL: 23_containers/multiset/modifiers/insert/3.cc execution test
FAIL: 23_containers/multiset/modifiers/insert/4.cc execution test
FAIL: 23_containers/multiset/modifiers/swap/1.cc execution test
FAIL: 23_containers/multiset/modifiers/swap/2.cc execution test
FAIL: 23_containers/multiset/modifiers/swap/3.cc execution test
FAIL: 23_containers/multiset/operations/1.cc execution test
FAIL: 23_containers/multiset/operations/count.cc execution test
FAIL: 23_containers/multiset/requirements/citerators.cc execution test
FAIL: 23_containers/multiset/requirements/exception/basic.cc execution test
FAIL: 23_containers/multiset/requirements/exception/generation_prohibited.cc execution test
FAIL: 23_containers/multiset/requirements/exception/propagation_consistent.cc execution test
FAIL: 23_containers/priority_queue/members/7161.cc execution test
FAIL: 23_containers/priority_queue/moveable.cc execution test
FAIL: 23_containers/queue/members/7157.cc execution test
FAIL: 23_containers/queue/moveable.cc execution test
FAIL: 23_containers/set/capacity/29134.cc execution test
FAIL: 23_containers/set/check_construct_destroy.cc execution test
FAIL: 23_containers/set/cons/moveable.cc execution test
FAIL: 23_containers/set/debug/invalidation/1.cc execution test
FAIL: 23_containers/set/debug/invalidation/2.cc execution test
FAIL: 23_containers/set/dr130.cc execution test
FAIL: 23_containers/set/init-list.cc execution test
FAIL: 23_containers/set/modifiers/16728.cc execution test
FAIL: 23_containers/set/modifiers/17948.cc execution test
FAIL: 23_containers/set/modifiers/insert/1.cc execution test
FAIL: 23_containers/set/modifiers/insert/2.cc execution test
FAIL: 23_containers/set/modifiers/insert/3.cc execution test
FAIL: 23_containers/set/modifiers/swap/1.cc execution test
FAIL: 23_containers/set/modifiers/swap/2.cc execution test
FAIL: 23_containers/set/modifiers/swap/3.cc execution test
FAIL: 23_containers/set/operations/1.cc execution test
FAIL: 23_containers/set/operations/count.cc execution test
FAIL: 23_containers/set/requirements/citerators.cc execution test
FAIL: 23_containers/set/requirements/exception/basic.cc execution test
FAIL: 23_containers/set/requirements/exception/generation_prohibited.cc execution test
FAIL: 23_containers/set/requirements/exception/propagation_consistent.cc execution test
FAIL: 23_containers/stack/members/7158.cc execution test
FAIL: 23_containers/unordered_map/cons/moveable.cc execution test
FAIL: 23_containers/unordered_map/dr761.cc execution test
FAIL: 23_containers/unordered_map/erase/1.cc execution test
FAIL: 23_containers/unordered_map/erase/24061-map.cc execution test
FAIL: 23_containers/unordered_map/hash_policy/dr1189.cc execution test
FAIL: 23_containers/unordered_map/init-list.cc execution test
FAIL: 23_containers/unordered_map/insert/24061-map.cc execution test
FAIL: 23_containers/unordered_map/insert/array_syntax.cc execution test
FAIL: 23_containers/unordered_map/insert/array_syntax_move.cc execution test
FAIL: 23_containers/unordered_map/insert/map_range.cc execution test
FAIL: 23_containers/unordered_map/insert/map_single.cc execution test
FAIL: 23_containers/unordered_map/insert/map_single_move-1.cc execution test
FAIL: 23_containers/unordered_map/insert/map_single_move-2.cc execution test
FAIL: 23_containers/unordered_map/modifiers/emplace.cc execution test
FAIL: 23_containers/unordered_map/operations/count.cc execution test
FAIL: 23_containers/unordered_map/operators/1.cc execution test
FAIL: 23_containers/unordered_map/profile/hash_map.cc execution test
FAIL: 23_containers/unordered_map/profile/unordered.cc execution test
FAIL: 23_containers/unordered_map/requirements/citerators.cc execution test
FAIL: 23_containers/unordered_map/requirements/cliterators.cc execution test
FAIL: 23_containers/unordered_map/requirements/exception/basic.cc execution test
FAIL: 23_containers/unordered_map/requirements/exception/generation_prohibited.cc execution test
FAIL: 23_containers/unordered_map/requirements/exception/propagation_consistent.cc execution test
FAIL: 23_containers/unordered_multimap/cons/moveable.cc execution test
FAIL: 23_containers/unordered_multimap/erase/1.cc execution test
FAIL: 23_containers/unordered_multimap/erase/2.cc execution test
FAIL: 23_containers/unordered_multimap/erase/24061-multimap.cc execution test
FAIL: 23_containers/unordered_multimap/erase/51845-multimap.cc execution test
FAIL: 23_containers/unordered_multimap/hash_policy/dr1189.cc execution test
FAIL: 23_containers/unordered_multimap/init-list.cc execution test
FAIL: 23_containers/unordered_multimap/insert/24061-multimap.cc execution test
FAIL: 23_containers/unordered_multimap/insert/51866.cc execution test
FAIL: 23_containers/unordered_multimap/insert/52476.cc execution test
FAIL: 23_containers/unordered_multimap/insert/53115.cc execution test
FAIL: 23_containers/unordered_multimap/insert/multimap_range.cc execution test
FAIL: 23_containers/unordered_multimap/insert/multimap_single.cc execution test
FAIL: 23_containers/unordered_multimap/insert/multimap_single_move-1.cc execution test
FAIL: 23_containers/unordered_multimap/insert/multimap_single_move-2.cc execution test
FAIL: 23_containers/unordered_multimap/modifiers/emplace.cc execution test
FAIL: 23_containers/unordered_multimap/operations/count.cc execution test
FAIL: 23_containers/unordered_multimap/operators/1.cc execution test
FAIL: 23_containers/unordered_multimap/operators/2.cc execution test
FAIL: 23_containers/unordered_multimap/requirements/citerators.cc execution test
FAIL: 23_containers/unordered_multimap/requirements/cliterators.cc execution test
FAIL: 23_containers/unordered_multimap/requirements/exception/basic.cc execution test
FAIL: 23_containers/unordered_multimap/requirements/exception/generation_prohibited.cc execution test
FAIL: 23_containers/unordered_multimap/requirements/exception/propagation_consistent.cc execution test
FAIL: 23_containers/unordered_multiset/cons/copy.cc execution test
FAIL: 23_containers/unordered_multiset/cons/moveable.cc execution test
FAIL: 23_containers/unordered_multiset/erase/1.cc execution test
FAIL: 23_containers/unordered_multiset/erase/2.cc execution test
FAIL: 23_containers/unordered_multiset/erase/24061-multiset.cc execution test
FAIL: 23_containers/unordered_multiset/hash_policy/dr1189.cc execution test
FAIL: 23_containers/unordered_multiset/init-list.cc execution test
FAIL: 23_containers/unordered_multiset/insert/24061-multiset.cc execution test
FAIL: 23_containers/unordered_multiset/insert/51866.cc execution test
FAIL: 23_containers/unordered_multiset/insert/52476.cc execution test
FAIL: 23_containers/unordered_multiset/insert/53115.cc execution test
FAIL: 23_containers/unordered_multiset/insert/hash_policy.cc execution test
FAIL: 23_containers/unordered_multiset/insert/multiset_range.cc execution test
FAIL: 23_containers/unordered_multiset/insert/multiset_single.cc execution test
FAIL: 23_containers/unordered_multiset/insert/multiset_single_move.cc execution test
FAIL: 23_containers/unordered_multiset/modifiers/emplace.cc execution test
FAIL: 23_containers/unordered_multiset/operations/count.cc execution test
FAIL: 23_containers/unordered_multiset/operators/1.cc execution test
FAIL: 23_containers/unordered_multiset/requirements/citerators.cc execution test
FAIL: 23_containers/unordered_multiset/requirements/cliterators.cc execution test
FAIL: 23_containers/unordered_multiset/requirements/exception/basic.cc execution test
FAIL: 23_containers/unordered_multiset/requirements/exception/generation_prohibited.cc execution test
FAIL: 23_containers/unordered_multiset/requirements/exception/propagation_consistent.cc execution test
FAIL: 23_containers/unordered_set/cons/moveable.cc execution test
FAIL: 23_containers/unordered_set/erase/1.cc execution test
FAIL: 23_containers/unordered_set/erase/24061-set.cc execution test
FAIL: 23_containers/unordered_set/hash_policy/26132.cc execution test
FAIL: 23_containers/unordered_set/hash_policy/dr1189.cc execution test
FAIL: 23_containers/unordered_set/hash_policy/load_factor.cc execution test
FAIL: 23_containers/unordered_set/hash_policy/rehash.cc execution test
FAIL: 23_containers/unordered_set/init-list.cc execution test
FAIL: 23_containers/unordered_set/insert/24061-set.cc execution test
FAIL: 23_containers/unordered_set/insert/hash_policy.cc execution test
FAIL: 23_containers/unordered_set/insert/set_range.cc execution test
FAIL: 23_containers/unordered_set/insert/set_single.cc execution test
FAIL: 23_containers/unordered_set/insert/set_single_move.cc execution test
FAIL: 23_containers/unordered_set/max_load_factor/robustness.cc execution test
FAIL: 23_containers/unordered_set/modifiers/emplace.cc execution test
FAIL: 23_containers/unordered_set/operations/count.cc execution test
FAIL: 23_containers/unordered_set/operators/1.cc execution test
FAIL: 23_containers/unordered_set/requirements/citerators.cc execution test
FAIL: 23_containers/unordered_set/requirements/cliterators.cc execution test
FAIL: 23_containers/unordered_set/requirements/exception/basic.cc execution test
FAIL: 23_containers/unordered_set/requirements/exception/generation_prohibited.cc execution test
FAIL: 23_containers/unordered_set/requirements/exception/propagation_consistent.cc execution test
FAIL: 23_containers/vector/15523.cc execution test
FAIL: 23_containers/vector/allocator/copy.cc execution test
FAIL: 23_containers/vector/allocator/copy_assign.cc execution test
FAIL: 23_containers/vector/allocator/minimal.cc execution test
FAIL: 23_containers/vector/allocator/move_assign.cc execution test
FAIL: 23_containers/vector/allocator/noexcept.cc execution test
FAIL: 23_containers/vector/allocator/swap.cc execution test
FAIL: 23_containers/vector/bool/1.cc execution test
FAIL: 23_containers/vector/bool/6886.cc execution test
FAIL: 23_containers/vector/bool/capacity/1.cc execution test
FAIL: 23_containers/vector/bool/capacity/29134.cc execution test
FAIL: 23_containers/vector/bool/capacity/shrink_to_fit.cc execution test
FAIL: 23_containers/vector/bool/clear_allocator.cc execution test
FAIL: 23_containers/vector/bool/cons/1.cc execution test
FAIL: 23_containers/vector/bool/cons/2.cc execution test
FAIL: 23_containers/vector/bool/hash/1.cc execution test
FAIL: 23_containers/vector/bool/modifiers/erase/1.cc execution test
FAIL: 23_containers/vector/bool/modifiers/insert/1.cc execution test
FAIL: 23_containers/vector/bool/modifiers/insert/31370.cc execution test
FAIL: 23_containers/vector/bool/modifiers/swap/1.cc execution test
FAIL: 23_containers/vector/bool/modifiers/swap/2.cc execution test
FAIL: 23_containers/vector/bool/requirements/citerators.cc execution test
FAIL: 23_containers/vector/capacity/1.cc execution test
FAIL: 23_containers/vector/capacity/2.cc execution test
FAIL: 23_containers/vector/capacity/29134-2.cc execution test
FAIL: 23_containers/vector/capacity/29134.cc execution test
FAIL: 23_containers/vector/capacity/44190.cc execution test
FAIL: 23_containers/vector/capacity/8230.cc execution test
FAIL: 23_containers/vector/capacity/reserve/moveable.cc execution test
FAIL: 23_containers/vector/capacity/reserve/moveable2.cc execution test
FAIL: 23_containers/vector/capacity/resize/1.cc execution test
FAIL: 23_containers/vector/capacity/resize/moveable.cc execution test
FAIL: 23_containers/vector/capacity/resize/moveable2.cc execution test
FAIL: 23_containers/vector/capacity/resize/resize_size.cc execution test
FAIL: 23_containers/vector/capacity/shrink_to_fit.cc execution test
FAIL: 23_containers/vector/capacity/shrink_to_fit2.cc execution test
FAIL: 23_containers/vector/check_construct_destroy.cc execution test
FAIL: 23_containers/vector/cons/1.cc execution test
FAIL: 23_containers/vector/cons/2.cc execution test
FAIL: 23_containers/vector/cons/3.cc execution test
FAIL: 23_containers/vector/cons/4.cc execution test
FAIL: 23_containers/vector/cons/6513.cc execution test
FAIL: 23_containers/vector/cons/clear_allocator.cc execution test
FAIL: 23_containers/vector/cons/cons_size.cc execution test
FAIL: 23_containers/vector/cons/moveable.cc execution test
FAIL: 23_containers/vector/data_access/1.cc execution test
FAIL: 23_containers/vector/debug/invalidation/1.cc execution test
FAIL: 23_containers/vector/debug/invalidation/2.cc execution test
FAIL: 23_containers/vector/debug/invalidation/3.cc execution test
FAIL: 23_containers/vector/debug/invalidation/4.cc execution test
FAIL: 23_containers/vector/debug_mode_requires_reallocation-1.cc execution test
FAIL: 23_containers/vector/debug_mode_requires_reallocation-2.cc execution test
FAIL: 23_containers/vector/element_access/1.cc execution test
FAIL: 23_containers/vector/ext_pointer/citerators.cc execution test
FAIL: 23_containers/vector/ext_pointer/data_access.cc execution test
FAIL: 23_containers/vector/ext_pointer/modifiers/element.cc execution test
FAIL: 23_containers/vector/ext_pointer/modifiers/erase.cc execution test
FAIL: 23_containers/vector/ext_pointer/modifiers/insert.cc execution test
FAIL: 23_containers/vector/ext_pointer/resize.cc execution test
FAIL: 23_containers/vector/ext_pointer/types/1.cc execution test
FAIL: 23_containers/vector/ext_pointer/types/2.cc execution test
FAIL: 23_containers/vector/init-list.cc execution test
FAIL: 23_containers/vector/modifiers/1.cc execution test
FAIL: 23_containers/vector/modifiers/2.cc execution test
FAIL: 23_containers/vector/modifiers/erase/1.cc execution test
FAIL: 23_containers/vector/modifiers/erase/50529.cc execution test
FAIL: 23_containers/vector/modifiers/erase/moveable.cc execution test
FAIL: 23_containers/vector/modifiers/insert/1.cc execution test
FAIL: 23_containers/vector/modifiers/moveable.cc execution test
FAIL: 23_containers/vector/modifiers/moveable2.cc execution test
FAIL: 23_containers/vector/modifiers/push_back/49836.cc execution test
FAIL: 23_containers/vector/modifiers/swap/1.cc execution test
FAIL: 23_containers/vector/modifiers/swap/2.cc execution test
FAIL: 23_containers/vector/modifiers/swap/3.cc execution test
FAIL: 23_containers/vector/profile/vector.cc execution test
FAIL: 23_containers/vector/requirements/citerators.cc execution test
FAIL: 23_containers/vector/requirements/exception/basic.cc execution test
FAIL: 23_containers/vector/requirements/exception/generation_prohibited.cc execution test
FAIL: 23_containers/vector/requirements/exception/propagation_consistent.cc execution test
FAIL: 23_containers/vector/zero_sized_allocations.cc execution test
FAIL: 24_iterators/back_insert_iterator/2.cc execution test
FAIL: 24_iterators/front_insert_iterator/2.cc execution test
FAIL: 24_iterators/insert_iterator/2.cc execution test
FAIL: 24_iterators/istream_iterator/2.cc execution test
FAIL: 24_iterators/istreambuf_iterator/2.cc execution test
FAIL: 24_iterators/istreambuf_iterator/2627.cc execution test
FAIL: 24_iterators/operations/next.cc execution test
FAIL: 24_iterators/operations/prev.cc execution test
FAIL: 24_iterators/ostreambuf_iterator/2.cc execution test
FAIL: 24_iterators/random_access_iterator/26020.cc execution test
FAIL: 24_iterators/random_access_iterator/string_vector_iterators.cc execution test
FAIL: 24_iterators/reverse_iterator/11729.cc execution test
FAIL: 24_iterators/reverse_iterator/2.cc execution test
FAIL: 24_iterators/reverse_iterator/3.cc execution test
FAIL: 25_algorithms/adjacent_find/1.cc execution test
FAIL: 25_algorithms/all_of/1.cc execution test
FAIL: 25_algorithms/any_of/1.cc execution test
FAIL: 25_algorithms/binary_search/1.cc execution test
FAIL: 25_algorithms/binary_search/2.cc execution test
FAIL: 25_algorithms/copy/1.cc execution test
FAIL: 25_algorithms/copy/2.cc execution test
FAIL: 25_algorithms/copy/3.cc execution test
FAIL: 25_algorithms/copy/34595.cc execution test
FAIL: 25_algorithms/copy/4.cc execution test
FAIL: 25_algorithms/copy/deque_iterators/1.cc execution test
FAIL: 25_algorithms/copy/move_iterators/1.cc execution test
FAIL: 25_algorithms/copy/streambuf_iterators/char/1.cc execution test
FAIL: 25_algorithms/copy/streambuf_iterators/char/2.cc execution test
FAIL: 25_algorithms/copy/streambuf_iterators/char/3.cc execution test
FAIL: 25_algorithms/copy/streambuf_iterators/wchar_t/1.cc execution test
FAIL: 25_algorithms/copy/streambuf_iterators/wchar_t/2.cc execution test
FAIL: 25_algorithms/copy/streambuf_iterators/wchar_t/3.cc execution test
FAIL: 25_algorithms/copy/streambuf_iterators/wchar_t/4.cc execution test
FAIL: 25_algorithms/copy_backward/deque_iterators/1.cc execution test
FAIL: 25_algorithms/copy_backward/move_iterators/1.cc execution test
FAIL: 25_algorithms/copy_n/1.cc execution test
FAIL: 25_algorithms/copy_n/2.cc execution test
FAIL: 25_algorithms/copy_n/3.cc execution test
FAIL: 25_algorithms/copy_n/4.cc execution test
FAIL: 25_algorithms/copy_n/50119.cc execution test
FAIL: 25_algorithms/copy_n/move_iterators/1.cc execution test
FAIL: 25_algorithms/count/1.cc execution test
FAIL: 25_algorithms/count_if/1.cc execution test
FAIL: 25_algorithms/equal/1.cc execution test
FAIL: 25_algorithms/equal_range/1.cc execution test
FAIL: 25_algorithms/equal_range/2.cc execution test
FAIL: 25_algorithms/fill/1.cc execution test
FAIL: 25_algorithms/fill/2.cc execution test
FAIL: 25_algorithms/fill/3.cc execution test
FAIL: 25_algorithms/fill/4.cc execution test
FAIL: 25_algorithms/fill_n/1.cc execution test
FAIL: 25_algorithms/find/1.cc execution test
FAIL: 25_algorithms/find/17441.cc execution test
FAIL: 25_algorithms/find/39546.cc execution test
FAIL: 25_algorithms/find/istreambuf_iterators/char/1.cc execution test
FAIL: 25_algorithms/find/istreambuf_iterators/wchar_t/1.cc execution test
FAIL: 25_algorithms/find/istreambuf_iterators/wchar_t/2.cc execution test
FAIL: 25_algorithms/find_end/1.cc execution test
FAIL: 25_algorithms/find_first_of/1.cc execution test
FAIL: 25_algorithms/find_if/1.cc execution test
FAIL: 25_algorithms/find_if_not/1.cc execution test
FAIL: 25_algorithms/for_each/1.cc execution test
FAIL: 25_algorithms/heap/1.cc execution test
FAIL: 25_algorithms/heap/moveable.cc execution test
FAIL: 25_algorithms/heap/moveable2.cc execution test
FAIL: 25_algorithms/includes/1.cc execution test
FAIL: 25_algorithms/inplace_merge/1.cc execution test
FAIL: 25_algorithms/inplace_merge/49559.cc execution test
FAIL: 25_algorithms/inplace_merge/moveable.cc execution test
FAIL: 25_algorithms/inplace_merge/moveable2.cc execution test
FAIL: 25_algorithms/is_heap/1.cc execution test
FAIL: 25_algorithms/is_heap_until/1.cc execution test
FAIL: 25_algorithms/is_partitioned/1.cc execution test
FAIL: 25_algorithms/is_permutation/1.cc execution test
FAIL: 25_algorithms/is_sorted/1.cc execution test
FAIL: 25_algorithms/is_sorted_until/1.cc execution test
FAIL: 25_algorithms/iter_swap/20577.cc execution test
FAIL: 25_algorithms/lexicographical_compare/1.cc execution test
FAIL: 25_algorithms/lower_bound/1.cc execution test
FAIL: 25_algorithms/lower_bound/2.cc execution test
FAIL: 25_algorithms/max/1.cc execution test
FAIL: 25_algorithms/max/2.cc execution test
FAIL: 25_algorithms/max/3.cc execution test
FAIL: 25_algorithms/max/37547.cc execution test
FAIL: 25_algorithms/max/4.cc execution test
FAIL: 25_algorithms/max_element/1.cc execution test
FAIL: 25_algorithms/merge/1.cc execution test
FAIL: 25_algorithms/min/1.cc execution test
FAIL: 25_algorithms/min/2.cc execution test
FAIL: 25_algorithms/min/3.cc execution test
FAIL: 25_algorithms/min/37547.cc execution test
FAIL: 25_algorithms/min/4.cc execution test
FAIL: 25_algorithms/min_element/1.cc execution test
FAIL: 25_algorithms/minmax/1.cc execution test
FAIL: 25_algorithms/minmax/2.cc execution test
FAIL: 25_algorithms/minmax/3.cc execution test
FAIL: 25_algorithms/minmax/37547.cc execution test
FAIL: 25_algorithms/minmax_element/1.cc execution test
FAIL: 25_algorithms/mismatch/1.cc execution test
FAIL: 25_algorithms/move/1.cc execution test
FAIL: 25_algorithms/move/deque_iterators/1.cc execution test
FAIL: 25_algorithms/move_backward/1.cc execution test
FAIL: 25_algorithms/move_backward/deque_iterators/1.cc execution test
FAIL: 25_algorithms/next_permutation/1.cc execution test
FAIL: 25_algorithms/next_permutation/moveable.cc execution test
FAIL: 25_algorithms/none_of/1.cc execution test
FAIL: 25_algorithms/nth_element/1.cc execution test
FAIL: 25_algorithms/nth_element/2.cc execution test
FAIL: 25_algorithms/nth_element/3.cc execution test
FAIL: 25_algorithms/nth_element/moveable.cc execution test
FAIL: 25_algorithms/partial_sort/1.cc execution test
FAIL: 25_algorithms/partial_sort/2.cc execution test
FAIL: 25_algorithms/partial_sort/check_compare_by_value.cc execution test
FAIL: 25_algorithms/partial_sort/moveable.cc execution test
FAIL: 25_algorithms/partial_sort_copy/1.cc execution test
FAIL: 25_algorithms/partial_sort_copy/2.cc execution test
FAIL: 25_algorithms/partition/1.cc execution test
FAIL: 25_algorithms/partition/moveable.cc execution test
FAIL: 25_algorithms/partition_copy/1.cc execution test
FAIL: 25_algorithms/partition_point/1.cc execution test
FAIL: 25_algorithms/prev_permutation/1.cc execution test
FAIL: 25_algorithms/prev_permutation/moveable.cc execution test
FAIL: 25_algorithms/random_shuffle/1.cc execution test
FAIL: 25_algorithms/random_shuffle/moveable.cc execution test
FAIL: 25_algorithms/remove/1.cc execution test
FAIL: 25_algorithms/remove/moveable.cc execution test
FAIL: 25_algorithms/remove_if/1.cc execution test
FAIL: 25_algorithms/remove_if/moveable.cc execution test
FAIL: 25_algorithms/replace/1.cc execution test
FAIL: 25_algorithms/replace_copy/1.cc execution test
FAIL: 25_algorithms/replace_copy_if/1.cc execution test
FAIL: 25_algorithms/replace_if/1.cc execution test
FAIL: 25_algorithms/rotate/1.cc execution test
FAIL: 25_algorithms/rotate/moveable.cc execution test
FAIL: 25_algorithms/rotate/moveable2.cc execution test
FAIL: 25_algorithms/rotate/rotate.cc execution test
FAIL: 25_algorithms/search/1.cc execution test
FAIL: 25_algorithms/search_n/iterator.cc execution test
FAIL: 25_algorithms/set_difference/1.cc execution test
FAIL: 25_algorithms/set_intersection/1.cc execution test
FAIL: 25_algorithms/set_symmetric_difference/1.cc execution test
FAIL: 25_algorithms/set_union/1.cc execution test
FAIL: 25_algorithms/shuffle/1.cc execution test
FAIL: 25_algorithms/sort/1.cc execution test
FAIL: 25_algorithms/sort/34095.cc execution test
FAIL: 25_algorithms/sort/34636.cc execution test
FAIL: 25_algorithms/sort/35588.cc execution test
FAIL: 25_algorithms/sort/check_compare_by_value.cc execution test
FAIL: 25_algorithms/sort/moveable.cc execution test
FAIL: 25_algorithms/sort/vectorbool.cc execution test
FAIL: 25_algorithms/sort_heap/check_compare_by_value.cc execution test
FAIL: 25_algorithms/stable_partition/1.cc execution test
FAIL: 25_algorithms/stable_partition/mem_check.cc execution test
FAIL: 25_algorithms/stable_partition/moveable.cc execution test
FAIL: 25_algorithms/stable_partition/pr52822.cc execution test
FAIL: 25_algorithms/stable_sort/1.cc execution test
FAIL: 25_algorithms/stable_sort/2.cc execution test
FAIL: 25_algorithms/stable_sort/49559.cc execution test
FAIL: 25_algorithms/stable_sort/check_compare_by_value.cc execution test
FAIL: 25_algorithms/stable_sort/mem_check.cc execution test
FAIL: 25_algorithms/stable_sort/moveable.cc execution test
FAIL: 25_algorithms/stable_sort/moveable2.cc execution test
FAIL: 25_algorithms/swap_ranges/1.cc execution test
FAIL: 25_algorithms/unique/1.cc execution test
FAIL: 25_algorithms/unique/11480.cc execution test
FAIL: 25_algorithms/unique/2.cc execution test
FAIL: 25_algorithms/unique/moveable.cc execution test
FAIL: 25_algorithms/unique_copy/1.cc execution test
FAIL: 25_algorithms/unique_copy/2.cc execution test
FAIL: 25_algorithms/unique_copy/26133.cc execution test
FAIL: 25_algorithms/upper_bound/1.cc execution test
FAIL: 25_algorithms/upper_bound/2.cc execution test
FAIL: 26_numerics/accumulate/1.cc execution test
FAIL: 26_numerics/accumulate/48750.cc execution test
FAIL: 26_numerics/adjacent_difference/1.cc execution test
FAIL: 26_numerics/cmath/51083.cc execution test
FAIL: 26_numerics/complex/13450.cc execution test
FAIL: 26_numerics/complex/50880.cc execution test
FAIL: 26_numerics/complex/51083.cc execution test
FAIL: 26_numerics/complex/buggy_complex.cc execution test
FAIL: 26_numerics/complex/dr781_dr1137.cc execution test
FAIL: 26_numerics/complex/dr844.cc execution test
FAIL: 26_numerics/complex/inserters_extractors/char/1.cc execution test
FAIL: 26_numerics/complex/inserters_extractors/wchar_t/1.cc execution test
FAIL: 26_numerics/complex/pow.cc execution test
FAIL: 26_numerics/complex/value_operations/1.cc execution test
FAIL: 26_numerics/complex/value_operations/dr387.cc execution test
FAIL: 26_numerics/headers/cmath/c_math.cc execution test
FAIL: 26_numerics/headers/cmath/dr550.cc execution test
FAIL: 26_numerics/headers/cmath/fabs_inline.cc execution test
FAIL: 26_numerics/headers/cmath/overloads.cc execution test
FAIL: 26_numerics/headers/cmath/powi.cc execution test
FAIL: 26_numerics/headers/cstdlib/13943.cc execution test
FAIL: 26_numerics/headers/cstdlib/2190.cc execution test
FAIL: 26_numerics/inner_product/1.cc execution test
FAIL: 26_numerics/iota/1.cc execution test
FAIL: 26_numerics/partial_sum/1.cc execution test
FAIL: 26_numerics/random/bernoulli_distribution/cons/default.cc execution test
FAIL: 26_numerics/random/bernoulli_distribution/cons/parms.cc execution test
FAIL: 26_numerics/random/bernoulli_distribution/operators/equal.cc execution test
FAIL: 26_numerics/random/bernoulli_distribution/operators/inequal.cc execution test
FAIL: 26_numerics/random/bernoulli_distribution/operators/serialize.cc execution test
FAIL: 26_numerics/random/bernoulli_distribution/operators/values.cc execution test
FAIL: 26_numerics/random/binomial_distribution/cons/default.cc execution test
FAIL: 26_numerics/random/binomial_distribution/cons/parms.cc execution test
FAIL: 26_numerics/random/binomial_distribution/operators/equal.cc execution test
FAIL: 26_numerics/random/binomial_distribution/operators/inequal.cc execution test
FAIL: 26_numerics/random/binomial_distribution/operators/serialize.cc execution test
FAIL: 26_numerics/random/cauchy_distribution/cons/default.cc execution test
FAIL: 26_numerics/random/cauchy_distribution/cons/parms.cc execution test
FAIL: 26_numerics/random/cauchy_distribution/operators/equal.cc execution test
FAIL: 26_numerics/random/cauchy_distribution/operators/inequal.cc execution test
FAIL: 26_numerics/random/cauchy_distribution/operators/serialize.cc execution test
FAIL: 26_numerics/random/chi_squared_distribution/cons/default.cc execution test
FAIL: 26_numerics/random/chi_squared_distribution/cons/parms.cc execution test
FAIL: 26_numerics/random/chi_squared_distribution/operators/equal.cc execution test
FAIL: 26_numerics/random/chi_squared_distribution/operators/inequal.cc execution test
FAIL: 26_numerics/random/chi_squared_distribution/operators/serialize.cc execution test
FAIL: 26_numerics/random/default_random_engine.cc execution test
FAIL: 26_numerics/random/discard_block_engine/cons/base_copy.cc execution test
FAIL: 26_numerics/random/discard_block_engine/cons/base_move.cc execution test
FAIL: 26_numerics/random/discard_block_engine/cons/copy.cc execution test
FAIL: 26_numerics/random/discard_block_engine/cons/default.cc execution test
FAIL: 26_numerics/random/discard_block_engine/cons/seed1.cc execution test
FAIL: 26_numerics/random/discard_block_engine/cons/seed2.cc execution test
FAIL: 26_numerics/random/discard_block_engine/cons/seed_seq.cc execution test
FAIL: 26_numerics/random/discard_block_engine/operators/equal.cc execution test
FAIL: 26_numerics/random/discard_block_engine/operators/inequal.cc execution test
FAIL: 26_numerics/random/discard_block_engine/operators/serialize.cc execution test
FAIL: 26_numerics/random/discrete_distribution/cons/default.cc execution test
FAIL: 26_numerics/random/discrete_distribution/cons/initlist.cc execution test
FAIL: 26_numerics/random/discrete_distribution/cons/num_xbound_fun.cc execution test
FAIL: 26_numerics/random/discrete_distribution/cons/range.cc execution test
FAIL: 26_numerics/random/discrete_distribution/operators/call-default.cc execution test
FAIL: 26_numerics/random/discrete_distribution/operators/equal.cc execution test
FAIL: 26_numerics/random/discrete_distribution/operators/inequal.cc execution test
FAIL: 26_numerics/random/discrete_distribution/operators/serialize.cc execution test
FAIL: 26_numerics/random/discrete_distribution/operators/values.cc execution test
FAIL: 26_numerics/random/exponential_distribution/cons/default.cc execution test
FAIL: 26_numerics/random/exponential_distribution/cons/parms.cc execution test
FAIL: 26_numerics/random/exponential_distribution/operators/equal.cc execution test
FAIL: 26_numerics/random/exponential_distribution/operators/inequal.cc execution test
FAIL: 26_numerics/random/exponential_distribution/operators/serialize.cc execution test
FAIL: 26_numerics/random/extreme_value_distribution/cons/default.cc execution test
FAIL: 26_numerics/random/extreme_value_distribution/cons/parms.cc execution test
FAIL: 26_numerics/random/extreme_value_distribution/operators/equal.cc execution test
FAIL: 26_numerics/random/extreme_value_distribution/operators/inequal.cc execution test
FAIL: 26_numerics/random/extreme_value_distribution/operators/serialize.cc execution test
FAIL: 26_numerics/random/fisher_f_distribution/cons/default.cc execution test
FAIL: 26_numerics/random/fisher_f_distribution/cons/parms.cc execution test
FAIL: 26_numerics/random/fisher_f_distribution/operators/equal.cc execution test
FAIL: 26_numerics/random/fisher_f_distribution/operators/inequal.cc execution test
FAIL: 26_numerics/random/fisher_f_distribution/operators/serialize.cc execution test
FAIL: 26_numerics/random/gamma_distribution/cons/default.cc execution test
FAIL: 26_numerics/random/gamma_distribution/cons/parms.cc execution test
FAIL: 26_numerics/random/gamma_distribution/operators/equal.cc execution test
FAIL: 26_numerics/random/gamma_distribution/operators/inequal.cc execution test
FAIL: 26_numerics/random/gamma_distribution/operators/serialize.cc execution test
FAIL: 26_numerics/random/geometric_distribution/cons/default.cc execution test
FAIL: 26_numerics/random/geometric_distribution/cons/parms.cc execution test
FAIL: 26_numerics/random/geometric_distribution/operators/equal.cc execution test
FAIL: 26_numerics/random/geometric_distribution/operators/inequal.cc execution test
FAIL: 26_numerics/random/geometric_distribution/operators/serialize.cc execution test
FAIL: 26_numerics/random/geometric_distribution/operators/values.cc execution test
FAIL: 26_numerics/random/independent_bits_engine/cons/base_copy.cc execution test
FAIL: 26_numerics/random/independent_bits_engine/cons/base_move.cc execution test
FAIL: 26_numerics/random/independent_bits_engine/cons/copy.cc execution test
FAIL: 26_numerics/random/independent_bits_engine/cons/default.cc execution test
FAIL: 26_numerics/random/independent_bits_engine/cons/seed1.cc execution test
FAIL: 26_numerics/random/independent_bits_engine/cons/seed2.cc execution test
FAIL: 26_numerics/random/independent_bits_engine/cons/seed_seq.cc execution test
FAIL: 26_numerics/random/independent_bits_engine/operators/equal.cc execution test
FAIL: 26_numerics/random/independent_bits_engine/operators/inequal.cc execution test
FAIL: 26_numerics/random/independent_bits_engine/operators/serialize.cc execution test
FAIL: 26_numerics/random/knuth_b.cc execution test
FAIL: 26_numerics/random/linear_congruential_engine/cons/copy.cc execution test
FAIL: 26_numerics/random/linear_congruential_engine/cons/default.cc execution test
FAIL: 26_numerics/random/linear_congruential_engine/cons/seed1.cc execution test
FAIL: 26_numerics/random/linear_congruential_engine/cons/seed2.cc execution test
FAIL: 26_numerics/random/linear_congruential_engine/cons/seed_seq.cc execution test
FAIL: 26_numerics/random/linear_congruential_engine/operators/equal.cc execution test
FAIL: 26_numerics/random/linear_congruential_engine/operators/inequal.cc execution test
FAIL: 26_numerics/random/linear_congruential_engine/operators/serialize.cc execution test
FAIL: 26_numerics/random/lognormal_distribution/cons/default.cc execution test
FAIL: 26_numerics/random/lognormal_distribution/cons/parms.cc execution test
FAIL: 26_numerics/random/lognormal_distribution/operators/equal.cc execution test
FAIL: 26_numerics/random/lognormal_distribution/operators/inequal.cc execution test
FAIL: 26_numerics/random/lognormal_distribution/operators/serialize.cc execution test
FAIL: 26_numerics/random/mersenne_twister_engine/cons/copy.cc execution test
FAIL: 26_numerics/random/mersenne_twister_engine/cons/default.cc execution test
FAIL: 26_numerics/random/mersenne_twister_engine/cons/seed1.cc execution test
FAIL: 26_numerics/random/mersenne_twister_engine/cons/seed2.cc execution test
FAIL: 26_numerics/random/mersenne_twister_engine/cons/seed_seq.cc execution test
FAIL: 26_numerics/random/mersenne_twister_engine/operators/equal.cc execution test
FAIL: 26_numerics/random/mersenne_twister_engine/operators/inequal.cc execution test
FAIL: 26_numerics/random/mersenne_twister_engine/operators/serialize.cc execution test
FAIL: 26_numerics/random/minstd_rand.cc execution test
FAIL: 26_numerics/random/minstd_rand0.cc execution test
FAIL: 26_numerics/random/mt19937.cc execution test
FAIL: 26_numerics/random/mt19937_64.cc execution test
FAIL: 26_numerics/random/negative_binomial_distribution/cons/default.cc execution test
FAIL: 26_numerics/random/negative_binomial_distribution/cons/parms.cc execution test
FAIL: 26_numerics/random/negative_binomial_distribution/operators/equal.cc execution test
FAIL: 26_numerics/random/negative_binomial_distribution/operators/inequal.cc execution test
FAIL: 26_numerics/random/negative_binomial_distribution/operators/serialize.cc execution test
FAIL: 26_numerics/random/normal_distribution/cons/default.cc execution test
FAIL: 26_numerics/random/normal_distribution/cons/parms.cc execution test
FAIL: 26_numerics/random/normal_distribution/operators/equal.cc execution test
FAIL: 26_numerics/random/normal_distribution/operators/inequal.cc execution test
FAIL: 26_numerics/random/normal_distribution/operators/serialize.cc execution test
FAIL: 26_numerics/random/piecewise_constant_distribution/cons/default.cc execution test
FAIL: 26_numerics/random/piecewise_constant_distribution/cons/initlist_fun.cc execution test
FAIL: 26_numerics/random/piecewise_constant_distribution/cons/num_xbound_fun.cc execution test
FAIL: 26_numerics/random/piecewise_constant_distribution/cons/range.cc execution test
FAIL: 26_numerics/random/piecewise_constant_distribution/operators/call-default.cc execution test
FAIL: 26_numerics/random/piecewise_constant_distribution/operators/equal.cc execution test
FAIL: 26_numerics/random/piecewise_constant_distribution/operators/inequal.cc execution test
FAIL: 26_numerics/random/piecewise_constant_distribution/operators/serialize.cc execution test
FAIL: 26_numerics/random/piecewise_linear_distribution/cons/default.cc execution test
FAIL: 26_numerics/random/piecewise_linear_distribution/cons/initlist_fun.cc execution test
FAIL: 26_numerics/random/piecewise_linear_distribution/cons/num_xbound_fun.cc execution test
FAIL: 26_numerics/random/piecewise_linear_distribution/cons/range.cc execution test
FAIL: 26_numerics/random/piecewise_linear_distribution/operators/call-default.cc execution test
FAIL: 26_numerics/random/piecewise_linear_distribution/operators/equal.cc execution test
FAIL: 26_numerics/random/piecewise_linear_distribution/operators/inequal.cc execution test
FAIL: 26_numerics/random/piecewise_linear_distribution/operators/serialize.cc execution test
FAIL: 26_numerics/random/poisson_distribution/cons/default.cc execution test
FAIL: 26_numerics/random/poisson_distribution/cons/parms.cc execution test
FAIL: 26_numerics/random/poisson_distribution/operators/equal.cc execution test
FAIL: 26_numerics/random/poisson_distribution/operators/inequal.cc execution test
FAIL: 26_numerics/random/poisson_distribution/operators/serialize.cc execution test
FAIL: 26_numerics/random/random_device/cons/default.cc execution test
FAIL: 26_numerics/random/random_device/cons/token.cc execution test
FAIL: 26_numerics/random/ranlux24.cc execution test
FAIL: 26_numerics/random/ranlux24_base.cc execution test
FAIL: 26_numerics/random/ranlux48.cc execution test
FAIL: 26_numerics/random/ranlux48_base.cc execution test
FAIL: 26_numerics/random/seed_seq/cons/default.cc execution test
FAIL: 26_numerics/random/seed_seq/cons/initlist.cc execution test
FAIL: 26_numerics/random/seed_seq/cons/range.cc execution test
FAIL: 26_numerics/random/shuffle_order_engine/cons/base_copy.cc execution test
FAIL: 26_numerics/random/shuffle_order_engine/cons/base_move.cc execution test
FAIL: 26_numerics/random/shuffle_order_engine/cons/copy.cc execution test
FAIL: 26_numerics/random/shuffle_order_engine/cons/default.cc execution test
FAIL: 26_numerics/random/shuffle_order_engine/cons/seed1.cc execution test
FAIL: 26_numerics/random/shuffle_order_engine/cons/seed2.cc execution test
FAIL: 26_numerics/random/shuffle_order_engine/cons/seed_seq.cc execution test
FAIL: 26_numerics/random/shuffle_order_engine/operators/equal.cc execution test
FAIL: 26_numerics/random/shuffle_order_engine/operators/inequal.cc execution test
FAIL: 26_numerics/random/shuffle_order_engine/operators/serialize.cc execution test
FAIL: 26_numerics/random/student_t_distribution/cons/default.cc execution test
FAIL: 26_numerics/random/student_t_distribution/cons/parms.cc execution test
FAIL: 26_numerics/random/student_t_distribution/operators/equal.cc execution test
FAIL: 26_numerics/random/student_t_distribution/operators/inequal.cc execution test
FAIL: 26_numerics/random/student_t_distribution/operators/serialize.cc execution test
FAIL: 26_numerics/random/subtract_with_carry_engine/cons/copy.cc execution test
FAIL: 26_numerics/random/subtract_with_carry_engine/cons/default.cc execution test
FAIL: 26_numerics/random/subtract_with_carry_engine/cons/seed1.cc execution test
FAIL: 26_numerics/random/subtract_with_carry_engine/cons/seed2.cc execution test
FAIL: 26_numerics/random/subtract_with_carry_engine/cons/seed_seq.cc execution test
FAIL: 26_numerics/random/subtract_with_carry_engine/operators/equal.cc execution test
FAIL: 26_numerics/random/subtract_with_carry_engine/operators/inequal.cc execution test
FAIL: 26_numerics/random/subtract_with_carry_engine/operators/serialize.cc execution test
FAIL: 26_numerics/random/uniform_int_distribution/cons/default.cc execution test
FAIL: 26_numerics/random/uniform_int_distribution/cons/parms.cc execution test
FAIL: 26_numerics/random/uniform_int_distribution/operators/equal.cc execution test
FAIL: 26_numerics/random/uniform_int_distribution/operators/inequal.cc execution test
FAIL: 26_numerics/random/uniform_int_distribution/operators/serialize.cc execution test
FAIL: 26_numerics/random/uniform_int_distribution/operators/values.cc execution test
FAIL: 26_numerics/random/uniform_real_distribution/cons/default.cc execution test
FAIL: 26_numerics/random/uniform_real_distribution/cons/parms.cc execution test
FAIL: 26_numerics/random/uniform_real_distribution/operators/equal.cc execution test
FAIL: 26_numerics/random/uniform_real_distribution/operators/inequal.cc execution test
FAIL: 26_numerics/random/uniform_real_distribution/operators/serialize.cc execution test
FAIL: 26_numerics/random/weibull_distribution/cons/default.cc execution test
FAIL: 26_numerics/random/weibull_distribution/cons/parms.cc execution test
FAIL: 26_numerics/random/weibull_distribution/operators/equal.cc execution test
FAIL: 26_numerics/random/weibull_distribution/operators/inequal.cc execution test
FAIL: 26_numerics/random/weibull_distribution/operators/serialize.cc execution test
FAIL: 26_numerics/slice/1.cc execution test
FAIL: 26_numerics/slice_array/array_assignment.cc execution test
FAIL: 26_numerics/valarray/27867.cc execution test
FAIL: 26_numerics/valarray/28277.cc execution test
FAIL: 26_numerics/valarray/30416.cc execution test
FAIL: 26_numerics/valarray/algo.cc execution test
FAIL: 26_numerics/valarray/binary_closure.cc execution test
FAIL: 26_numerics/valarray/const_bracket.cc execution test
FAIL: 26_numerics/valarray/dr543.cc execution test
FAIL: 26_numerics/valarray/dr630-1.cc execution test
FAIL: 26_numerics/valarray/dr630-2.cc execution test
FAIL: 26_numerics/valarray/init-list.cc execution test
FAIL: 26_numerics/valarray/moveable.cc execution test
FAIL: 26_numerics/valarray/operators.cc execution test
FAIL: 26_numerics/valarray/subset_assignment.cc execution test
FAIL: 26_numerics/valarray/swap.cc execution test
FAIL: 27_io/basic_fstream/cons/1.cc execution test
FAIL: 27_io/basic_fstream/rdbuf/char/2832.cc execution test
FAIL: 27_io/basic_ifstream/cons/2020.cc execution test
FAIL: 27_io/basic_ifstream/rdbuf/char/2832.cc execution test
FAIL: 27_io/basic_ios/clear/char/1.cc execution test
FAIL: 27_io/basic_ios/cons/2020.cc execution test
FAIL: 27_io/basic_ios/cons/char/1.cc execution test
FAIL: 27_io/basic_ios/cons/char/2.cc execution test
FAIL: 27_io/basic_ios/cons/char/3.cc execution test
FAIL: 27_io/basic_ios/copyfmt/char/1.cc execution test
FAIL: 27_io/basic_ios/exceptions/char/1.cc execution test
FAIL: 27_io/basic_ios/exceptions/char/2.cc execution test
FAIL: 27_io/basic_ios/imbue/14072.cc execution test
FAIL: 27_io/basic_ios/locales/char/1.cc execution test
FAIL: 27_io/basic_iostream/cons/2020.cc execution test
FAIL: 27_io/basic_istream/cons/3.cc execution test
FAIL: 27_io/basic_istream/exceptions/char/9561.cc execution test
FAIL: 27_io/basic_istream/exceptions/wchar_t/9561.cc execution test
FAIL: 27_io/basic_istream/extractors_arithmetic/char/01.cc execution test
FAIL: 27_io/basic_istream/extractors_arithmetic/char/02.cc execution test
FAIL: 27_io/basic_istream/extractors_arithmetic/char/03.cc execution test
FAIL: 27_io/basic_istream/extractors_arithmetic/char/06.cc execution test
FAIL: 27_io/basic_istream/extractors_arithmetic/char/07.cc execution test
FAIL: 27_io/basic_istream/extractors_arithmetic/char/08.cc execution test
FAIL: 27_io/basic_istream/extractors_arithmetic/char/09.cc execution test
FAIL: 27_io/basic_istream/extractors_arithmetic/char/10.cc execution test
FAIL: 27_io/basic_istream/extractors_arithmetic/char/11.cc execution test
FAIL: 27_io/basic_istream/extractors_arithmetic/char/12.cc execution test
FAIL: 27_io/basic_istream/extractors_arithmetic/char/13.cc execution test
FAIL: 27_io/basic_istream/extractors_arithmetic/char/9555-ia.cc execution test
FAIL: 27_io/basic_istream/extractors_arithmetic/char/dr696.cc execution test
FAIL: 27_io/basic_istream/extractors_arithmetic/char/exceptions_badbit_throw.cc execution test
FAIL: 27_io/basic_istream/extractors_arithmetic/char/exceptions_failbit.cc execution test
FAIL: 27_io/basic_istream/extractors_arithmetic/char/exceptions_failbit_throw.cc execution test
FAIL: 27_io/basic_istream/extractors_arithmetic/pod/3983-1.cc execution test
FAIL: 27_io/basic_istream/extractors_arithmetic/wchar_t/01.cc execution test
FAIL: 27_io/basic_istream/extractors_arithmetic/wchar_t/02.cc execution test
FAIL: 27_io/basic_istream/extractors_arithmetic/wchar_t/03.cc execution test
FAIL: 27_io/basic_istream/extractors_arithmetic/wchar_t/06.cc execution test
FAIL: 27_io/basic_istream/extractors_arithmetic/wchar_t/07.cc execution test
FAIL: 27_io/basic_istream/extractors_arithmetic/wchar_t/08.cc execution test
FAIL: 27_io/basic_istream/extractors_arithmetic/wchar_t/09.cc execution test
FAIL: 27_io/basic_istream/extractors_arithmetic/wchar_t/10.cc execution test
FAIL: 27_io/basic_istream/extractors_arithmetic/wchar_t/11.cc execution test
FAIL: 27_io/basic_istream/extractors_arithmetic/wchar_t/12.cc execution test
FAIL: 27_io/basic_istream/extractors_arithmetic/wchar_t/13.cc execution test
FAIL: 27_io/basic_istream/extractors_arithmetic/wchar_t/9555-ia.cc execution test
FAIL: 27_io/basic_istream/extractors_arithmetic/wchar_t/dr696.cc execution test
FAIL: 27_io/basic_istream/extractors_arithmetic/wchar_t/exceptions_badbit_throw.cc execution test
FAIL: 27_io/basic_istream/extractors_arithmetic/wchar_t/exceptions_failbit.cc execution test
FAIL: 27_io/basic_istream/extractors_arithmetic/wchar_t/exceptions_failbit_throw.cc execution test
FAIL: 27_io/basic_istream/extractors_character/char/1.cc execution test
FAIL: 27_io/basic_istream/extractors_character/char/11095-i.cc execution test
FAIL: 27_io/basic_istream/extractors_character/char/2.cc execution test
FAIL: 27_io/basic_istream/extractors_character/char/3.cc execution test
FAIL: 27_io/basic_istream/extractors_character/char/9555-ic.cc execution test
FAIL: 27_io/basic_istream/extractors_character/pod/3983-2.cc execution test
FAIL: 27_io/basic_istream/extractors_character/wchar_t/1.cc execution test
FAIL: 27_io/basic_istream/extractors_character/wchar_t/11095-i.cc execution test
FAIL: 27_io/basic_istream/extractors_character/wchar_t/2.cc execution test
FAIL: 27_io/basic_istream/extractors_character/wchar_t/3.cc execution test
FAIL: 27_io/basic_istream/extractors_character/wchar_t/4.cc execution test
FAIL: 27_io/basic_istream/extractors_character/wchar_t/9555-ic.cc execution test
FAIL: 27_io/basic_istream/extractors_other/char/1.cc execution test
FAIL: 27_io/basic_istream/extractors_other/char/26181.cc execution test
FAIL: 27_io/basic_istream/extractors_other/char/3.cc execution test
FAIL: 27_io/basic_istream/extractors_other/char/9318-in.cc execution test
FAIL: 27_io/basic_istream/extractors_other/char/9424-in.cc execution test
FAIL: 27_io/basic_istream/extractors_other/char/9555-io.cc execution test
FAIL: 27_io/basic_istream/extractors_other/char/error_failbit.cc execution test
FAIL: 27_io/basic_istream/extractors_other/char/exceptions_badbit_throw.cc execution test
FAIL: 27_io/basic_istream/extractors_other/char/exceptions_failbit_throw.cc execution test
FAIL: 27_io/basic_istream/extractors_other/char/exceptions_null.cc execution test
FAIL: 27_io/basic_istream/extractors_other/pod/3983-3.cc execution test
FAIL: 27_io/basic_istream/extractors_other/wchar_t/1.cc execution test
FAIL: 27_io/basic_istream/extractors_other/wchar_t/2.cc execution test
FAIL: 27_io/basic_istream/extractors_other/wchar_t/26181.cc execution test
FAIL: 27_io/basic_istream/extractors_other/wchar_t/3.cc execution test
FAIL: 27_io/basic_istream/extractors_other/wchar_t/9318-in.cc execution test
FAIL: 27_io/basic_istream/extractors_other/wchar_t/9424-in.cc execution test
FAIL: 27_io/basic_istream/extractors_other/wchar_t/9555-io.cc execution test
FAIL: 27_io/basic_istream/extractors_other/wchar_t/error_failbit.cc execution test
FAIL: 27_io/basic_istream/extractors_other/wchar_t/exceptions_badbit_throw.cc execution test
FAIL: 27_io/basic_istream/extractors_other/wchar_t/exceptions_failbit_throw.cc execution test
FAIL: 27_io/basic_istream/extractors_other/wchar_t/exceptions_null.cc execution test
FAIL: 27_io/basic_istream/get/char/1.cc execution test
FAIL: 27_io/basic_istream/get/char/3.cc execution test
FAIL: 27_io/basic_istream/get/wchar_t/1.cc execution test
FAIL: 27_io/basic_istream/get/wchar_t/2.cc execution test
FAIL: 27_io/basic_istream/get/wchar_t/3.cc execution test
FAIL: 27_io/basic_istream/getline/char/1.cc execution test
FAIL: 27_io/basic_istream/getline/char/2.cc execution test
FAIL: 27_io/basic_istream/getline/char/3.cc execution test
FAIL: 27_io/basic_istream/getline/char/4.cc execution test
FAIL: 27_io/basic_istream/getline/char/6.cc execution test
FAIL: 27_io/basic_istream/getline/wchar_t/1.cc execution test
FAIL: 27_io/basic_istream/getline/wchar_t/2.cc execution test
FAIL: 27_io/basic_istream/getline/wchar_t/3.cc execution test
FAIL: 27_io/basic_istream/getline/wchar_t/4.cc execution test
FAIL: 27_io/basic_istream/getline/wchar_t/5.cc execution test
FAIL: 27_io/basic_istream/getline/wchar_t/6.cc execution test
FAIL: 27_io/basic_istream/ignore/char/1.cc execution test
FAIL: 27_io/basic_istream/ignore/char/6360.cc execution test
FAIL: 27_io/basic_istream/ignore/char/7220.cc execution test
FAIL: 27_io/basic_istream/ignore/wchar_t/1.cc execution test
FAIL: 27_io/basic_istream/ignore/wchar_t/2.cc execution test
FAIL: 27_io/basic_istream/ignore/wchar_t/3.cc execution test
FAIL: 27_io/basic_istream/ignore/wchar_t/6360.cc execution test
FAIL: 27_io/basic_istream/ignore/wchar_t/7220.cc execution test
FAIL: 27_io/basic_istream/peek/char/1.cc execution test
FAIL: 27_io/basic_istream/peek/char/12296.cc execution test
FAIL: 27_io/basic_istream/peek/char/6414.cc execution test
FAIL: 27_io/basic_istream/peek/wchar_t/1.cc execution test
FAIL: 27_io/basic_istream/peek/wchar_t/12296.cc execution test
FAIL: 27_io/basic_istream/peek/wchar_t/6414.cc execution test
FAIL: 27_io/basic_istream/putback/char/1.cc execution test
FAIL: 27_io/basic_istream/putback/wchar_t/1.cc execution test
FAIL: 27_io/basic_istream/read/char/1.cc execution test
FAIL: 27_io/basic_istream/read/char/2.cc execution test
FAIL: 27_io/basic_istream/read/char/3.cc execution test
FAIL: 27_io/basic_istream/read/wchar_t/1.cc execution test
FAIL: 27_io/basic_istream/read/wchar_t/2.cc execution test
FAIL: 27_io/basic_istream/read/wchar_t/3.cc execution test
FAIL: 27_io/basic_istream/readsome/char/6746-1.cc execution test
FAIL: 27_io/basic_istream/readsome/char/8258.cc execution test
FAIL: 27_io/basic_istream/readsome/wchar_t/6746-1.cc execution test
FAIL: 27_io/basic_istream/readsome/wchar_t/8258.cc execution test
FAIL: 27_io/basic_istream/seekg/char/2.cc execution test
FAIL: 27_io/basic_istream/seekg/char/26211.cc execution test
FAIL: 27_io/basic_istream/seekg/char/8348-1.cc execution test
FAIL: 27_io/basic_istream/seekg/char/8348-2.cc execution test
FAIL: 27_io/basic_istream/seekg/char/exceptions_badbit_throw.cc execution test
FAIL: 27_io/basic_istream/seekg/wchar_t/2.cc execution test
FAIL: 27_io/basic_istream/seekg/wchar_t/26211.cc execution test
FAIL: 27_io/basic_istream/seekg/wchar_t/8348-1.cc execution test
FAIL: 27_io/basic_istream/seekg/wchar_t/8348-2.cc execution test
FAIL: 27_io/basic_istream/seekg/wchar_t/exceptions_badbit_throw.cc execution test
FAIL: 27_io/basic_istream/seekg/wchar_t/sstream.cc execution test
FAIL: 27_io/basic_istream/sentry/char/1.cc execution test
FAIL: 27_io/basic_istream/sentry/char/12297.cc execution test
FAIL: 27_io/basic_istream/sentry/char/2.cc execution test
FAIL: 27_io/basic_istream/sentry/char/3.cc execution test
FAIL: 27_io/basic_istream/sentry/pod/1.cc execution test
FAIL: 27_io/basic_istream/sentry/wchar_t/1.cc execution test
FAIL: 27_io/basic_istream/sentry/wchar_t/12297.cc execution test
FAIL: 27_io/basic_istream/sentry/wchar_t/2.cc execution test
FAIL: 27_io/basic_istream/sentry/wchar_t/3.cc execution test
FAIL: 27_io/basic_istream/tellg/char/2.cc execution test
FAIL: 27_io/basic_istream/tellg/char/26211.cc execution test
FAIL: 27_io/basic_istream/tellg/char/8348.cc execution test
FAIL: 27_io/basic_istream/tellg/char/exceptions_badbit_throw.cc execution test
FAIL: 27_io/basic_istream/tellg/wchar_t/2.cc execution test
FAIL: 27_io/basic_istream/tellg/wchar_t/26211.cc execution test
FAIL: 27_io/basic_istream/tellg/wchar_t/8348.cc execution test
FAIL: 27_io/basic_istream/tellg/wchar_t/exceptions_badbit_throw.cc execution test
FAIL: 27_io/basic_istream/tellg/wchar_t/sstream.cc execution test
FAIL: 27_io/basic_istream/ws/char/1.cc execution test
FAIL: 27_io/basic_istream/ws/wchar_t/1.cc execution test
FAIL: 27_io/basic_istringstream/cons/2020.cc execution test
FAIL: 27_io/basic_istringstream/rdbuf/char/2832.cc execution test
FAIL: 27_io/basic_istringstream/rdbuf/wchar_t/2832.cc execution test
FAIL: 27_io/basic_istringstream/str/char/1.cc execution test
FAIL: 27_io/basic_istringstream/str/wchar_t/1.cc execution test
FAIL: 27_io/basic_ofstream/cons/2020.cc execution test
FAIL: 27_io/basic_ofstream/rdbuf/char/2832.cc execution test
FAIL: 27_io/basic_ostream/cons/2020.cc execution test
FAIL: 27_io/basic_ostream/cons/char/9827.cc execution test
FAIL: 27_io/basic_ostream/cons/wchar_t/9827.cc execution test
FAIL: 27_io/basic_ostream/endl/char/1.cc execution test
FAIL: 27_io/basic_ostream/endl/wchar_t/1.cc execution test
FAIL: 27_io/basic_ostream/ends/char/1.cc execution test
FAIL: 27_io/basic_ostream/ends/char/2.cc execution test
FAIL: 27_io/basic_ostream/ends/wchar_t/1.cc execution test
FAIL: 27_io/basic_ostream/ends/wchar_t/2.cc execution test
FAIL: 27_io/basic_ostream/exceptions/char/9561.cc execution test
FAIL: 27_io/basic_ostream/exceptions/wchar_t/9561.cc execution test
FAIL: 27_io/basic_ostream/flush/char/1.cc execution test
FAIL: 27_io/basic_ostream/flush/char/2.cc execution test
FAIL: 27_io/basic_ostream/flush/char/exceptions_badbit_throw.cc execution test
FAIL: 27_io/basic_ostream/flush/wchar_t/1.cc execution test
FAIL: 27_io/basic_ostream/flush/wchar_t/2.cc execution test
FAIL: 27_io/basic_ostream/flush/wchar_t/exceptions_badbit_throw.cc execution test
FAIL: 27_io/basic_ostream/inserters_arithmetic/char/1.cc execution test
FAIL: 27_io/basic_ostream/inserters_arithmetic/char/3.cc execution test
FAIL: 27_io/basic_ostream/inserters_arithmetic/char/4.cc execution test
FAIL: 27_io/basic_ostream/inserters_arithmetic/char/4402.cc execution test
FAIL: 27_io/basic_ostream/inserters_arithmetic/char/5.cc execution test
FAIL: 27_io/basic_ostream/inserters_arithmetic/char/6.cc execution test
FAIL: 27_io/basic_ostream/inserters_arithmetic/char/7.cc execution test
FAIL: 27_io/basic_ostream/inserters_arithmetic/char/9555-oa.cc execution test
FAIL: 27_io/basic_ostream/inserters_arithmetic/char/exceptions_badbit_throw.cc execution test
FAIL: 27_io/basic_ostream/inserters_arithmetic/char/exceptions_failbit_throw.cc execution test
FAIL: 27_io/basic_ostream/inserters_arithmetic/pod/23875.cc execution test
FAIL: 27_io/basic_ostream/inserters_arithmetic/wchar_t/1.cc execution test
FAIL: 27_io/basic_ostream/inserters_arithmetic/wchar_t/3.cc execution test
FAIL: 27_io/basic_ostream/inserters_arithmetic/wchar_t/4.cc execution test
FAIL: 27_io/basic_ostream/inserters_arithmetic/wchar_t/4402.cc execution test
FAIL: 27_io/basic_ostream/inserters_arithmetic/wchar_t/5.cc execution test
FAIL: 27_io/basic_ostream/inserters_arithmetic/wchar_t/6.cc execution test
FAIL: 27_io/basic_ostream/inserters_arithmetic/wchar_t/7.cc execution test
FAIL: 27_io/basic_ostream/inserters_arithmetic/wchar_t/9555-oa.cc execution test
FAIL: 27_io/basic_ostream/inserters_arithmetic/wchar_t/exceptions_badbit_throw.cc execution test
FAIL: 27_io/basic_ostream/inserters_arithmetic/wchar_t/exceptions_failbit_throw.cc execution test
FAIL: 27_io/basic_ostream/inserters_character/char/1.cc execution test
FAIL: 27_io/basic_ostream/inserters_character/char/11095-oa.cc execution test
FAIL: 27_io/basic_ostream/inserters_character/char/11095-ob.cc execution test
FAIL: 27_io/basic_ostream/inserters_character/char/11095-oc.cc execution test
FAIL: 27_io/basic_ostream/inserters_character/char/2.cc execution test
FAIL: 27_io/basic_ostream/inserters_character/char/28277-3.cc execution test
FAIL: 27_io/basic_ostream/inserters_character/char/28277-4.cc execution test
FAIL: 27_io/basic_ostream/inserters_character/char/3.cc execution test
FAIL: 27_io/basic_ostream/inserters_character/char/4.cc execution test
FAIL: 27_io/basic_ostream/inserters_character/char/5.cc execution test
FAIL: 27_io/basic_ostream/inserters_character/char/6.cc execution test
FAIL: 27_io/basic_ostream/inserters_character/char/8.cc execution test
FAIL: 27_io/basic_ostream/inserters_character/char/9555-oc.cc execution test
FAIL: 27_io/basic_ostream/inserters_character/wchar_t/1.cc execution test
FAIL: 27_io/basic_ostream/inserters_character/wchar_t/11095-od.cc execution test
FAIL: 27_io/basic_ostream/inserters_character/wchar_t/11095-oe.cc execution test
FAIL: 27_io/basic_ostream/inserters_character/wchar_t/11095-of.cc execution test
FAIL: 27_io/basic_ostream/inserters_character/wchar_t/2.cc execution test
FAIL: 27_io/basic_ostream/inserters_character/wchar_t/28277-1.cc execution test
FAIL: 27_io/basic_ostream/inserters_character/wchar_t/28277-2.cc execution test
FAIL: 27_io/basic_ostream/inserters_character/wchar_t/28277-3.cc execution test
FAIL: 27_io/basic_ostream/inserters_character/wchar_t/28277-4.cc execution test
FAIL: 27_io/basic_ostream/inserters_character/wchar_t/3.cc execution test
FAIL: 27_io/basic_ostream/inserters_character/wchar_t/4.cc execution test
FAIL: 27_io/basic_ostream/inserters_character/wchar_t/5.cc execution test
FAIL: 27_io/basic_ostream/inserters_character/wchar_t/6.cc execution test
FAIL: 27_io/basic_ostream/inserters_character/wchar_t/7.cc execution test
FAIL: 27_io/basic_ostream/inserters_character/wchar_t/8.cc execution test
FAIL: 27_io/basic_ostream/inserters_character/wchar_t/9555-oc.cc execution test
FAIL: 27_io/basic_ostream/inserters_other/char/2.cc execution test
FAIL: 27_io/basic_ostream/inserters_other/char/3.cc execution test
FAIL: 27_io/basic_ostream/inserters_other/char/4.cc execution test
FAIL: 27_io/basic_ostream/inserters_other/char/5.cc execution test
FAIL: 27_io/basic_ostream/inserters_other/char/9318-out.cc execution test
FAIL: 27_io/basic_ostream/inserters_other/char/9424-out.cc execution test
FAIL: 27_io/basic_ostream/inserters_other/char/9555-oo.cc execution test
FAIL: 27_io/basic_ostream/inserters_other/char/error_code.cc execution test
FAIL: 27_io/basic_ostream/inserters_other/char/error_failbit.cc execution test
FAIL: 27_io/basic_ostream/inserters_other/char/exceptions_badbit_throw.cc execution test
FAIL: 27_io/basic_ostream/inserters_other/char/exceptions_failbit_throw.cc execution test
FAIL: 27_io/basic_ostream/inserters_other/char/exceptions_null.cc execution test
FAIL: 27_io/basic_ostream/inserters_other/wchar_t/1.cc execution test
FAIL: 27_io/basic_ostream/inserters_other/wchar_t/2.cc execution test
FAIL: 27_io/basic_ostream/inserters_other/wchar_t/3.cc execution test
FAIL: 27_io/basic_ostream/inserters_other/wchar_t/4.cc execution test
FAIL: 27_io/basic_ostream/inserters_other/wchar_t/5.cc execution test
FAIL: 27_io/basic_ostream/inserters_other/wchar_t/9318-out.cc execution test
FAIL: 27_io/basic_ostream/inserters_other/wchar_t/9424-out.cc execution test
FAIL: 27_io/basic_ostream/inserters_other/wchar_t/9555-oo.cc execution test
FAIL: 27_io/basic_ostream/inserters_other/wchar_t/error_code.cc execution test
FAIL: 27_io/basic_ostream/inserters_other/wchar_t/error_failbit.cc execution test
FAIL: 27_io/basic_ostream/inserters_other/wchar_t/exceptions_badbit_throw.cc execution test
FAIL: 27_io/basic_ostream/inserters_other/wchar_t/exceptions_failbit_throw.cc execution test
FAIL: 27_io/basic_ostream/inserters_other/wchar_t/exceptions_null.cc execution test
FAIL: 27_io/basic_ostream/put/char/1.cc execution test
FAIL: 27_io/basic_ostream/put/wchar_t/1.cc execution test
FAIL: 27_io/basic_ostream/seekp/char/2346-sstream.cc execution test
FAIL: 27_io/basic_ostream/seekp/char/exceptions_badbit_throw.cc execution test
FAIL: 27_io/basic_ostream/seekp/wchar_t/2346-sstream.cc execution test
FAIL: 27_io/basic_ostream/seekp/wchar_t/exceptions_badbit_throw.cc execution test
FAIL: 27_io/basic_ostream/sentry/char/1.cc execution test
FAIL: 27_io/basic_ostream/sentry/char/2.cc execution test
FAIL: 27_io/basic_ostream/sentry/pod/1.cc execution test
FAIL: 27_io/basic_ostream/sentry/wchar_t/1.cc execution test
FAIL: 27_io/basic_ostream/sentry/wchar_t/2.cc execution test
FAIL: 27_io/basic_ostream/tellp/char/2.cc execution test
FAIL: 27_io/basic_ostream/tellp/char/exceptions_badbit_throw.cc execution test
FAIL: 27_io/basic_ostream/tellp/wchar_t/2.cc execution test
FAIL: 27_io/basic_ostream/tellp/wchar_t/exceptions_badbit_throw.cc execution test
FAIL: 27_io/basic_ostream/write/char/1.cc execution test
FAIL: 27_io/basic_ostream/write/wchar_t/1.cc execution test
FAIL: 27_io/basic_ostringstream/cons/2020.cc execution test
FAIL: 27_io/basic_ostringstream/cons/char/3.cc execution test
FAIL: 27_io/basic_ostringstream/cons/wchar_t/3.cc execution test
FAIL: 27_io/basic_ostringstream/rdbuf/char/2832.cc execution test
FAIL: 27_io/basic_ostringstream/rdbuf/wchar_t/2832.cc execution test
FAIL: 27_io/basic_ostringstream/str/char/1.cc execution test
FAIL: 27_io/basic_ostringstream/str/char/2.cc execution test
FAIL: 27_io/basic_ostringstream/str/wchar_t/1.cc execution test
FAIL: 27_io/basic_ostringstream/str/wchar_t/2.cc execution test
FAIL: 27_io/basic_streambuf/cons/2020.cc execution test
FAIL: 27_io/basic_streambuf/cons/char/1.cc execution test
FAIL: 27_io/basic_streambuf/cons/wchar_t/1.cc execution test
FAIL: 27_io/basic_streambuf/imbue/char/1.cc execution test
FAIL: 27_io/basic_streambuf/imbue/wchar_t/1.cc execution test
FAIL: 27_io/basic_streambuf/in_avail/char/1.cc execution test
FAIL: 27_io/basic_streambuf/in_avail/wchar_t/1.cc execution test
FAIL: 27_io/basic_streambuf/overflow/char/1.cc execution test
FAIL: 27_io/basic_streambuf/overflow/char/2.cc execution test
FAIL: 27_io/basic_streambuf/overflow/char/3599.cc execution test
FAIL: 27_io/basic_streambuf/overflow/wchar_t/1.cc execution test
FAIL: 27_io/basic_streambuf/overflow/wchar_t/2.cc execution test
FAIL: 27_io/basic_streambuf/overflow/wchar_t/3599.cc execution test
FAIL: 27_io/basic_streambuf/sgetc/char/1.cc execution test
FAIL: 27_io/basic_streambuf/sgetc/wchar_t/1.cc execution test
FAIL: 27_io/basic_streambuf/sgetn/char/1.cc execution test
FAIL: 27_io/basic_streambuf/sgetn/wchar_t/1.cc execution test
FAIL: 27_io/basic_streambuf/sputbackc/char/9538.cc execution test
FAIL: 27_io/basic_streambuf/sputbackc/wchar_t/9538.cc execution test
FAIL: 27_io/basic_streambuf/sputc/char/1057.cc execution test
FAIL: 27_io/basic_streambuf/sputc/wchar_t/1057.cc execution test
FAIL: 27_io/basic_streambuf/sputn/char/1.cc execution test
FAIL: 27_io/basic_streambuf/sputn/char/1057.cc execution test
FAIL: 27_io/basic_streambuf/sputn/wchar_t/1.cc execution test
FAIL: 27_io/basic_streambuf/sputn/wchar_t/1057.cc execution test
FAIL: 27_io/basic_streambuf/sync/char/1057.cc execution test
FAIL: 27_io/basic_streambuf/sync/wchar_t/1057.cc execution test
FAIL: 27_io/basic_stringbuf/cons/2020.cc execution test
FAIL: 27_io/basic_stringbuf/cons/char/1.cc execution test
FAIL: 27_io/basic_stringbuf/cons/wchar_t/1.cc execution test
FAIL: 27_io/basic_stringbuf/imbue/char/1.cc execution test
FAIL: 27_io/basic_stringbuf/imbue/wchar_t/1.cc execution test
FAIL: 27_io/basic_stringbuf/in_avail/char/1.cc execution test
FAIL: 27_io/basic_stringbuf/in_avail/char/21955.cc execution test
FAIL: 27_io/basic_stringbuf/in_avail/wchar_t/1.cc execution test
FAIL: 27_io/basic_stringbuf/overflow/char/1.cc execution test
FAIL: 27_io/basic_stringbuf/overflow/char/2.cc execution test
FAIL: 27_io/basic_stringbuf/overflow/char/26250.cc execution test
FAIL: 27_io/basic_stringbuf/overflow/char/3599.cc execution test
FAIL: 27_io/basic_stringbuf/overflow/char/9988.cc execution test
FAIL: 27_io/basic_stringbuf/overflow/wchar_t/1.cc execution test
FAIL: 27_io/basic_stringbuf/overflow/wchar_t/2.cc execution test
FAIL: 27_io/basic_stringbuf/overflow/wchar_t/26250.cc execution test
FAIL: 27_io/basic_stringbuf/overflow/wchar_t/3599.cc execution test
FAIL: 27_io/basic_stringbuf/overflow/wchar_t/9988.cc execution test
FAIL: 27_io/basic_stringbuf/pbackfail/char/1.cc execution test
FAIL: 27_io/basic_stringbuf/pbackfail/char/2.cc execution test
FAIL: 27_io/basic_stringbuf/pbackfail/wchar_t/1.cc execution test
FAIL: 27_io/basic_stringbuf/pbackfail/wchar_t/2.cc execution test
FAIL: 27_io/basic_stringbuf/sbumpc/char/1.cc execution test
FAIL: 27_io/basic_stringbuf/sbumpc/char/9825.cc execution test
FAIL: 27_io/basic_stringbuf/sbumpc/wchar_t/1.cc execution test
FAIL: 27_io/basic_stringbuf/sbumpc/wchar_t/9825.cc execution test
FAIL: 27_io/basic_stringbuf/seekoff/char/1.cc execution test
FAIL: 27_io/basic_stringbuf/seekoff/char/10975.cc execution test
FAIL: 27_io/basic_stringbuf/seekoff/char/16956.cc execution test
FAIL: 27_io/basic_stringbuf/seekoff/char/2.cc execution test
FAIL: 27_io/basic_stringbuf/seekoff/wchar_t/1.cc execution test
FAIL: 27_io/basic_stringbuf/seekoff/wchar_t/10975.cc execution test
FAIL: 27_io/basic_stringbuf/seekoff/wchar_t/16956.cc execution test
FAIL: 27_io/basic_stringbuf/seekoff/wchar_t/2.cc execution test
FAIL: 27_io/basic_stringbuf/seekpos/char/1.cc execution test
FAIL: 27_io/basic_stringbuf/seekpos/char/2.cc execution test
FAIL: 27_io/basic_stringbuf/seekpos/char/29354.cc execution test
FAIL: 27_io/basic_stringbuf/seekpos/char/3.cc execution test
FAIL: 27_io/basic_stringbuf/seekpos/wchar_t/1.cc execution test
FAIL: 27_io/basic_stringbuf/seekpos/wchar_t/2.cc execution test
FAIL: 27_io/basic_stringbuf/seekpos/wchar_t/29354.cc execution test
FAIL: 27_io/basic_stringbuf/seekpos/wchar_t/3.cc execution test
FAIL: 27_io/basic_stringbuf/setbuf/char/1.cc execution test
FAIL: 27_io/basic_stringbuf/setbuf/char/2.cc execution test
FAIL: 27_io/basic_stringbuf/setbuf/char/3.cc execution test
FAIL: 27_io/basic_stringbuf/setbuf/char/4.cc execution test
FAIL: 27_io/basic_stringbuf/setbuf/wchar_t/1.cc execution test
FAIL: 27_io/basic_stringbuf/setbuf/wchar_t/2.cc execution test
FAIL: 27_io/basic_stringbuf/setbuf/wchar_t/3.cc execution test
FAIL: 27_io/basic_stringbuf/setbuf/wchar_t/4.cc execution test
FAIL: 27_io/basic_stringbuf/sgetc/char/1.cc execution test
FAIL: 27_io/basic_stringbuf/sgetc/wchar_t/1.cc execution test
FAIL: 27_io/basic_stringbuf/sgetn/char/1.cc execution test
FAIL: 27_io/basic_stringbuf/sgetn/wchar_t/1.cc execution test
FAIL: 27_io/basic_stringbuf/snextc/char/1.cc execution test
FAIL: 27_io/basic_stringbuf/snextc/wchar_t/1.cc execution test
FAIL: 27_io/basic_stringbuf/sputbackc/char/1.cc execution test
FAIL: 27_io/basic_stringbuf/sputbackc/char/9425.cc execution test
FAIL: 27_io/basic_stringbuf/sputbackc/wchar_t/1.cc execution test
FAIL: 27_io/basic_stringbuf/sputbackc/wchar_t/9425.cc execution test
FAIL: 27_io/basic_stringbuf/sputc/char/1.cc execution test
FAIL: 27_io/basic_stringbuf/sputc/char/1057.cc execution test
FAIL: 27_io/basic_stringbuf/sputc/char/9404-1.cc execution test
FAIL: 27_io/basic_stringbuf/sputc/wchar_t/1.cc execution test
FAIL: 27_io/basic_stringbuf/sputc/wchar_t/1057.cc execution test
FAIL: 27_io/basic_stringbuf/sputc/wchar_t/9404-1.cc execution test
FAIL: 27_io/basic_stringbuf/sputn/char/1.cc execution test
FAIL: 27_io/basic_stringbuf/sputn/char/1057.cc execution test
FAIL: 27_io/basic_stringbuf/sputn/char/9404-2.cc execution test
FAIL: 27_io/basic_stringbuf/sputn/wchar_t/1.cc execution test
FAIL: 27_io/basic_stringbuf/sputn/wchar_t/1057.cc execution test
FAIL: 27_io/basic_stringbuf/sputn/wchar_t/9404-2.cc execution test
FAIL: 27_io/basic_stringbuf/str/char/1.cc execution test
FAIL: 27_io/basic_stringbuf/str/char/2.cc execution test
FAIL: 27_io/basic_stringbuf/str/char/3.cc execution test
FAIL: 27_io/basic_stringbuf/str/char/3955.cc execution test
FAIL: 27_io/basic_stringbuf/str/wchar_t/1.cc execution test
FAIL: 27_io/basic_stringbuf/str/wchar_t/2.cc execution test
FAIL: 27_io/basic_stringbuf/str/wchar_t/3.cc execution test
FAIL: 27_io/basic_stringbuf/str/wchar_t/3955.cc execution test
FAIL: 27_io/basic_stringbuf/sungetc/char/1.cc execution test
FAIL: 27_io/basic_stringbuf/sungetc/wchar_t/1.cc execution test
FAIL: 27_io/basic_stringbuf/sync/char/1057.cc execution test
FAIL: 27_io/basic_stringbuf/sync/wchar_t/1057.cc execution test
FAIL: 27_io/basic_stringstream/cons/2020.cc execution test
FAIL: 27_io/basic_stringstream/rdbuf/char/2832.cc execution test
FAIL: 27_io/basic_stringstream/rdbuf/wchar_t/2832.cc execution test
FAIL: 27_io/basic_stringstream/str/char/1.cc execution test
FAIL: 27_io/basic_stringstream/str/char/2.cc execution test
FAIL: 27_io/basic_stringstream/str/char/3.cc execution test
FAIL: 27_io/basic_stringstream/str/char/4.cc execution test
FAIL: 27_io/basic_stringstream/str/wchar_t/1.cc execution test
FAIL: 27_io/basic_stringstream/str/wchar_t/2.cc execution test
FAIL: 27_io/basic_stringstream/str/wchar_t/3.cc execution test
FAIL: 27_io/basic_stringstream/str/wchar_t/4.cc execution test
FAIL: 27_io/fpos/11450.cc execution test
FAIL: 27_io/fpos/14252.cc execution test
FAIL: 27_io/fpos/14320-1.cc execution test
FAIL: 27_io/fpos/14320-2.cc execution test
FAIL: 27_io/fpos/14320-3.cc execution test
FAIL: 27_io/fpos/14320-4.cc execution test
FAIL: 27_io/fpos/14320-5.cc execution test
FAIL: 27_io/fpos/14775.cc execution test
FAIL: 27_io/fpos/mbstate_t/1.cc execution test
FAIL: 27_io/fpos/mbstate_t/12065.cc execution test
FAIL: 27_io/fpos/mbstate_t/2.cc execution test
FAIL: 27_io/fpos/mbstate_t/3.cc execution test
FAIL: 27_io/ios_base/callbacks/1.cc execution test
FAIL: 27_io/ios_base/failure/cons_virtual_derivation.cc execution test
FAIL: 27_io/ios_base/failure/what-1.cc execution test
FAIL: 27_io/ios_base/failure/what-2.cc execution test
FAIL: 27_io/ios_base/failure/what-3.cc execution test
FAIL: 27_io/ios_base/failure/what-big.cc execution test
FAIL: 27_io/ios_base/state/1.cc execution test
FAIL: 27_io/ios_base/storage/1.cc execution test
FAIL: 27_io/ios_base/storage/11584.cc execution test
FAIL: 27_io/ios_base/storage/2.cc execution test
FAIL: 27_io/ios_base/storage/3.cc execution test
FAIL: 27_io/ios_base/sync_with_stdio/1.cc execution test
FAIL: 27_io/ios_base/sync_with_stdio/16959.cc execution test
FAIL: 27_io/ios_base/sync_with_stdio/2.cc execution test
FAIL: 27_io/ios_base/sync_with_stdio/9523.cc execution test
FAIL: 27_io/manipulators/adjustfield/char/1.cc execution test
FAIL: 27_io/manipulators/adjustfield/char/2.cc execution test
FAIL: 27_io/manipulators/adjustfield/wchar_t/1.cc execution test
FAIL: 27_io/manipulators/adjustfield/wchar_t/2.cc execution test
FAIL: 27_io/manipulators/basefield/char/1.cc execution test
FAIL: 27_io/manipulators/basefield/wchar_t/1.cc execution test
FAIL: 27_io/manipulators/standard/char/1.cc execution test
FAIL: 27_io/manipulators/standard/char/2.cc execution test
FAIL: 27_io/manipulators/standard/wchar_t/1.cc execution test
FAIL: 27_io/manipulators/standard/wchar_t/2.cc execution test
FAIL: 27_io/objects/char/1.cc execution test
FAIL: 27_io/objects/char/2.cc execution test
FAIL: 27_io/objects/char/3045.cc execution test
FAIL: 27_io/objects/char/3647.cc execution test
FAIL: 27_io/objects/char/41037.cc execution test
FAIL: 27_io/objects/char/5.cc execution test
FAIL: 27_io/objects/char/5268.cc execution test
FAIL: 27_io/objects/char/6.cc execution test
FAIL: 27_io/objects/char/7.cc execution test
FAIL: 27_io/objects/char/8.cc execution test
FAIL: 27_io/objects/char/9661-1.cc execution test
FAIL: 27_io/objects/char/dr455.cc execution test
FAIL: 27_io/objects/wchar_t/1.cc execution test
FAIL: 27_io/objects/wchar_t/12048-1.cc execution test
FAIL: 27_io/objects/wchar_t/12048-2.cc execution test
FAIL: 27_io/objects/wchar_t/12048-3.cc execution test
FAIL: 27_io/objects/wchar_t/12048-4.cc execution test
FAIL: 27_io/objects/wchar_t/2.cc execution test
FAIL: 27_io/objects/wchar_t/3045.cc execution test
FAIL: 27_io/objects/wchar_t/3647.cc execution test
FAIL: 27_io/objects/wchar_t/41037.cc execution test
FAIL: 27_io/objects/wchar_t/5.cc execution test
FAIL: 27_io/objects/wchar_t/5268.cc execution test
FAIL: 27_io/objects/wchar_t/6.cc execution test
FAIL: 27_io/objects/wchar_t/7.cc execution test
FAIL: 27_io/objects/wchar_t/8.cc execution test
FAIL: 27_io/objects/wchar_t/9661-1.cc execution test
FAIL: 27_io/objects/wchar_t/9662.cc execution test
FAIL: 27_io/objects/wchar_t/dr455.cc execution test
FAIL: 27_io/rvalue_streams.cc execution test
FAIL: 27_io/types/1.cc execution test
FAIL: 27_io/types/2.cc execution test
FAIL: 27_io/types/3.cc execution test
FAIL: 28_regex/algorithms/02_match/basic/string_01.cc execution test
FAIL: 28_regex/algorithms/02_match/basic/string_range_00_03.cc execution test
FAIL: 28_regex/algorithms/02_match/basic/string_range_01_03.cc execution test
FAIL: 28_regex/algorithms/02_match/extended/string_any.cc execution test
FAIL: 28_regex/algorithms/02_match/extended/string_range_00_03.cc execution test
FAIL: 28_regex/algorithms/02_match/extended/string_range_01_03.cc execution test
FAIL: 28_regex/basic_regex/assign/char/moveable.cc execution test
FAIL: 28_regex/basic_regex/ctors/47724.cc execution test
FAIL: 28_regex/basic_regex/ctors/basic/pstring_char.cc execution test
FAIL: 28_regex/basic_regex/ctors/basic/pstring_wchar_t.cc execution test
FAIL: 28_regex/basic_regex/ctors/basic/string_range_01_02_03.cc execution test
FAIL: 28_regex/basic_regex/ctors/copy_char.cc execution test
FAIL: 28_regex/basic_regex/ctors/extended/string_range_01_02_03.cc execution test
FAIL: 28_regex/basic_regex/ctors/move_char.cc execution test
FAIL: 28_regex/match_results/ctors/char/default.cc execution test
FAIL: 28_regex/match_results/ctors/wchar_t/default.cc execution test
FAIL: 28_regex/traits/char/length.cc execution test
FAIL: 28_regex/traits/char/transform.cc execution test
FAIL: 28_regex/traits/char/translate.cc execution test
FAIL: 28_regex/traits/char/translate_nocase.cc execution test
FAIL: 28_regex/traits/char/value.cc execution test
FAIL: 28_regex/traits/wchar_t/length.cc execution test
FAIL: 28_regex/traits/wchar_t/transform.cc execution test
FAIL: 28_regex/traits/wchar_t/translate.cc execution test
FAIL: 28_regex/traits/wchar_t/translate_nocase.cc execution test
FAIL: 28_regex/traits/wchar_t/value.cc execution test
FAIL: 29_atomics/atomic/cons/49445.cc execution test
FAIL: 29_atomics/atomic/cons/copy_list.cc execution test
FAIL: 29_atomics/atomic/cons/default.cc execution test
FAIL: 29_atomics/atomic/cons/direct_list.cc execution test
FAIL: 29_atomics/atomic/cons/single_value.cc execution test
FAIL: 29_atomics/atomic/operators/51811.cc execution test
FAIL: 29_atomics/atomic/operators/integral_assignment.cc execution test
FAIL: 29_atomics/atomic/operators/integral_conversion.cc execution test
FAIL: 29_atomics/atomic/operators/pointer_partial_void.cc execution test
FAIL: 29_atomics/atomic_flag/clear/1.cc execution test
FAIL: 29_atomics/atomic_flag/cons/default.cc execution test
FAIL: 29_atomics/atomic_flag/test_and_set/explicit.cc execution test
FAIL: 29_atomics/atomic_flag/test_and_set/implicit.cc execution test
FAIL: 29_atomics/atomic_integral/cons/copy_list.cc execution test
FAIL: 29_atomics/atomic_integral/cons/default.cc execution test
FAIL: 29_atomics/atomic_integral/cons/direct_list.cc execution test
FAIL: 29_atomics/atomic_integral/cons/single_value.cc execution test
FAIL: 29_atomics/atomic_integral/operators/integral_assignment.cc execution test
FAIL: 29_atomics/atomic_integral/operators/integral_conversion.cc execution test
FAIL: 30_threads/async/42819.cc execution test
FAIL: 30_threads/async/49668.cc execution test
FAIL: 30_threads/async/any.cc execution test
FAIL: 30_threads/async/async.cc execution test
FAIL: 30_threads/async/sync.cc execution test
FAIL: 30_threads/call_once/39909.cc execution test
FAIL: 30_threads/call_once/49668.cc execution test
FAIL: 30_threads/call_once/call_once1.cc execution test
FAIL: 30_threads/condition_variable/cons/1.cc execution test
FAIL: 30_threads/condition_variable/members/1.cc execution test
FAIL: 30_threads/condition_variable/members/2.cc execution test
FAIL: 30_threads/condition_variable_any/cons/1.cc execution test
FAIL: 30_threads/condition_variable_any/members/1.cc execution test
FAIL: 30_threads/condition_variable_any/members/2.cc execution test
FAIL: 30_threads/future/cons/default.cc execution test
FAIL: 30_threads/future/cons/move.cc execution test
FAIL: 30_threads/future/cons/move_assign.cc execution test
FAIL: 30_threads/future/members/45133.cc execution test
FAIL: 30_threads/future/members/get.cc execution test
FAIL: 30_threads/future/members/get2.cc execution test
FAIL: 30_threads/future/members/share.cc execution test
FAIL: 30_threads/future/members/valid.cc execution test
FAIL: 30_threads/future/members/wait.cc execution test
FAIL: 30_threads/future/members/wait_for.cc execution test
FAIL: 30_threads/future/members/wait_until.cc execution test
FAIL: 30_threads/lock/1.cc execution test
FAIL: 30_threads/lock/2.cc execution test
FAIL: 30_threads/lock/3.cc execution test
FAIL: 30_threads/lock/4.cc execution test
FAIL: 30_threads/mutex/dest/destructor_locked.cc execution test
FAIL: 30_threads/mutex/lock/1.cc execution test
FAIL: 30_threads/mutex/try_lock/1.cc execution test
FAIL: 30_threads/mutex/try_lock/2.cc execution test
FAIL: 30_threads/mutex/unlock/1.cc execution test
FAIL: 30_threads/packaged_task/49668.cc execution test
FAIL: 30_threads/packaged_task/cons/1.cc execution test
FAIL: 30_threads/packaged_task/cons/2.cc execution test
FAIL: 30_threads/packaged_task/cons/3.cc execution test
FAIL: 30_threads/packaged_task/cons/alloc.cc execution test
FAIL: 30_threads/packaged_task/cons/move.cc execution test
FAIL: 30_threads/packaged_task/cons/move_assign.cc execution test
FAIL: 30_threads/packaged_task/members/get_future.cc execution test
FAIL: 30_threads/packaged_task/members/get_future2.cc execution test
FAIL: 30_threads/packaged_task/members/invoke.cc execution test
FAIL: 30_threads/packaged_task/members/invoke2.cc execution test
FAIL: 30_threads/packaged_task/members/invoke3.cc execution test
FAIL: 30_threads/packaged_task/members/invoke4.cc execution test
FAIL: 30_threads/packaged_task/members/invoke5.cc execution test
FAIL: 30_threads/packaged_task/members/reset.cc execution test
FAIL: 30_threads/packaged_task/members/reset2.cc execution test
FAIL: 30_threads/packaged_task/members/swap.cc execution test
FAIL: 30_threads/packaged_task/members/valid.cc execution test
FAIL: 30_threads/promise/cons/1.cc execution test
FAIL: 30_threads/promise/cons/alloc.cc execution test
FAIL: 30_threads/promise/cons/move.cc execution test
FAIL: 30_threads/promise/cons/move_assign.cc execution test
FAIL: 30_threads/promise/members/get_future.cc execution test
FAIL: 30_threads/promise/members/get_future2.cc execution test
FAIL: 30_threads/promise/members/set_exception.cc execution test
FAIL: 30_threads/promise/members/set_exception2.cc execution test
FAIL: 30_threads/promise/members/set_value.cc execution test
FAIL: 30_threads/promise/members/set_value2.cc execution test
FAIL: 30_threads/promise/members/set_value3.cc execution test
FAIL: 30_threads/promise/members/swap.cc execution test
FAIL: 30_threads/recursive_mutex/cons/1.cc execution test
FAIL: 30_threads/recursive_mutex/dest/destructor_locked.cc execution test
FAIL: 30_threads/recursive_mutex/lock/1.cc execution test
FAIL: 30_threads/recursive_mutex/native_handle/1.cc execution test
FAIL: 30_threads/recursive_mutex/try_lock/1.cc execution test
FAIL: 30_threads/recursive_mutex/try_lock/2.cc execution test
FAIL: 30_threads/recursive_mutex/unlock/1.cc execution test
FAIL: 30_threads/shared_future/cons/assign.cc execution test
FAIL: 30_threads/shared_future/cons/default.cc execution test
FAIL: 30_threads/shared_future/cons/move.cc execution test
FAIL: 30_threads/shared_future/cons/move_assign.cc execution test
FAIL: 30_threads/shared_future/members/45133.cc execution test
FAIL: 30_threads/shared_future/members/get.cc execution test
FAIL: 30_threads/shared_future/members/get2.cc execution test
FAIL: 30_threads/shared_future/members/valid.cc execution test
FAIL: 30_threads/shared_future/members/wait.cc execution test
FAIL: 30_threads/shared_future/members/wait_for.cc execution test
FAIL: 30_threads/shared_future/members/wait_until.cc execution test
FAIL: 30_threads/this_thread/1.cc execution test
FAIL: 30_threads/thread/cons/1.cc execution test
FAIL: 30_threads/thread/cons/2.cc execution test
FAIL: 30_threads/thread/cons/3.cc execution test
FAIL: 30_threads/thread/cons/4.cc execution test
FAIL: 30_threads/thread/cons/49668.cc execution test
FAIL: 30_threads/thread/cons/5.cc execution test
FAIL: 30_threads/thread/cons/6.cc execution test
FAIL: 30_threads/thread/cons/7.cc execution test
FAIL: 30_threads/thread/cons/8.cc execution test
FAIL: 30_threads/thread/cons/9.cc execution test
FAIL: 30_threads/thread/cons/moveable.cc execution test
FAIL: 30_threads/thread/members/1.cc execution test
FAIL: 30_threads/thread/members/2.cc execution test
FAIL: 30_threads/thread/members/3.cc execution test
FAIL: 30_threads/thread/members/4.cc execution test
FAIL: 30_threads/thread/members/5.cc execution test
FAIL: 30_threads/thread/members/hardware_concurrency.cc execution test
FAIL: 30_threads/thread/swap/1.cc execution test
FAIL: 30_threads/try_lock/1.cc execution test
FAIL: 30_threads/try_lock/2.cc execution test
FAIL: 30_threads/try_lock/3.cc execution test
FAIL: 30_threads/try_lock/4.cc execution test
FAIL: 30_threads/unique_lock/cons/1.cc execution test
FAIL: 30_threads/unique_lock/cons/2.cc execution test
FAIL: 30_threads/unique_lock/cons/3.cc execution test
FAIL: 30_threads/unique_lock/cons/4.cc execution test
FAIL: 30_threads/unique_lock/locking/1.cc execution test
FAIL: 30_threads/unique_lock/locking/2.cc execution test
FAIL: 30_threads/unique_lock/modifiers/1.cc execution test
FAIL: 30_threads/unique_lock/modifiers/2.cc execution test
FAIL: abi/demangle/abi_examples/01.cc execution test
FAIL: abi/demangle/abi_examples/02.cc execution test
FAIL: abi/demangle/abi_examples/03.cc execution test
FAIL: abi/demangle/abi_examples/04.cc execution test
FAIL: abi/demangle/abi_examples/05.cc execution test
FAIL: abi/demangle/abi_examples/06.cc execution test
FAIL: abi/demangle/abi_examples/07.cc execution test
FAIL: abi/demangle/abi_examples/08.cc execution test
FAIL: abi/demangle/abi_examples/09.cc execution test
FAIL: abi/demangle/abi_examples/10.cc execution test
FAIL: abi/demangle/abi_examples/11.cc execution test
FAIL: abi/demangle/abi_examples/12.cc execution test
FAIL: abi/demangle/abi_examples/13.cc execution test
FAIL: abi/demangle/abi_examples/14.cc execution test
FAIL: abi/demangle/abi_examples/15.cc execution test
FAIL: abi/demangle/abi_examples/16.cc execution test
FAIL: abi/demangle/abi_examples/17.cc execution test
FAIL: abi/demangle/abi_examples/18.cc execution test
FAIL: abi/demangle/abi_examples/19.cc execution test
FAIL: abi/demangle/abi_examples/20.cc execution test
FAIL: abi/demangle/abi_examples/21.cc execution test
FAIL: abi/demangle/abi_examples/22.cc execution test
FAIL: abi/demangle/abi_examples/23.cc execution test
FAIL: abi/demangle/abi_examples/24.cc execution test
FAIL: abi/demangle/abi_examples/25.cc execution test
FAIL: abi/demangle/abi_examples/26.cc execution test
FAIL: abi/demangle/abi_text/01.cc execution test
FAIL: abi/demangle/abi_text/02.cc execution test
FAIL: abi/demangle/abi_text/03.cc execution test
FAIL: abi/demangle/abi_text/04.cc execution test
FAIL: abi/demangle/abi_text/05.cc execution test
FAIL: abi/demangle/abi_text/06.cc execution test
FAIL: abi/demangle/abi_text/07.cc execution test
FAIL: abi/demangle/abi_text/08.cc execution test
FAIL: abi/demangle/abi_text/09.cc execution test
FAIL: abi/demangle/abi_text/10.cc execution test
FAIL: abi/demangle/abi_text/11.cc execution test
FAIL: abi/demangle/abi_text/12.cc execution test
FAIL: abi/demangle/abi_text/13.cc execution test
FAIL: abi/demangle/abi_text/14.cc execution test
FAIL: abi/demangle/cxx0x/rref.cc execution test
FAIL: abi/demangle/regression/3111-1.cc execution test
FAIL: abi/demangle/regression/3111-2.cc execution test
FAIL: abi/demangle/regression/7986-01.cc execution test
FAIL: abi/demangle/regression/7986-02.cc execution test
FAIL: abi/demangle/regression/7986-03.cc execution test
FAIL: abi/demangle/regression/7986-04.cc execution test
FAIL: abi/demangle/regression/7986-05.cc execution test
FAIL: abi/demangle/regression/7986-06.cc execution test
FAIL: abi/demangle/regression/7986-07.cc execution test
FAIL: abi/demangle/regression/7986-08.cc execution test
FAIL: abi/demangle/regression/7986-09.cc execution test
FAIL: abi/demangle/regression/7986-10.cc execution test
FAIL: abi/demangle/regression/7986-11.cc execution test
FAIL: abi/demangle/regression/7986-12.cc execution test
FAIL: abi/demangle/regression/7986.cc execution test
FAIL: abi/demangle/regression/8897.cc execution test
FAIL: abi/demangle/regression/cw-01.cc execution test
FAIL: abi/demangle/regression/cw-02.cc execution test
FAIL: abi/demangle/regression/cw-03.cc execution test
FAIL: abi/demangle/regression/cw-04.cc execution test
FAIL: abi/demangle/regression/cw-05.cc execution test
FAIL: abi/demangle/regression/cw-06.cc execution test
FAIL: abi/demangle/regression/cw-07.cc execution test
FAIL: abi/demangle/regression/cw-08.cc execution test
FAIL: abi/demangle/regression/cw-09.cc execution test
FAIL: abi/demangle/regression/cw-10.cc execution test
FAIL: abi/demangle/regression/cw-11.cc execution test
FAIL: abi/demangle/regression/cw-12.cc execution test
FAIL: abi/demangle/regression/cw-13.cc execution test
FAIL: abi/demangle/regression/cw-14.cc execution test
FAIL: abi/demangle/regression/cw-15.cc execution test
FAIL: abi/demangle/regression/cw-16.cc execution test
FAIL: abi/demangle/regression/old.cc execution test
FAIL: abi/pr42230.cc execution test
FAIL: backward/11460.cc execution test
FAIL: backward/hash_map/1.cc execution test
FAIL: backward/hash_map/14648.cc execution test
FAIL: backward/hash_map/25896.cc execution test
FAIL: backward/hash_set/1.cc execution test
FAIL: backward/hash_set/25896.cc execution test
FAIL: backward/hash_set/49060.cc execution test
FAIL: backward/hash_set/check_construct_destroy.cc execution test
FAIL: backward/strstream_members.cc execution test
FAIL: ext/array_allocator/1.cc execution test
FAIL: ext/array_allocator/2.cc execution test
FAIL: ext/array_allocator/26875.cc execution test
FAIL: ext/array_allocator/3.cc execution test
FAIL: ext/array_allocator/check_allocate_max_size.cc execution test
FAIL: ext/array_allocator/check_deallocate_null.cc execution test
FAIL: ext/array_allocator/check_delete.cc execution test
FAIL: ext/array_allocator/check_new.cc execution test
FAIL: ext/array_allocator/variadic_construct.cc execution test
FAIL: ext/bitmap_allocator/check_allocate_max_size.cc execution test
FAIL: ext/bitmap_allocator/check_deallocate_null.cc execution test
FAIL: ext/bitmap_allocator/check_delete.cc execution test
FAIL: ext/bitmap_allocator/check_new.cc execution test
FAIL: ext/bitmap_allocator/variadic_construct.cc execution test
FAIL: ext/concept_checks.cc execution test
FAIL: ext/concurrence_lock_error/cons_virtual_derivation.cc execution test
FAIL: ext/concurrence_unlock_error/cons_virtual_derivation.cc execution test
FAIL: ext/debug_allocator/check_deallocate_null.cc execution test
FAIL: ext/debug_allocator/check_delete.cc execution test
FAIL: ext/debug_allocator/check_new.cc execution test
FAIL: ext/ext_pointer/1.cc execution test
FAIL: ext/is_heap/1.cc execution test
FAIL: ext/malloc_allocator/check_allocate_max_size.cc execution test
FAIL: ext/malloc_allocator/check_deallocate_null.cc execution test
FAIL: ext/malloc_allocator/check_delete.cc execution test
FAIL: ext/malloc_allocator/check_new.cc execution test
FAIL: ext/malloc_allocator/deallocate_global.cc execution test
FAIL: ext/malloc_allocator/deallocate_local.cc execution test
FAIL: ext/malloc_allocator/variadic_construct.cc execution test
FAIL: ext/median.cc execution test
FAIL: ext/mt_allocator/check_allocate_big_per_type.cc execution test
FAIL: ext/mt_allocator/check_allocate_max_size.cc execution test
FAIL: ext/mt_allocator/check_deallocate_null.cc execution test
FAIL: ext/mt_allocator/check_deallocate_null_thread.cc execution test
FAIL: ext/mt_allocator/check_delete.cc execution test
FAIL: ext/mt_allocator/check_new.cc execution test
FAIL: ext/mt_allocator/deallocate_global-2.cc execution test
FAIL: ext/mt_allocator/deallocate_global-4.cc execution test
FAIL: ext/mt_allocator/deallocate_global_thread-1.cc execution test
FAIL: ext/mt_allocator/deallocate_global_thread-3.cc execution test
FAIL: ext/mt_allocator/deallocate_local-2.cc execution test
FAIL: ext/mt_allocator/deallocate_local-4.cc execution test
FAIL: ext/mt_allocator/deallocate_local_thread-1.cc execution test
FAIL: ext/mt_allocator/deallocate_local_thread-3.cc execution test
FAIL: ext/mt_allocator/tune-1.cc execution test
FAIL: ext/mt_allocator/tune-2.cc execution test
FAIL: ext/mt_allocator/tune-3.cc execution test
FAIL: ext/mt_allocator/tune-4.cc execution test
FAIL: ext/mt_allocator/variadic_construct.cc execution test
FAIL: ext/new_allocator/check_allocate_max_size.cc execution test
FAIL: ext/new_allocator/check_deallocate_null.cc execution test
FAIL: ext/new_allocator/check_delete.cc execution test
FAIL: ext/new_allocator/check_new.cc execution test
FAIL: ext/new_allocator/deallocate_local.cc execution test
FAIL: ext/new_allocator/variadic_construct.cc execution test
FAIL: ext/pb_ds/example/assoc_container_traits.cc execution test
FAIL: ext/pb_ds/example/basic_map.cc execution test
FAIL: ext/pb_ds/example/basic_multimap.cc execution test
FAIL: ext/pb_ds/example/basic_multiset.cc execution test
FAIL: ext/pb_ds/example/basic_priority_queue.cc execution test
FAIL: ext/pb_ds/example/basic_set.cc execution test
FAIL: ext/pb_ds/example/erase_if.cc execution test
FAIL: ext/pb_ds/example/hash_illegal_resize.cc execution test
FAIL: ext/pb_ds/example/hash_initial_size.cc execution test
FAIL: ext/pb_ds/example/hash_load_set_change.cc execution test
FAIL: ext/pb_ds/example/hash_mod.cc execution test
FAIL: ext/pb_ds/example/hash_resize.cc execution test
FAIL: ext/pb_ds/example/hash_shift_mask.cc execution test
FAIL: ext/pb_ds/example/priority_queue_container_traits.cc execution test
FAIL: ext/pb_ds/example/priority_queue_dijkstra.cc execution test
FAIL: ext/pb_ds/example/priority_queue_erase_if.cc execution test
FAIL: ext/pb_ds/example/priority_queue_split_join.cc execution test
FAIL: ext/pb_ds/example/priority_queue_xref.cc execution test
FAIL: ext/pb_ds/example/ranged_hash.cc execution test
FAIL: ext/pb_ds/example/store_hash.cc execution test
FAIL: ext/pb_ds/example/tree_intervals.cc execution test
FAIL: ext/pb_ds/example/tree_join.cc execution test
FAIL: ext/pb_ds/example/tree_order_statistics.cc execution test
FAIL: ext/pb_ds/example/tree_order_statistics_join.cc execution test
FAIL: ext/pb_ds/example/trie_dna.cc execution test
FAIL: ext/pb_ds/example/trie_prefix_search.cc execution test
FAIL: ext/pb_ds/example/trie_split.cc execution test
FAIL: ext/pb_ds/regression/associative_containers.cc execution test
FAIL: ext/pb_ds/regression/priority_queues.cc execution test
FAIL: ext/pod_char_traits.cc execution test
FAIL: ext/pool_allocator/allocate_chunk.cc execution test
FAIL: ext/pool_allocator/check_allocate_max_size.cc execution test
FAIL: ext/pool_allocator/check_deallocate_null.cc execution test
FAIL: ext/pool_allocator/check_delete.cc execution test
FAIL: ext/pool_allocator/check_new.cc execution test
FAIL: ext/pool_allocator/variadic_construct.cc execution test
FAIL: ext/rope/1.cc execution test
FAIL: ext/rope/2.cc execution test
FAIL: ext/rope/3.cc execution test
FAIL: ext/rope/36832.cc execution test
FAIL: ext/rope/4.cc execution test
FAIL: ext/slist/check_construct_destroy.cc execution test
FAIL: ext/throw_value/cons.cc execution test
FAIL: ext/type_traits/add_unsigned.cc execution test
FAIL: ext/type_traits/remove_unsigned.cc execution test
FAIL: ext/vstring/capacity/29134.cc execution test
FAIL: ext/vstring/capacity/shrink_to_fit.cc execution test
FAIL: ext/vstring/inserters_extractors/char/28277.cc execution test
FAIL: ext/vstring/inserters_extractors/wchar_t/28277.cc execution test
FAIL: ext/vstring/modifiers/char/pop_back.cc execution test
FAIL: ext/vstring/modifiers/wchar_t/pop_back.cc execution test
FAIL: ext/vstring/requirements/exception/basic.cc execution test
FAIL: ext/vstring/requirements/exception/generation_prohibited.cc execution test
FAIL: ext/vstring/requirements/exception/propagation_consistent.cc execution test
FAIL: tr1/2_general_utilities/enable_shared_from_this/not_shared.cc execution test
FAIL: tr1/2_general_utilities/enable_shared_from_this/not_shared2.cc execution test
FAIL: tr1/2_general_utilities/enable_shared_from_this/not_shared3.cc execution test
FAIL: tr1/2_general_utilities/enable_shared_from_this/shared.cc execution test
FAIL: tr1/2_general_utilities/enable_shared_from_this/still_shared.cc execution test
FAIL: tr1/2_general_utilities/shared_ptr/assign/assign.cc execution test
FAIL: tr1/2_general_utilities/shared_ptr/assign/auto_ptr.cc execution test
FAIL: tr1/2_general_utilities/shared_ptr/assign/shared_ptr.cc execution test
FAIL: tr1/2_general_utilities/shared_ptr/comparison/cmp.cc execution test
FAIL: tr1/2_general_utilities/shared_ptr/cons/auto_ptr.cc execution test
FAIL: tr1/2_general_utilities/shared_ptr/cons/copy.cc execution test
FAIL: tr1/2_general_utilities/shared_ptr/cons/default.cc execution test
FAIL: tr1/2_general_utilities/shared_ptr/cons/pointer.cc execution test
FAIL: tr1/2_general_utilities/shared_ptr/cons/weak_ptr.cc execution test
FAIL: tr1/2_general_utilities/shared_ptr/cons/weak_ptr_expired.cc execution test
FAIL: tr1/2_general_utilities/shared_ptr/dest/dest.cc execution test
FAIL: tr1/2_general_utilities/shared_ptr/misc/24595.cc execution test
FAIL: tr1/2_general_utilities/shared_ptr/misc/42019.cc execution test
FAIL: tr1/2_general_utilities/shared_ptr/misc/io.cc execution test
FAIL: tr1/2_general_utilities/shared_ptr/misc/swap.cc execution test
FAIL: tr1/2_general_utilities/shared_ptr/modifiers/reset.cc execution test
FAIL: tr1/2_general_utilities/shared_ptr/modifiers/swap.cc execution test
FAIL: tr1/2_general_utilities/shared_ptr/observers/bool_conv.cc execution test
FAIL: tr1/2_general_utilities/shared_ptr/observers/get.cc execution test
FAIL: tr1/2_general_utilities/shared_ptr/observers/unique.cc execution test
FAIL: tr1/2_general_utilities/shared_ptr/observers/use_count.cc execution test
FAIL: tr1/2_general_utilities/shared_ptr/thread/default_weaktoshared.cc execution test
FAIL: tr1/3_function_objects/bind/all_bound.cc execution test
FAIL: tr1/3_function_objects/bind/mixed.cc execution test
FAIL: tr1/3_function_objects/bind/nested.cc execution test
FAIL: tr1/3_function_objects/bind/placeholders.cc execution test
FAIL: tr1/3_function_objects/bind/ref.cc execution test
FAIL: tr1/3_function_objects/function/1.cc execution test
FAIL: tr1/3_function_objects/function/2.cc execution test
FAIL: tr1/3_function_objects/function/3.cc execution test
FAIL: tr1/3_function_objects/function/4.cc execution test
FAIL: tr1/3_function_objects/function/5.cc execution test
FAIL: tr1/3_function_objects/function/6.cc execution test
FAIL: tr1/3_function_objects/function/7.cc execution test
FAIL: tr1/3_function_objects/function/8.cc execution test
FAIL: tr1/3_function_objects/function/9.cc execution test
FAIL: tr1/3_function_objects/mem_fn.cc execution test
FAIL: tr1/3_function_objects/reference_wrapper/invoke.cc execution test
FAIL: tr1/3_function_objects/reference_wrapper/typedefs.cc execution test
FAIL: tr1/3_function_objects/result_of.cc execution test
FAIL: tr1/4_metaprogramming/add_const/value.cc execution test
FAIL: tr1/4_metaprogramming/add_cv/value.cc execution test
FAIL: tr1/4_metaprogramming/add_pointer/value.cc execution test
FAIL: tr1/4_metaprogramming/add_reference/value.cc execution test
FAIL: tr1/4_metaprogramming/add_volatile/value.cc execution test
FAIL: tr1/4_metaprogramming/aligned_storage/value.cc execution test
FAIL: tr1/4_metaprogramming/alignment_of/value.cc execution test
FAIL: tr1/4_metaprogramming/extent/value.cc execution test
FAIL: tr1/4_metaprogramming/has_nothrow_assign/value.cc execution test
FAIL: tr1/4_metaprogramming/has_nothrow_constructor/value.cc execution test
FAIL: tr1/4_metaprogramming/has_nothrow_copy/value.cc execution test
FAIL: tr1/4_metaprogramming/has_trivial_assign/value.cc execution test
FAIL: tr1/4_metaprogramming/has_trivial_constructor/value.cc execution test
FAIL: tr1/4_metaprogramming/has_trivial_copy/value.cc execution test
FAIL: tr1/4_metaprogramming/has_trivial_destructor/value.cc execution test
FAIL: tr1/4_metaprogramming/has_virtual_destructor/value.cc execution test
FAIL: tr1/4_metaprogramming/integral_constant/static_definition.cc execution test
FAIL: tr1/4_metaprogramming/integral_constant/true_false_value.cc execution test
FAIL: tr1/4_metaprogramming/is_abstract/value.cc execution test
FAIL: tr1/4_metaprogramming/is_arithmetic/value.cc execution test
FAIL: tr1/4_metaprogramming/is_array/value.cc execution test
FAIL: tr1/4_metaprogramming/is_base_of/value.cc execution test
FAIL: tr1/4_metaprogramming/is_class/value.cc execution test
FAIL: tr1/4_metaprogramming/is_compound/value.cc execution test
FAIL: tr1/4_metaprogramming/is_const/value.cc execution test
FAIL: tr1/4_metaprogramming/is_convertible/value.cc execution test
FAIL: tr1/4_metaprogramming/is_empty/value.cc execution test
FAIL: tr1/4_metaprogramming/is_enum/24808.cc execution test
FAIL: tr1/4_metaprogramming/is_enum/value.cc execution test
FAIL: tr1/4_metaprogramming/is_floating_point/value.cc execution test
FAIL: tr1/4_metaprogramming/is_function/24808.cc execution test
FAIL: tr1/4_metaprogramming/is_function/value.cc execution test
FAIL: tr1/4_metaprogramming/is_fundamental/value.cc execution test
FAIL: tr1/4_metaprogramming/is_integral/value.cc execution test
FAIL: tr1/4_metaprogramming/is_member_function_pointer/value.cc execution test
FAIL: tr1/4_metaprogramming/is_member_object_pointer/value.cc execution test
FAIL: tr1/4_metaprogramming/is_member_pointer/value.cc execution test
FAIL: tr1/4_metaprogramming/is_object/24808.cc execution test
FAIL: tr1/4_metaprogramming/is_object/value.cc execution test
FAIL: tr1/4_metaprogramming/is_pod/value.cc execution test
FAIL: tr1/4_metaprogramming/is_pointer/value.cc execution test
FAIL: tr1/4_metaprogramming/is_polymorphic/value.cc execution test
FAIL: tr1/4_metaprogramming/is_reference/value.cc execution test
FAIL: tr1/4_metaprogramming/is_same/value.cc execution test
FAIL: tr1/4_metaprogramming/is_scalar/value.cc execution test
FAIL: tr1/4_metaprogramming/is_signed/value.cc execution test
FAIL: tr1/4_metaprogramming/is_union/value.cc execution test
FAIL: tr1/4_metaprogramming/is_unsigned/value.cc execution test
FAIL: tr1/4_metaprogramming/is_void/value.cc execution test
FAIL: tr1/4_metaprogramming/is_volatile/value.cc execution test
FAIL: tr1/4_metaprogramming/rank/value.cc execution test
FAIL: tr1/4_metaprogramming/remove_all_extents/value.cc execution test
FAIL: tr1/4_metaprogramming/remove_const/value.cc execution test
FAIL: tr1/4_metaprogramming/remove_cv/value.cc execution test
FAIL: tr1/4_metaprogramming/remove_extent/value.cc execution test
FAIL: tr1/4_metaprogramming/remove_pointer/value.cc execution test
FAIL: tr1/4_metaprogramming/remove_reference/value.cc execution test
FAIL: tr1/4_metaprogramming/remove_volatile/value.cc execution test
FAIL: tr1/5_numerical_facilities/random/discard_block/operators/equal.cc execution test
FAIL: tr1/5_numerical_facilities/random/discard_block/operators/not_equal.cc execution test
FAIL: tr1/5_numerical_facilities/random/discard_block/operators/serialize.cc execution test
FAIL: tr1/5_numerical_facilities/random/linear_congruential/cons/default.cc execution test
FAIL: tr1/5_numerical_facilities/random/linear_congruential/cons/seed1.cc execution test
FAIL: tr1/5_numerical_facilities/random/linear_congruential/cons/seed2.cc execution test
FAIL: tr1/5_numerical_facilities/random/linear_congruential/operators/equal.cc execution test
FAIL: tr1/5_numerical_facilities/random/linear_congruential/operators/not_equal.cc execution test
FAIL: tr1/5_numerical_facilities/random/linear_congruential/operators/serialize.cc execution test
FAIL: tr1/5_numerical_facilities/random/mersenne_twister/cons/default.cc execution test
FAIL: tr1/5_numerical_facilities/random/mersenne_twister/cons/seed1.cc execution test
FAIL: tr1/5_numerical_facilities/random/mersenne_twister/cons/seed2.cc execution test
FAIL: tr1/5_numerical_facilities/random/mersenne_twister/operators/equal.cc execution test
FAIL: tr1/5_numerical_facilities/random/mersenne_twister/operators/not_equal.cc execution test
FAIL: tr1/5_numerical_facilities/random/mersenne_twister/operators/serialize.cc execution test
FAIL: tr1/5_numerical_facilities/random/minstd_rand.cc execution test
FAIL: tr1/5_numerical_facilities/random/minstd_rand0.cc execution test
FAIL: tr1/5_numerical_facilities/random/mt19937.cc execution test
FAIL: tr1/5_numerical_facilities/random/random_device/cons/default.cc execution test
FAIL: tr1/5_numerical_facilities/random/random_device/cons/token.cc execution test
FAIL: tr1/5_numerical_facilities/random/ranlux3.cc execution test
FAIL: tr1/5_numerical_facilities/random/ranlux3_01.cc execution test
FAIL: tr1/5_numerical_facilities/random/ranlux4.cc execution test
FAIL: tr1/5_numerical_facilities/random/ranlux4_01.cc execution test
FAIL: tr1/5_numerical_facilities/random/subtract_with_carry/cons/default.cc execution test
FAIL: tr1/5_numerical_facilities/random/subtract_with_carry/cons/seed1.cc execution test
FAIL: tr1/5_numerical_facilities/random/subtract_with_carry/cons/seed2.cc execution test
FAIL: tr1/5_numerical_facilities/random/subtract_with_carry/operators/equal.cc execution test
FAIL: tr1/5_numerical_facilities/random/subtract_with_carry/operators/not_equal.cc execution test
FAIL: tr1/5_numerical_facilities/random/subtract_with_carry/operators/serialize.cc execution test
FAIL: tr1/5_numerical_facilities/random/subtract_with_carry_01/cons/default.cc execution test
FAIL: tr1/5_numerical_facilities/random/subtract_with_carry_01/cons/seed1.cc execution test
FAIL: tr1/5_numerical_facilities/random/subtract_with_carry_01/cons/seed2.cc execution test
FAIL: tr1/5_numerical_facilities/random/subtract_with_carry_01/operators/equal.cc execution test
FAIL: tr1/5_numerical_facilities/random/subtract_with_carry_01/operators/not_equal.cc execution test
FAIL: tr1/5_numerical_facilities/random/subtract_with_carry_01/operators/serialize.cc execution test
FAIL: tr1/5_numerical_facilities/random/uniform_int/33128.cc execution test
FAIL: tr1/5_numerical_facilities/random/uniform_int/cons/default.cc execution test
FAIL: tr1/5_numerical_facilities/random/uniform_int/cons/range.cc execution test
FAIL: tr1/5_numerical_facilities/random/xor_combine/cons/default.cc execution test
FAIL: tr1/5_numerical_facilities/random/xor_combine/operators/equal.cc execution test
FAIL: tr1/5_numerical_facilities/random/xor_combine/operators/not_equal.cc execution test
FAIL: tr1/5_numerical_facilities/random/xor_combine/operators/serialize.cc execution test
FAIL: tr1/5_numerical_facilities/special_functions/01_assoc_laguerre/check_value.cc execution test
FAIL: tr1/5_numerical_facilities/special_functions/02_assoc_legendre/check_value.cc execution test
FAIL: tr1/5_numerical_facilities/special_functions/03_beta/check_value.cc execution test
FAIL: tr1/5_numerical_facilities/special_functions/04_comp_ellint_1/check_value.cc execution test
FAIL: tr1/5_numerical_facilities/special_functions/05_comp_ellint_2/check_value.cc execution test
FAIL: tr1/5_numerical_facilities/special_functions/06_comp_ellint_3/check_value.cc execution test
FAIL: tr1/5_numerical_facilities/special_functions/07_conf_hyperg/check_value.cc execution test
FAIL: tr1/5_numerical_facilities/special_functions/08_cyl_bessel_i/check_value.cc execution test
FAIL: tr1/5_numerical_facilities/special_functions/09_cyl_bessel_j/check_value.cc execution test
FAIL: tr1/5_numerical_facilities/special_functions/10_cyl_bessel_k/check_value.cc execution test
FAIL: tr1/5_numerical_facilities/special_functions/11_cyl_neumann/check_value.cc execution test
FAIL: tr1/5_numerical_facilities/special_functions/12_ellint_1/check_value.cc execution test
FAIL: tr1/5_numerical_facilities/special_functions/13_ellint_2/check_value.cc execution test
FAIL: tr1/5_numerical_facilities/special_functions/14_ellint_3/check_value.cc execution test
FAIL: tr1/5_numerical_facilities/special_functions/15_expint/check_value_neg.cc execution test
FAIL: tr1/5_numerical_facilities/special_functions/15_expint/check_value_pos.cc execution test
FAIL: tr1/5_numerical_facilities/special_functions/17_hyperg/check_value.cc execution test
FAIL: tr1/5_numerical_facilities/special_functions/18_laguerre/check_value.cc execution test
FAIL: tr1/5_numerical_facilities/special_functions/19_legendre/check_value.cc execution test
FAIL: tr1/5_numerical_facilities/special_functions/20_riemann_zeta/check_value_neg.cc execution test
FAIL: tr1/5_numerical_facilities/special_functions/20_riemann_zeta/check_value_pos.cc execution test
FAIL: tr1/5_numerical_facilities/special_functions/21_sph_bessel/check_value.cc execution test
FAIL: tr1/5_numerical_facilities/special_functions/22_sph_legendre/check_value.cc execution test
FAIL: tr1/5_numerical_facilities/special_functions/23_sph_neumann/check_value.cc execution test
FAIL: tr1/6_containers/array/capacity/empty.cc execution test
FAIL: tr1/6_containers/array/capacity/max_size.cc execution test
FAIL: tr1/6_containers/array/capacity/size.cc execution test
FAIL: tr1/6_containers/array/comparison_operators/equal.cc execution test
FAIL: tr1/6_containers/array/comparison_operators/greater.cc execution test
FAIL: tr1/6_containers/array/comparison_operators/greater_or_equal.cc execution test
FAIL: tr1/6_containers/array/comparison_operators/less.cc execution test
FAIL: tr1/6_containers/array/comparison_operators/less_or_equal.cc execution test
FAIL: tr1/6_containers/array/comparison_operators/not_equal.cc execution test
FAIL: tr1/6_containers/array/element_access/at_out_of_range.cc execution test
FAIL: tr1/6_containers/array/element_access/back.cc execution test
FAIL: tr1/6_containers/array/element_access/data.cc execution test
FAIL: tr1/6_containers/array/element_access/front.cc execution test
FAIL: tr1/6_containers/array/iterators/end_is_one_past.cc execution test
FAIL: tr1/6_containers/array/requirements/assign.cc execution test
FAIL: tr1/6_containers/array/requirements/contiguous.cc execution test
FAIL: tr1/6_containers/array/requirements/member_swap.cc execution test
FAIL: tr1/6_containers/array/requirements/zero_sized_arrays.cc execution test
FAIL: tr1/6_containers/array/specialized_algorithms/swap.cc execution test
FAIL: tr1/6_containers/array/tuple_interface/get.cc execution test
FAIL: tr1/6_containers/array/tuple_interface/tuple_element.cc execution test
FAIL: tr1/6_containers/array/tuple_interface/tuple_size.cc execution test
FAIL: tr1/6_containers/hash/24799.cc execution test
FAIL: tr1/6_containers/hash/operators/size_t.cc execution test
FAIL: tr1/6_containers/tuple/comparison_operators/comparisons.cc execution test
FAIL: tr1/6_containers/tuple/cons/assignment.cc execution test
FAIL: tr1/6_containers/tuple/cons/big_tuples.cc execution test
FAIL: tr1/6_containers/tuple/cons/constructor.cc execution test
FAIL: tr1/6_containers/tuple/creation_functions/23978.cc execution test
FAIL: tr1/6_containers/tuple/creation_functions/make_tuple.cc execution test
FAIL: tr1/6_containers/tuple/creation_functions/tie.cc execution test
FAIL: tr1/6_containers/tuple/creation_functions/tie2.cc execution test
FAIL: tr1/6_containers/tuple/element_access/get.cc execution test
FAIL: tr1/6_containers/tuple/tuple_element.cc execution test
FAIL: tr1/6_containers/tuple/tuple_size.cc execution test
FAIL: tr1/6_containers/unordered_map/24064.cc execution test
FAIL: tr1/6_containers/unordered_map/capacity/29134-map.cc execution test
FAIL: tr1/6_containers/unordered_map/erase/1.cc execution test
FAIL: tr1/6_containers/unordered_map/erase/24061-map.cc execution test
FAIL: tr1/6_containers/unordered_map/find/map1.cc execution test
FAIL: tr1/6_containers/unordered_map/insert/24061-map.cc execution test
FAIL: tr1/6_containers/unordered_map/insert/array_syntax.cc execution test
FAIL: tr1/6_containers/unordered_map/insert/map_range.cc execution test
FAIL: tr1/6_containers/unordered_map/insert/map_single.cc execution test
FAIL: tr1/6_containers/unordered_map/swap/1.cc execution test
FAIL: tr1/6_containers/unordered_map/swap/2.cc execution test
FAIL: tr1/6_containers/unordered_multimap/capacity/29134-multimap.cc execution test
FAIL: tr1/6_containers/unordered_multimap/erase/1.cc execution test
FAIL: tr1/6_containers/unordered_multimap/erase/24061-multimap.cc execution test
FAIL: tr1/6_containers/unordered_multimap/find/multimap1.cc execution test
FAIL: tr1/6_containers/unordered_multimap/insert/24061-multimap.cc execution test
FAIL: tr1/6_containers/unordered_multimap/insert/multimap_range.cc execution test
FAIL: tr1/6_containers/unordered_multimap/insert/multimap_single.cc execution test
FAIL: tr1/6_containers/unordered_multimap/swap/1.cc execution test
FAIL: tr1/6_containers/unordered_multimap/swap/2.cc execution test
FAIL: tr1/6_containers/unordered_multiset/24054.cc execution test
FAIL: tr1/6_containers/unordered_multiset/capacity/29134-multiset.cc execution test
FAIL: tr1/6_containers/unordered_multiset/erase/1.cc execution test
FAIL: tr1/6_containers/unordered_multiset/erase/24061-multiset.cc execution test
FAIL: tr1/6_containers/unordered_multiset/find/multiset1.cc execution test
FAIL: tr1/6_containers/unordered_multiset/insert/24061-multiset.cc execution test
FAIL: tr1/6_containers/unordered_multiset/insert/multiset_range.cc execution test
FAIL: tr1/6_containers/unordered_multiset/insert/multiset_single.cc execution test
FAIL: tr1/6_containers/unordered_multiset/swap/1.cc execution test
FAIL: tr1/6_containers/unordered_multiset/swap/2.cc execution test
FAIL: tr1/6_containers/unordered_set/23465.cc execution test
FAIL: tr1/6_containers/unordered_set/26132.cc execution test
FAIL: tr1/6_containers/unordered_set/capacity/29134-set.cc execution test
FAIL: tr1/6_containers/unordered_set/erase/1.cc execution test
FAIL: tr1/6_containers/unordered_set/erase/24061-set.cc execution test
FAIL: tr1/6_containers/unordered_set/find/set1.cc execution test
FAIL: tr1/6_containers/unordered_set/insert/24061-set.cc execution test
FAIL: tr1/6_containers/unordered_set/insert/set_range.cc execution test
FAIL: tr1/6_containers/unordered_set/insert/set_single.cc execution test
FAIL: tr1/6_containers/unordered_set/swap/1.cc execution test
FAIL: tr1/6_containers/unordered_set/swap/2.cc execution test
FAIL: tr1/6_containers/utility/19535.cc execution test
FAIL: tr1/6_containers/utility/pair.cc execution test
FAIL: tr1/7_regular_expressions/regex_traits/char/translate_nocase.cc execution test
FAIL: tr1/7_regular_expressions/regex_traits/char/value.cc execution test
FAIL: tr1/7_regular_expressions/regex_traits/wchar_t/translate_nocase.cc execution test
FAIL: tr1/7_regular_expressions/regex_traits/wchar_t/value.cc execution test
FAIL: tr1/8_c_compatibility/cmath/51083.cc execution test
FAIL: tr1/8_c_compatibility/complex/50880.cc execution test
FAIL: tr1/8_c_compatibility/complex/51083.cc execution test
FAIL: tr1/8_c_compatibility/complex/overloads_int.cc execution test
FAIL: tr2/bases/value.cc execution test
FAIL: tr2/direct_bases/value.cc execution test

		=== libstdc++ Summary ===

# of expected passes		4583
# of unexpected failures	2519
# of expected failures		41
# of unsupported tests		670
		=== g++ tests ===


Running target unix
FAIL: g++.dg/bprob/g++-bprob-2.C compilation,  -g  -fbranch-probabilities
UNRESOLVED: g++.dg/bprob/g++-bprob-2.C execution,    -g  -fbranch-probabilities
FAIL: g++.dg/bprob/g++-bprob-2.C compilation,  -O0  -fbranch-probabilities
UNRESOLVED: g++.dg/bprob/g++-bprob-2.C execution,    -O0  -fbranch-probabilities
FAIL: g++.dg/bprob/g++-bprob-2.C compilation,  -O1  -fbranch-probabilities
UNRESOLVED: g++.dg/bprob/g++-bprob-2.C execution,    -O1  -fbranch-probabilities
FAIL: g++.dg/bprob/g++-bprob-2.C compilation,  -O2  -fbranch-probabilities
UNRESOLVED: g++.dg/bprob/g++-bprob-2.C execution,    -O2  -fbranch-probabilities
FAIL: g++.dg/bprob/g++-bprob-2.C compilation,  -O3  -fbranch-probabilities
UNRESOLVED: g++.dg/bprob/g++-bprob-2.C execution,    -O3  -fbranch-probabilities
FAIL: g++.dg/bprob/g++-bprob-2.C compilation,  -O3 -g  -fbranch-probabilities
UNRESOLVED: g++.dg/bprob/g++-bprob-2.C execution,    -O3 -g  -fbranch-probabilities
FAIL: g++.dg/bprob/g++-bprob-2.C compilation,  -Os  -fbranch-probabilities
UNRESOLVED: g++.dg/bprob/g++-bprob-2.C execution,    -Os  -fbranch-probabilities
FAIL: tmpdir-g++.dg-struct-layout-1/t027 cp_compat_x_tst.o-cp_compat_y_tst.o execute 
FAIL: g++.dg/abi/thunk5.C scan-assembler weak.*ZTv
FAIL: g++.dg/abi/thunk5.C scan-assembler weak.*ZTv
WARNING: g++.dg/ext/label13.C -std=gnu++98 compilation failed to produce executable
WARNING: g++.dg/ext/label13.C -std=gnu++11 compilation failed to produce executable
FAIL: g++.dg/other/unused1.C scan-assembler (string|ascii?)z?[\\t ]"printer("|\\\\\\\\0)
FAIL: g++.dg/other/unused1.C scan-assembler (string|ascii?)z?[\\t ]"printer("|\\\\\\\\0)
FAIL: g++.dg/simulate-thread/bitfields.C  -O1 -g  thread simulation test
FAIL: g++.dg/tls/diag-1.C -std=c++98 (internal compiler error)
FAIL: g++.dg/tls/diag-1.C -std=c++98 (test for excess errors)
FAIL: g++.dg/tls/diag-1.C -std=c++11 (internal compiler error)
FAIL: g++.dg/tls/diag-1.C -std=c++11 (test for excess errors)
FAIL: c-c++-common/tm/freq.c -std=gnu++98 (internal compiler error)
FAIL: c-c++-common/tm/freq.c -std=gnu++98 (test for excess errors)
FAIL: c-c++-common/tm/freq.c -std=gnu++11 (internal compiler error)
FAIL: c-c++-common/tm/freq.c -std=gnu++11 (test for excess errors)
FAIL: c-c++-common/tm/inline-asm-2.c -std=gnu++98 (internal compiler error)
FAIL: c-c++-common/tm/inline-asm-2.c -std=gnu++98 (test for excess errors)
FAIL: c-c++-common/tm/inline-asm-2.c -std=gnu++11 (internal compiler error)
FAIL: c-c++-common/tm/inline-asm-2.c -std=gnu++11 (test for excess errors)
FAIL: c-c++-common/tm/memcpy-1.c -std=gnu++98 (internal compiler error)
FAIL: c-c++-common/tm/memcpy-1.c -std=gnu++98 (test for excess errors)
FAIL: c-c++-common/tm/memcpy-1.c -std=gnu++11 (internal compiler error)
FAIL: c-c++-common/tm/memcpy-1.c -std=gnu++11 (test for excess errors)
FAIL: g++.dg/tm/20100727.C -std=gnu++98 (internal compiler error)
FAIL: g++.dg/tm/20100727.C -std=gnu++98 (test for excess errors)
FAIL: g++.dg/tm/20100727.C -std=gnu++11 (internal compiler error)
FAIL: g++.dg/tm/20100727.C -std=gnu++11 (test for excess errors)
FAIL: g++.dg/tm/alias.C -std=gnu++98 (internal compiler error)
FAIL: g++.dg/tm/alias.C -std=gnu++98 (test for excess errors)
UNRESOLVED: g++.dg/tm/alias.C scan-assembler _ZGTtN7ItemsetD1Ev
UNRESOLVED: g++.dg/tm/alias.C scan-assembler _ZGTtN7ItemsetD2Ev
FAIL: g++.dg/tm/alias.C -std=gnu++11 (internal compiler error)
FAIL: g++.dg/tm/alias.C -std=gnu++11 (test for excess errors)
UNRESOLVED: g++.dg/tm/alias.C scan-assembler _ZGTtN7ItemsetD1Ev
UNRESOLVED: g++.dg/tm/alias.C scan-assembler _ZGTtN7ItemsetD2Ev
FAIL: g++.dg/tm/attrib-2.C -std=gnu++98 (internal compiler error)
FAIL: g++.dg/tm/attrib-2.C -std=gnu++98 (test for excess errors)
FAIL: g++.dg/tm/attrib-2.C -std=gnu++11 (internal compiler error)
FAIL: g++.dg/tm/attrib-2.C -std=gnu++11 (test for excess errors)
FAIL: g++.dg/tm/attrib-3.C -std=gnu++98 (internal compiler error)
FAIL: g++.dg/tm/attrib-3.C -std=gnu++98 (test for excess errors)
FAIL: g++.dg/tm/attrib-3.C -std=gnu++11 (internal compiler error)
FAIL: g++.dg/tm/attrib-3.C -std=gnu++11 (test for excess errors)
FAIL: g++.dg/tm/nested-1.C -std=gnu++98 (internal compiler error)
FAIL: g++.dg/tm/nested-1.C -std=gnu++98 (test for excess errors)
FAIL: g++.dg/tm/nested-1.C -std=gnu++11 (internal compiler error)
FAIL: g++.dg/tm/nested-1.C -std=gnu++11 (test for excess errors)
FAIL: g++.dg/tm/nested-2.C -std=gnu++98 (internal compiler error)
FAIL: g++.dg/tm/nested-2.C -std=gnu++98 (test for excess errors)
FAIL: g++.dg/tm/nested-2.C -std=gnu++11 (internal compiler error)
FAIL: g++.dg/tm/nested-2.C -std=gnu++11 (test for excess errors)
FAIL: g++.dg/tm/nested-3.C -std=gnu++98 (internal compiler error)
FAIL: g++.dg/tm/nested-3.C -std=gnu++98 (test for excess errors)
FAIL: g++.dg/tm/nested-3.C -std=gnu++11 (internal compiler error)
FAIL: g++.dg/tm/nested-3.C -std=gnu++11 (test for excess errors)
FAIL: g++.dg/tm/pr46269.C -std=gnu++98 (internal compiler error)
FAIL: g++.dg/tm/pr46269.C -std=gnu++98 (test for excess errors)
FAIL: g++.dg/tm/pr46269.C -std=gnu++11 (internal compiler error)
FAIL: g++.dg/tm/pr46269.C -std=gnu++11 (test for excess errors)
FAIL: g++.dg/tm/pr46714.C -std=gnu++98 (internal compiler error)
FAIL: g++.dg/tm/pr46714.C -std=gnu++98 (test for excess errors)
FAIL: g++.dg/tm/pr46714.C -std=gnu++11 (internal compiler error)
FAIL: g++.dg/tm/pr46714.C -std=gnu++11 (test for excess errors)
FAIL: g++.dg/tm/pr46941.C -std=gnu++98 (internal compiler error)
FAIL: g++.dg/tm/pr46941.C -std=gnu++98 (test for excess errors)
UNRESOLVED: g++.dg/tm/pr46941.C scan-assembler _ZGTtnw[mj]
UNRESOLVED: g++.dg/tm/pr46941.C scan-assembler _ZGTtna[mj]
UNRESOLVED: g++.dg/tm/pr46941.C scan-assembler _ZGTtdlPv
UNRESOLVED: g++.dg/tm/pr46941.C scan-assembler _ZGTtdaPv
FAIL: g++.dg/tm/pr46941.C -std=gnu++11 (internal compiler error)
FAIL: g++.dg/tm/pr46941.C -std=gnu++11 (test for excess errors)
UNRESOLVED: g++.dg/tm/pr46941.C scan-assembler _ZGTtnw[mj]
UNRESOLVED: g++.dg/tm/pr46941.C scan-assembler _ZGTtna[mj]
UNRESOLVED: g++.dg/tm/pr46941.C scan-assembler _ZGTtdlPv
UNRESOLVED: g++.dg/tm/pr46941.C scan-assembler _ZGTtdaPv
FAIL: g++.dg/tm/pr47530-2.C -std=gnu++98 (internal compiler error)
FAIL: g++.dg/tm/pr47530-2.C -std=gnu++98 (test for excess errors)
FAIL: g++.dg/tm/pr47530-2.C -std=gnu++11 (internal compiler error)
FAIL: g++.dg/tm/pr47530-2.C -std=gnu++11 (test for excess errors)
FAIL: g++.dg/tm/pr47530.C -std=gnu++98 (internal compiler error)
FAIL: g++.dg/tm/pr47530.C -std=gnu++98 (test for excess errors)
FAIL: g++.dg/tm/pr47530.C -std=gnu++11 (internal compiler error)
FAIL: g++.dg/tm/pr47530.C -std=gnu++11 (test for excess errors)
FAIL: g++.dg/tm/pr47746.C -std=gnu++98 (internal compiler error)
FAIL: g++.dg/tm/pr47746.C -std=gnu++98 (test for excess errors)
FAIL: g++.dg/tm/pr47746.C -std=gnu++11 (internal compiler error)
FAIL: g++.dg/tm/pr47746.C -std=gnu++11 (test for excess errors)
FAIL: g++.dg/tm/pr51411-2.C -std=gnu++98 (internal compiler error)
FAIL: g++.dg/tm/pr51411-2.C -std=gnu++98 (test for excess errors)
UNRESOLVED: g++.dg/tm/pr51411-2.C scan-assembler _ZGTtNKSs7compareERKSs:
FAIL: g++.dg/tm/pr51411-2.C -std=gnu++11 (internal compiler error)
FAIL: g++.dg/tm/pr51411-2.C -std=gnu++11 (test for excess errors)
UNRESOLVED: g++.dg/tm/pr51411-2.C scan-assembler _ZGTtNKSs7compareERKSs:
FAIL: g++.dg/tm/vector-1.C -std=gnu++98 (internal compiler error)
FAIL: g++.dg/tm/vector-1.C -std=gnu++98 (test for excess errors)
FAIL: g++.dg/tm/vector-1.C -std=gnu++11 (internal compiler error)
FAIL: g++.dg/tm/vector-1.C -std=gnu++11 (test for excess errors)

		=== g++ Summary ===

# of expected passes		44477
# of unexpected failures	89
# of expected failures		294
# of unresolved testcases	21
# of unsupported tests		834
/home/htl10/tmp-build/gcc-4.7.1-build4/gcc/testsuite/g++/../../g++  version 4.7.1 (GCC) 

		=== gcc tests ===


Running target unix
FAIL: tmpdir-gcc.dg-struct-layout-1/t025 c_compat_x_tst.o-c_compat_y_tst.o execute 
FAIL: tmpdir-gcc.dg-struct-layout-1/t027 c_compat_x_tst.o-c_compat_y_tst.o execute 
FAIL: tmpdir-gcc.dg-struct-layout-1/t028 c_compat_x_tst.o-c_compat_y_tst.o execute 
FAIL: gcc.dg/array-quals-1.c scan-assembler-not \\\\.data(?!\\\\.rel\\\\.ro)
WARNING: program timed out.
WARNING: program timed out.
FAIL: gcc.dg/pr44194-1.c scan-rtl-dump dse1 "global deletions = 2"
FAIL: gcc.dg/simulate-thread/atomic-other-int.c  -O0 -g  thread simulation test
FAIL: gcc.dg/simulate-thread/atomic-other-int.c  -O2 -g  thread simulation test
FAIL: gcc.dg/simulate-thread/atomic-other-int.c  -O3 -g  thread simulation test
FAIL: gcc.dg/simulate-thread/atomic-other-longlong.c  -O2 -g  thread simulation test
FAIL: gcc.dg/simulate-thread/atomic-other-longlong.c  -O3 -g  thread simulation test
FAIL: gcc.dg/simulate-thread/atomic-other-short.c  -O0 -g  thread simulation test
FAIL: gcc.dg/simulate-thread/atomic-other-short.c  -O2 -g  thread simulation test
FAIL: gcc.dg/simulate-thread/atomic-other-short.c  -O3 -g  thread simulation test
FAIL: c-c++-common/tm/freq.c (internal compiler error)
FAIL: c-c++-common/tm/freq.c (test for excess errors)
FAIL: c-c++-common/tm/inline-asm-2.c (internal compiler error)
FAIL: c-c++-common/tm/inline-asm-2.c (test for excess errors)
FAIL: c-c++-common/tm/memcpy-1.c (internal compiler error)
FAIL: c-c++-common/tm/memcpy-1.c (test for excess errors)
FAIL: gcc.dg/tm/20100519.c (internal compiler error)
FAIL: gcc.dg/tm/20100519.c (test for excess errors)
FAIL: gcc.dg/tm/20100524-2.c (internal compiler error)
FAIL: gcc.dg/tm/20100524-2.c (test for excess errors)
FAIL: gcc.dg/tm/20100603.c (internal compiler error)
FAIL: gcc.dg/tm/20100603.c (test for excess errors)
FAIL: gcc.dg/tm/20100610.c (internal compiler error)
FAIL: gcc.dg/tm/20100610.c (test for excess errors)
UNRESOLVED: gcc.dg/tm/20100610.c scan-assembler-not ZGTt21calculateCircumCircle
FAIL: gcc.dg/tm/20100615-2.c (internal compiler error)
FAIL: gcc.dg/tm/20100615-2.c (test for excess errors)
FAIL: gcc.dg/tm/20110216.c (internal compiler error)
FAIL: gcc.dg/tm/20110216.c (test for excess errors)
UNRESOLVED: gcc.dg/tm/20110216.c scan-assembler-not _ITM_getTMCloneOrIrrevocable
FAIL: gcc.dg/tm/asm-1.c (internal compiler error)
FAIL: gcc.dg/tm/asm-1.c (test for excess errors)
FAIL: gcc.dg/tm/debug-1.c (internal compiler error)
FAIL: gcc.dg/tm/debug-1.c (test for excess errors)
FAIL: gcc.dg/tm/indirect-2.c (internal compiler error)
FAIL: gcc.dg/tm/indirect-2.c (test for excess errors)
UNRESOLVED: gcc.dg/tm/indirect-2.c scan-assembler _ITM_getTMCloneSafe
FAIL: gcc.dg/tm/ipa-3.c (internal compiler error)
FAIL: gcc.dg/tm/ipa-3.c (test for excess errors)
UNRESOLVED: gcc.dg/tm/ipa-3.c scan-assembler _ZGTt3foo
FAIL: gcc.dg/tm/irrevocable-7.c (internal compiler error)
FAIL: gcc.dg/tm/irrevocable-7.c (test for excess errors)
FAIL: gcc.dg/tm/memset.c (internal compiler error)
FAIL: gcc.dg/tm/memset.c (test for excess errors)
UNRESOLVED: gcc.dg/tm/memset.c scan-assembler _ITM_memsetW
FAIL: gcc.dg/tm/nested-2.c (internal compiler error)
FAIL: gcc.dg/tm/nested-2.c (test for excess errors)
FAIL: gcc.dg/tm/pr46567-2.c (internal compiler error)
FAIL: gcc.dg/tm/pr46567-2.c (test for excess errors)
FAIL: gcc.dg/tm/pr47520.c (internal compiler error)
FAIL: gcc.dg/tm/pr47520.c (test for excess errors)
FAIL: gcc.dg/tm/props-4.c (internal compiler error)
FAIL: gcc.dg/tm/props-4.c (test for excess errors)
FAIL: gcc.dg/tm/unused.c (internal compiler error)
FAIL: gcc.dg/tm/unused.c (test for excess errors)
UNRESOLVED: gcc.dg/tm/unused.c scan-assembler _ZGTt11unused_func:
FAIL: gcc.dg/tm/vector-1.c (internal compiler error)
FAIL: gcc.dg/tm/vector-1.c (test for excess errors)
FAIL: gcc.dg/torture/pr47917.c  -O0  execution test
FAIL: gcc.dg/torture/pr47917.c  -O1  execution test
FAIL: gcc.dg/torture/pr47917.c  -O2  execution test
FAIL: gcc.dg/torture/pr47917.c  -O3 -fomit-frame-pointer  execution test
FAIL: gcc.dg/torture/pr47917.c  -O3 -g  execution test
FAIL: gcc.dg/torture/pr47917.c  -Os  execution test

		=== gcc Summary ===

# of expected passes		61103
# of unexpected failures	61
# of expected failures		110
# of unresolved testcases	6
# of unsupported tests		1192
/home/htl10/tmp-build/gcc-4.7.1-build4/gcc/xgcc  version 4.7.1 (GCC) 

		=== gfortran tests ===


Running target unix
FAIL: gfortran.dg/bessel_6.f90  -O0  execution test
FAIL: gfortran.dg/bessel_6.f90  -O1  execution test
FAIL: gfortran.dg/bessel_6.f90  -O2  execution test
FAIL: gfortran.dg/bessel_6.f90  -O3 -fomit-frame-pointer  execution test
FAIL: gfortran.dg/bessel_6.f90  -O3 -fomit-frame-pointer -funroll-loops  execution test
FAIL: gfortran.dg/bessel_6.f90  -O3 -fomit-frame-pointer -funroll-all-loops -finline-functions  execution test
FAIL: gfortran.dg/bessel_6.f90  -O3 -g  execution test
FAIL: gfortran.dg/bessel_6.f90  -Os  execution test
FAIL: gfortran.dg/large_real_kind_2.F90  -O0  execution test
FAIL: gfortran.dg/large_real_kind_2.F90  -O1  execution test
FAIL: gfortran.dg/large_real_kind_2.F90  -O2  execution test
FAIL: gfortran.dg/large_real_kind_2.F90  -O3 -fomit-frame-pointer  execution test
FAIL: gfortran.dg/large_real_kind_2.F90  -O3 -fomit-frame-pointer -funroll-loops  execution test
FAIL: gfortran.dg/large_real_kind_2.F90  -O3 -fomit-frame-pointer -funroll-all-loops -finline-functions  execution test
FAIL: gfortran.dg/large_real_kind_2.F90  -O3 -g  execution test
FAIL: gfortran.dg/large_real_kind_2.F90  -Os  execution test
FAIL: gfortran.dg/nint_2.f90  -O0  execution test
FAIL: gfortran.dg/realloc_on_assign_5.f03  -O0  execution test
FAIL: gfortran.dg/realloc_on_assign_5.f03  -O1  execution test
FAIL: gfortran.dg/realloc_on_assign_5.f03  -O2  execution test
FAIL: gfortran.dg/realloc_on_assign_5.f03  -O3 -fomit-frame-pointer  execution test
FAIL: gfortran.dg/realloc_on_assign_5.f03  -O3 -fomit-frame-pointer -funroll-loops  execution test
FAIL: gfortran.dg/realloc_on_assign_5.f03  -O3 -fomit-frame-pointer -funroll-all-loops -finline-functions  execution test
FAIL: gfortran.dg/realloc_on_assign_5.f03  -O3 -g  execution test
FAIL: gfortran.dg/realloc_on_assign_5.f03  -Os  execution test

		=== gfortran Summary ===

# of expected passes		40489
# of unexpected failures	25
# of expected failures		42
# of unsupported tests		73
/home/htl10/tmp-build/gcc-4.7.1-build4/gcc/testsuite/gfortran/../../gfortran  version 4.7.1 (GCC) 

		=== objc tests ===


Running target unix

		=== objc Summary ===

# of expected passes		2918
# of unsupported tests		66
/home/htl10/tmp-build/gcc-4.7.1-build4/gcc/xgcc  version 4.7.1 (GCC) 


Compiler version: 4.7.1 (GCC) 
Platform: alphaev68-dec-osf5.1a
configure flags: --enable-obsolete


Index Nav: [Date Index] [Subject Index] [Author Index] [Thread Index]
Message Nav: [Date Prev] [Date Next] [Thread Prev] [Thread Next]