This is the mail archive of the gcc-testresults@gcc.gnu.org mailing list for the GCC project.


Index Nav: [Date Index] [Subject Index] [Author Index] [Thread Index]
Message Nav: [Date Prev] [Date Next] [Thread Prev] [Thread Next]
Other format: [Raw text]

Results for 4.7.2 (GCC) testsuite on i386-apple-darwin10.8.0


LAST_UPDATED: Obtained from SVN: tags/gcc_4_7_2_release revision 191558

Native configuration is i386-apple-darwin10.8.0

		=== g++ tests ===


Running target unix/-m32
WARNING: g++.dg/ext/label13.C -std=gnu++98 compilation failed to produce executable
WARNING: g++.dg/ext/label13.C -std=gnu++11 compilation failed to produce executable

		=== g++ Summary for unix/-m32 ===

# of expected passes		47190
# of expected failures		288
# of unsupported tests		393

Running target unix/-m64
WARNING: g++.dg/ext/label13.C -std=gnu++98 compilation failed to produce executable
WARNING: g++.dg/ext/label13.C -std=gnu++11 compilation failed to produce executable

		=== g++ Summary for unix/-m64 ===

# of expected passes		47969
# of expected failures		288
# of unsupported tests		633

		=== g++ Summary ===

# of expected passes		95159
# of expected failures		576
# of unsupported tests		1026
/sw_i386/src/fink.build/gcc47-4.7.2-1000/darwin_objdir/gcc/testsuite/g++/../../g++  version 4.7.2 (GCC) 

		=== gcc tests ===


Running target unix/-m32
FAIL: gcc.dg/bf-ms-layout.c execution test
FAIL: gcc.dg/torture/pr53922.c  -O0  (test for excess errors)
WARNING: gcc.dg/torture/pr53922.c  -O0  compilation failed to produce executable
FAIL: gcc.dg/torture/pr53922.c  -O1  (test for excess errors)
WARNING: gcc.dg/torture/pr53922.c  -O1  compilation failed to produce executable
FAIL: gcc.dg/torture/pr53922.c  -O2  (test for excess errors)
WARNING: gcc.dg/torture/pr53922.c  -O2  compilation failed to produce executable
FAIL: gcc.dg/torture/pr53922.c  -O3 -fomit-frame-pointer  (test for excess errors)
WARNING: gcc.dg/torture/pr53922.c  -O3 -fomit-frame-pointer  compilation failed to produce executable
FAIL: gcc.dg/torture/pr53922.c  -O3 -g  (test for excess errors)
WARNING: gcc.dg/torture/pr53922.c  -O3 -g  compilation failed to produce executable
FAIL: gcc.dg/torture/pr53922.c  -Os  (test for excess errors)
WARNING: gcc.dg/torture/pr53922.c  -Os  compilation failed to produce executable
FAIL: gcc.dg/torture/pr53922.c  -O2 -flto -flto-partition=none  (test for excess errors)
WARNING: gcc.dg/torture/pr53922.c  -O2 -flto -flto-partition=none  compilation failed to produce executable
FAIL: gcc.dg/torture/pr53922.c  -O2 -flto  (test for excess errors)
WARNING: gcc.dg/torture/pr53922.c  -O2 -flto  compilation failed to produce executable
FAIL: gcc.dg/tree-prof/pr52027.c compilation,  -fprofile-use -D_PROFILE_USE
UNRESOLVED: gcc.dg/tree-prof/pr52027.c execution,    -fprofile-use -D_PROFILE_USE
FAIL: gcc.misc-tests/gcov-14.c execution test
FAIL: gcc.misc-tests/gcov-14.c gcov failed: gcov-14.c.gov does not exist

		=== gcc Summary for unix/-m32 ===

# of expected passes		82694
# of unexpected failures	12
# of expected failures		260
# of unresolved testcases	1
# of unsupported tests		1947

Running target unix/-m64
FAIL: gcc.dg/bf-ms-layout.c execution test
FAIL: gcc.dg/matrix/transpose-3.c execution,    -fprofile-use -fipa-matrix-reorg -fdump-ipa-matrix-reorg -O3 -fwhole-program -fno-tree-fre
FAIL: gcc.dg/torture/pr53922.c  -O0  (test for excess errors)
WARNING: gcc.dg/torture/pr53922.c  -O0  compilation failed to produce executable
FAIL: gcc.dg/torture/pr53922.c  -O1  (test for excess errors)
WARNING: gcc.dg/torture/pr53922.c  -O1  compilation failed to produce executable
FAIL: gcc.dg/torture/pr53922.c  -O2  (test for excess errors)
WARNING: gcc.dg/torture/pr53922.c  -O2  compilation failed to produce executable
FAIL: gcc.dg/torture/pr53922.c  -O3 -fomit-frame-pointer  (test for excess errors)
WARNING: gcc.dg/torture/pr53922.c  -O3 -fomit-frame-pointer  compilation failed to produce executable
FAIL: gcc.dg/torture/pr53922.c  -O3 -g  (test for excess errors)
WARNING: gcc.dg/torture/pr53922.c  -O3 -g  compilation failed to produce executable
FAIL: gcc.dg/torture/pr53922.c  -Os  (test for excess errors)
WARNING: gcc.dg/torture/pr53922.c  -Os  compilation failed to produce executable
FAIL: gcc.dg/torture/pr53922.c  -O2 -flto -flto-partition=none  (test for excess errors)
WARNING: gcc.dg/torture/pr53922.c  -O2 -flto -flto-partition=none  compilation failed to produce executable
FAIL: gcc.dg/torture/pr53922.c  -O2 -flto  (test for excess errors)
WARNING: gcc.dg/torture/pr53922.c  -O2 -flto  compilation failed to produce executable
FAIL: gcc.dg/tree-prof/pr34999.c compilation,  -fprofile-use -D_PROFILE_USE
UNRESOLVED: gcc.dg/tree-prof/pr34999.c execution,    -fprofile-use -D_PROFILE_USE
FAIL: gcc.dg/tree-prof/pr52027.c compilation,  -fprofile-use -D_PROFILE_USE
UNRESOLVED: gcc.dg/tree-prof/pr52027.c execution,    -fprofile-use -D_PROFILE_USE
FAIL: gcc.misc-tests/gcov-14.c execution test
FAIL: gcc.misc-tests/gcov-14.c gcov failed: gcov-14.c.gov does not exist
FAIL: gcc.target/i386/pr49866.c (test for excess errors)

		=== gcc Summary for unix/-m64 ===

# of expected passes		82917
# of unexpected failures	15
# of expected failures		261
# of unresolved testcases	2
# of unsupported tests		2282

		=== gcc Summary ===

# of expected passes		165611
# of unexpected failures	27
# of expected failures		521
# of unresolved testcases	3
# of unsupported tests		4229
/sw_i386/src/fink.build/gcc47-4.7.2-1000/darwin_objdir/gcc/xgcc  version 4.7.2 (GCC) 

		=== gfortran tests ===


Running target unix/-m32

		=== gfortran Summary for unix/-m32 ===

# of expected passes		40666
# of expected failures		56
# of unsupported tests		221

Running target unix/-m64

		=== gfortran Summary for unix/-m64 ===

# of expected passes		40969
# of expected failures		56
# of unsupported tests		75

		=== gfortran Summary ===

# of expected passes		81635
# of expected failures		112
# of unsupported tests		296
/sw_i386/src/fink.build/gcc47-4.7.2-1000/darwin_objdir/gcc/testsuite/gfortran/../../gfortran  version 4.7.2 (GCC) 

		=== obj-c++ tests ===


Running target unix/-m32
FAIL: obj-c++.dg/lto/trivial-1 obj_cpp_lto_trivial-1_0.o-obj_cpp_lto_trivial-1_0.o link, -O0 -flto -fnext-runtime
UNRESOLVED: obj-c++.dg/lto/trivial-1 obj_cpp_lto_trivial-1_0.o-obj_cpp_lto_trivial-1_0.o execute -O0 -flto -fnext-runtime
FAIL: obj-c++.dg/lto/trivial-1 obj_cpp_lto_trivial-1_0.o-obj_cpp_lto_trivial-1_0.o link, -O2 -flto -fnext-runtime
UNRESOLVED: obj-c++.dg/lto/trivial-1 obj_cpp_lto_trivial-1_0.o-obj_cpp_lto_trivial-1_0.o execute -O2 -flto -fnext-runtime
FAIL: obj-c++.dg/lto/trivial-1 obj_cpp_lto_trivial-1_0.o-obj_cpp_lto_trivial-1_0.o link, -O0 -flto -flto-partition=none -fnext-runtime
UNRESOLVED: obj-c++.dg/lto/trivial-1 obj_cpp_lto_trivial-1_0.o-obj_cpp_lto_trivial-1_0.o execute -O0 -flto -flto-partition=none -fnext-runtime
FAIL: obj-c++.dg/lto/trivial-1 obj_cpp_lto_trivial-1_0.o-obj_cpp_lto_trivial-1_0.o link, -O2 -flto -flto-partition=none -fnext-runtime
UNRESOLVED: obj-c++.dg/lto/trivial-1 obj_cpp_lto_trivial-1_0.o-obj_cpp_lto_trivial-1_0.o execute -O2 -flto -flto-partition=none -fnext-runtime
FAIL: obj-c++.dg/torture/trivial.mm  -O2 -flto -flto-partition=none  -fnext-runtime (test for excess errors)
WARNING: obj-c++.dg/torture/trivial.mm  -O2 -flto -flto-partition=none  -fnext-runtime compilation failed to produce executable
FAIL: obj-c++.dg/torture/trivial.mm  -O2 -flto  -fnext-runtime (test for excess errors)
WARNING: obj-c++.dg/torture/trivial.mm  -O2 -flto  -fnext-runtime compilation failed to produce executable
FAIL: obj-c++.dg/torture/strings/string1.mm  -O2 -flto -flto-partition=none  -fnext-runtime (test for excess errors)
FAIL: obj-c++.dg/torture/strings/string1.mm  -O2 -flto  -fnext-runtime (test for excess errors)
FAIL: obj-c++.dg/torture/tls/thr-init-3.mm  -O2 -flto -flto-partition=none  -fnext-runtime (test for excess errors)
WARNING: obj-c++.dg/torture/tls/thr-init-3.mm  -O2 -flto -flto-partition=none  -fnext-runtime compilation failed to produce executable
FAIL: obj-c++.dg/torture/tls/thr-init-3.mm  -O2 -flto  -fnext-runtime (test for excess errors)
WARNING: obj-c++.dg/torture/tls/thr-init-3.mm  -O2 -flto  -fnext-runtime compilation failed to produce executable

		=== obj-c++ Summary for unix/-m32 ===

# of expected passes		3141
# of unexpected failures	10
# of expected failures		2
# of unresolved testcases	4
# of unsupported tests		68

Running target unix/-m64
FAIL: obj-c++.dg/torture/strings/string1.mm  -O2 -flto -flto-partition=none  -fnext-runtime (test for excess errors)
FAIL: obj-c++.dg/torture/strings/string1.mm  -O2 -flto  -fnext-runtime (test for excess errors)

		=== obj-c++ Summary for unix/-m64 ===

# of expected passes		3107
# of unexpected failures	2
# of expected failures		19
# of unsupported tests		73

		=== obj-c++ Summary ===

# of expected passes		6248
# of unexpected failures	12
# of expected failures		21
# of unresolved testcases	4
# of unsupported tests		141
/sw_i386/src/fink.build/gcc47-4.7.2-1000/darwin_objdir/gcc/testsuite/obj-c++/../../g++  version 4.7.2 (GCC) 

		=== objc tests ===


Running target unix/-m32
FAIL: objc.dg/lto/trivial-1 objc_lto_trivial-1_0.o-objc_lto_trivial-1_0.o link, -O0 -flto -fnext-runtime
UNRESOLVED: objc.dg/lto/trivial-1 objc_lto_trivial-1_0.o-objc_lto_trivial-1_0.o execute -O0 -flto -fnext-runtime
FAIL: objc.dg/lto/trivial-1 objc_lto_trivial-1_0.o-objc_lto_trivial-1_0.o link, -O2 -flto -fnext-runtime
UNRESOLVED: objc.dg/lto/trivial-1 objc_lto_trivial-1_0.o-objc_lto_trivial-1_0.o execute -O2 -flto -fnext-runtime
FAIL: objc.dg/lto/trivial-1 objc_lto_trivial-1_0.o-objc_lto_trivial-1_0.o link, -O0 -flto -flto-partition=none -fnext-runtime
UNRESOLVED: objc.dg/lto/trivial-1 objc_lto_trivial-1_0.o-objc_lto_trivial-1_0.o execute -O0 -flto -flto-partition=none -fnext-runtime
FAIL: objc.dg/lto/trivial-1 objc_lto_trivial-1_0.o-objc_lto_trivial-1_0.o link, -O2 -flto -flto-partition=none -fnext-runtime
UNRESOLVED: objc.dg/lto/trivial-1 objc_lto_trivial-1_0.o-objc_lto_trivial-1_0.o execute -O2 -flto -flto-partition=none -fnext-runtime
FAIL: objc.dg/torture/forward-1.m  -O2 -flto -flto-partition=none  -fnext-runtime (test for excess errors)
WARNING: objc.dg/torture/forward-1.m  -O2 -flto -flto-partition=none  -fnext-runtime compilation failed to produce executable
FAIL: objc.dg/torture/forward-1.m  -O2 -flto  -fnext-runtime (test for excess errors)
WARNING: objc.dg/torture/forward-1.m  -O2 -flto  -fnext-runtime compilation failed to produce executable
FAIL: objc.dg/torture/trivial.m  -O2 -flto -flto-partition=none  -fnext-runtime (test for excess errors)
WARNING: objc.dg/torture/trivial.m  -O2 -flto -flto-partition=none  -fnext-runtime compilation failed to produce executable
FAIL: objc.dg/torture/trivial.m  -O2 -flto  -fnext-runtime (test for excess errors)
WARNING: objc.dg/torture/trivial.m  -O2 -flto  -fnext-runtime compilation failed to produce executable
FAIL: objc.dg/torture/strings/string1.m  -O2 -flto -flto-partition=none  -fnext-runtime (test for excess errors)
FAIL: objc.dg/torture/strings/string1.m  -O2 -flto  -fnext-runtime (test for excess errors)
FAIL: objc.dg/torture/strings/string2.m  -O2 -flto -flto-partition=none  -fnext-runtime (test for excess errors)
FAIL: objc.dg/torture/strings/string2.m  -O2 -flto  -fnext-runtime (test for excess errors)
FAIL: objc.dg/torture/strings/string3.m  -O2 -flto -flto-partition=none  -fnext-runtime (test for excess errors)
FAIL: objc.dg/torture/strings/string3.m  -O2 -flto  -fnext-runtime (test for excess errors)
FAIL: objc.dg/torture/strings/string4.m  -O2 -flto -flto-partition=none  -fnext-runtime (test for excess errors)
FAIL: objc.dg/torture/strings/string4.m  -O2 -flto  -fnext-runtime (test for excess errors)
FAIL: objc.dg/torture/tls/thr-init-3.m  -O2 -flto -flto-partition=none  -fnext-runtime (test for excess errors)
WARNING: objc.dg/torture/tls/thr-init-3.m  -O2 -flto -flto-partition=none  -fnext-runtime compilation failed to produce executable
FAIL: objc.dg/torture/tls/thr-init-3.m  -O2 -flto  -fnext-runtime (test for excess errors)
WARNING: objc.dg/torture/tls/thr-init-3.m  -O2 -flto  -fnext-runtime compilation failed to produce executable

		=== objc Summary for unix/-m32 ===

# of expected passes		6071
# of unexpected failures	18
# of expected failures		6
# of unresolved testcases	4
# of unsupported tests		85

Running target unix/-m64
FAIL: objc.dg/torture/strings/string1.m  -O2 -flto -flto-partition=none  -fnext-runtime (test for excess errors)
FAIL: objc.dg/torture/strings/string1.m  -O2 -flto  -fnext-runtime (test for excess errors)
FAIL: objc.dg/torture/strings/string2.m  -O2 -flto -flto-partition=none  -fnext-runtime (test for excess errors)
FAIL: objc.dg/torture/strings/string2.m  -O2 -flto  -fnext-runtime (test for excess errors)
FAIL: objc.dg/torture/strings/string3.m  -O2 -flto -flto-partition=none  -fnext-runtime (test for excess errors)
FAIL: objc.dg/torture/strings/string3.m  -O2 -flto  -fnext-runtime (test for excess errors)
FAIL: objc.dg/torture/strings/string4.m  -O2 -flto -flto-partition=none  -fnext-runtime (test for excess errors)
FAIL: objc.dg/torture/strings/string4.m  -O2 -flto  -fnext-runtime (test for excess errors)

		=== objc Summary for unix/-m64 ===

# of expected passes		6043
# of unexpected failures	8
# of expected failures		14
# of unsupported tests		91

		=== objc Summary ===

# of expected passes		12114
# of unexpected failures	26
# of expected failures		20
# of unresolved testcases	4
# of unsupported tests		176
/sw_i386/src/fink.build/gcc47-4.7.2-1000/darwin_objdir/gcc/xgcc  version 4.7.2 (GCC) 

		=== boehm-gc tests ===


Running target unix/-m32

		=== boehm-gc Summary for unix/-m32 ===

# of expected passes		12
# of unsupported tests		1

Running target unix/-m64

		=== boehm-gc Summary for unix/-m64 ===

# of expected passes		12
# of unsupported tests		1

		=== boehm-gc Summary ===

# of expected passes		24
# of unsupported tests		2
		=== libffi tests ===


Running target unix/-m32

		=== libffi Summary for unix/-m32 ===

# of expected passes		1634
# of expected failures		10
# of unsupported tests		55

Running target unix/-m64

		=== libffi Summary for unix/-m64 ===

# of expected passes		1634
# of expected failures		10
# of unsupported tests		55

		=== libffi Summary ===

# of expected passes		3268
# of expected failures		20
# of unsupported tests		110
		=== libgomp tests ===


Running target unix/-m32

		=== libgomp Summary for unix/-m32 ===

# of expected passes		2970
# of unsupported tests		3

Running target unix/-m64

		=== libgomp Summary for unix/-m64 ===

# of expected passes		2970
# of unsupported tests		3

		=== libgomp Summary ===

# of expected passes		5940
# of unsupported tests		6
		=== libitm tests ===


Running target unix/-m32

		=== libitm Summary for unix/-m32 ===

# of expected passes		26
# of expected failures		3
# of unsupported tests		1

Running target unix/-m64

		=== libitm Summary for unix/-m64 ===

# of expected passes		26
# of expected failures		3
# of unsupported tests		1

		=== libitm Summary ===

# of expected passes		52
# of expected failures		6
# of unsupported tests		2
		=== libjava tests ===


Running target unix/-m32

		=== libjava Summary for unix/-m32 ===

# of expected passes		2574

Running target unix/-m64
FAIL: PR16923.c compilation
FAIL: Throw_2 execution - source compiled test
FAIL: Throw_2 -findirect-dispatch execution - source compiled test
FAIL: Throw_2 -O3 execution - source compiled test
FAIL: Throw_2 -O3 -findirect-dispatch execution - source compiled test

		=== libjava Summary for unix/-m64 ===

# of expected passes		2564
# of unexpected failures	5
# of untested testcases		4

		=== libjava Summary ===

# of expected passes		5138
# of unexpected failures	5
# of untested testcases		4
		=== libstdc++ tests ===


Running target unix/-m32
WARNING: program timed out.
FAIL: 30_threads/condition_variable/54185.cc execution test

		=== libstdc++ Summary for unix/-m32 ===

# of expected passes		7763
# of unexpected failures	1
# of expected failures		43
# of unsupported tests		583

Running target unix/-m64
WARNING: program timed out.
FAIL: 30_threads/condition_variable/54185.cc execution test

		=== libstdc++ Summary for unix/-m64 ===

# of expected passes		7761
# of unexpected failures	1
# of expected failures		43
# of unsupported tests		584

		=== libstdc++ Summary ===

# of expected passes		15524
# of unexpected failures	2
# of expected failures		86
# of unsupported tests		1167

Compiler version: 4.7.2 (GCC) 
Platform: i386-apple-darwin10.8.0
configure flags: --prefix=/sw_i386 --prefix=/sw_i386/lib/gcc4.7 --mandir=/sw_i386/share/man --infodir=/sw_i386/lib/gcc4.7/info --enable-languages=c,c++,fortran,lto,objc,obj-c++,java --with-gmp=/sw_i386 --with-libiconv-prefix=/sw_i386 --with-ppl=/sw_i386 --with-cloog=/sw_i386 --with-mpc=/sw_i386 --with-system-zlib --x-includes=/usr/X11R6/include --x-libraries=/usr/X11R6/lib --program-suffix=-fsf-4.7 --enable-cloog-backend=isl


Index Nav: [Date Index] [Subject Index] [Author Index] [Thread Index]
Message Nav: [Date Prev] [Date Next] [Thread Prev] [Thread Next]