This is the mail archive of the
gcc-testresults@gcc.gnu.org
mailing list for the GCC project.
Results for 4.7.2 (GCC) testsuite on x86_64-apple-darwin10.8.0
- From: Jack Howarth <howarth at bromo dot med dot uc dot edu>
- To: gcc-testresults at gcc dot gnu dot org
- Date: Sat, 22 Sep 2012 19:51:20 -0400
- Subject: Results for 4.7.2 (GCC) testsuite on x86_64-apple-darwin10.8.0
LAST_UPDATED: Obtained from SVN: tags/gcc_4_7_2_release revision 191558
Native configuration is x86_64-apple-darwin10.8.0
=== g++ tests ===
Running target unix/-m32
WARNING: g++.dg/ext/label13.C -std=gnu++98 compilation failed to produce executable
WARNING: g++.dg/ext/label13.C -std=gnu++11 compilation failed to produce executable
=== g++ Summary for unix/-m32 ===
# of expected passes 47182
# of expected failures 288
# of unsupported tests 395
Running target unix/-m64
WARNING: g++.dg/ext/label13.C -std=gnu++98 compilation failed to produce executable
WARNING: g++.dg/ext/label13.C -std=gnu++11 compilation failed to produce executable
=== g++ Summary for unix/-m64 ===
# of expected passes 47979
# of expected failures 288
# of unsupported tests 621
=== g++ Summary ===
# of expected passes 95161
# of expected failures 576
# of unsupported tests 1016
/sw/src/fink.build/gcc47-4.7.2-1000/darwin_objdir/gcc/testsuite/g++/../../g++ version 4.7.2 (GCC)
=== gcc tests ===
Running target unix/-m32
FAIL: gcc.dg/torture/pr53922.c -O0 (test for excess errors)
WARNING: gcc.dg/torture/pr53922.c -O0 compilation failed to produce executable
FAIL: gcc.dg/torture/pr53922.c -O1 (test for excess errors)
WARNING: gcc.dg/torture/pr53922.c -O1 compilation failed to produce executable
FAIL: gcc.dg/torture/pr53922.c -O2 (test for excess errors)
WARNING: gcc.dg/torture/pr53922.c -O2 compilation failed to produce executable
FAIL: gcc.dg/torture/pr53922.c -O3 -fomit-frame-pointer (test for excess errors)
WARNING: gcc.dg/torture/pr53922.c -O3 -fomit-frame-pointer compilation failed to produce executable
FAIL: gcc.dg/torture/pr53922.c -O3 -g (test for excess errors)
WARNING: gcc.dg/torture/pr53922.c -O3 -g compilation failed to produce executable
FAIL: gcc.dg/torture/pr53922.c -Os (test for excess errors)
WARNING: gcc.dg/torture/pr53922.c -Os compilation failed to produce executable
FAIL: gcc.dg/torture/pr53922.c -O2 -flto -flto-partition=none (test for excess errors)
WARNING: gcc.dg/torture/pr53922.c -O2 -flto -flto-partition=none compilation failed to produce executable
FAIL: gcc.dg/torture/pr53922.c -O2 -flto (test for excess errors)
WARNING: gcc.dg/torture/pr53922.c -O2 -flto compilation failed to produce executable
FAIL: gcc.dg/tree-prof/pr52027.c compilation, -fprofile-use -D_PROFILE_USE
UNRESOLVED: gcc.dg/tree-prof/pr52027.c execution, -fprofile-use -D_PROFILE_USE
FAIL: gcc.misc-tests/gcov-14.c execution test
FAIL: gcc.misc-tests/gcov-14.c gcov failed: gcov-14.c.gov does not exist
=== gcc Summary for unix/-m32 ===
# of expected passes 82705
# of unexpected failures 11
# of expected failures 260
# of unresolved testcases 1
# of unsupported tests 1935
Running target unix/-m64
FAIL: gcc.dg/matrix/transpose-3.c execution, -fprofile-use -fipa-matrix-reorg -fdump-ipa-matrix-reorg -O3 -fwhole-program -fno-tree-fre
FAIL: gcc.dg/torture/pr53922.c -O0 (test for excess errors)
WARNING: gcc.dg/torture/pr53922.c -O0 compilation failed to produce executable
FAIL: gcc.dg/torture/pr53922.c -O1 (test for excess errors)
WARNING: gcc.dg/torture/pr53922.c -O1 compilation failed to produce executable
FAIL: gcc.dg/torture/pr53922.c -O2 (test for excess errors)
WARNING: gcc.dg/torture/pr53922.c -O2 compilation failed to produce executable
FAIL: gcc.dg/torture/pr53922.c -O3 -fomit-frame-pointer (test for excess errors)
WARNING: gcc.dg/torture/pr53922.c -O3 -fomit-frame-pointer compilation failed to produce executable
FAIL: gcc.dg/torture/pr53922.c -O3 -g (test for excess errors)
WARNING: gcc.dg/torture/pr53922.c -O3 -g compilation failed to produce executable
FAIL: gcc.dg/torture/pr53922.c -Os (test for excess errors)
WARNING: gcc.dg/torture/pr53922.c -Os compilation failed to produce executable
FAIL: gcc.dg/torture/pr53922.c -O2 -flto -flto-partition=none (test for excess errors)
WARNING: gcc.dg/torture/pr53922.c -O2 -flto -flto-partition=none compilation failed to produce executable
FAIL: gcc.dg/torture/pr53922.c -O2 -flto (test for excess errors)
WARNING: gcc.dg/torture/pr53922.c -O2 -flto compilation failed to produce executable
FAIL: gcc.dg/tree-prof/pr34999.c compilation, -fprofile-use -D_PROFILE_USE
UNRESOLVED: gcc.dg/tree-prof/pr34999.c execution, -fprofile-use -D_PROFILE_USE
FAIL: gcc.dg/tree-prof/pr52027.c compilation, -fprofile-use -D_PROFILE_USE
UNRESOLVED: gcc.dg/tree-prof/pr52027.c execution, -fprofile-use -D_PROFILE_USE
FAIL: gcc.misc-tests/gcov-14.c execution test
FAIL: gcc.misc-tests/gcov-14.c gcov failed: gcov-14.c.gov does not exist
FAIL: gcc.target/i386/pr49866.c (test for excess errors)
=== gcc Summary for unix/-m64 ===
# of expected passes 82937
# of unexpected failures 14
# of expected failures 261
# of unresolved testcases 2
# of unsupported tests 2265
=== gcc Summary ===
# of expected passes 165642
# of unexpected failures 25
# of expected failures 521
# of unresolved testcases 3
# of unsupported tests 4200
/sw/src/fink.build/gcc47-4.7.2-1000/darwin_objdir/gcc/xgcc version 4.7.2 (GCC)
=== gfortran tests ===
Running target unix/-m32
=== gfortran Summary for unix/-m32 ===
# of expected passes 40686
# of expected failures 56
# of unsupported tests 209
Running target unix/-m64
=== gfortran Summary for unix/-m64 ===
# of expected passes 40973
# of expected failures 56
# of unsupported tests 71
=== gfortran Summary ===
# of expected passes 81659
# of expected failures 112
# of unsupported tests 280
/sw/src/fink.build/gcc47-4.7.2-1000/darwin_objdir/gcc/testsuite/gfortran/../../gfortran version 4.7.2 (GCC)
=== obj-c++ tests ===
Running target unix/-m32
FAIL: obj-c++.dg/lto/trivial-1 obj_cpp_lto_trivial-1_0.o-obj_cpp_lto_trivial-1_0.o link, -O0 -flto -fnext-runtime
UNRESOLVED: obj-c++.dg/lto/trivial-1 obj_cpp_lto_trivial-1_0.o-obj_cpp_lto_trivial-1_0.o execute -O0 -flto -fnext-runtime
FAIL: obj-c++.dg/lto/trivial-1 obj_cpp_lto_trivial-1_0.o-obj_cpp_lto_trivial-1_0.o link, -O2 -flto -fnext-runtime
UNRESOLVED: obj-c++.dg/lto/trivial-1 obj_cpp_lto_trivial-1_0.o-obj_cpp_lto_trivial-1_0.o execute -O2 -flto -fnext-runtime
FAIL: obj-c++.dg/lto/trivial-1 obj_cpp_lto_trivial-1_0.o-obj_cpp_lto_trivial-1_0.o link, -O0 -flto -flto-partition=none -fnext-runtime
UNRESOLVED: obj-c++.dg/lto/trivial-1 obj_cpp_lto_trivial-1_0.o-obj_cpp_lto_trivial-1_0.o execute -O0 -flto -flto-partition=none -fnext-runtime
FAIL: obj-c++.dg/lto/trivial-1 obj_cpp_lto_trivial-1_0.o-obj_cpp_lto_trivial-1_0.o link, -O2 -flto -flto-partition=none -fnext-runtime
UNRESOLVED: obj-c++.dg/lto/trivial-1 obj_cpp_lto_trivial-1_0.o-obj_cpp_lto_trivial-1_0.o execute -O2 -flto -flto-partition=none -fnext-runtime
FAIL: obj-c++.dg/torture/trivial.mm -O2 -flto -flto-partition=none -fnext-runtime (test for excess errors)
WARNING: obj-c++.dg/torture/trivial.mm -O2 -flto -flto-partition=none -fnext-runtime compilation failed to produce executable
FAIL: obj-c++.dg/torture/trivial.mm -O2 -flto -fnext-runtime (test for excess errors)
WARNING: obj-c++.dg/torture/trivial.mm -O2 -flto -fnext-runtime compilation failed to produce executable
FAIL: obj-c++.dg/torture/strings/string1.mm -O2 -flto -flto-partition=none -fnext-runtime (test for excess errors)
FAIL: obj-c++.dg/torture/strings/string1.mm -O2 -flto -fnext-runtime (test for excess errors)
FAIL: obj-c++.dg/torture/tls/thr-init-3.mm -O2 -flto -flto-partition=none -fnext-runtime (test for excess errors)
WARNING: obj-c++.dg/torture/tls/thr-init-3.mm -O2 -flto -flto-partition=none -fnext-runtime compilation failed to produce executable
FAIL: obj-c++.dg/torture/tls/thr-init-3.mm -O2 -flto -fnext-runtime (test for excess errors)
WARNING: obj-c++.dg/torture/tls/thr-init-3.mm -O2 -flto -fnext-runtime compilation failed to produce executable
=== obj-c++ Summary for unix/-m32 ===
# of expected passes 3141
# of unexpected failures 10
# of expected failures 2
# of unresolved testcases 4
# of unsupported tests 68
Running target unix/-m64
FAIL: obj-c++.dg/torture/strings/string1.mm -O2 -flto -flto-partition=none -fnext-runtime (test for excess errors)
FAIL: obj-c++.dg/torture/strings/string1.mm -O2 -flto -fnext-runtime (test for excess errors)
=== obj-c++ Summary for unix/-m64 ===
# of expected passes 3107
# of unexpected failures 2
# of expected failures 19
# of unsupported tests 73
=== obj-c++ Summary ===
# of expected passes 6248
# of unexpected failures 12
# of expected failures 21
# of unresolved testcases 4
# of unsupported tests 141
/sw/src/fink.build/gcc47-4.7.2-1000/darwin_objdir/gcc/testsuite/obj-c++/../../g++ version 4.7.2 (GCC)
=== objc tests ===
Running target unix/-m32
FAIL: objc.dg/lto/trivial-1 objc_lto_trivial-1_0.o-objc_lto_trivial-1_0.o link, -O0 -flto -fnext-runtime
UNRESOLVED: objc.dg/lto/trivial-1 objc_lto_trivial-1_0.o-objc_lto_trivial-1_0.o execute -O0 -flto -fnext-runtime
FAIL: objc.dg/lto/trivial-1 objc_lto_trivial-1_0.o-objc_lto_trivial-1_0.o link, -O2 -flto -fnext-runtime
UNRESOLVED: objc.dg/lto/trivial-1 objc_lto_trivial-1_0.o-objc_lto_trivial-1_0.o execute -O2 -flto -fnext-runtime
FAIL: objc.dg/lto/trivial-1 objc_lto_trivial-1_0.o-objc_lto_trivial-1_0.o link, -O0 -flto -flto-partition=none -fnext-runtime
UNRESOLVED: objc.dg/lto/trivial-1 objc_lto_trivial-1_0.o-objc_lto_trivial-1_0.o execute -O0 -flto -flto-partition=none -fnext-runtime
FAIL: objc.dg/lto/trivial-1 objc_lto_trivial-1_0.o-objc_lto_trivial-1_0.o link, -O2 -flto -flto-partition=none -fnext-runtime
UNRESOLVED: objc.dg/lto/trivial-1 objc_lto_trivial-1_0.o-objc_lto_trivial-1_0.o execute -O2 -flto -flto-partition=none -fnext-runtime
FAIL: objc.dg/torture/forward-1.m -O2 -flto -flto-partition=none -fnext-runtime (test for excess errors)
WARNING: objc.dg/torture/forward-1.m -O2 -flto -flto-partition=none -fnext-runtime compilation failed to produce executable
FAIL: objc.dg/torture/forward-1.m -O2 -flto -fnext-runtime (test for excess errors)
WARNING: objc.dg/torture/forward-1.m -O2 -flto -fnext-runtime compilation failed to produce executable
FAIL: objc.dg/torture/trivial.m -O2 -flto -flto-partition=none -fnext-runtime (test for excess errors)
WARNING: objc.dg/torture/trivial.m -O2 -flto -flto-partition=none -fnext-runtime compilation failed to produce executable
FAIL: objc.dg/torture/trivial.m -O2 -flto -fnext-runtime (test for excess errors)
WARNING: objc.dg/torture/trivial.m -O2 -flto -fnext-runtime compilation failed to produce executable
FAIL: objc.dg/torture/strings/string1.m -O2 -flto -flto-partition=none -fnext-runtime (test for excess errors)
FAIL: objc.dg/torture/strings/string1.m -O2 -flto -fnext-runtime (test for excess errors)
FAIL: objc.dg/torture/strings/string2.m -O2 -flto -flto-partition=none -fnext-runtime (test for excess errors)
FAIL: objc.dg/torture/strings/string2.m -O2 -flto -fnext-runtime (test for excess errors)
FAIL: objc.dg/torture/strings/string3.m -O2 -flto -flto-partition=none -fnext-runtime (test for excess errors)
FAIL: objc.dg/torture/strings/string3.m -O2 -flto -fnext-runtime (test for excess errors)
FAIL: objc.dg/torture/strings/string4.m -O2 -flto -flto-partition=none -fnext-runtime (test for excess errors)
FAIL: objc.dg/torture/strings/string4.m -O2 -flto -fnext-runtime (test for excess errors)
FAIL: objc.dg/torture/tls/thr-init-3.m -O2 -flto -flto-partition=none -fnext-runtime (test for excess errors)
WARNING: objc.dg/torture/tls/thr-init-3.m -O2 -flto -flto-partition=none -fnext-runtime compilation failed to produce executable
FAIL: objc.dg/torture/tls/thr-init-3.m -O2 -flto -fnext-runtime (test for excess errors)
WARNING: objc.dg/torture/tls/thr-init-3.m -O2 -flto -fnext-runtime compilation failed to produce executable
=== objc Summary for unix/-m32 ===
# of expected passes 6071
# of unexpected failures 18
# of expected failures 6
# of unresolved testcases 4
# of unsupported tests 85
Running target unix/-m64
FAIL: objc.dg/torture/strings/string1.m -O2 -flto -flto-partition=none -fnext-runtime (test for excess errors)
FAIL: objc.dg/torture/strings/string1.m -O2 -flto -fnext-runtime (test for excess errors)
FAIL: objc.dg/torture/strings/string2.m -O2 -flto -flto-partition=none -fnext-runtime (test for excess errors)
FAIL: objc.dg/torture/strings/string2.m -O2 -flto -fnext-runtime (test for excess errors)
FAIL: objc.dg/torture/strings/string3.m -O2 -flto -flto-partition=none -fnext-runtime (test for excess errors)
FAIL: objc.dg/torture/strings/string3.m -O2 -flto -fnext-runtime (test for excess errors)
FAIL: objc.dg/torture/strings/string4.m -O2 -flto -flto-partition=none -fnext-runtime (test for excess errors)
FAIL: objc.dg/torture/strings/string4.m -O2 -flto -fnext-runtime (test for excess errors)
=== objc Summary for unix/-m64 ===
# of expected passes 6043
# of unexpected failures 8
# of expected failures 14
# of unsupported tests 91
=== objc Summary ===
# of expected passes 12114
# of unexpected failures 26
# of expected failures 20
# of unresolved testcases 4
# of unsupported tests 176
/sw/src/fink.build/gcc47-4.7.2-1000/darwin_objdir/gcc/xgcc version 4.7.2 (GCC)
=== boehm-gc tests ===
Running target unix/-m32
=== boehm-gc Summary for unix/-m32 ===
# of expected passes 12
# of unsupported tests 1
Running target unix/-m64
=== boehm-gc Summary for unix/-m64 ===
# of expected passes 12
# of unsupported tests 1
=== boehm-gc Summary ===
# of expected passes 24
# of unsupported tests 2
=== libffi tests ===
Running target unix/-m32
=== libffi Summary for unix/-m32 ===
# of expected passes 1634
# of expected failures 10
# of unsupported tests 55
Running target unix/-m64
=== libffi Summary for unix/-m64 ===
# of expected passes 1634
# of expected failures 10
# of unsupported tests 55
=== libffi Summary ===
# of expected passes 3268
# of expected failures 20
# of unsupported tests 110
=== libgomp tests ===
Running target unix/-m32
=== libgomp Summary for unix/-m32 ===
# of expected passes 2970
# of unsupported tests 3
Running target unix/-m64
=== libgomp Summary for unix/-m64 ===
# of expected passes 2970
# of unsupported tests 3
=== libgomp Summary ===
# of expected passes 5940
# of unsupported tests 6
=== libitm tests ===
Running target unix/-m32
=== libitm Summary for unix/-m32 ===
# of expected passes 26
# of expected failures 3
# of unsupported tests 1
Running target unix/-m64
=== libitm Summary for unix/-m64 ===
# of expected passes 26
# of expected failures 3
# of unsupported tests 1
=== libitm Summary ===
# of expected passes 52
# of expected failures 6
# of unsupported tests 2
=== libjava tests ===
Running target unix/-m32
FAIL: PR16923.c compilation
=== libjava Summary for unix/-m32 ===
# of expected passes 2572
# of unexpected failures 1
Running target unix/-m64
FAIL: Throw_2 execution - source compiled test
FAIL: Throw_2 -findirect-dispatch execution - source compiled test
FAIL: Throw_2 -O3 execution - source compiled test
FAIL: Throw_2 -O3 -findirect-dispatch execution - source compiled test
=== libjava Summary for unix/-m64 ===
# of expected passes 2566
# of unexpected failures 4
# of untested testcases 4
=== libjava Summary ===
# of expected passes 5138
# of unexpected failures 5
# of untested testcases 4
=== libstdc++ tests ===
Running target unix/-m32
WARNING: program timed out.
FAIL: 30_threads/condition_variable/54185.cc execution test
=== libstdc++ Summary for unix/-m32 ===
# of expected passes 7763
# of unexpected failures 1
# of expected failures 43
# of unsupported tests 583
Running target unix/-m64
WARNING: program timed out.
FAIL: 30_threads/condition_variable/54185.cc execution test
=== libstdc++ Summary for unix/-m64 ===
# of expected passes 7761
# of unexpected failures 1
# of expected failures 43
# of unsupported tests 584
=== libstdc++ Summary ===
# of expected passes 15524
# of unexpected failures 2
# of expected failures 86
# of unsupported tests 1167
Compiler version: 4.7.2 (GCC)
Platform: x86_64-apple-darwin10.8.0
configure flags: --prefix=/sw --prefix=/sw/lib/gcc4.7 --mandir=/sw/share/man --infodir=/sw/lib/gcc4.7/info --enable-languages=c,c++,fortran,lto,objc,obj-c++,java --with-gmp=/sw --with-libiconv-prefix=/sw --with-ppl=/sw --with-cloog=/sw --with-mpc=/sw --with-system-zlib --x-includes=/usr/X11R6/include --x-libraries=/usr/X11R6/lib --program-suffix=-fsf-4.7 --enable-cloog-backend=isl