This is the mail archive of the gcc-testresults@gcc.gnu.org mailing list for the GCC project.


Index Nav: [Date Index] [Subject Index] [Author Index] [Thread Index]
Message Nav: [Date Prev] [Date Next] [Thread Prev] [Thread Next]
Other format: [Raw text]

Results for 4.8.0 20120922 (experimental) (GCC) testsuite on s390-ibm-linux-gnu z196


LAST_UPDATED: Sat Sep 22 17:32:43 UTC 2012 (revision 191644)

		=== acats tests ===
FAIL:	c52103x
FAIL:	c52104x
FAIL:	c52104y

		=== acats Summary ===
# of expected passes		2317
# of unexpected failures	3
Native configuration is s390-ibm-linux-gnu z196

		=== g++ tests ===


Running target unix
FAIL: tmpdir-g++.dg-struct-layout-1/t002 cp_compat_x_tst.o compile,  (internal compiler error)
FAIL: tmpdir-g++.dg-struct-layout-1/t002 cp_compat_y_tst.o compile,  (internal compiler error)
UNRESOLVED: tmpdir-g++.dg-struct-layout-1/t002 cp_compat_x_tst.o-cp_compat_y_tst.o link 
UNRESOLVED: tmpdir-g++.dg-struct-layout-1/t002 cp_compat_x_tst.o-cp_compat_y_tst.o execute 
FAIL: tmpdir-g++.dg-struct-layout-1/t005 cp_compat_x_tst.o compile,  (internal compiler error)
FAIL: tmpdir-g++.dg-struct-layout-1/t005 cp_compat_y_tst.o compile,  (internal compiler error)
UNRESOLVED: tmpdir-g++.dg-struct-layout-1/t005 cp_compat_x_tst.o-cp_compat_y_tst.o link 
UNRESOLVED: tmpdir-g++.dg-struct-layout-1/t005 cp_compat_x_tst.o-cp_compat_y_tst.o execute 
FAIL: tmpdir-g++.dg-struct-layout-1/t007 cp_compat_x_tst.o compile,  (internal compiler error)
FAIL: tmpdir-g++.dg-struct-layout-1/t007 cp_compat_y_tst.o compile,  (internal compiler error)
UNRESOLVED: tmpdir-g++.dg-struct-layout-1/t007 cp_compat_x_tst.o-cp_compat_y_tst.o link 
UNRESOLVED: tmpdir-g++.dg-struct-layout-1/t007 cp_compat_x_tst.o-cp_compat_y_tst.o execute 
FAIL: tmpdir-g++.dg-struct-layout-1/t008 cp_compat_x_tst.o compile,  (internal compiler error)
FAIL: tmpdir-g++.dg-struct-layout-1/t008 cp_compat_y_tst.o compile,  (internal compiler error)
UNRESOLVED: tmpdir-g++.dg-struct-layout-1/t008 cp_compat_x_tst.o-cp_compat_y_tst.o link 
UNRESOLVED: tmpdir-g++.dg-struct-layout-1/t008 cp_compat_x_tst.o-cp_compat_y_tst.o execute 
FAIL: tmpdir-g++.dg-struct-layout-1/t015 cp_compat_x_tst.o compile,  (internal compiler error)
FAIL: tmpdir-g++.dg-struct-layout-1/t015 cp_compat_y_tst.o compile,  (internal compiler error)
UNRESOLVED: tmpdir-g++.dg-struct-layout-1/t015 cp_compat_x_tst.o-cp_compat_y_tst.o link 
UNRESOLVED: tmpdir-g++.dg-struct-layout-1/t015 cp_compat_x_tst.o-cp_compat_y_tst.o execute 
FAIL: tmpdir-g++.dg-struct-layout-1/t023 cp_compat_x_tst.o compile,  (internal compiler error)
FAIL: tmpdir-g++.dg-struct-layout-1/t023 cp_compat_y_tst.o compile,  (internal compiler error)
UNRESOLVED: tmpdir-g++.dg-struct-layout-1/t023 cp_compat_x_tst.o-cp_compat_y_tst.o link 
UNRESOLVED: tmpdir-g++.dg-struct-layout-1/t023 cp_compat_x_tst.o-cp_compat_y_tst.o execute 
FAIL: tmpdir-g++.dg-struct-layout-1/t027 cp_compat_x_tst.o compile,  (internal compiler error)
FAIL: tmpdir-g++.dg-struct-layout-1/t027 cp_compat_y_tst.o compile,  (internal compiler error)
UNRESOLVED: tmpdir-g++.dg-struct-layout-1/t027 cp_compat_x_tst.o-cp_compat_y_tst.o link 
UNRESOLVED: tmpdir-g++.dg-struct-layout-1/t027 cp_compat_x_tst.o-cp_compat_y_tst.o execute 
FAIL: tmpdir-g++.dg-struct-layout-1/t030 cp_compat_x_tst.o compile,  (internal compiler error)
FAIL: tmpdir-g++.dg-struct-layout-1/t030 cp_compat_y_tst.o compile,  (internal compiler error)
UNRESOLVED: tmpdir-g++.dg-struct-layout-1/t030 cp_compat_x_tst.o-cp_compat_y_tst.o link 
UNRESOLVED: tmpdir-g++.dg-struct-layout-1/t030 cp_compat_x_tst.o-cp_compat_y_tst.o execute 
FAIL: g++.dg/cpp0x/decltype32.C (test for excess errors)
FAIL: g++.dg/ext/attr-ifunc-1.C -std=gnu++98 execution test
FAIL: g++.dg/ext/attr-ifunc-1.C -std=gnu++11 execution test
FAIL: g++.dg/ext/attr-ifunc-2.C -std=gnu++98 execution test
FAIL: g++.dg/ext/attr-ifunc-2.C -std=gnu++11 execution test
FAIL: g++.dg/ext/attr-ifunc-3.C -std=gnu++98 execution test
FAIL: g++.dg/ext/attr-ifunc-3.C -std=gnu++11 execution test
FAIL: g++.dg/ext/attr-ifunc-4.C -std=gnu++98 execution test
FAIL: g++.dg/ext/attr-ifunc-4.C -std=gnu++11 execution test
FAIL: g++.dg/pch/array-1.C  -g -I. -Dwith_PCH (internal compiler error)
FAIL: g++.dg/pch/array-1.C  -g -I. -Dwith_PCH (test for excess errors)
FAIL: g++.dg/pch/array-1.C -g assembly comparison
FAIL: g++.dg/pch/array-1.C  -O2 -g -I. -Dwith_PCH (internal compiler error)
FAIL: g++.dg/pch/array-1.C  -O2 -g -I. -Dwith_PCH (test for excess errors)
FAIL: g++.dg/pch/array-1.C -O2 -g assembly comparison
FAIL: g++.dg/pch/array-1.C  -O2 -I. -Dwith_PCH (internal compiler error)
FAIL: g++.dg/pch/array-1.C  -O2 -I. -Dwith_PCH (test for excess errors)
FAIL: g++.dg/pch/array-1.C -O2 assembly comparison
FAIL: g++.dg/pch/empty.C  -g -I. -Dwith_PCH (internal compiler error)
FAIL: g++.dg/pch/empty.C  -g -I. -Dwith_PCH (test for excess errors)
FAIL: g++.dg/pch/empty.C -g assembly comparison
FAIL: g++.dg/pch/empty.C  -O2 -g -I. -Dwith_PCH (internal compiler error)
FAIL: g++.dg/pch/empty.C  -O2 -g -I. -Dwith_PCH (test for excess errors)
FAIL: g++.dg/pch/empty.C -O2 -g assembly comparison
FAIL: g++.dg/pch/empty.C  -O2 -I. -Dwith_PCH (internal compiler error)
FAIL: g++.dg/pch/empty.C  -O2 -I. -Dwith_PCH (test for excess errors)
FAIL: g++.dg/pch/empty.C -O2 assembly comparison
FAIL: g++.dg/pch/externc-1.C  -g -I. -Dwith_PCH (internal compiler error)
FAIL: g++.dg/pch/externc-1.C  -g -I. -Dwith_PCH (test for excess errors)
FAIL: g++.dg/pch/externc-1.C -g assembly comparison
FAIL: g++.dg/pch/externc-1.C  -O2 -g -I. -Dwith_PCH (internal compiler error)
FAIL: g++.dg/pch/externc-1.C  -O2 -g -I. -Dwith_PCH (test for excess errors)
FAIL: g++.dg/pch/externc-1.C -O2 -g assembly comparison
FAIL: g++.dg/pch/externc-1.C  -O2 -I. -Dwith_PCH (internal compiler error)
FAIL: g++.dg/pch/externc-1.C  -O2 -I. -Dwith_PCH (test for excess errors)
FAIL: g++.dg/pch/externc-1.C -O2 assembly comparison
FAIL: g++.dg/pch/local-1.C  -g -I. -Dwith_PCH (internal compiler error)
FAIL: g++.dg/pch/local-1.C  -g -I. -Dwith_PCH (test for excess errors)
FAIL: g++.dg/pch/local-1.C -g assembly comparison
FAIL: g++.dg/pch/local-1.C  -O2 -g -I. -Dwith_PCH (internal compiler error)
FAIL: g++.dg/pch/local-1.C  -O2 -g -I. -Dwith_PCH (test for excess errors)
FAIL: g++.dg/pch/local-1.C -O2 -g assembly comparison
FAIL: g++.dg/pch/local-1.C  -O2 -I. -Dwith_PCH (internal compiler error)
FAIL: g++.dg/pch/local-1.C  -O2 -I. -Dwith_PCH (test for excess errors)
FAIL: g++.dg/pch/local-1.C -O2 assembly comparison
FAIL: g++.dg/pch/pch.C  -g -I. -Dwith_PCH (internal compiler error)
FAIL: g++.dg/pch/pch.C  -g -I. -Dwith_PCH (test for excess errors)
FAIL: g++.dg/pch/pch.C -g assembly comparison
FAIL: g++.dg/pch/pch.C  -O2 -g -I. -Dwith_PCH (internal compiler error)
FAIL: g++.dg/pch/pch.C  -O2 -g -I. -Dwith_PCH (test for excess errors)
FAIL: g++.dg/pch/pch.C -O2 -g assembly comparison
FAIL: g++.dg/pch/pch.C  -O2 -I. -Dwith_PCH (internal compiler error)
FAIL: g++.dg/pch/pch.C  -O2 -I. -Dwith_PCH (test for excess errors)
FAIL: g++.dg/pch/pch.C -O2 assembly comparison
FAIL: g++.dg/pch/static-1.C  -g -I. -Dwith_PCH (internal compiler error)
FAIL: g++.dg/pch/static-1.C  -g -I. -Dwith_PCH (test for excess errors)
FAIL: g++.dg/pch/static-1.C -g assembly comparison
FAIL: g++.dg/pch/static-1.C  -O2 -g -I. -Dwith_PCH (internal compiler error)
FAIL: g++.dg/pch/static-1.C  -O2 -g -I. -Dwith_PCH (test for excess errors)
FAIL: g++.dg/pch/static-1.C -O2 -g assembly comparison
FAIL: g++.dg/pch/static-1.C  -O2 -I. -Dwith_PCH (internal compiler error)
FAIL: g++.dg/pch/static-1.C  -O2 -I. -Dwith_PCH (test for excess errors)
FAIL: g++.dg/pch/static-1.C -O2 assembly comparison
FAIL: g++.dg/pch/system-1.C  -g -I. -Dwith_PCH (internal compiler error)
FAIL: g++.dg/pch/system-1.C  -g -I. -Dwith_PCH (test for excess errors)
FAIL: g++.dg/pch/system-1.C -g assembly comparison
FAIL: g++.dg/pch/system-1.C  -O2 -g -I. -Dwith_PCH (internal compiler error)
FAIL: g++.dg/pch/system-1.C  -O2 -g -I. -Dwith_PCH (test for excess errors)
FAIL: g++.dg/pch/system-1.C -O2 -g assembly comparison
FAIL: g++.dg/pch/system-1.C  -O2 -I. -Dwith_PCH (internal compiler error)
FAIL: g++.dg/pch/system-1.C  -O2 -I. -Dwith_PCH (test for excess errors)
FAIL: g++.dg/pch/system-1.C -O2 assembly comparison
FAIL: g++.dg/pch/system-2.C  -g -I. -Dwith_PCH (internal compiler error)
FAIL: g++.dg/pch/system-2.C  -g -I. -Dwith_PCH (test for excess errors)
FAIL: g++.dg/pch/system-2.C -g assembly comparison
FAIL: g++.dg/pch/system-2.C  -O2 -g -I. -Dwith_PCH (internal compiler error)
FAIL: g++.dg/pch/system-2.C  -O2 -g -I. -Dwith_PCH (test for excess errors)
FAIL: g++.dg/pch/system-2.C -O2 -g assembly comparison
FAIL: g++.dg/pch/system-2.C  -O2 -I. -Dwith_PCH (internal compiler error)
FAIL: g++.dg/pch/system-2.C  -O2 -I. -Dwith_PCH (test for excess errors)
FAIL: g++.dg/pch/system-2.C -O2 assembly comparison
FAIL: g++.dg/pch/template-1.C  -g -I. -Dwith_PCH (internal compiler error)
FAIL: g++.dg/pch/template-1.C  -g -I. -Dwith_PCH (test for excess errors)
FAIL: g++.dg/pch/template-1.C -g assembly comparison
FAIL: g++.dg/pch/template-1.C  -O2 -g -I. -Dwith_PCH (internal compiler error)
FAIL: g++.dg/pch/template-1.C  -O2 -g -I. -Dwith_PCH (test for excess errors)
FAIL: g++.dg/pch/template-1.C -O2 -g assembly comparison
FAIL: g++.dg/pch/template-1.C  -O2 -I. -Dwith_PCH (internal compiler error)
FAIL: g++.dg/pch/template-1.C  -O2 -I. -Dwith_PCH (test for excess errors)
FAIL: g++.dg/pch/template-1.C -O2 assembly comparison
FAIL: g++.dg/pch/uninst.C  -g -I. -Dwith_PCH (internal compiler error)
FAIL: g++.dg/pch/uninst.C  -g -I. -Dwith_PCH (test for excess errors)
FAIL: g++.dg/pch/uninst.C -g assembly comparison
FAIL: g++.dg/pch/uninst.C  -O2 -g -I. -Dwith_PCH (internal compiler error)
FAIL: g++.dg/pch/uninst.C  -O2 -g -I. -Dwith_PCH (test for excess errors)
FAIL: g++.dg/pch/uninst.C -O2 -g assembly comparison
FAIL: g++.dg/pch/uninst.C  -O2 -I. -Dwith_PCH (internal compiler error)
FAIL: g++.dg/pch/uninst.C  -O2 -I. -Dwith_PCH (test for excess errors)
FAIL: g++.dg/pch/uninst.C -O2 assembly comparison
FAIL: g++.dg/pch/wchar-1.C  -g -I. -Dwith_PCH (internal compiler error)
FAIL: g++.dg/pch/wchar-1.C  -g -I. -Dwith_PCH (test for excess errors)
FAIL: g++.dg/pch/wchar-1.C -g assembly comparison
FAIL: g++.dg/pch/wchar-1.C  -O2 -g -I. -Dwith_PCH (internal compiler error)
FAIL: g++.dg/pch/wchar-1.C  -O2 -g -I. -Dwith_PCH (test for excess errors)
FAIL: g++.dg/pch/wchar-1.C -O2 -g assembly comparison
FAIL: g++.dg/pch/wchar-1.C  -O2 -I. -Dwith_PCH (internal compiler error)
FAIL: g++.dg/pch/wchar-1.C  -O2 -I. -Dwith_PCH (test for excess errors)
FAIL: g++.dg/pch/wchar-1.C -O2 assembly comparison

		=== g++ Summary ===

# of expected passes		48160
# of unexpected failures	124
# of expected failures		284
# of unresolved testcases	16
# of unsupported tests		700
-z196/gcc/testsuite/g++/../../g++  version 4.8.0 20120922 (experimental) (GCC) 

		=== gcc tests ===


Running target unix
FAIL: tmpdir-gcc.dg-struct-layout-1/t006 c_compat_x_tst.o compile,  (internal compiler error)
FAIL: tmpdir-gcc.dg-struct-layout-1/t006 c_compat_y_tst.o compile,  (internal compiler error)
UNRESOLVED: tmpdir-gcc.dg-struct-layout-1/t006 c_compat_x_tst.o-c_compat_y_tst.o link 
UNRESOLVED: tmpdir-gcc.dg-struct-layout-1/t006 c_compat_x_tst.o-c_compat_y_tst.o execute 
FAIL: tmpdir-gcc.dg-struct-layout-1/t020 c_compat_x_tst.o compile,  (internal compiler error)
FAIL: tmpdir-gcc.dg-struct-layout-1/t020 c_compat_y_tst.o compile,  (internal compiler error)
UNRESOLVED: tmpdir-gcc.dg-struct-layout-1/t020 c_compat_x_tst.o-c_compat_y_tst.o link 
UNRESOLVED: tmpdir-gcc.dg-struct-layout-1/t020 c_compat_x_tst.o-c_compat_y_tst.o execute 
FAIL: tmpdir-gcc.dg-struct-layout-1/t024 c_compat_x_tst.o compile,  (internal compiler error)
FAIL: tmpdir-gcc.dg-struct-layout-1/t024 c_compat_y_tst.o compile,  (internal compiler error)
UNRESOLVED: tmpdir-gcc.dg-struct-layout-1/t024 c_compat_x_tst.o-c_compat_y_tst.o link 
UNRESOLVED: tmpdir-gcc.dg-struct-layout-1/t024 c_compat_x_tst.o-c_compat_y_tst.o execute 
FAIL: tmpdir-gcc.dg-struct-layout-1/t028 c_compat_x_tst.o compile,  (internal compiler error)
FAIL: tmpdir-gcc.dg-struct-layout-1/t028 c_compat_y_tst.o compile,  (internal compiler error)
UNRESOLVED: tmpdir-gcc.dg-struct-layout-1/t028 c_compat_x_tst.o-c_compat_y_tst.o link 
UNRESOLVED: tmpdir-gcc.dg-struct-layout-1/t028 c_compat_x_tst.o-c_compat_y_tst.o execute 
XPASS: gcc.dg/Wstrict-overflow-18.c  (test for bogus messages, line 20)
FAIL: gcc.dg/attr-ifunc-1.c execution test
FAIL: gcc.dg/attr-ifunc-3.c execution test
FAIL: gcc.dg/attr-ifunc-4.c execution test
FAIL: gcc.dg/attr-ifunc-5.c execution test
FAIL: gcc.dg/attr-weakref-1.c (test for excess errors)
WARNING: gcc.dg/attr-weakref-1.c compilation failed to produce executable
FAIL: gcc.dg/builtin-object-size-8.c execution test
FAIL: gcc.dg/c99-stdint-1.c (test for excess errors)
FAIL: gcc.dg/gcc-have-sync-compare-and-swap.c (test for excess errors)
FAIL: gcc.dg/lower-subreg-1.c scan-rtl-dump subreg1 "Splitting reg"
FAIL: gcc.dg/uninit-13.c unconditional (test for warnings, line 8)
FAIL: gcc.dg/uninit-13.c (test for excess errors)
FAIL: gcc.dg/var-expand1.c scan-rtl-dump loop2_unroll "Expanding Accumulator"
FAIL: gcc.dg/pch/common-1.c  -O0 -g -I. -Dwith_PCH (internal compiler error)
FAIL: gcc.dg/pch/common-1.c  -O0 -g -I. -Dwith_PCH (test for excess errors)
FAIL: gcc.dg/pch/common-1.c -O0 -g assembly comparison
FAIL: gcc.dg/pch/common-1.c   -O0  -I. -Dwith_PCH (internal compiler error)
FAIL: gcc.dg/pch/common-1.c   -O0  -I. -Dwith_PCH (test for excess errors)
FAIL: gcc.dg/pch/common-1.c  -O0  assembly comparison
FAIL: gcc.dg/pch/common-1.c   -O1  -I. -Dwith_PCH (internal compiler error)
FAIL: gcc.dg/pch/common-1.c   -O1  -I. -Dwith_PCH (test for excess errors)
FAIL: gcc.dg/pch/common-1.c  -O1  assembly comparison
FAIL: gcc.dg/pch/common-1.c   -O2  -I. -Dwith_PCH (internal compiler error)
FAIL: gcc.dg/pch/common-1.c   -O2  -I. -Dwith_PCH (test for excess errors)
FAIL: gcc.dg/pch/common-1.c  -O2  assembly comparison
FAIL: gcc.dg/pch/common-1.c   -O3 -fomit-frame-pointer  -I. -Dwith_PCH (internal compiler error)
FAIL: gcc.dg/pch/common-1.c   -O3 -fomit-frame-pointer  -I. -Dwith_PCH (test for excess errors)
FAIL: gcc.dg/pch/common-1.c  -O3 -fomit-frame-pointer  assembly comparison
FAIL: gcc.dg/pch/common-1.c   -O3 -g  -I. -Dwith_PCH (internal compiler error)
FAIL: gcc.dg/pch/common-1.c   -O3 -g  -I. -Dwith_PCH (test for excess errors)
FAIL: gcc.dg/pch/common-1.c  -O3 -g  assembly comparison
FAIL: gcc.dg/pch/common-1.c   -Os  -I. -Dwith_PCH (internal compiler error)
FAIL: gcc.dg/pch/common-1.c   -Os  -I. -Dwith_PCH (test for excess errors)
FAIL: gcc.dg/pch/common-1.c  -Os  assembly comparison
FAIL: gcc.dg/pch/counter-1.c  -O0 -g -I. -Dwith_PCH (internal compiler error)
FAIL: gcc.dg/pch/counter-1.c  -O0 -g -I. -Dwith_PCH (test for excess errors)
FAIL: gcc.dg/pch/counter-1.c -O0 -g assembly comparison
FAIL: gcc.dg/pch/counter-1.c   -O0  -I. -Dwith_PCH (internal compiler error)
FAIL: gcc.dg/pch/counter-1.c   -O0  -I. -Dwith_PCH (test for excess errors)
FAIL: gcc.dg/pch/counter-1.c  -O0  assembly comparison
FAIL: gcc.dg/pch/counter-1.c   -O1  -I. -Dwith_PCH (internal compiler error)
FAIL: gcc.dg/pch/counter-1.c   -O1  -I. -Dwith_PCH (test for excess errors)
FAIL: gcc.dg/pch/counter-1.c  -O1  assembly comparison
FAIL: gcc.dg/pch/counter-1.c   -O2  -I. -Dwith_PCH (internal compiler error)
FAIL: gcc.dg/pch/counter-1.c   -O2  -I. -Dwith_PCH (test for excess errors)
FAIL: gcc.dg/pch/counter-1.c  -O2  assembly comparison
FAIL: gcc.dg/pch/counter-1.c   -O3 -fomit-frame-pointer  -I. -Dwith_PCH (internal compiler error)
FAIL: gcc.dg/pch/counter-1.c   -O3 -fomit-frame-pointer  -I. -Dwith_PCH (test for excess errors)
FAIL: gcc.dg/pch/counter-1.c  -O3 -fomit-frame-pointer  assembly comparison
FAIL: gcc.dg/pch/counter-1.c   -O3 -g  -I. -Dwith_PCH (internal compiler error)
FAIL: gcc.dg/pch/counter-1.c   -O3 -g  -I. -Dwith_PCH (test for excess errors)
FAIL: gcc.dg/pch/counter-1.c  -O3 -g  assembly comparison
FAIL: gcc.dg/pch/counter-1.c   -Os  -I. -Dwith_PCH (internal compiler error)
FAIL: gcc.dg/pch/counter-1.c   -Os  -I. -Dwith_PCH (test for excess errors)
FAIL: gcc.dg/pch/counter-1.c  -Os  assembly comparison
FAIL: gcc.dg/pch/counter-3.c  -O0 -g -I. -Dwith_PCH (internal compiler error)
FAIL: gcc.dg/pch/counter-3.c  -O0 -g -I. -Dwith_PCH (test for excess errors)
FAIL: gcc.dg/pch/counter-3.c -O0 -g assembly comparison
FAIL: gcc.dg/pch/counter-3.c   -O0  -I. -Dwith_PCH (internal compiler error)
FAIL: gcc.dg/pch/counter-3.c   -O0  -I. -Dwith_PCH (test for excess errors)
FAIL: gcc.dg/pch/counter-3.c  -O0  assembly comparison
FAIL: gcc.dg/pch/counter-3.c   -O1  -I. -Dwith_PCH (internal compiler error)
FAIL: gcc.dg/pch/counter-3.c   -O1  -I. -Dwith_PCH (test for excess errors)
FAIL: gcc.dg/pch/counter-3.c  -O1  assembly comparison
FAIL: gcc.dg/pch/counter-3.c   -O2  -I. -Dwith_PCH (internal compiler error)
FAIL: gcc.dg/pch/counter-3.c   -O2  -I. -Dwith_PCH (test for excess errors)
FAIL: gcc.dg/pch/counter-3.c  -O2  assembly comparison
FAIL: gcc.dg/pch/counter-3.c   -O3 -fomit-frame-pointer  -I. -Dwith_PCH (internal compiler error)
FAIL: gcc.dg/pch/counter-3.c   -O3 -fomit-frame-pointer  -I. -Dwith_PCH (test for excess errors)
FAIL: gcc.dg/pch/counter-3.c  -O3 -fomit-frame-pointer  assembly comparison
FAIL: gcc.dg/pch/counter-3.c   -O3 -g  -I. -Dwith_PCH (internal compiler error)
FAIL: gcc.dg/pch/counter-3.c   -O3 -g  -I. -Dwith_PCH (test for excess errors)
FAIL: gcc.dg/pch/counter-3.c  -O3 -g  assembly comparison
FAIL: gcc.dg/pch/counter-3.c   -Os  -I. -Dwith_PCH (internal compiler error)
FAIL: gcc.dg/pch/counter-3.c   -Os  -I. -Dwith_PCH (test for excess errors)
FAIL: gcc.dg/pch/counter-3.c  -Os  assembly comparison
FAIL: gcc.dg/pch/cpp-1.c  -O0 -g -I. -Dwith_PCH (internal compiler error)
FAIL: gcc.dg/pch/cpp-1.c  -O0 -g -I. -Dwith_PCH (test for excess errors)
FAIL: gcc.dg/pch/cpp-1.c -O0 -g assembly comparison
FAIL: gcc.dg/pch/cpp-1.c   -O0  -I. -Dwith_PCH (internal compiler error)
FAIL: gcc.dg/pch/cpp-1.c   -O0  -I. -Dwith_PCH (test for excess errors)
FAIL: gcc.dg/pch/cpp-1.c  -O0  assembly comparison
FAIL: gcc.dg/pch/cpp-1.c   -O1  -I. -Dwith_PCH (internal compiler error)
FAIL: gcc.dg/pch/cpp-1.c   -O1  -I. -Dwith_PCH (test for excess errors)
FAIL: gcc.dg/pch/cpp-1.c  -O1  assembly comparison
FAIL: gcc.dg/pch/cpp-1.c   -O2  -I. -Dwith_PCH (internal compiler error)
FAIL: gcc.dg/pch/cpp-1.c   -O2  -I. -Dwith_PCH (test for excess errors)
FAIL: gcc.dg/pch/cpp-1.c  -O2  assembly comparison
FAIL: gcc.dg/pch/cpp-1.c   -O3 -fomit-frame-pointer  -I. -Dwith_PCH (internal compiler error)
FAIL: gcc.dg/pch/cpp-1.c   -O3 -fomit-frame-pointer  -I. -Dwith_PCH (test for excess errors)
FAIL: gcc.dg/pch/cpp-1.c  -O3 -fomit-frame-pointer  assembly comparison
FAIL: gcc.dg/pch/cpp-1.c   -O3 -g  -I. -Dwith_PCH (internal compiler error)
FAIL: gcc.dg/pch/cpp-1.c   -O3 -g  -I. -Dwith_PCH (test for excess errors)
FAIL: gcc.dg/pch/cpp-1.c  -O3 -g  assembly comparison
FAIL: gcc.dg/pch/cpp-1.c   -Os  -I. -Dwith_PCH (internal compiler error)
FAIL: gcc.dg/pch/cpp-1.c   -Os  -I. -Dwith_PCH (test for excess errors)
FAIL: gcc.dg/pch/cpp-1.c  -Os  assembly comparison
FAIL: gcc.dg/pch/cpp-2.c  -O0 -g -I. -Dwith_PCH (internal compiler error)
FAIL: gcc.dg/pch/cpp-2.c  -O0 -g -I. -Dwith_PCH (test for excess errors)
FAIL: gcc.dg/pch/cpp-2.c -O0 -g assembly comparison
FAIL: gcc.dg/pch/cpp-2.c   -O0  -I. -Dwith_PCH (internal compiler error)
FAIL: gcc.dg/pch/cpp-2.c   -O0  -I. -Dwith_PCH (test for excess errors)
FAIL: gcc.dg/pch/cpp-2.c  -O0  assembly comparison
FAIL: gcc.dg/pch/cpp-2.c   -O1  -I. -Dwith_PCH (internal compiler error)
FAIL: gcc.dg/pch/cpp-2.c   -O1  -I. -Dwith_PCH (test for excess errors)
FAIL: gcc.dg/pch/cpp-2.c  -O1  assembly comparison
FAIL: gcc.dg/pch/cpp-2.c   -O2  -I. -Dwith_PCH (internal compiler error)
FAIL: gcc.dg/pch/cpp-2.c   -O2  -I. -Dwith_PCH (test for excess errors)
FAIL: gcc.dg/pch/cpp-2.c  -O2  assembly comparison
FAIL: gcc.dg/pch/cpp-2.c   -O3 -fomit-frame-pointer  -I. -Dwith_PCH (internal compiler error)
FAIL: gcc.dg/pch/cpp-2.c   -O3 -fomit-frame-pointer  -I. -Dwith_PCH (test for excess errors)
FAIL: gcc.dg/pch/cpp-2.c  -O3 -fomit-frame-pointer  assembly comparison
FAIL: gcc.dg/pch/cpp-2.c   -O3 -g  -I. -Dwith_PCH (internal compiler error)
FAIL: gcc.dg/pch/cpp-2.c   -O3 -g  -I. -Dwith_PCH (test for excess errors)
FAIL: gcc.dg/pch/cpp-2.c  -O3 -g  assembly comparison
FAIL: gcc.dg/pch/cpp-2.c   -Os  -I. -Dwith_PCH (internal compiler error)
FAIL: gcc.dg/pch/cpp-2.c   -Os  -I. -Dwith_PCH (test for excess errors)
FAIL: gcc.dg/pch/cpp-2.c  -Os  assembly comparison
FAIL: gcc.dg/pch/cpp-3.c  -O0 -g -I. -Dwith_PCH (internal compiler error)
FAIL: gcc.dg/pch/cpp-3.c  -O0 -g -I. -Dwith_PCH (test for excess errors)
FAIL: gcc.dg/pch/cpp-3.c -O0 -g assembly comparison
FAIL: gcc.dg/pch/cpp-3.c   -O0  -I. -Dwith_PCH (internal compiler error)
FAIL: gcc.dg/pch/cpp-3.c   -O0  -I. -Dwith_PCH (test for excess errors)
FAIL: gcc.dg/pch/cpp-3.c  -O0  assembly comparison
FAIL: gcc.dg/pch/cpp-3.c   -O1  -I. -Dwith_PCH (internal compiler error)
FAIL: gcc.dg/pch/cpp-3.c   -O1  -I. -Dwith_PCH (test for excess errors)
FAIL: gcc.dg/pch/cpp-3.c  -O1  assembly comparison
FAIL: gcc.dg/pch/cpp-3.c   -O2  -I. -Dwith_PCH (internal compiler error)
FAIL: gcc.dg/pch/cpp-3.c   -O2  -I. -Dwith_PCH (test for excess errors)
FAIL: gcc.dg/pch/cpp-3.c  -O2  assembly comparison
FAIL: gcc.dg/pch/cpp-3.c   -O3 -fomit-frame-pointer  -I. -Dwith_PCH (internal compiler error)
FAIL: gcc.dg/pch/cpp-3.c   -O3 -fomit-frame-pointer  -I. -Dwith_PCH (test for excess errors)
FAIL: gcc.dg/pch/cpp-3.c  -O3 -fomit-frame-pointer  assembly comparison
FAIL: gcc.dg/pch/cpp-3.c   -O3 -g  -I. -Dwith_PCH (internal compiler error)
FAIL: gcc.dg/pch/cpp-3.c   -O3 -g  -I. -Dwith_PCH (test for excess errors)
FAIL: gcc.dg/pch/cpp-3.c  -O3 -g  assembly comparison
FAIL: gcc.dg/pch/cpp-3.c   -Os  -I. -Dwith_PCH (internal compiler error)
FAIL: gcc.dg/pch/cpp-3.c   -Os  -I. -Dwith_PCH (test for excess errors)
FAIL: gcc.dg/pch/cpp-3.c  -Os  assembly comparison
FAIL: gcc.dg/pch/decl-1.c  -O0 -g -I. -Dwith_PCH (internal compiler error)
FAIL: gcc.dg/pch/decl-1.c  -O0 -g -I. -Dwith_PCH (test for excess errors)
FAIL: gcc.dg/pch/decl-1.c -O0 -g assembly comparison
FAIL: gcc.dg/pch/decl-1.c   -O0  -I. -Dwith_PCH (internal compiler error)
FAIL: gcc.dg/pch/decl-1.c   -O0  -I. -Dwith_PCH (test for excess errors)
FAIL: gcc.dg/pch/decl-1.c  -O0  assembly comparison
FAIL: gcc.dg/pch/decl-1.c   -O1  -I. -Dwith_PCH (internal compiler error)
FAIL: gcc.dg/pch/decl-1.c   -O1  -I. -Dwith_PCH (test for excess errors)
FAIL: gcc.dg/pch/decl-1.c  -O1  assembly comparison
FAIL: gcc.dg/pch/decl-1.c   -O2  -I. -Dwith_PCH (internal compiler error)
FAIL: gcc.dg/pch/decl-1.c   -O2  -I. -Dwith_PCH (test for excess errors)
FAIL: gcc.dg/pch/decl-1.c  -O2  assembly comparison
FAIL: gcc.dg/pch/decl-1.c   -O3 -fomit-frame-pointer  -I. -Dwith_PCH (internal compiler error)
FAIL: gcc.dg/pch/decl-1.c   -O3 -fomit-frame-pointer  -I. -Dwith_PCH (test for excess errors)
FAIL: gcc.dg/pch/decl-1.c  -O3 -fomit-frame-pointer  assembly comparison
FAIL: gcc.dg/pch/decl-1.c   -O3 -g  -I. -Dwith_PCH (internal compiler error)
FAIL: gcc.dg/pch/decl-1.c   -O3 -g  -I. -Dwith_PCH (test for excess errors)
FAIL: gcc.dg/pch/decl-1.c  -O3 -g  assembly comparison
FAIL: gcc.dg/pch/decl-1.c   -Os  -I. -Dwith_PCH (internal compiler error)
FAIL: gcc.dg/pch/decl-1.c   -Os  -I. -Dwith_PCH (test for excess errors)
FAIL: gcc.dg/pch/decl-1.c  -Os  assembly comparison
FAIL: gcc.dg/pch/decl-2.c  -O0 -g -I. -Dwith_PCH (internal compiler error)
FAIL: gcc.dg/pch/decl-2.c  -O0 -g -I. -Dwith_PCH (test for excess errors)
FAIL: gcc.dg/pch/decl-2.c -O0 -g assembly comparison
FAIL: gcc.dg/pch/decl-2.c   -O0  -I. -Dwith_PCH (internal compiler error)
FAIL: gcc.dg/pch/decl-2.c   -O0  -I. -Dwith_PCH (test for excess errors)
FAIL: gcc.dg/pch/decl-2.c  -O0  assembly comparison
FAIL: gcc.dg/pch/decl-2.c   -O1  -I. -Dwith_PCH (internal compiler error)
FAIL: gcc.dg/pch/decl-2.c   -O1  -I. -Dwith_PCH (test for excess errors)
FAIL: gcc.dg/pch/decl-2.c  -O1  assembly comparison
FAIL: gcc.dg/pch/decl-2.c   -O2  -I. -Dwith_PCH (internal compiler error)
FAIL: gcc.dg/pch/decl-2.c   -O2  -I. -Dwith_PCH (test for excess errors)
FAIL: gcc.dg/pch/decl-2.c  -O2  assembly comparison
FAIL: gcc.dg/pch/decl-2.c   -O3 -fomit-frame-pointer  -I. -Dwith_PCH (internal compiler error)
FAIL: gcc.dg/pch/decl-2.c   -O3 -fomit-frame-pointer  -I. -Dwith_PCH (test for excess errors)
FAIL: gcc.dg/pch/decl-2.c  -O3 -fomit-frame-pointer  assembly comparison
FAIL: gcc.dg/pch/decl-2.c   -O3 -g  -I. -Dwith_PCH (internal compiler error)
FAIL: gcc.dg/pch/decl-2.c   -O3 -g  -I. -Dwith_PCH (test for excess errors)
FAIL: gcc.dg/pch/decl-2.c  -O3 -g  assembly comparison
FAIL: gcc.dg/pch/decl-2.c   -Os  -I. -Dwith_PCH (internal compiler error)
FAIL: gcc.dg/pch/decl-2.c   -Os  -I. -Dwith_PCH (test for excess errors)
FAIL: gcc.dg/pch/decl-2.c  -Os  assembly comparison
FAIL: gcc.dg/pch/decl-3.c  -O0 -g -I. -Dwith_PCH (internal compiler error)
FAIL: gcc.dg/pch/decl-3.c  -O0 -g -I. -Dwith_PCH (test for excess errors)
FAIL: gcc.dg/pch/decl-3.c -O0 -g assembly comparison
FAIL: gcc.dg/pch/decl-3.c   -O0  -I. -Dwith_PCH (internal compiler error)
FAIL: gcc.dg/pch/decl-3.c   -O0  -I. -Dwith_PCH (test for excess errors)
FAIL: gcc.dg/pch/decl-3.c  -O0  assembly comparison
FAIL: gcc.dg/pch/decl-3.c   -O1  -I. -Dwith_PCH (internal compiler error)
FAIL: gcc.dg/pch/decl-3.c   -O1  -I. -Dwith_PCH (test for excess errors)
FAIL: gcc.dg/pch/decl-3.c  -O1  assembly comparison
FAIL: gcc.dg/pch/decl-3.c   -O2  -I. -Dwith_PCH (internal compiler error)
FAIL: gcc.dg/pch/decl-3.c   -O2  -I. -Dwith_PCH (test for excess errors)
FAIL: gcc.dg/pch/decl-3.c  -O2  assembly comparison
FAIL: gcc.dg/pch/decl-3.c   -O3 -fomit-frame-pointer  -I. -Dwith_PCH (internal compiler error)
FAIL: gcc.dg/pch/decl-3.c   -O3 -fomit-frame-pointer  -I. -Dwith_PCH (test for excess errors)
FAIL: gcc.dg/pch/decl-3.c  -O3 -fomit-frame-pointer  assembly comparison
FAIL: gcc.dg/pch/decl-3.c   -O3 -g  -I. -Dwith_PCH (internal compiler error)
FAIL: gcc.dg/pch/decl-3.c   -O3 -g  -I. -Dwith_PCH (test for excess errors)
FAIL: gcc.dg/pch/decl-3.c  -O3 -g  assembly comparison
FAIL: gcc.dg/pch/decl-3.c   -Os  -I. -Dwith_PCH (internal compiler error)
FAIL: gcc.dg/pch/decl-3.c   -Os  -I. -Dwith_PCH (test for excess errors)
FAIL: gcc.dg/pch/decl-3.c  -Os  assembly comparison
FAIL: gcc.dg/pch/decl-4.c  -O0 -g -I. -Dwith_PCH (internal compiler error)
FAIL: gcc.dg/pch/decl-4.c  -O0 -g -I. -Dwith_PCH (test for excess errors)
FAIL: gcc.dg/pch/decl-4.c -O0 -g assembly comparison
FAIL: gcc.dg/pch/decl-4.c   -O0  -I. -Dwith_PCH (internal compiler error)
FAIL: gcc.dg/pch/decl-4.c   -O0  -I. -Dwith_PCH (test for excess errors)
FAIL: gcc.dg/pch/decl-4.c  -O0  assembly comparison
FAIL: gcc.dg/pch/decl-4.c   -O1  -I. -Dwith_PCH (internal compiler error)
FAIL: gcc.dg/pch/decl-4.c   -O1  -I. -Dwith_PCH (test for excess errors)
FAIL: gcc.dg/pch/decl-4.c  -O1  assembly comparison
FAIL: gcc.dg/pch/decl-4.c   -O2  -I. -Dwith_PCH (internal compiler error)
FAIL: gcc.dg/pch/decl-4.c   -O2  -I. -Dwith_PCH (test for excess errors)
FAIL: gcc.dg/pch/decl-4.c  -O2  assembly comparison
FAIL: gcc.dg/pch/decl-4.c   -O3 -fomit-frame-pointer  -I. -Dwith_PCH (internal compiler error)
FAIL: gcc.dg/pch/decl-4.c   -O3 -fomit-frame-pointer  -I. -Dwith_PCH (test for excess errors)
FAIL: gcc.dg/pch/decl-4.c  -O3 -fomit-frame-pointer  assembly comparison
FAIL: gcc.dg/pch/decl-4.c   -O3 -g  -I. -Dwith_PCH (internal compiler error)
FAIL: gcc.dg/pch/decl-4.c   -O3 -g  -I. -Dwith_PCH (test for excess errors)
FAIL: gcc.dg/pch/decl-4.c  -O3 -g  assembly comparison
FAIL: gcc.dg/pch/decl-4.c   -Os  -I. -Dwith_PCH (internal compiler error)
FAIL: gcc.dg/pch/decl-4.c   -Os  -I. -Dwith_PCH (test for excess errors)
FAIL: gcc.dg/pch/decl-4.c  -Os  assembly comparison
FAIL: gcc.dg/pch/decl-5.c  -O0 -g -I. -Dwith_PCH (internal compiler error)
FAIL: gcc.dg/pch/decl-5.c  -O0 -g -I. -Dwith_PCH (test for excess errors)
FAIL: gcc.dg/pch/decl-5.c -O0 -g assembly comparison
FAIL: gcc.dg/pch/decl-5.c   -O0  -I. -Dwith_PCH (internal compiler error)
FAIL: gcc.dg/pch/decl-5.c   -O0  -I. -Dwith_PCH (test for excess errors)
FAIL: gcc.dg/pch/decl-5.c  -O0  assembly comparison
FAIL: gcc.dg/pch/decl-5.c   -O1  -I. -Dwith_PCH (internal compiler error)
FAIL: gcc.dg/pch/decl-5.c   -O1  -I. -Dwith_PCH (test for excess errors)
FAIL: gcc.dg/pch/decl-5.c  -O1  assembly comparison
FAIL: gcc.dg/pch/decl-5.c   -O2  -I. -Dwith_PCH (internal compiler error)
FAIL: gcc.dg/pch/decl-5.c   -O2  -I. -Dwith_PCH (test for excess errors)
FAIL: gcc.dg/pch/decl-5.c  -O2  assembly comparison
FAIL: gcc.dg/pch/decl-5.c   -O3 -fomit-frame-pointer  -I. -Dwith_PCH (internal compiler error)
FAIL: gcc.dg/pch/decl-5.c   -O3 -fomit-frame-pointer  -I. -Dwith_PCH (test for excess errors)
FAIL: gcc.dg/pch/decl-5.c  -O3 -fomit-frame-pointer  assembly comparison
FAIL: gcc.dg/pch/decl-5.c   -O3 -g  -I. -Dwith_PCH (internal compiler error)
FAIL: gcc.dg/pch/decl-5.c   -O3 -g  -I. -Dwith_PCH (test for excess errors)
FAIL: gcc.dg/pch/decl-5.c  -O3 -g  assembly comparison
FAIL: gcc.dg/pch/decl-5.c   -Os  -I. -Dwith_PCH (internal compiler error)
FAIL: gcc.dg/pch/decl-5.c   -Os  -I. -Dwith_PCH (test for excess errors)
FAIL: gcc.dg/pch/decl-5.c  -Os  assembly comparison
FAIL: gcc.dg/pch/empty.c  -O0 -g -I. -Dwith_PCH (internal compiler error)
FAIL: gcc.dg/pch/empty.c  -O0 -g -I. -Dwith_PCH (test for excess errors)
FAIL: gcc.dg/pch/empty.c -O0 -g assembly comparison
FAIL: gcc.dg/pch/empty.c   -O0  -I. -Dwith_PCH (internal compiler error)
FAIL: gcc.dg/pch/empty.c   -O0  -I. -Dwith_PCH (test for excess errors)
FAIL: gcc.dg/pch/empty.c  -O0  assembly comparison
FAIL: gcc.dg/pch/empty.c   -O1  -I. -Dwith_PCH (internal compiler error)
FAIL: gcc.dg/pch/empty.c   -O1  -I. -Dwith_PCH (test for excess errors)
FAIL: gcc.dg/pch/empty.c  -O1  assembly comparison
FAIL: gcc.dg/pch/empty.c   -O2  -I. -Dwith_PCH (internal compiler error)
FAIL: gcc.dg/pch/empty.c   -O2  -I. -Dwith_PCH (test for excess errors)
FAIL: gcc.dg/pch/empty.c  -O2  assembly comparison
FAIL: gcc.dg/pch/empty.c   -O3 -fomit-frame-pointer  -I. -Dwith_PCH (internal compiler error)
FAIL: gcc.dg/pch/empty.c   -O3 -fomit-frame-pointer  -I. -Dwith_PCH (test for excess errors)
FAIL: gcc.dg/pch/empty.c  -O3 -fomit-frame-pointer  assembly comparison
FAIL: gcc.dg/pch/empty.c   -O3 -g  -I. -Dwith_PCH (internal compiler error)
FAIL: gcc.dg/pch/empty.c   -O3 -g  -I. -Dwith_PCH (test for excess errors)
FAIL: gcc.dg/pch/empty.c  -O3 -g  assembly comparison
FAIL: gcc.dg/pch/empty.c   -Os  -I. -Dwith_PCH (internal compiler error)
FAIL: gcc.dg/pch/empty.c   -Os  -I. -Dwith_PCH (test for excess errors)
FAIL: gcc.dg/pch/empty.c  -Os  assembly comparison
FAIL: gcc.dg/pch/except-1.c  -O0 -g -I. -Dwith_PCH (internal compiler error)
FAIL: gcc.dg/pch/except-1.c  -O0 -g -I. -Dwith_PCH (test for excess errors)
FAIL: gcc.dg/pch/except-1.c -O0 -g assembly comparison
FAIL: gcc.dg/pch/except-1.c   -O0  -I. -Dwith_PCH (internal compiler error)
FAIL: gcc.dg/pch/except-1.c   -O0  -I. -Dwith_PCH (test for excess errors)
FAIL: gcc.dg/pch/except-1.c  -O0  assembly comparison
FAIL: gcc.dg/pch/except-1.c   -O1  -I. -Dwith_PCH (internal compiler error)
FAIL: gcc.dg/pch/except-1.c   -O1  -I. -Dwith_PCH (test for excess errors)
FAIL: gcc.dg/pch/except-1.c  -O1  assembly comparison
FAIL: gcc.dg/pch/except-1.c   -O2  -I. -Dwith_PCH (internal compiler error)
FAIL: gcc.dg/pch/except-1.c   -O2  -I. -Dwith_PCH (test for excess errors)
FAIL: gcc.dg/pch/except-1.c  -O2  assembly comparison
FAIL: gcc.dg/pch/except-1.c   -O3 -fomit-frame-pointer  -I. -Dwith_PCH (internal compiler error)
FAIL: gcc.dg/pch/except-1.c   -O3 -fomit-frame-pointer  -I. -Dwith_PCH (test for excess errors)
FAIL: gcc.dg/pch/except-1.c  -O3 -fomit-frame-pointer  assembly comparison
FAIL: gcc.dg/pch/except-1.c   -O3 -g  -I. -Dwith_PCH (internal compiler error)
FAIL: gcc.dg/pch/except-1.c   -O3 -g  -I. -Dwith_PCH (test for excess errors)
FAIL: gcc.dg/pch/except-1.c  -O3 -g  assembly comparison
FAIL: gcc.dg/pch/except-1.c   -Os  -I. -Dwith_PCH (internal compiler error)
FAIL: gcc.dg/pch/except-1.c   -Os  -I. -Dwith_PCH (test for excess errors)
FAIL: gcc.dg/pch/except-1.c  -Os  assembly comparison
FAIL: gcc.dg/pch/global-1.c  -O0 -g -I. -Dwith_PCH (internal compiler error)
FAIL: gcc.dg/pch/global-1.c  -O0 -g -I. -Dwith_PCH (test for excess errors)
FAIL: gcc.dg/pch/global-1.c -O0 -g assembly comparison
FAIL: gcc.dg/pch/global-1.c   -O0  -I. -Dwith_PCH (internal compiler error)
FAIL: gcc.dg/pch/global-1.c   -O0  -I. -Dwith_PCH (test for excess errors)
FAIL: gcc.dg/pch/global-1.c  -O0  assembly comparison
FAIL: gcc.dg/pch/global-1.c   -O1  -I. -Dwith_PCH (internal compiler error)
FAIL: gcc.dg/pch/global-1.c   -O1  -I. -Dwith_PCH (test for excess errors)
FAIL: gcc.dg/pch/global-1.c  -O1  assembly comparison
FAIL: gcc.dg/pch/global-1.c   -O2  -I. -Dwith_PCH (internal compiler error)
FAIL: gcc.dg/pch/global-1.c   -O2  -I. -Dwith_PCH (test for excess errors)
FAIL: gcc.dg/pch/global-1.c  -O2  assembly comparison
FAIL: gcc.dg/pch/global-1.c   -O3 -fomit-frame-pointer  -I. -Dwith_PCH (internal compiler error)
FAIL: gcc.dg/pch/global-1.c   -O3 -fomit-frame-pointer  -I. -Dwith_PCH (test for excess errors)
FAIL: gcc.dg/pch/global-1.c  -O3 -fomit-frame-pointer  assembly comparison
FAIL: gcc.dg/pch/global-1.c   -O3 -g  -I. -Dwith_PCH (internal compiler error)
FAIL: gcc.dg/pch/global-1.c   -O3 -g  -I. -Dwith_PCH (test for excess errors)
FAIL: gcc.dg/pch/global-1.c  -O3 -g  assembly comparison
FAIL: gcc.dg/pch/global-1.c   -Os  -I. -Dwith_PCH (internal compiler error)
FAIL: gcc.dg/pch/global-1.c   -Os  -I. -Dwith_PCH (test for excess errors)
FAIL: gcc.dg/pch/global-1.c  -Os  assembly comparison
FAIL: gcc.dg/pch/ident-1.c  -O0 -g -I. -Dwith_PCH (internal compiler error)
FAIL: gcc.dg/pch/ident-1.c  -O0 -g -I. -Dwith_PCH (test for excess errors)
FAIL: gcc.dg/pch/ident-1.c -O0 -g assembly comparison
FAIL: gcc.dg/pch/ident-1.c   -O0  -I. -Dwith_PCH (internal compiler error)
FAIL: gcc.dg/pch/ident-1.c   -O0  -I. -Dwith_PCH (test for excess errors)
FAIL: gcc.dg/pch/ident-1.c  -O0  assembly comparison
FAIL: gcc.dg/pch/ident-1.c   -O1  -I. -Dwith_PCH (internal compiler error)
FAIL: gcc.dg/pch/ident-1.c   -O1  -I. -Dwith_PCH (test for excess errors)
FAIL: gcc.dg/pch/ident-1.c  -O1  assembly comparison
FAIL: gcc.dg/pch/ident-1.c   -O2  -I. -Dwith_PCH (internal compiler error)
FAIL: gcc.dg/pch/ident-1.c   -O2  -I. -Dwith_PCH (test for excess errors)
FAIL: gcc.dg/pch/ident-1.c  -O2  assembly comparison
FAIL: gcc.dg/pch/ident-1.c   -O3 -fomit-frame-pointer  -I. -Dwith_PCH (internal compiler error)
FAIL: gcc.dg/pch/ident-1.c   -O3 -fomit-frame-pointer  -I. -Dwith_PCH (test for excess errors)
FAIL: gcc.dg/pch/ident-1.c  -O3 -fomit-frame-pointer  assembly comparison
FAIL: gcc.dg/pch/ident-1.c   -O3 -g  -I. -Dwith_PCH (internal compiler error)
FAIL: gcc.dg/pch/ident-1.c   -O3 -g  -I. -Dwith_PCH (test for excess errors)
FAIL: gcc.dg/pch/ident-1.c  -O3 -g  assembly comparison
FAIL: gcc.dg/pch/ident-1.c   -Os  -I. -Dwith_PCH (internal compiler error)
FAIL: gcc.dg/pch/ident-1.c   -Os  -I. -Dwith_PCH (test for excess errors)
FAIL: gcc.dg/pch/ident-1.c  -Os  assembly comparison
FAIL: gcc.dg/pch/import-1.c  -O0 -g -I. -Dwith_PCH (internal compiler error)
FAIL: gcc.dg/pch/import-1.c  -O0 -g -I. -Dwith_PCH (test for excess errors)
FAIL: gcc.dg/pch/import-1.c -O0 -g assembly comparison
FAIL: gcc.dg/pch/import-1.c   -O0  -I. -Dwith_PCH (internal compiler error)
FAIL: gcc.dg/pch/import-1.c   -O0  -I. -Dwith_PCH (test for excess errors)
FAIL: gcc.dg/pch/import-1.c  -O0  assembly comparison
FAIL: gcc.dg/pch/import-1.c   -O1  -I. -Dwith_PCH (internal compiler error)
FAIL: gcc.dg/pch/import-1.c   -O1  -I. -Dwith_PCH (test for excess errors)
FAIL: gcc.dg/pch/import-1.c  -O1  assembly comparison
FAIL: gcc.dg/pch/import-1.c   -O2  -I. -Dwith_PCH (internal compiler error)
FAIL: gcc.dg/pch/import-1.c   -O2  -I. -Dwith_PCH (test for excess errors)
FAIL: gcc.dg/pch/import-1.c  -O2  assembly comparison
FAIL: gcc.dg/pch/import-1.c   -O3 -fomit-frame-pointer  -I. -Dwith_PCH (internal compiler error)
FAIL: gcc.dg/pch/import-1.c   -O3 -fomit-frame-pointer  -I. -Dwith_PCH (test for excess errors)
FAIL: gcc.dg/pch/import-1.c  -O3 -fomit-frame-pointer  assembly comparison
FAIL: gcc.dg/pch/import-1.c   -O3 -g  -I. -Dwith_PCH (internal compiler error)
FAIL: gcc.dg/pch/import-1.c   -O3 -g  -I. -Dwith_PCH (test for excess errors)
FAIL: gcc.dg/pch/import-1.c  -O3 -g  assembly comparison
FAIL: gcc.dg/pch/import-1.c   -Os  -I. -Dwith_PCH (internal compiler error)
FAIL: gcc.dg/pch/import-1.c   -Os  -I. -Dwith_PCH (test for excess errors)
FAIL: gcc.dg/pch/import-1.c  -Os  assembly comparison
FAIL: gcc.dg/pch/import-2.c  -O0 -g -I. -Dwith_PCH (internal compiler error)
FAIL: gcc.dg/pch/import-2.c  -O0 -g -I. -Dwith_PCH (test for excess errors)
FAIL: gcc.dg/pch/import-2.c -O0 -g assembly comparison
FAIL: gcc.dg/pch/import-2.c   -O0  -I. -Dwith_PCH (internal compiler error)
FAIL: gcc.dg/pch/import-2.c   -O0  -I. -Dwith_PCH (test for excess errors)
FAIL: gcc.dg/pch/import-2.c  -O0  assembly comparison
FAIL: gcc.dg/pch/import-2.c   -O1  -I. -Dwith_PCH (internal compiler error)
FAIL: gcc.dg/pch/import-2.c   -O1  -I. -Dwith_PCH (test for excess errors)
FAIL: gcc.dg/pch/import-2.c  -O1  assembly comparison
FAIL: gcc.dg/pch/import-2.c   -O2  -I. -Dwith_PCH (internal compiler error)
FAIL: gcc.dg/pch/import-2.c   -O2  -I. -Dwith_PCH (test for excess errors)
FAIL: gcc.dg/pch/import-2.c  -O2  assembly comparison
FAIL: gcc.dg/pch/import-2.c   -O3 -fomit-frame-pointer  -I. -Dwith_PCH (internal compiler error)
FAIL: gcc.dg/pch/import-2.c   -O3 -fomit-frame-pointer  -I. -Dwith_PCH (test for excess errors)
FAIL: gcc.dg/pch/import-2.c  -O3 -fomit-frame-pointer  assembly comparison
FAIL: gcc.dg/pch/import-2.c   -O3 -g  -I. -Dwith_PCH (internal compiler error)
FAIL: gcc.dg/pch/import-2.c   -O3 -g  -I. -Dwith_PCH (test for excess errors)
FAIL: gcc.dg/pch/import-2.c  -O3 -g  assembly comparison
FAIL: gcc.dg/pch/import-2.c   -Os  -I. -Dwith_PCH (internal compiler error)
FAIL: gcc.dg/pch/import-2.c   -Os  -I. -Dwith_PCH (test for excess errors)
FAIL: gcc.dg/pch/import-2.c  -Os  assembly comparison
FAIL: gcc.dg/pch/inline-1.c  -O0 -g -I. -Dwith_PCH (internal compiler error)
FAIL: gcc.dg/pch/inline-1.c  -O0 -g -I. -Dwith_PCH (test for excess errors)
FAIL: gcc.dg/pch/inline-1.c -O0 -g assembly comparison
FAIL: gcc.dg/pch/inline-1.c   -O0  -I. -Dwith_PCH (internal compiler error)
FAIL: gcc.dg/pch/inline-1.c   -O0  -I. -Dwith_PCH (test for excess errors)
FAIL: gcc.dg/pch/inline-1.c  -O0  assembly comparison
FAIL: gcc.dg/pch/inline-1.c   -O1  -I. -Dwith_PCH (internal compiler error)
FAIL: gcc.dg/pch/inline-1.c   -O1  -I. -Dwith_PCH (test for excess errors)
FAIL: gcc.dg/pch/inline-1.c  -O1  assembly comparison
FAIL: gcc.dg/pch/inline-1.c   -O2  -I. -Dwith_PCH (internal compiler error)
FAIL: gcc.dg/pch/inline-1.c   -O2  -I. -Dwith_PCH (test for excess errors)
FAIL: gcc.dg/pch/inline-1.c  -O2  assembly comparison
FAIL: gcc.dg/pch/inline-1.c   -O3 -fomit-frame-pointer  -I. -Dwith_PCH (internal compiler error)
FAIL: gcc.dg/pch/inline-1.c   -O3 -fomit-frame-pointer  -I. -Dwith_PCH (test for excess errors)
FAIL: gcc.dg/pch/inline-1.c  -O3 -fomit-frame-pointer  assembly comparison
FAIL: gcc.dg/pch/inline-1.c   -O3 -g  -I. -Dwith_PCH (internal compiler error)
FAIL: gcc.dg/pch/inline-1.c   -O3 -g  -I. -Dwith_PCH (test for excess errors)
FAIL: gcc.dg/pch/inline-1.c  -O3 -g  assembly comparison
FAIL: gcc.dg/pch/inline-1.c   -Os  -I. -Dwith_PCH (internal compiler error)
FAIL: gcc.dg/pch/inline-1.c   -Os  -I. -Dwith_PCH (test for excess errors)
FAIL: gcc.dg/pch/inline-1.c  -Os  assembly comparison
FAIL: gcc.dg/pch/inline-2.c  -O0 -g -I. -Dwith_PCH (internal compiler error)
FAIL: gcc.dg/pch/inline-2.c  -O0 -g -I. -Dwith_PCH (test for excess errors)
FAIL: gcc.dg/pch/inline-2.c -O0 -g assembly comparison
FAIL: gcc.dg/pch/inline-2.c   -O0  -I. -Dwith_PCH (internal compiler error)
FAIL: gcc.dg/pch/inline-2.c   -O0  -I. -Dwith_PCH (test for excess errors)
FAIL: gcc.dg/pch/inline-2.c  -O0  assembly comparison
FAIL: gcc.dg/pch/inline-2.c   -O1  -I. -Dwith_PCH (internal compiler error)
FAIL: gcc.dg/pch/inline-2.c   -O1  -I. -Dwith_PCH (test for excess errors)
FAIL: gcc.dg/pch/inline-2.c  -O1  assembly comparison
FAIL: gcc.dg/pch/inline-2.c   -O2  -I. -Dwith_PCH (internal compiler error)
FAIL: gcc.dg/pch/inline-2.c   -O2  -I. -Dwith_PCH (test for excess errors)
FAIL: gcc.dg/pch/inline-2.c  -O2  assembly comparison
FAIL: gcc.dg/pch/inline-2.c   -O3 -fomit-frame-pointer  -I. -Dwith_PCH (internal compiler error)
FAIL: gcc.dg/pch/inline-2.c   -O3 -fomit-frame-pointer  -I. -Dwith_PCH (test for excess errors)
FAIL: gcc.dg/pch/inline-2.c  -O3 -fomit-frame-pointer  assembly comparison
FAIL: gcc.dg/pch/inline-2.c   -O3 -g  -I. -Dwith_PCH (internal compiler error)
FAIL: gcc.dg/pch/inline-2.c   -O3 -g  -I. -Dwith_PCH (test for excess errors)
FAIL: gcc.dg/pch/inline-2.c  -O3 -g  assembly comparison
FAIL: gcc.dg/pch/inline-2.c   -Os  -I. -Dwith_PCH (internal compiler error)
FAIL: gcc.dg/pch/inline-2.c   -Os  -I. -Dwith_PCH (test for excess errors)
FAIL: gcc.dg/pch/inline-2.c  -Os  assembly comparison
FAIL: gcc.dg/pch/inline-3.c  -O0 -g -I. -Dwith_PCH (internal compiler error)
FAIL: gcc.dg/pch/inline-3.c  -O0 -g -I. -Dwith_PCH (test for excess errors)
FAIL: gcc.dg/pch/inline-3.c -O0 -g assembly comparison
FAIL: gcc.dg/pch/inline-3.c   -O0  -I. -Dwith_PCH (internal compiler error)
FAIL: gcc.dg/pch/inline-3.c   -O0  -I. -Dwith_PCH (test for excess errors)
FAIL: gcc.dg/pch/inline-3.c  -O0  assembly comparison
FAIL: gcc.dg/pch/inline-3.c   -O1  -I. -Dwith_PCH (internal compiler error)
FAIL: gcc.dg/pch/inline-3.c   -O1  -I. -Dwith_PCH (test for excess errors)
FAIL: gcc.dg/pch/inline-3.c  -O1  assembly comparison
FAIL: gcc.dg/pch/inline-3.c   -O2  -I. -Dwith_PCH (internal compiler error)
FAIL: gcc.dg/pch/inline-3.c   -O2  -I. -Dwith_PCH (test for excess errors)
FAIL: gcc.dg/pch/inline-3.c  -O2  assembly comparison
FAIL: gcc.dg/pch/inline-3.c   -O3 -fomit-frame-pointer  -I. -Dwith_PCH (internal compiler error)
FAIL: gcc.dg/pch/inline-3.c   -O3 -fomit-frame-pointer  -I. -Dwith_PCH (test for excess errors)
FAIL: gcc.dg/pch/inline-3.c  -O3 -fomit-frame-pointer  assembly comparison
FAIL: gcc.dg/pch/inline-3.c   -O3 -g  -I. -Dwith_PCH (internal compiler error)
FAIL: gcc.dg/pch/inline-3.c   -O3 -g  -I. -Dwith_PCH (test for excess errors)
FAIL: gcc.dg/pch/inline-3.c  -O3 -g  assembly comparison
FAIL: gcc.dg/pch/inline-3.c   -Os  -I. -Dwith_PCH (internal compiler error)
FAIL: gcc.dg/pch/inline-3.c   -Os  -I. -Dwith_PCH (test for excess errors)
FAIL: gcc.dg/pch/inline-3.c  -Os  assembly comparison
FAIL: gcc.dg/pch/inline-4.c  -O0 -g -I. -Dwith_PCH (internal compiler error)
FAIL: gcc.dg/pch/inline-4.c  -O0 -g -I. -Dwith_PCH (test for excess errors)
FAIL: gcc.dg/pch/inline-4.c -O0 -g assembly comparison
FAIL: gcc.dg/pch/inline-4.c   -O0  -I. -Dwith_PCH (internal compiler error)
FAIL: gcc.dg/pch/inline-4.c   -O0  -I. -Dwith_PCH (test for excess errors)
FAIL: gcc.dg/pch/inline-4.c  -O0  assembly comparison
FAIL: gcc.dg/pch/inline-4.c   -O1  -I. -Dwith_PCH (internal compiler error)
FAIL: gcc.dg/pch/inline-4.c   -O1  -I. -Dwith_PCH (test for excess errors)
FAIL: gcc.dg/pch/inline-4.c  -O1  assembly comparison
FAIL: gcc.dg/pch/inline-4.c   -O2  -I. -Dwith_PCH (internal compiler error)
FAIL: gcc.dg/pch/inline-4.c   -O2  -I. -Dwith_PCH (test for excess errors)
FAIL: gcc.dg/pch/inline-4.c  -O2  assembly comparison
FAIL: gcc.dg/pch/inline-4.c   -O3 -fomit-frame-pointer  -I. -Dwith_PCH (internal compiler error)
FAIL: gcc.dg/pch/inline-4.c   -O3 -fomit-frame-pointer  -I. -Dwith_PCH (test for excess errors)
FAIL: gcc.dg/pch/inline-4.c  -O3 -fomit-frame-pointer  assembly comparison
FAIL: gcc.dg/pch/inline-4.c   -O3 -g  -I. -Dwith_PCH (internal compiler error)
FAIL: gcc.dg/pch/inline-4.c   -O3 -g  -I. -Dwith_PCH (test for excess errors)
FAIL: gcc.dg/pch/inline-4.c  -O3 -g  assembly comparison
FAIL: gcc.dg/pch/inline-4.c   -Os  -I. -Dwith_PCH (internal compiler error)
FAIL: gcc.dg/pch/inline-4.c   -Os  -I. -Dwith_PCH (test for excess errors)
FAIL: gcc.dg/pch/inline-4.c  -Os  assembly comparison
FAIL: gcc.dg/pch/macro-1.c  -O0 -g -I. -Dwith_PCH (internal compiler error)
FAIL: gcc.dg/pch/macro-1.c  -O0 -g -I. -Dwith_PCH (test for excess errors)
FAIL: gcc.dg/pch/macro-1.c -O0 -g assembly comparison
FAIL: gcc.dg/pch/macro-1.c   -O0  -I. -Dwith_PCH (internal compiler error)
FAIL: gcc.dg/pch/macro-1.c   -O0  -I. -Dwith_PCH (test for excess errors)
FAIL: gcc.dg/pch/macro-1.c  -O0  assembly comparison
FAIL: gcc.dg/pch/macro-1.c   -O1  -I. -Dwith_PCH (internal compiler error)
FAIL: gcc.dg/pch/macro-1.c   -O1  -I. -Dwith_PCH (test for excess errors)
FAIL: gcc.dg/pch/macro-1.c  -O1  assembly comparison
FAIL: gcc.dg/pch/macro-1.c   -O2  -I. -Dwith_PCH (internal compiler error)
FAIL: gcc.dg/pch/macro-1.c   -O2  -I. -Dwith_PCH (test for excess errors)
FAIL: gcc.dg/pch/macro-1.c  -O2  assembly comparison
FAIL: gcc.dg/pch/macro-1.c   -O3 -fomit-frame-pointer  -I. -Dwith_PCH (internal compiler error)
FAIL: gcc.dg/pch/macro-1.c   -O3 -fomit-frame-pointer  -I. -Dwith_PCH (test for excess errors)
FAIL: gcc.dg/pch/macro-1.c  -O3 -fomit-frame-pointer  assembly comparison
FAIL: gcc.dg/pch/macro-1.c   -O3 -g  -I. -Dwith_PCH (internal compiler error)
FAIL: gcc.dg/pch/macro-1.c   -O3 -g  -I. -Dwith_PCH (test for excess errors)
FAIL: gcc.dg/pch/macro-1.c  -O3 -g  assembly comparison
FAIL: gcc.dg/pch/macro-1.c   -Os  -I. -Dwith_PCH (internal compiler error)
FAIL: gcc.dg/pch/macro-1.c   -Os  -I. -Dwith_PCH (test for excess errors)
FAIL: gcc.dg/pch/macro-1.c  -Os  assembly comparison
FAIL: gcc.dg/pch/macro-2.c  -O0 -g -I. -Dwith_PCH (internal compiler error)
FAIL: gcc.dg/pch/macro-2.c  -O0 -g -I. -Dwith_PCH (test for excess errors)
FAIL: gcc.dg/pch/macro-2.c -O0 -g assembly comparison
FAIL: gcc.dg/pch/macro-2.c   -O0  -I. -Dwith_PCH (internal compiler error)
FAIL: gcc.dg/pch/macro-2.c   -O0  -I. -Dwith_PCH (test for excess errors)
FAIL: gcc.dg/pch/macro-2.c  -O0  assembly comparison
FAIL: gcc.dg/pch/macro-2.c   -O1  -I. -Dwith_PCH (internal compiler error)
FAIL: gcc.dg/pch/macro-2.c   -O1  -I. -Dwith_PCH (test for excess errors)
FAIL: gcc.dg/pch/macro-2.c  -O1  assembly comparison
FAIL: gcc.dg/pch/macro-2.c   -O2  -I. -Dwith_PCH (internal compiler error)
FAIL: gcc.dg/pch/macro-2.c   -O2  -I. -Dwith_PCH (test for excess errors)
FAIL: gcc.dg/pch/macro-2.c  -O2  assembly comparison
FAIL: gcc.dg/pch/macro-2.c   -O3 -fomit-frame-pointer  -I. -Dwith_PCH (internal compiler error)
FAIL: gcc.dg/pch/macro-2.c   -O3 -fomit-frame-pointer  -I. -Dwith_PCH (test for excess errors)
FAIL: gcc.dg/pch/macro-2.c  -O3 -fomit-frame-pointer  assembly comparison
FAIL: gcc.dg/pch/macro-2.c   -O3 -g  -I. -Dwith_PCH (internal compiler error)
FAIL: gcc.dg/pch/macro-2.c   -O3 -g  -I. -Dwith_PCH (test for excess errors)
FAIL: gcc.dg/pch/macro-2.c  -O3 -g  assembly comparison
FAIL: gcc.dg/pch/macro-2.c   -Os  -I. -Dwith_PCH (internal compiler error)
FAIL: gcc.dg/pch/macro-2.c   -Os  -I. -Dwith_PCH (test for excess errors)
FAIL: gcc.dg/pch/macro-2.c  -Os  assembly comparison
FAIL: gcc.dg/pch/macro-3.c  -O0 -g -I. -Dwith_PCH (internal compiler error)
FAIL: gcc.dg/pch/macro-3.c  -O0 -g -I. -Dwith_PCH (test for excess errors)
FAIL: gcc.dg/pch/macro-3.c -O0 -g assembly comparison
FAIL: gcc.dg/pch/macro-3.c   -O0  -I. -Dwith_PCH (internal compiler error)
FAIL: gcc.dg/pch/macro-3.c   -O0  -I. -Dwith_PCH (test for excess errors)
FAIL: gcc.dg/pch/macro-3.c  -O0  assembly comparison
FAIL: gcc.dg/pch/macro-3.c   -O1  -I. -Dwith_PCH (internal compiler error)
FAIL: gcc.dg/pch/macro-3.c   -O1  -I. -Dwith_PCH (test for excess errors)
FAIL: gcc.dg/pch/macro-3.c  -O1  assembly comparison
FAIL: gcc.dg/pch/macro-3.c   -O2  -I. -Dwith_PCH (internal compiler error)
FAIL: gcc.dg/pch/macro-3.c   -O2  -I. -Dwith_PCH (test for excess errors)
FAIL: gcc.dg/pch/macro-3.c  -O2  assembly comparison
FAIL: gcc.dg/pch/macro-3.c   -O3 -fomit-frame-pointer  -I. -Dwith_PCH (internal compiler error)
FAIL: gcc.dg/pch/macro-3.c   -O3 -fomit-frame-pointer  -I. -Dwith_PCH (test for excess errors)
FAIL: gcc.dg/pch/macro-3.c  -O3 -fomit-frame-pointer  assembly comparison
FAIL: gcc.dg/pch/macro-3.c   -O3 -g  -I. -Dwith_PCH (internal compiler error)
FAIL: gcc.dg/pch/macro-3.c   -O3 -g  -I. -Dwith_PCH (test for excess errors)
FAIL: gcc.dg/pch/macro-3.c  -O3 -g  assembly comparison
FAIL: gcc.dg/pch/macro-3.c   -Os  -I. -Dwith_PCH (internal compiler error)
FAIL: gcc.dg/pch/macro-3.c   -Os  -I. -Dwith_PCH (test for excess errors)
FAIL: gcc.dg/pch/macro-3.c  -Os  assembly comparison
FAIL: gcc.dg/pch/macro-4.c  -O0 -g -I. -Dwith_PCH (internal compiler error)
FAIL: gcc.dg/pch/macro-4.c  -O0 -g -I. -Dwith_PCH (test for excess errors)
FAIL: gcc.dg/pch/macro-4.c -O0 -g assembly comparison
FAIL: gcc.dg/pch/macro-4.c   -O0  -I. -Dwith_PCH (internal compiler error)
FAIL: gcc.dg/pch/macro-4.c   -O0  -I. -Dwith_PCH (test for excess errors)
FAIL: gcc.dg/pch/macro-4.c  -O0  assembly comparison
FAIL: gcc.dg/pch/macro-4.c   -O1  -I. -Dwith_PCH (internal compiler error)
FAIL: gcc.dg/pch/macro-4.c   -O1  -I. -Dwith_PCH (test for excess errors)
FAIL: gcc.dg/pch/macro-4.c  -O1  assembly comparison
FAIL: gcc.dg/pch/macro-4.c   -O2  -I. -Dwith_PCH (internal compiler error)
FAIL: gcc.dg/pch/macro-4.c   -O2  -I. -Dwith_PCH (test for excess errors)
FAIL: gcc.dg/pch/macro-4.c  -O2  assembly comparison
FAIL: gcc.dg/pch/macro-4.c   -O3 -fomit-frame-pointer  -I. -Dwith_PCH (internal compiler error)
FAIL: gcc.dg/pch/macro-4.c   -O3 -fomit-frame-pointer  -I. -Dwith_PCH (test for excess errors)
FAIL: gcc.dg/pch/macro-4.c  -O3 -fomit-frame-pointer  assembly comparison
FAIL: gcc.dg/pch/macro-4.c   -O3 -g  -I. -Dwith_PCH (internal compiler error)
FAIL: gcc.dg/pch/macro-4.c   -O3 -g  -I. -Dwith_PCH (test for excess errors)
FAIL: gcc.dg/pch/macro-4.c  -O3 -g  assembly comparison
FAIL: gcc.dg/pch/macro-4.c   -Os  -I. -Dwith_PCH (internal compiler error)
FAIL: gcc.dg/pch/macro-4.c   -Os  -I. -Dwith_PCH (test for excess errors)
FAIL: gcc.dg/pch/macro-4.c  -Os  assembly comparison
FAIL: gcc.dg/pch/save-temps-1.c  -O0 -g -I. -Dwith_PCH (internal compiler error)
FAIL: gcc.dg/pch/save-temps-1.c  -O0 -g -I. -Dwith_PCH (test for excess errors)
FAIL: gcc.dg/pch/save-temps-1.c -O0 -g assembly comparison
FAIL: gcc.dg/pch/save-temps-1.c   -O0  -I. -Dwith_PCH (internal compiler error)
FAIL: gcc.dg/pch/save-temps-1.c   -O0  -I. -Dwith_PCH (test for excess errors)
FAIL: gcc.dg/pch/save-temps-1.c  -O0  assembly comparison
FAIL: gcc.dg/pch/save-temps-1.c   -O1  -I. -Dwith_PCH (internal compiler error)
FAIL: gcc.dg/pch/save-temps-1.c   -O1  -I. -Dwith_PCH (test for excess errors)
FAIL: gcc.dg/pch/save-temps-1.c  -O1  assembly comparison
FAIL: gcc.dg/pch/save-temps-1.c   -O2  -I. -Dwith_PCH (internal compiler error)
FAIL: gcc.dg/pch/save-temps-1.c   -O2  -I. -Dwith_PCH (test for excess errors)
FAIL: gcc.dg/pch/save-temps-1.c  -O2  assembly comparison
FAIL: gcc.dg/pch/save-temps-1.c   -O3 -fomit-frame-pointer  -I. -Dwith_PCH (internal compiler error)
FAIL: gcc.dg/pch/save-temps-1.c   -O3 -fomit-frame-pointer  -I. -Dwith_PCH (test for excess errors)
FAIL: gcc.dg/pch/save-temps-1.c  -O3 -fomit-frame-pointer  assembly comparison
FAIL: gcc.dg/pch/save-temps-1.c   -O3 -g  -I. -Dwith_PCH (internal compiler error)
FAIL: gcc.dg/pch/save-temps-1.c   -O3 -g  -I. -Dwith_PCH (test for excess errors)
FAIL: gcc.dg/pch/save-temps-1.c  -O3 -g  assembly comparison
FAIL: gcc.dg/pch/save-temps-1.c   -Os  -I. -Dwith_PCH (internal compiler error)
FAIL: gcc.dg/pch/save-temps-1.c   -Os  -I. -Dwith_PCH (test for excess errors)
FAIL: gcc.dg/pch/save-temps-1.c  -Os  assembly comparison
FAIL: gcc.dg/pch/static-1.c  -O0 -g -I. -Dwith_PCH (internal compiler error)
FAIL: gcc.dg/pch/static-1.c  -O0 -g -I. -Dwith_PCH (test for excess errors)
FAIL: gcc.dg/pch/static-1.c -O0 -g assembly comparison
FAIL: gcc.dg/pch/static-1.c   -O0  -I. -Dwith_PCH (internal compiler error)
FAIL: gcc.dg/pch/static-1.c   -O0  -I. -Dwith_PCH (test for excess errors)
FAIL: gcc.dg/pch/static-1.c  -O0  assembly comparison
FAIL: gcc.dg/pch/static-1.c   -O1  -I. -Dwith_PCH (internal compiler error)
FAIL: gcc.dg/pch/static-1.c   -O1  -I. -Dwith_PCH (test for excess errors)
FAIL: gcc.dg/pch/static-1.c  -O1  assembly comparison
FAIL: gcc.dg/pch/static-1.c   -O2  -I. -Dwith_PCH (internal compiler error)
FAIL: gcc.dg/pch/static-1.c   -O2  -I. -Dwith_PCH (test for excess errors)
FAIL: gcc.dg/pch/static-1.c  -O2  assembly comparison
FAIL: gcc.dg/pch/static-1.c   -O3 -fomit-frame-pointer  -I. -Dwith_PCH (internal compiler error)
FAIL: gcc.dg/pch/static-1.c   -O3 -fomit-frame-pointer  -I. -Dwith_PCH (test for excess errors)
FAIL: gcc.dg/pch/static-1.c  -O3 -fomit-frame-pointer  assembly comparison
FAIL: gcc.dg/pch/static-1.c   -O3 -g  -I. -Dwith_PCH (internal compiler error)
FAIL: gcc.dg/pch/static-1.c   -O3 -g  -I. -Dwith_PCH (test for excess errors)
FAIL: gcc.dg/pch/static-1.c  -O3 -g  assembly comparison
FAIL: gcc.dg/pch/static-1.c   -Os  -I. -Dwith_PCH (internal compiler error)
FAIL: gcc.dg/pch/static-1.c   -Os  -I. -Dwith_PCH (test for excess errors)
FAIL: gcc.dg/pch/static-1.c  -Os  assembly comparison
FAIL: gcc.dg/pch/static-2.c  -O0 -g -I. -Dwith_PCH (internal compiler error)
FAIL: gcc.dg/pch/static-2.c  -O0 -g -I. -Dwith_PCH (test for excess errors)
FAIL: gcc.dg/pch/static-2.c -O0 -g assembly comparison
FAIL: gcc.dg/pch/static-2.c   -O0  -I. -Dwith_PCH (internal compiler error)
FAIL: gcc.dg/pch/static-2.c   -O0  -I. -Dwith_PCH (test for excess errors)
FAIL: gcc.dg/pch/static-2.c  -O0  assembly comparison
FAIL: gcc.dg/pch/static-2.c   -O1  -I. -Dwith_PCH (internal compiler error)
FAIL: gcc.dg/pch/static-2.c   -O1  -I. -Dwith_PCH (test for excess errors)
FAIL: gcc.dg/pch/static-2.c  -O1  assembly comparison
FAIL: gcc.dg/pch/static-2.c   -O2  -I. -Dwith_PCH (internal compiler error)
FAIL: gcc.dg/pch/static-2.c   -O2  -I. -Dwith_PCH (test for excess errors)
FAIL: gcc.dg/pch/static-2.c  -O2  assembly comparison
FAIL: gcc.dg/pch/static-2.c   -O3 -fomit-frame-pointer  -I. -Dwith_PCH (internal compiler error)
FAIL: gcc.dg/pch/static-2.c   -O3 -fomit-frame-pointer  -I. -Dwith_PCH (test for excess errors)
FAIL: gcc.dg/pch/static-2.c  -O3 -fomit-frame-pointer  assembly comparison
FAIL: gcc.dg/pch/static-2.c   -O3 -g  -I. -Dwith_PCH (internal compiler error)
FAIL: gcc.dg/pch/static-2.c   -O3 -g  -I. -Dwith_PCH (test for excess errors)
FAIL: gcc.dg/pch/static-2.c  -O3 -g  assembly comparison
FAIL: gcc.dg/pch/static-2.c   -Os  -I. -Dwith_PCH (internal compiler error)
FAIL: gcc.dg/pch/static-2.c   -Os  -I. -Dwith_PCH (test for excess errors)
FAIL: gcc.dg/pch/static-2.c  -Os  assembly comparison
FAIL: gcc.dg/pch/static-3.c  -O0 -g -I. -Dwith_PCH (internal compiler error)
FAIL: gcc.dg/pch/static-3.c  -O0 -g -I. -Dwith_PCH (test for excess errors)
FAIL: gcc.dg/pch/static-3.c -O0 -g assembly comparison
FAIL: gcc.dg/pch/static-3.c   -O0  -I. -Dwith_PCH (internal compiler error)
FAIL: gcc.dg/pch/static-3.c   -O0  -I. -Dwith_PCH (test for excess errors)
FAIL: gcc.dg/pch/static-3.c  -O0  assembly comparison
FAIL: gcc.dg/pch/static-3.c   -O1  -I. -Dwith_PCH (internal compiler error)
FAIL: gcc.dg/pch/static-3.c   -O1  -I. -Dwith_PCH (test for excess errors)
FAIL: gcc.dg/pch/static-3.c  -O1  assembly comparison
FAIL: gcc.dg/pch/static-3.c   -O2  -I. -Dwith_PCH (internal compiler error)
FAIL: gcc.dg/pch/static-3.c   -O2  -I. -Dwith_PCH (test for excess errors)
FAIL: gcc.dg/pch/static-3.c  -O2  assembly comparison
FAIL: gcc.dg/pch/static-3.c   -O3 -fomit-frame-pointer  -I. -Dwith_PCH (internal compiler error)
FAIL: gcc.dg/pch/static-3.c   -O3 -fomit-frame-pointer  -I. -Dwith_PCH (test for excess errors)
FAIL: gcc.dg/pch/static-3.c  -O3 -fomit-frame-pointer  assembly comparison
FAIL: gcc.dg/pch/static-3.c   -O3 -g  -I. -Dwith_PCH (internal compiler error)
FAIL: gcc.dg/pch/static-3.c   -O3 -g  -I. -Dwith_PCH (test for excess errors)
FAIL: gcc.dg/pch/static-3.c  -O3 -g  assembly comparison
FAIL: gcc.dg/pch/static-3.c   -Os  -I. -Dwith_PCH (internal compiler error)
FAIL: gcc.dg/pch/static-3.c   -Os  -I. -Dwith_PCH (test for excess errors)
FAIL: gcc.dg/pch/static-3.c  -Os  assembly comparison
FAIL: gcc.dg/pch/struct-1.c  -O0 -g -I. -Dwith_PCH (internal compiler error)
FAIL: gcc.dg/pch/struct-1.c  -O0 -g -I. -Dwith_PCH (test for excess errors)
FAIL: gcc.dg/pch/struct-1.c -O0 -g assembly comparison
FAIL: gcc.dg/pch/struct-1.c   -O0  -I. -Dwith_PCH (internal compiler error)
FAIL: gcc.dg/pch/struct-1.c   -O0  -I. -Dwith_PCH (test for excess errors)
FAIL: gcc.dg/pch/struct-1.c  -O0  assembly comparison
FAIL: gcc.dg/pch/struct-1.c   -O1  -I. -Dwith_PCH (internal compiler error)
FAIL: gcc.dg/pch/struct-1.c   -O1  -I. -Dwith_PCH (test for excess errors)
FAIL: gcc.dg/pch/struct-1.c  -O1  assembly comparison
FAIL: gcc.dg/pch/struct-1.c   -O2  -I. -Dwith_PCH (internal compiler error)
FAIL: gcc.dg/pch/struct-1.c   -O2  -I. -Dwith_PCH (test for excess errors)
FAIL: gcc.dg/pch/struct-1.c  -O2  assembly comparison
FAIL: gcc.dg/pch/struct-1.c   -O3 -fomit-frame-pointer  -I. -Dwith_PCH (internal compiler error)
FAIL: gcc.dg/pch/struct-1.c   -O3 -fomit-frame-pointer  -I. -Dwith_PCH (test for excess errors)
FAIL: gcc.dg/pch/struct-1.c  -O3 -fomit-frame-pointer  assembly comparison
FAIL: gcc.dg/pch/struct-1.c   -O3 -g  -I. -Dwith_PCH (internal compiler error)
FAIL: gcc.dg/pch/struct-1.c   -O3 -g  -I. -Dwith_PCH (test for excess errors)
FAIL: gcc.dg/pch/struct-1.c  -O3 -g  assembly comparison
FAIL: gcc.dg/pch/struct-1.c   -Os  -I. -Dwith_PCH (internal compiler error)
FAIL: gcc.dg/pch/struct-1.c   -Os  -I. -Dwith_PCH (test for excess errors)
FAIL: gcc.dg/pch/struct-1.c  -Os  assembly comparison
FAIL: gcc.dg/pch/system-1.c  -O0 -g -I. -Dwith_PCH (internal compiler error)
FAIL: gcc.dg/pch/system-1.c  -O0 -g -I. -Dwith_PCH (test for excess errors)
FAIL: gcc.dg/pch/system-1.c -O0 -g assembly comparison
FAIL: gcc.dg/pch/system-1.c   -O0  -I. -Dwith_PCH (internal compiler error)
FAIL: gcc.dg/pch/system-1.c   -O0  -I. -Dwith_PCH (test for excess errors)
FAIL: gcc.dg/pch/system-1.c  -O0  assembly comparison
FAIL: gcc.dg/pch/system-1.c   -O1  -I. -Dwith_PCH (internal compiler error)
FAIL: gcc.dg/pch/system-1.c   -O1  -I. -Dwith_PCH (test for excess errors)
FAIL: gcc.dg/pch/system-1.c  -O1  assembly comparison
FAIL: gcc.dg/pch/system-1.c   -O2  -I. -Dwith_PCH (internal compiler error)
FAIL: gcc.dg/pch/system-1.c   -O2  -I. -Dwith_PCH (test for excess errors)
FAIL: gcc.dg/pch/system-1.c  -O2  assembly comparison
FAIL: gcc.dg/pch/system-1.c   -O3 -fomit-frame-pointer  -I. -Dwith_PCH (internal compiler error)
FAIL: gcc.dg/pch/system-1.c   -O3 -fomit-frame-pointer  -I. -Dwith_PCH (test for excess errors)
FAIL: gcc.dg/pch/system-1.c  -O3 -fomit-frame-pointer  assembly comparison
FAIL: gcc.dg/pch/system-1.c   -O3 -g  -I. -Dwith_PCH (internal compiler error)
FAIL: gcc.dg/pch/system-1.c   -O3 -g  -I. -Dwith_PCH (test for excess errors)
FAIL: gcc.dg/pch/system-1.c  -O3 -g  assembly comparison
FAIL: gcc.dg/pch/system-1.c   -Os  -I. -Dwith_PCH (internal compiler error)
FAIL: gcc.dg/pch/system-1.c   -Os  -I. -Dwith_PCH (test for excess errors)
FAIL: gcc.dg/pch/system-1.c  -Os  assembly comparison
FAIL: gcc.dg/pch/valid-1b.c  -O0 -g -I. -Dwith_PCH (internal compiler error)
FAIL: gcc.dg/pch/valid-1b.c  -O0 -g -I. -Dwith_PCH (test for excess errors)
FAIL: gcc.dg/pch/valid-1b.c -O0 -g assembly comparison
FAIL: gcc.dg/pch/valid-1b.c   -O0  -I. -Dwith_PCH (internal compiler error)
FAIL: gcc.dg/pch/valid-1b.c   -O0  -I. -Dwith_PCH (test for excess errors)
FAIL: gcc.dg/pch/valid-1b.c  -O0  assembly comparison
FAIL: gcc.dg/pch/valid-1b.c   -O1  -I. -Dwith_PCH (internal compiler error)
FAIL: gcc.dg/pch/valid-1b.c   -O1  -I. -Dwith_PCH (test for excess errors)
FAIL: gcc.dg/pch/valid-1b.c  -O1  assembly comparison
FAIL: gcc.dg/pch/valid-1b.c   -O2  -I. -Dwith_PCH (internal compiler error)
FAIL: gcc.dg/pch/valid-1b.c   -O2  -I. -Dwith_PCH (test for excess errors)
FAIL: gcc.dg/pch/valid-1b.c  -O2  assembly comparison
FAIL: gcc.dg/pch/valid-1b.c   -O3 -fomit-frame-pointer  -I. -Dwith_PCH (internal compiler error)
FAIL: gcc.dg/pch/valid-1b.c   -O3 -fomit-frame-pointer  -I. -Dwith_PCH (test for excess errors)
FAIL: gcc.dg/pch/valid-1b.c  -O3 -fomit-frame-pointer  assembly comparison
FAIL: gcc.dg/pch/valid-1b.c   -O3 -g  -I. -Dwith_PCH (internal compiler error)
FAIL: gcc.dg/pch/valid-1b.c   -O3 -g  -I. -Dwith_PCH (test for excess errors)
FAIL: gcc.dg/pch/valid-1b.c  -O3 -g  assembly comparison
FAIL: gcc.dg/pch/valid-1b.c   -Os  -I. -Dwith_PCH (internal compiler error)
FAIL: gcc.dg/pch/valid-1b.c   -Os  -I. -Dwith_PCH (test for excess errors)
FAIL: gcc.dg/pch/valid-1b.c  -Os  assembly comparison
FAIL: gcc.dg/pch/valid-4.c  -O0 -g -I. -Dwith_PCH (internal compiler error)
FAIL: gcc.dg/pch/valid-4.c  -O0 -g -I. -Dwith_PCH (test for excess errors)
FAIL: gcc.dg/pch/valid-4.c -O0 -g assembly comparison
FAIL: gcc.dg/pch/valid-4.c   -O0  -I. -Dwith_PCH (internal compiler error)
FAIL: gcc.dg/pch/valid-4.c   -O0  -I. -Dwith_PCH (test for excess errors)
FAIL: gcc.dg/pch/valid-4.c  -O0  assembly comparison
FAIL: gcc.dg/pch/valid-4.c   -O1  -I. -Dwith_PCH (internal compiler error)
FAIL: gcc.dg/pch/valid-4.c   -O1  -I. -Dwith_PCH (test for excess errors)
FAIL: gcc.dg/pch/valid-4.c  -O1  assembly comparison
FAIL: gcc.dg/pch/valid-4.c   -O2  -I. -Dwith_PCH (internal compiler error)
FAIL: gcc.dg/pch/valid-4.c   -O2  -I. -Dwith_PCH (test for excess errors)
FAIL: gcc.dg/pch/valid-4.c  -O2  assembly comparison
FAIL: gcc.dg/pch/valid-4.c   -O3 -fomit-frame-pointer  -I. -Dwith_PCH (internal compiler error)
FAIL: gcc.dg/pch/valid-4.c   -O3 -fomit-frame-pointer  -I. -Dwith_PCH (test for excess errors)
FAIL: gcc.dg/pch/valid-4.c  -O3 -fomit-frame-pointer  assembly comparison
FAIL: gcc.dg/pch/valid-4.c   -O3 -g  -I. -Dwith_PCH (internal compiler error)
FAIL: gcc.dg/pch/valid-4.c   -O3 -g  -I. -Dwith_PCH (test for excess errors)
FAIL: gcc.dg/pch/valid-4.c  -O3 -g  assembly comparison
FAIL: gcc.dg/pch/valid-4.c   -Os  -I. -Dwith_PCH (internal compiler error)
FAIL: gcc.dg/pch/valid-4.c   -Os  -I. -Dwith_PCH (test for excess errors)
FAIL: gcc.dg/pch/valid-4.c  -Os  assembly comparison
FAIL: gcc.dg/pch/valid-5.c  -O0 -g -I. -Dwith_PCH (internal compiler error)
FAIL: gcc.dg/pch/valid-5.c  -O0 -g -I. -Dwith_PCH (test for excess errors)
FAIL: gcc.dg/pch/valid-5.c -O0 -g assembly comparison
FAIL: gcc.dg/pch/valid-5.c   -O0  -I. -Dwith_PCH (internal compiler error)
FAIL: gcc.dg/pch/valid-5.c   -O0  -I. -Dwith_PCH (test for excess errors)
FAIL: gcc.dg/pch/valid-5.c  -O0  assembly comparison
FAIL: gcc.dg/pch/valid-5.c   -O1  -I. -Dwith_PCH (internal compiler error)
FAIL: gcc.dg/pch/valid-5.c   -O1  -I. -Dwith_PCH (test for excess errors)
FAIL: gcc.dg/pch/valid-5.c  -O1  assembly comparison
FAIL: gcc.dg/pch/valid-5.c   -O2  -I. -Dwith_PCH (internal compiler error)
FAIL: gcc.dg/pch/valid-5.c   -O2  -I. -Dwith_PCH (test for excess errors)
FAIL: gcc.dg/pch/valid-5.c  -O2  assembly comparison
FAIL: gcc.dg/pch/valid-5.c   -O3 -fomit-frame-pointer  -I. -Dwith_PCH (internal compiler error)
FAIL: gcc.dg/pch/valid-5.c   -O3 -fomit-frame-pointer  -I. -Dwith_PCH (test for excess errors)
FAIL: gcc.dg/pch/valid-5.c  -O3 -fomit-frame-pointer  assembly comparison
FAIL: gcc.dg/pch/valid-5.c   -O3 -g  -I. -Dwith_PCH (internal compiler error)
FAIL: gcc.dg/pch/valid-5.c   -O3 -g  -I. -Dwith_PCH (test for excess errors)
FAIL: gcc.dg/pch/valid-5.c  -O3 -g  assembly comparison
FAIL: gcc.dg/pch/valid-5.c   -Os  -I. -Dwith_PCH (internal compiler error)
FAIL: gcc.dg/pch/valid-5.c   -Os  -I. -Dwith_PCH (test for excess errors)
FAIL: gcc.dg/pch/valid-5.c  -Os  assembly comparison
FAIL: gcc.dg/pch/valid-6.c  -O0 -g -I. -Dwith_PCH (internal compiler error)
FAIL: gcc.dg/pch/valid-6.c  -O0 -g -I. -Dwith_PCH (test for excess errors)
FAIL: gcc.dg/pch/valid-6.c   -O0  -I. -Dwith_PCH (internal compiler error)
FAIL: gcc.dg/pch/valid-6.c   -O0  -I. -Dwith_PCH (test for excess errors)
FAIL: gcc.dg/pch/valid-6.c   -O1  -I. -Dwith_PCH (internal compiler error)
FAIL: gcc.dg/pch/valid-6.c   -O1  -I. -Dwith_PCH (test for excess errors)
FAIL: gcc.dg/pch/valid-6.c   -O2  -I. -Dwith_PCH (internal compiler error)
FAIL: gcc.dg/pch/valid-6.c   -O2  -I. -Dwith_PCH (test for excess errors)
FAIL: gcc.dg/pch/valid-6.c   -O3 -fomit-frame-pointer  -I. -Dwith_PCH (internal compiler error)
FAIL: gcc.dg/pch/valid-6.c   -O3 -fomit-frame-pointer  -I. -Dwith_PCH (test for excess errors)
FAIL: gcc.dg/pch/valid-6.c   -O3 -g  -I. -Dwith_PCH (internal compiler error)
FAIL: gcc.dg/pch/valid-6.c   -O3 -g  -I. -Dwith_PCH (test for excess errors)
FAIL: gcc.dg/pch/valid-6.c   -Os  -I. -Dwith_PCH (internal compiler error)
FAIL: gcc.dg/pch/valid-6.c   -Os  -I. -Dwith_PCH (test for excess errors)
FAIL: largefile.c  -O0 -g -I. -Dwith_PCH (internal compiler error)
FAIL: largefile.c  -O0 -g -I. -Dwith_PCH (test for excess errors)
FAIL: gcc.dg/pch/largefile.c -O0 -g assembly comparison
FAIL: largefile.c   -O0  -I. -Dwith_PCH (internal compiler error)
FAIL: largefile.c   -O0  -I. -Dwith_PCH (test for excess errors)
FAIL: gcc.dg/pch/largefile.c  -O0  assembly comparison
FAIL: largefile.c   -O1  -I. -Dwith_PCH (internal compiler error)
FAIL: largefile.c   -O1  -I. -Dwith_PCH (test for excess errors)
FAIL: gcc.dg/pch/largefile.c  -O1  assembly comparison
FAIL: largefile.c   -O2  -I. -Dwith_PCH (internal compiler error)
FAIL: largefile.c   -O2  -I. -Dwith_PCH (test for excess errors)
FAIL: gcc.dg/pch/largefile.c  -O2  assembly comparison
FAIL: largefile.c   -O3 -fomit-frame-pointer  -I. -Dwith_PCH (internal compiler error)
FAIL: largefile.c   -O3 -fomit-frame-pointer  -I. -Dwith_PCH (test for excess errors)
FAIL: gcc.dg/pch/largefile.c  -O3 -fomit-frame-pointer  assembly comparison
FAIL: largefile.c   -O3 -g  -I. -Dwith_PCH (internal compiler error)
FAIL: largefile.c   -O3 -g  -I. -Dwith_PCH (test for excess errors)
FAIL: gcc.dg/pch/largefile.c  -O3 -g  assembly comparison
FAIL: largefile.c   -Os  -I. -Dwith_PCH (internal compiler error)
FAIL: largefile.c   -Os  -I. -Dwith_PCH (test for excess errors)
FAIL: gcc.dg/pch/largefile.c  -Os  assembly comparison
FAIL: gcc.dg/torture/pr51106-2.c  -O0  (internal compiler error)
FAIL: gcc.dg/torture/pr51106-2.c  -O0  (test for excess errors)
FAIL: gcc.dg/torture/pr51106-2.c  -O1  (internal compiler error)
FAIL: gcc.dg/torture/pr51106-2.c  -O1  (test for excess errors)
FAIL: gcc.dg/torture/pr51106-2.c  -O2  (internal compiler error)
FAIL: gcc.dg/torture/pr51106-2.c  -O2  (test for excess errors)
FAIL: gcc.dg/torture/pr51106-2.c  -O3 -fomit-frame-pointer  (internal compiler error)
FAIL: gcc.dg/torture/pr51106-2.c  -O3 -fomit-frame-pointer  (test for excess errors)
FAIL: gcc.dg/torture/pr51106-2.c  -O3 -g  (internal compiler error)
FAIL: gcc.dg/torture/pr51106-2.c  -O3 -g  (test for excess errors)
FAIL: gcc.dg/torture/pr51106-2.c  -Os  (internal compiler error)
FAIL: gcc.dg/torture/pr51106-2.c  -Os  (test for excess errors)
FAIL: gcc.dg/torture/pr51106-2.c  -O2 -flto -fno-use-linker-plugin -flto-partition=none  (internal compiler error)
FAIL: gcc.dg/torture/pr51106-2.c  -O2 -flto -fno-use-linker-plugin -flto-partition=none  (test for excess errors)
XPASS: gcc.dg/tree-ssa/20040204-1.c scan-tree-dump-times optimized "link_error" 0

		=== gcc Summary ===

# of expected passes		78136
# of unexpected failures	783
# of unexpected successes	2
# of expected failures		105
# of unresolved testcases	8
# of unsupported tests		1185
-z196/gcc/xgcc  version 4.8.0 20120922 (experimental) (GCC) 

		=== gfortran tests ===


Running target unix
FAIL: gfortran.dg/lto/pr45586-2 f_lto_pr45586-2_0.o-f_lto_pr45586-2_0.o link, -O0 -flto -flto-partition=none -fuse-linker-plugin (internal compiler error)
UNRESOLVED: gfortran.dg/lto/pr45586-2 f_lto_pr45586-2_0.o-f_lto_pr45586-2_0.o execute -O0 -flto -flto-partition=none -fuse-linker-plugin
FAIL: gfortran.dg/lto/pr45586-2 f_lto_pr45586-2_0.o-f_lto_pr45586-2_0.o link, -O0 -flto -flto-partition=1to1 -fno-use-linker-plugin  (internal compiler error)
UNRESOLVED: gfortran.dg/lto/pr45586-2 f_lto_pr45586-2_0.o-f_lto_pr45586-2_0.o execute -O0 -flto -flto-partition=1to1 -fno-use-linker-plugin 
FAIL: gfortran.dg/lto/pr45586-2 f_lto_pr45586-2_0.o-f_lto_pr45586-2_0.o link, -O0 -flto -fuse-linker-plugin -fno-fat-lto-objects  (internal compiler error)
UNRESOLVED: gfortran.dg/lto/pr45586-2 f_lto_pr45586-2_0.o-f_lto_pr45586-2_0.o execute -O0 -flto -fuse-linker-plugin -fno-fat-lto-objects 
FAIL: gfortran.dg/lto/pr45586 f_lto_pr45586_0.o-f_lto_pr45586_0.o link, -O0 -flto -flto-partition=none -fuse-linker-plugin (internal compiler error)
UNRESOLVED: gfortran.dg/lto/pr45586 f_lto_pr45586_0.o-f_lto_pr45586_0.o execute -O0 -flto -flto-partition=none -fuse-linker-plugin
FAIL: gfortran.dg/lto/pr45586 f_lto_pr45586_0.o-f_lto_pr45586_0.o link, -O0 -flto -flto-partition=1to1 -fno-use-linker-plugin  (internal compiler error)
UNRESOLVED: gfortran.dg/lto/pr45586 f_lto_pr45586_0.o-f_lto_pr45586_0.o execute -O0 -flto -flto-partition=1to1 -fno-use-linker-plugin 
FAIL: gfortran.dg/lto/pr45586 f_lto_pr45586_0.o-f_lto_pr45586_0.o link, -O0 -flto -fuse-linker-plugin -fno-fat-lto-objects  (internal compiler error)
UNRESOLVED: gfortran.dg/lto/pr45586 f_lto_pr45586_0.o-f_lto_pr45586_0.o execute -O0 -flto -fuse-linker-plugin -fno-fat-lto-objects 

		=== gfortran Summary ===

# of expected passes		41223
# of unexpected failures	6
# of expected failures		42
# of unresolved testcases	6
# of unsupported tests		246
-z196/gcc/testsuite/gfortran/../../gfortran  version 4.8.0 20120922 (experimental) (GCC) 

		=== gnat tests ===


Running target unix
FAIL: gnat.dg/array11.adb  (test for warnings, line 12)
FAIL: gnat.dg/object_overflow.adb  (test for warnings, line 8)
FAIL: gnat.dg/specs/addr1.ads  (test for bogus messages, line 24)
FAIL: gnat.dg/specs/addr1.ads (test for excess errors)
FAIL: gnat.dg/specs/atomic1.ads  (test for errors, line 9)
FAIL: gnat.dg/specs/atomic1.ads  (test for errors, line 13)

		=== gnat Summary ===

# of expected passes		1099
# of unexpected failures	6
# of expected failures		17
# of unsupported tests		11
-z196/gcc/gnatmake version 4.8.0 20120922 (experimental)

		=== obj-c++ tests ===


Running target unix

		=== obj-c++ Summary ===

# of expected passes		1450
# of expected failures		2
# of unsupported tests		86
-z196/gcc/testsuite/obj-c++/../../g++  version 4.8.0 20120922 (experimental) (GCC) 

		=== objc tests ===


Running target unix
FAIL: objc.dg/pch/interface-1.m -fgnu-runtime -O0 -g -I. -Dwith_PCH (internal compiler error)
FAIL: objc.dg/pch/interface-1.m -fgnu-runtime -O0 -g -I. -Dwith_PCH (test for excess errors)
FAIL: objc.dg/pch/interface-1.m -O0 -g assembly comparison
FAIL: objc.dg/pch/interface-1.m -fgnu-runtime  -O0  -I. -Dwith_PCH (internal compiler error)
FAIL: objc.dg/pch/interface-1.m -fgnu-runtime  -O0  -I. -Dwith_PCH (test for excess errors)
FAIL: objc.dg/pch/interface-1.m  -O0  assembly comparison
FAIL: objc.dg/pch/interface-1.m -fgnu-runtime  -O1  -I. -Dwith_PCH (internal compiler error)
FAIL: objc.dg/pch/interface-1.m -fgnu-runtime  -O1  -I. -Dwith_PCH (test for excess errors)
FAIL: objc.dg/pch/interface-1.m  -O1  assembly comparison
FAIL: objc.dg/pch/interface-1.m -fgnu-runtime  -O2  -I. -Dwith_PCH (internal compiler error)
FAIL: objc.dg/pch/interface-1.m -fgnu-runtime  -O2  -I. -Dwith_PCH (test for excess errors)
FAIL: objc.dg/pch/interface-1.m  -O2  assembly comparison
FAIL: objc.dg/pch/interface-1.m -fgnu-runtime  -O3 -fomit-frame-pointer  -I. -Dwith_PCH (internal compiler error)
FAIL: objc.dg/pch/interface-1.m -fgnu-runtime  -O3 -fomit-frame-pointer  -I. -Dwith_PCH (test for excess errors)
FAIL: objc.dg/pch/interface-1.m  -O3 -fomit-frame-pointer  assembly comparison
FAIL: objc.dg/pch/interface-1.m -fgnu-runtime  -O3 -g  -I. -Dwith_PCH (internal compiler error)
FAIL: objc.dg/pch/interface-1.m -fgnu-runtime  -O3 -g  -I. -Dwith_PCH (test for excess errors)
FAIL: objc.dg/pch/interface-1.m  -O3 -g  assembly comparison
FAIL: objc.dg/pch/interface-1.m -fgnu-runtime  -Os  -I. -Dwith_PCH (internal compiler error)
FAIL: objc.dg/pch/interface-1.m -fgnu-runtime  -Os  -I. -Dwith_PCH (test for excess errors)
FAIL: objc.dg/pch/interface-1.m  -Os  assembly comparison

		=== objc Summary ===

# of expected passes		2973
# of unexpected failures	21
# of unsupported tests		74
-z196/gcc/xgcc  version 4.8.0 20120922 (experimental) (GCC) 

		=== boehm-gc tests ===


Running target unix

		=== boehm-gc Summary ===

# of expected passes		12
# of unsupported tests		1
		=== libatomic tests ===


Running target unix

		=== libatomic Summary ===

# of expected passes		34
# of unsupported tests		10
		=== libffi tests ===


Running target unix

		=== libffi Summary ===

# of expected passes		1659
# of unsupported tests		55
		=== libgomp tests ===


Running target unix
FAIL: libgomp.fortran/nestedfn1.f90  -O3 -g  (internal compiler error)
FAIL: libgomp.fortran/nestedfn1.f90  -O3 -g  (test for excess errors)
WARNING: libgomp.fortran/nestedfn1.f90  -O3 -g  compilation failed to produce executable
FAIL: libgomp.fortran/reduction1.f90  -O3 -g  (internal compiler error)
FAIL: libgomp.fortran/reduction1.f90  -O3 -g  (test for excess errors)
WARNING: libgomp.fortran/reduction1.f90  -O3 -g  compilation failed to produce executable
FAIL: libgomp.fortran/retval1.f90  -O3 -g  (internal compiler error)
FAIL: libgomp.fortran/retval1.f90  -O3 -g  (test for excess errors)
WARNING: libgomp.fortran/retval1.f90  -O3 -g  compilation failed to produce executable
FAIL: libgomp.fortran/threadprivate2.f90  -O3 -g  (internal compiler error)
FAIL: libgomp.fortran/threadprivate2.f90  -O3 -g  (test for excess errors)
WARNING: libgomp.fortran/threadprivate2.f90  -O3 -g  compilation failed to produce executable
FAIL: libgomp.fortran/vla6.f90  -O3 -g  (internal compiler error)
FAIL: libgomp.fortran/vla6.f90  -O3 -g  (test for excess errors)
WARNING: libgomp.fortran/vla6.f90  -O3 -g  compilation failed to produce executable
FAIL: libgomp.fortran/vla8.f90  -O3 -g  (internal compiler error)
FAIL: libgomp.fortran/vla8.f90  -O3 -g  (test for excess errors)
WARNING: libgomp.fortran/vla8.f90  -O3 -g  compilation failed to produce executable

		=== libgomp Summary ===

# of expected passes		2916
# of unexpected failures	12
# of unsupported tests		1
		=== libjava tests ===


Running target unix

		=== libjava Summary ===

# of expected passes		2586
		=== libmudflap tests ===


Running target unix

		=== libmudflap Summary ===

# of expected passes		1906
		=== libstdc++ tests ===


Running target unix
FAIL: ext/random/simd_fast_mersenne_twister_engine/cons/default.cc execution test

		=== libstdc++ Summary ===

# of expected passes		9031
# of unexpected failures	1
# of expected failures		42
# of unsupported tests		179

Version: 4.8.0 20120922 (experimental) (GCC) 
Platform: s390-ibm-linux-gnu z196
configure flags: --prefix=/build/build-system/build/20120922/gcc-head/install-s390-z196 --enable-shared --with-system-zlib --enable-threads=posix --enable-__cxa_atexit --enable-checking --enable-languages=c,c++,objc,obj-c++,java,fortran,ada --with-mode=zarch --with-arch=z196
GCC version: 


Index Nav: [Date Index] [Subject Index] [Author Index] [Thread Index]
Message Nav: [Date Prev] [Date Next] [Thread Prev] [Thread Next]