This is the mail archive of the
gcc-testresults@gcc.gnu.org
mailing list for the GCC project.
Results for 4.8.0 20120919 (experimental) [trunk revision 191466] (GCC) testsuite on i686-pc-linux-gnu
- From: ia32corei7 at gnu-34 dot sc dot intel dot com (H.J. Lu (ia32 Core 2/i7))
- To: gcc-testresults at gcc dot gnu dot org
- Date: Wed, 19 Sep 2012 04:17:22 -0700
- Subject: Results for 4.8.0 20120919 (experimental) [trunk revision 191466] (GCC) testsuite on i686-pc-linux-gnu
Native configuration is i686-pc-linux-gnu
=== g++ tests ===
Running target unix
=== g++ Summary ===
# of expected passes 49052
# of expected failures 284
# of unsupported tests 368
/export/gnu/import/git/gcc-test-ia32corei7/bld/gcc/testsuite/g++/../../g++ version 4.8.0 20120919 (experimental) [trunk revision 191466] (GCC)
=== gcc tests ===
Running target unix
XPASS: gcc.dg/Wstrict-overflow-18.c (test for bogus messages, line 20)
FAIL: gcc.dg/attr-weakref-1.c (test for excess errors)
UNRESOLVED: gcc.dg/attr-weakref-1.c compilation failed to produce executable
UNRESOLVED: gcc.dg/builtin-object-size-10.c scan-tree-dump objsz "maximum object size 21"
UNRESOLVED: gcc.dg/builtin-object-size-10.c scan-tree-dump objsz "maximum subobject size 16"
FAIL: gcc.dg/builtin-object-size-8.c execution test
UNRESOLVED: gcc.dg/builtin-unreachable-5.c scan-tree-dump-times fab "if \\\\(" 0
UNRESOLVED: gcc.dg/builtin-unreachable-5.c scan-tree-dump-times fab "goto" 0
UNRESOLVED: gcc.dg/builtin-unreachable-5.c scan-tree-dump-times fab "L1:" 0
UNRESOLVED: gcc.dg/builtin-unreachable-5.c scan-tree-dump-times fab "__builtin_unreachable" 0
UNRESOLVED: gcc.dg/builtin-unreachable-6.c scan-tree-dump-times fab "lab:" 1
UNRESOLVED: gcc.dg/builtin-unreachable-6.c scan-tree-dump-times fab "__builtin_unreachable" 1
XPASS: gcc.dg/inline_3.c (test for excess errors)
XPASS: gcc.dg/inline_4.c (test for excess errors)
XPASS: gcc.dg/unroll_2.c (test for excess errors)
XPASS: gcc.dg/unroll_3.c (test for excess errors)
XPASS: gcc.dg/unroll_4.c (test for excess errors)
XPASS: gcc.dg/guality/example.c -O0 execution test
XPASS: gcc.dg/guality/example.c -O1 execution test
XPASS: gcc.dg/guality/example.c -O2 execution test
XPASS: gcc.dg/guality/example.c -O2 -flto -fno-use-linker-plugin -flto-partition=none execution test
XPASS: gcc.dg/guality/example.c -O2 -flto -fuse-linker-plugin -fno-fat-lto-objects execution test
XPASS: gcc.dg/guality/guality.c -O0 execution test
XPASS: gcc.dg/guality/guality.c -O1 execution test
XPASS: gcc.dg/guality/guality.c -O2 execution test
XPASS: gcc.dg/guality/guality.c -O3 -fomit-frame-pointer execution test
XPASS: gcc.dg/guality/guality.c -O3 -g execution test
XPASS: gcc.dg/guality/guality.c -Os execution test
XPASS: gcc.dg/guality/guality.c -O2 -flto -fno-use-linker-plugin -flto-partition=none execution test
XPASS: gcc.dg/guality/guality.c -O2 -flto -fuse-linker-plugin -fno-fat-lto-objects execution test
XPASS: gcc.dg/guality/inline-params.c -O2 execution test
XPASS: gcc.dg/guality/inline-params.c -O3 -fomit-frame-pointer execution test
XPASS: gcc.dg/guality/inline-params.c -O3 -g execution test
XPASS: gcc.dg/guality/inline-params.c -Os execution test
XPASS: gcc.dg/guality/inline-params.c -O2 -flto -fno-use-linker-plugin -flto-partition=none execution test
XPASS: gcc.dg/guality/inline-params.c -O2 -flto -fuse-linker-plugin -fno-fat-lto-objects execution test
XPASS: gcc.dg/guality/pr41353-1.c -O0 line 28 j == 28 + 37
XPASS: gcc.dg/guality/pr41353-1.c -O1 line 28 j == 28 + 37
XPASS: gcc.dg/guality/pr41353-1.c -O2 line 28 j == 28 + 37
XPASS: gcc.dg/guality/pr41353-1.c -O3 -fomit-frame-pointer line 28 j == 28 + 37
XPASS: gcc.dg/guality/pr41353-1.c -O3 -g line 28 j == 28 + 37
XPASS: gcc.dg/guality/pr41353-1.c -Os line 28 j == 28 + 37
XPASS: gcc.dg/guality/pr41353-1.c -O2 -flto -fno-use-linker-plugin -flto-partition=none line 28 j == 28 + 37
XPASS: gcc.dg/guality/pr41353-1.c -O2 -flto -fuse-linker-plugin -fno-fat-lto-objects line 28 j == 28 + 37
XPASS: gcc.dg/guality/pr41447-1.c -O0 execution test
XPASS: gcc.dg/guality/pr41447-1.c -O1 execution test
XPASS: gcc.dg/guality/pr41447-1.c -Os execution test
XPASS: gcc.dg/guality/pr41616-1.c -O0 execution test
XPASS: gcc.dg/guality/pr41616-1.c -O1 execution test
XPASS: gcc.dg/guality/pr41616-1.c -O2 execution test
XPASS: gcc.dg/guality/pr41616-1.c -O3 -fomit-frame-pointer execution test
XPASS: gcc.dg/guality/pr41616-1.c -O3 -g execution test
XPASS: gcc.dg/guality/pr41616-1.c -Os execution test
XPASS: gcc.dg/guality/pr41616-1.c -O2 -flto -fno-use-linker-plugin -flto-partition=none execution test
XPASS: gcc.dg/guality/pr41616-1.c -O2 -flto -fuse-linker-plugin -fno-fat-lto-objects execution test
FAIL: gcc.dg/guality/pr43051-1.c -Os line 39 c == &a[0]
FAIL: gcc.dg/torture/pr51106-2.c -O0 (internal compiler error)
FAIL: gcc.dg/torture/pr51106-2.c -O0 (test for excess errors)
FAIL: gcc.dg/torture/pr51106-2.c -O1 (internal compiler error)
FAIL: gcc.dg/torture/pr51106-2.c -O1 (test for excess errors)
FAIL: gcc.dg/torture/pr51106-2.c -O2 (internal compiler error)
FAIL: gcc.dg/torture/pr51106-2.c -O2 (test for excess errors)
FAIL: gcc.dg/torture/pr51106-2.c -O3 -fomit-frame-pointer (internal compiler error)
FAIL: gcc.dg/torture/pr51106-2.c -O3 -fomit-frame-pointer (test for excess errors)
FAIL: gcc.dg/torture/pr51106-2.c -O3 -g (internal compiler error)
FAIL: gcc.dg/torture/pr51106-2.c -O3 -g (test for excess errors)
FAIL: gcc.dg/torture/pr51106-2.c -Os (internal compiler error)
FAIL: gcc.dg/torture/pr51106-2.c -Os (test for excess errors)
FAIL: gcc.dg/torture/pr51106-2.c -O2 -flto -fno-use-linker-plugin -flto-partition=none (internal compiler error)
FAIL: gcc.dg/torture/pr51106-2.c -O2 -flto -fno-use-linker-plugin -flto-partition=none (test for excess errors)
UNRESOLVED: gcc.dg/tree-ssa/builtin-fprintf-1.c scan-tree-dump fab "vi0.*fwrite.*"hello".*1, 5, fp.*vi1"
UNRESOLVED: gcc.dg/tree-ssa/builtin-fprintf-1.c scan-tree-dump fab "vi1.*fwrite.*"hello\\\\\\\\n".*1, 6, fp.*vi2"
UNRESOLVED: gcc.dg/tree-ssa/builtin-fprintf-1.c scan-tree-dump fab "vi2.*fputc.*fp.*vi3"
UNRESOLVED: gcc.dg/tree-ssa/builtin-fprintf-1.c scan-tree-dump fab "vi3 ={v} 0[^()]*vi4 ={v} 0"
UNRESOLVED: gcc.dg/tree-ssa/builtin-fprintf-1.c scan-tree-dump fab "vi4.*fwrite.*"hello".*1, 5, fp.*vi5"
UNRESOLVED: gcc.dg/tree-ssa/builtin-fprintf-1.c scan-tree-dump fab "vi5.*fwrite.*"hello\\\\\\\\n".*1, 6, fp.*vi6"
UNRESOLVED: gcc.dg/tree-ssa/builtin-fprintf-1.c scan-tree-dump fab "vi6.*fputc.*fp.*vi7"
UNRESOLVED: gcc.dg/tree-ssa/builtin-fprintf-1.c scan-tree-dump fab "vi7.*fputc.*fp.*vi8"
UNRESOLVED: gcc.dg/tree-ssa/builtin-fprintf-1.c scan-tree-dump fab "vi8.*fprintf.*fp.*"%d%d".*vi9"
UNRESOLVED: gcc.dg/tree-ssa/builtin-fprintf-chk-1.c scan-tree-dump fab "vi0.*fwrite.*"hello".*1, 5, fp.*vi1"
UNRESOLVED: gcc.dg/tree-ssa/builtin-fprintf-chk-1.c scan-tree-dump fab "vi1.*fwrite.*"hello\\\\\\\\n".*1, 6, fp.*vi2"
UNRESOLVED: gcc.dg/tree-ssa/builtin-fprintf-chk-1.c scan-tree-dump fab "vi2.*fputc.*fp.*vi3"
UNRESOLVED: gcc.dg/tree-ssa/builtin-fprintf-chk-1.c scan-tree-dump fab "vi3 ={v} 0[^()]*vi4 ={v} 0"
UNRESOLVED: gcc.dg/tree-ssa/builtin-fprintf-chk-1.c scan-tree-dump fab "vi4.*fwrite.*"hello".*1, 5, fp.*vi5"
UNRESOLVED: gcc.dg/tree-ssa/builtin-fprintf-chk-1.c scan-tree-dump fab "vi5.*fwrite.*"hello\\\\\\\\n".*1, 6, fp.*vi6"
UNRESOLVED: gcc.dg/tree-ssa/builtin-fprintf-chk-1.c scan-tree-dump fab "vi6.*fputc.*fp.*vi7"
UNRESOLVED: gcc.dg/tree-ssa/builtin-fprintf-chk-1.c scan-tree-dump fab "vi7.*fputc.*fp.*vi8"
UNRESOLVED: gcc.dg/tree-ssa/builtin-fprintf-chk-1.c scan-tree-dump fab "vi8.*__fprintf_chk.*fp.*1.*"%d%d".*vi9"
UNRESOLVED: gcc.dg/tree-ssa/builtin-printf-1.c scan-tree-dump fab "vi0.*printf.*"hello".*vi1"
UNRESOLVED: gcc.dg/tree-ssa/builtin-printf-1.c scan-tree-dump fab "vi1.*puts.*"hello".*vi2"
UNRESOLVED: gcc.dg/tree-ssa/builtin-printf-1.c scan-tree-dump fab "vi2.*putchar.*vi3"
UNRESOLVED: gcc.dg/tree-ssa/builtin-printf-1.c scan-tree-dump fab "vi3 ={v} 0[^()]*vi4 ={v} 0"
UNRESOLVED: gcc.dg/tree-ssa/builtin-printf-1.c scan-tree-dump fab "vi4.*printf.*"hello".*vi5"
UNRESOLVED: gcc.dg/tree-ssa/builtin-printf-1.c scan-tree-dump fab "vi5.*puts.*"hello".*vi6"
UNRESOLVED: gcc.dg/tree-ssa/builtin-printf-1.c scan-tree-dump fab "vi6.*putchar.*vi7"
UNRESOLVED: gcc.dg/tree-ssa/builtin-printf-1.c scan-tree-dump fab "vi7 ={v} 0[^()]*vi8 ={v} 0"
UNRESOLVED: gcc.dg/tree-ssa/builtin-printf-1.c scan-tree-dump fab "vi8.*putchar.*vi9"
UNRESOLVED: gcc.dg/tree-ssa/builtin-printf-1.c scan-tree-dump fab "vi9.*puts.*"hello\\\\\\\\n".*via"
UNRESOLVED: gcc.dg/tree-ssa/builtin-printf-chk-1.c scan-tree-dump fab "vi0.*__printf_chk.*1.*"hello".*vi1"
UNRESOLVED: gcc.dg/tree-ssa/builtin-printf-chk-1.c scan-tree-dump fab "vi1.*puts.*"hello".*vi2"
UNRESOLVED: gcc.dg/tree-ssa/builtin-printf-chk-1.c scan-tree-dump fab "vi2.*putchar.*vi3"
UNRESOLVED: gcc.dg/tree-ssa/builtin-printf-chk-1.c scan-tree-dump fab "vi3 ={v} 0[^()]*vi4 ={v} 0"
UNRESOLVED: gcc.dg/tree-ssa/builtin-printf-chk-1.c scan-tree-dump fab "vi4.*__printf_chk.*1.*"hello".*vi5"
UNRESOLVED: gcc.dg/tree-ssa/builtin-printf-chk-1.c scan-tree-dump fab "vi5.*puts.*"hello".*vi6"
UNRESOLVED: gcc.dg/tree-ssa/builtin-printf-chk-1.c scan-tree-dump fab "vi6.*putchar.*vi7"
UNRESOLVED: gcc.dg/tree-ssa/builtin-printf-chk-1.c scan-tree-dump fab "vi7 ={v} 0[^()]*vi8 ={v} 0"
UNRESOLVED: gcc.dg/tree-ssa/builtin-printf-chk-1.c scan-tree-dump fab "vi8.*putchar.*vi9"
UNRESOLVED: gcc.dg/tree-ssa/builtin-printf-chk-1.c scan-tree-dump fab "vi9.*puts.*"hello\\\\\\\\n".*via"
UNRESOLVED: gcc.dg/tree-ssa/builtin-vfprintf-1.c scan-tree-dump fab "vi0.*fwrite.*"hello".*1, 5, fp.*vi1"
UNRESOLVED: gcc.dg/tree-ssa/builtin-vfprintf-1.c scan-tree-dump fab "vi1.*fwrite.*"hello\\\\\\\\n".*1, 6, fp.*vi2"
UNRESOLVED: gcc.dg/tree-ssa/builtin-vfprintf-1.c scan-tree-dump fab "vi2.*fputc.*fp.*vi3"
UNRESOLVED: gcc.dg/tree-ssa/builtin-vfprintf-1.c scan-tree-dump fab "vi3 ={v} 0[^()]*vi4 ={v} 0"
UNRESOLVED: gcc.dg/tree-ssa/builtin-vfprintf-1.c scan-tree-dump fab "vi4.*vfprintf.*"%s".*vi5"
UNRESOLVED: gcc.dg/tree-ssa/builtin-vfprintf-1.c scan-tree-dump fab "vi5.*vfprintf.*"%c".*vi6"
UNRESOLVED: gcc.dg/tree-ssa/builtin-vfprintf-1.c scan-tree-dump fab "vi6.*vfprintf.*"%s\\\\\\\\n".*vi7"
UNRESOLVED: gcc.dg/tree-ssa/builtin-vfprintf-chk-1.c scan-tree-dump fab "vi0.*fwrite.*"hello".*1, 5, fp.*vi1"
UNRESOLVED: gcc.dg/tree-ssa/builtin-vfprintf-chk-1.c scan-tree-dump fab "vi1.*fwrite.*"hello\\\\\\\\n".*1, 6, fp.*vi2"
UNRESOLVED: gcc.dg/tree-ssa/builtin-vfprintf-chk-1.c scan-tree-dump fab "vi2.*fputc.*fp.*vi3"
UNRESOLVED: gcc.dg/tree-ssa/builtin-vfprintf-chk-1.c scan-tree-dump fab "vi3 ={v} 0[^()]*vi4 ={v} 0"
UNRESOLVED: gcc.dg/tree-ssa/builtin-vfprintf-chk-1.c scan-tree-dump fab "vi4.*__vfprintf_chk.*fp.*1.*"%s".*vi5"
UNRESOLVED: gcc.dg/tree-ssa/builtin-vfprintf-chk-1.c scan-tree-dump fab "vi5.*__vfprintf_chk.*fp.*1.*"%c".*vi6"
UNRESOLVED: gcc.dg/tree-ssa/builtin-vfprintf-chk-1.c scan-tree-dump fab "vi6.*__vfprintf_chk.*fp.*1.*"%s\\\\\\\\n".*vi7"
UNRESOLVED: gcc.dg/tree-ssa/builtin-vprintf-1.c scan-tree-dump fab "vi0.*vprintf.*"hello".*vi1"
UNRESOLVED: gcc.dg/tree-ssa/builtin-vprintf-1.c scan-tree-dump fab "vi1.*puts.*"hello".*vi2"
UNRESOLVED: gcc.dg/tree-ssa/builtin-vprintf-1.c scan-tree-dump fab "vi2.*putchar.*vi3"
UNRESOLVED: gcc.dg/tree-ssa/builtin-vprintf-1.c scan-tree-dump fab "vi3 ={v} 0[^()]*vi4 ={v} 0"
UNRESOLVED: gcc.dg/tree-ssa/builtin-vprintf-1.c scan-tree-dump fab "vi4.*vprintf.*"%s".*vi5"
UNRESOLVED: gcc.dg/tree-ssa/builtin-vprintf-1.c scan-tree-dump fab "vi5.*vprintf.*"%c".*vi6"
UNRESOLVED: gcc.dg/tree-ssa/builtin-vprintf-1.c scan-tree-dump fab "vi6.*vprintf.*"%s\\\\\\\\n".*vi7"
UNRESOLVED: gcc.dg/tree-ssa/builtin-vprintf-chk-1.c scan-tree-dump fab "vi0.*__vprintf_chk.*1.*"hello".*vi1"
UNRESOLVED: gcc.dg/tree-ssa/builtin-vprintf-chk-1.c scan-tree-dump fab "vi1.*puts.*"hello".*vi2"
UNRESOLVED: gcc.dg/tree-ssa/builtin-vprintf-chk-1.c scan-tree-dump fab "vi2.*putchar.*vi3"
UNRESOLVED: gcc.dg/tree-ssa/builtin-vprintf-chk-1.c scan-tree-dump fab "vi3 ={v} 0[^()]*vi4 ={v} 0"
UNRESOLVED: gcc.dg/tree-ssa/builtin-vprintf-chk-1.c scan-tree-dump fab "vi4.*__vprintf_chk.*1.*"%s".*vi5"
UNRESOLVED: gcc.dg/tree-ssa/builtin-vprintf-chk-1.c scan-tree-dump fab "vi5.*__vprintf_chk.*1.*"%c".*vi6"
UNRESOLVED: gcc.dg/tree-ssa/builtin-vprintf-chk-1.c scan-tree-dump fab "vi6.*__vprintf_chk.*1.*"%s\\\\\\\\n".*vi7"
UNRESOLVED: gcc.dg/tree-ssa/ssa-ccp-10.c scan-tree-dump-times fab "strlen" 0
UNRESOLVED: gcc.dg/vect/vec-scal-opt.c scan-tree-dump-times veclower2 ">> k.[0-9_]*" 1
UNRESOLVED: gcc.dg/vect/vec-scal-opt1.c scan-tree-dump-times veclower2 ">> 2" 1
UNRESOLVED: gcc.dg/vect/vec-scal-opt2.c scan-tree-dump-times veclower2 ">> 2" 1
=== gcc Summary ===
# of expected passes 88443
# of unexpected failures 17
# of unexpected successes 44
# of expected failures 264
# of unresolved testcases 79
# of unsupported tests 1029
/export/gnu/import/git/gcc-test-ia32corei7/bld/gcc/xgcc version 4.8.0 20120919 (experimental) [trunk revision 191466] (GCC)
=== gfortran tests ===
Running target unix
FAIL: gfortran.dg/lto/pr45586-2 f_lto_pr45586-2_0.o-f_lto_pr45586-2_0.o link, -O0 -flto -flto-partition=none -fuse-linker-plugin (internal compiler error)
UNRESOLVED: gfortran.dg/lto/pr45586-2 f_lto_pr45586-2_0.o-f_lto_pr45586-2_0.o execute -O0 -flto -flto-partition=none -fuse-linker-plugin
FAIL: gfortran.dg/lto/pr45586-2 f_lto_pr45586-2_0.o-f_lto_pr45586-2_0.o link, -O0 -flto -flto-partition=1to1 -fno-use-linker-plugin (internal compiler error)
UNRESOLVED: gfortran.dg/lto/pr45586-2 f_lto_pr45586-2_0.o-f_lto_pr45586-2_0.o execute -O0 -flto -flto-partition=1to1 -fno-use-linker-plugin
FAIL: gfortran.dg/lto/pr45586-2 f_lto_pr45586-2_0.o-f_lto_pr45586-2_0.o link, -O0 -flto -fuse-linker-plugin -fno-fat-lto-objects (internal compiler error)
UNRESOLVED: gfortran.dg/lto/pr45586-2 f_lto_pr45586-2_0.o-f_lto_pr45586-2_0.o execute -O0 -flto -fuse-linker-plugin -fno-fat-lto-objects
FAIL: gfortran.dg/lto/pr45586 f_lto_pr45586_0.o-f_lto_pr45586_0.o link, -O0 -flto -flto-partition=none -fuse-linker-plugin (internal compiler error)
UNRESOLVED: gfortran.dg/lto/pr45586 f_lto_pr45586_0.o-f_lto_pr45586_0.o execute -O0 -flto -flto-partition=none -fuse-linker-plugin
FAIL: gfortran.dg/lto/pr45586 f_lto_pr45586_0.o-f_lto_pr45586_0.o link, -O0 -flto -flto-partition=1to1 -fno-use-linker-plugin (internal compiler error)
UNRESOLVED: gfortran.dg/lto/pr45586 f_lto_pr45586_0.o-f_lto_pr45586_0.o execute -O0 -flto -flto-partition=1to1 -fno-use-linker-plugin
FAIL: gfortran.dg/lto/pr45586 f_lto_pr45586_0.o-f_lto_pr45586_0.o link, -O0 -flto -fuse-linker-plugin -fno-fat-lto-objects (internal compiler error)
UNRESOLVED: gfortran.dg/lto/pr45586 f_lto_pr45586_0.o-f_lto_pr45586_0.o execute -O0 -flto -fuse-linker-plugin -fno-fat-lto-objects
=== gfortran Summary ===
# of expected passes 41876
# of unexpected failures 6
# of expected failures 42
# of unresolved testcases 6
# of unsupported tests 205
/export/gnu/import/git/gcc-test-ia32corei7/bld/gcc/testsuite/gfortran/../../gfortran version 4.8.0 20120919 (experimental) [trunk revision 191466] (GCC)
=== objc tests ===
Running target unix
=== objc Summary ===
# of expected passes 2988
# of expected failures 6
# of unsupported tests 74
/export/gnu/import/git/gcc-test-ia32corei7/bld/gcc/xgcc version 4.8.0 20120919 (experimental) [trunk revision 191466] (GCC)
=== boehm-gc tests ===
Running target unix
=== boehm-gc Summary ===
# of expected passes 12
# of unsupported tests 1
=== libatomic tests ===
Running target unix
=== libatomic Summary ===
# of expected passes 44
# of unsupported tests 5
=== libffi tests ===
Running target unix
=== libffi Summary ===
# of expected passes 1659
# of unsupported tests 55
=== libgomp tests ===
Running target unix
=== libgomp Summary ===
# of expected passes 2930
=== libitm tests ===
Running target unix
=== libitm Summary ===
# of expected passes 26
# of expected failures 3
# of unsupported tests 1
=== libjava tests ===
Running target unix
FAIL: sourcelocation output - source compiled test
FAIL: sourcelocation -findirect-dispatch output - source compiled test
FAIL: sourcelocation -O3 output - source compiled test
FAIL: sourcelocation -O3 -findirect-dispatch output - source compiled test
=== libjava Summary ===
# of expected passes 2582
# of unexpected failures 4
=== libmudflap tests ===
Running target unix
=== libmudflap Summary ===
# of expected passes 1436
=== libstdc++ tests ===
Running target unix
=== libstdc++ Summary ===
# of expected passes 9058
# of expected failures 42
# of unsupported tests 175
Compiler version: 4.8.0 20120919 (experimental) [trunk revision 191466] (GCC)
Platform: i686-pc-linux-gnu
configure flags: --with-arch=core2 --with-cpu=core2 --prefix=/usr/local --enable-clocale=gnu --with-system-zlib --enable-shared --with-demangler-in-ld i686-linux --with-fpmath=sse --enable-languages=c,c++,fortran,java,lto,objc