This is the mail archive of the gcc-testresults@gcc.gnu.org mailing list for the GCC project.


Index Nav: [Date Index] [Subject Index] [Author Index] [Thread Index]
Message Nav: [Date Prev] [Date Next] [Thread Prev] [Thread Next]
Other format: [Raw text]

Results for 4.5.4 (GCC) testsuite on hppa64-hp-hpux11.00


Native configuration is hppa64-hp-hpux11.00

		=== g++ tests ===


Running target unix

		=== g++ Summary ===

# of expected passes		20646
# of expected failures		153
# of unsupported tests		260
/home/gnu/gcc/obj64dir/gcc/testsuite/g++/../../g++  version 4.5.4 (GCC) 

		=== gcc tests ===


Running target unix
WARNING: program timed out.
FAIL: gcc.c-torture/compile/limits-externdecl.c  -O0  (test for excess errors)
WARNING: program timed out.
FAIL: gcc.c-torture/compile/limits-externdecl.c  -O1  (test for excess errors)
WARNING: program timed out.
FAIL: gcc.c-torture/compile/limits-externdecl.c  -O2  (test for excess errors)
WARNING: program timed out.
FAIL: gcc.c-torture/compile/limits-externdecl.c  -O3 -fomit-frame-pointer  (test for excess errors)
WARNING: program timed out.
FAIL: gcc.c-torture/compile/limits-externdecl.c  -O3 -g  (test for excess errors)
WARNING: program timed out.
FAIL: gcc.c-torture/compile/limits-externdecl.c  -Os  (test for excess errors)
WARNING: program timed out.
FAIL: gcc.c-torture/compile/limits-fndefn.c  -O3 -g  (test for excess errors)
WARNING: program timed out.
FAIL: gcc.c-torture/compile/limits-structnest.c  -O2  (test for excess errors)
WARNING: program timed out.
FAIL: gcc.c-torture/compile/limits-structnest.c  -O3 -fomit-frame-pointer  (test for excess errors)
WARNING: program timed out.
FAIL: gcc.c-torture/compile/limits-structnest.c  -O3 -g  (test for excess errors)
WARNING: program timed out.
FAIL: gcc.c-torture/compile/limits-structnest.c  -Os  (test for excess errors)
WARNING: program timed out.
FAIL: gcc.dg/c99-intconst-1.c (test for excess errors)
XPASS: gcc.dg/funcorder.c scan-assembler-not link_error,%r
WARNING: program timed out.

		=== gcc Summary ===

# of expected passes		53107
# of unexpected failures	12
# of unexpected successes	1
# of expected failures		89
# of unsupported tests		714
/home/gnu/gcc/obj64dir/gcc/xgcc  version 4.5.4 (GCC) 

		=== gfortran tests ===


Running target unix
WARNING: program timed out.
FAIL: gfortran.fortran-torture/execute/forall_7.f90 compilation,  -O3 -g 

		=== gfortran Summary ===

# of expected passes		33370
# of unexpected failures	1
# of expected failures		20
# of untested testcases		1
# of unsupported tests		280
/home/gnu/gcc/obj64dir/gcc/testsuite/gfortran/../../gfortran  version 4.5.4 (GCC) 

		=== obj-c++ tests ===


Running target unix
WARNING: obj-c++.dg/lookup-2.mm -fgnu-runtime compilation failed to produce executable
WARNING: obj-c++.dg/try-catch-2.mm -fgnu-runtime compilation failed to produce executable
WARNING: obj-c++.dg/try-catch-9.mm -fgnu-runtime compilation failed to produce executable

		=== obj-c++ Summary ===

# of expected passes		432
# of expected failures		11
# of unsupported tests		14
/home/gnu/gcc/obj64dir/gcc/testsuite/obj-c++/../../g++  version 4.5.4 (GCC) 

		=== objc tests ===


Running target unix

		=== objc Summary ===

# of expected passes		1872
# of expected failures		15
# of unsupported tests		21
/home/gnu/gcc/obj64dir/gcc/xgcc  version 4.5.4 (GCC) 

		=== libgomp tests ===


Running target unix

		=== libgomp Summary ===

# of expected passes		2540
# of unsupported tests		9
		=== libstdc++ tests ===


Running target unix
FAIL: 18_support/numeric_limits/lowest.cc execution test
FAIL: 21_strings/basic_string/requirements/typedefs.cc (test for excess errors)
WARNING: program timed out.
FAIL: ext/pb_ds/regression/tree_data_map_rand.cc (test for excess errors)
WARNING: ext/pb_ds/regression/tree_data_map_rand.cc compilation failed to produce executable
WARNING: program timed out.
FAIL: ext/pb_ds/regression/tree_no_data_map_rand.cc (test for excess errors)
WARNING: ext/pb_ds/regression/tree_no_data_map_rand.cc compilation failed to produce executable

		=== libstdc++ Summary ===

# of expected passes		5421
# of unexpected failures	4
# of expected failures		87
# of unsupported tests		464

Compiler version: 4.5.4 (GCC) 
Platform: hppa64-hp-hpux11.00
configure flags:Test Run By dave on Sat Sep  8 21:55:42 2012


Index Nav: [Date Index] [Subject Index] [Author Index] [Thread Index]
Message Nav: [Date Prev] [Date Next] [Thread Prev] [Thread Next]