This is the mail archive of the gcc-testresults@gcc.gnu.org mailing list for the GCC project.


Index Nav: [Date Index] [Subject Index] [Author Index] [Thread Index]
Message Nav: [Date Prev] [Date Next] [Thread Prev] [Thread Next]
Other format: [Raw text]

Results for 4.7.1 (GCC) testsuite on i686-pc-linux-gnu


Mark Deric <codesmith@dericnet.com>

c,c++ only build ... looking to use the C++11 features
Thanks for your work!

[mark@laguna06 gcc-4.7.1_build]\$ cat /proc/cpuinfo
processor	: 0
vendor_id	: AuthenticAMD
cpu family	: 15
model		: 28
model name	: AMD Sempron(tm) Processor 2800+
stepping	: 0
cpu MHz		: 1607.332
cache size	: 256 KB
fdiv_bug	: no
hlt_bug		: no
f00f_bug	: no
coma_bug	: no
fpu		: yes
fpu_exception	: yes
cpuid level	: 1
wp		: yes
flags		: fpu vme de pse tsc msr pae mce cx8 apic mtrr pge mca cmov pat pse36 clflush mmx fxsr sse sse2 syscall nx mmxext fxsr_opt lm 3dnowext 3dnow up nonstop_tsc lahf_lm ts ttp
bogomips	: 3214.66

[mark@laguna06 gcc-4.7.1_build]\$ cat /etc/redhat-release 
CentOS release 5.8 (Final)
[mark@laguna06 gcc-4.7.1_build]\$ 

LAST_UPDATED: Obtained from SVN: tags/gcc_4_7_1_release revision 188597

Native configuration is i686-pc-linux-gnu

		=== gcc tests ===


Running target unix
FAIL: gcc.dg/debug/dwarf2/asm-line1.c scan-assembler is_stmt 1
FAIL: gcc.dg/cproj-fails-with-broken-glibc.c execution test
XPASS: gcc.dg/inline_3.c (test for excess errors)
XPASS: gcc.dg/inline_4.c (test for excess errors)
XPASS: gcc.dg/unroll_2.c (test for excess errors)
XPASS: gcc.dg/unroll_3.c (test for excess errors)
XPASS: gcc.dg/unroll_4.c (test for excess errors)
XPASS: gcc.dg/guality/example.c  -O0  execution test
XPASS: gcc.dg/guality/example.c  -O1  execution test
XPASS: gcc.dg/guality/guality.c  -O0  execution test
XPASS: gcc.dg/guality/guality.c  -O1  execution test
XPASS: gcc.dg/guality/guality.c  -O2  execution test
XPASS: gcc.dg/guality/guality.c  -O3 -fomit-frame-pointer  execution test
XPASS: gcc.dg/guality/guality.c  -O3 -g  execution test
XPASS: gcc.dg/guality/guality.c  -Os  execution test
XPASS: gcc.dg/guality/guality.c  -O2 -flto -flto-partition=none  execution test
XPASS: gcc.dg/guality/guality.c  -O2 -flto  execution test
XPASS: gcc.dg/guality/inline-params.c  -O2  execution test
XPASS: gcc.dg/guality/inline-params.c  -O3 -fomit-frame-pointer  execution test
XPASS: gcc.dg/guality/inline-params.c  -O3 -g  execution test
XPASS: gcc.dg/guality/inline-params.c  -Os  execution test
XPASS: gcc.dg/guality/inline-params.c  -O2 -flto -flto-partition=none  execution test
XPASS: gcc.dg/guality/inline-params.c  -O2 -flto  execution test
XPASS: gcc.dg/guality/pr41353-1.c  -O0  line 28 j == 28 + 37
XPASS: gcc.dg/guality/pr41353-1.c  -O1  line 28 j == 28 + 37
XPASS: gcc.dg/guality/pr41353-1.c  -O2  line 28 j == 28 + 37
XPASS: gcc.dg/guality/pr41353-1.c  -O3 -fomit-frame-pointer  line 28 j == 28 + 37
XPASS: gcc.dg/guality/pr41353-1.c  -O3 -g  line 28 j == 28 + 37
XPASS: gcc.dg/guality/pr41353-1.c  -Os  line 28 j == 28 + 37
XPASS: gcc.dg/guality/pr41353-1.c  -O2 -flto -flto-partition=none  line 28 j == 28 + 37
XPASS: gcc.dg/guality/pr41353-1.c  -O2 -flto  line 28 j == 28 + 37
XPASS: gcc.dg/guality/pr41447-1.c  -O0  execution test
XPASS: gcc.dg/guality/pr41447-1.c  -O1  execution test
XPASS: gcc.dg/guality/pr41447-1.c  -Os  execution test
XPASS: gcc.dg/guality/pr41616-1.c  -O0  execution test
XPASS: gcc.dg/guality/pr41616-1.c  -O1  execution test
XPASS: gcc.dg/guality/pr41616-1.c  -O2  execution test
XPASS: gcc.dg/guality/pr41616-1.c  -O3 -fomit-frame-pointer  execution test
XPASS: gcc.dg/guality/pr41616-1.c  -O3 -g  execution test
XPASS: gcc.dg/guality/pr41616-1.c  -Os  execution test
XPASS: gcc.dg/guality/pr41616-1.c  -O2 -flto -flto-partition=none  execution test
XPASS: gcc.dg/guality/pr41616-1.c  -O2 -flto  execution test
FAIL: gcc.dg/guality/sra-1.c  -O1  line 21 a.j == 14
FAIL: gcc.dg/guality/sra-1.c  -O2  line 21 a.j == 14
FAIL: gcc.dg/guality/sra-1.c  -O3 -fomit-frame-pointer  line 21 a.j == 14
FAIL: gcc.dg/guality/sra-1.c  -O3 -g  line 21 a.j == 14
FAIL: gcc.dg/guality/sra-1.c  -Os  line 21 a.j == 14
FAIL: gcc.dg/guality/sra-1.c  -O2 -flto -flto-partition=none  line 21 a.j == 14
FAIL: gcc.dg/guality/sra-1.c  -O2 -flto  line 21 a.j == 14
FAIL: gcc.dg/guality/vla-1.c  -O1  line 24 sizeof (a) == 17 * sizeof (short)
FAIL: gcc.dg/guality/vla-1.c  -O2  line 24 sizeof (a) == 17 * sizeof (short)
FAIL: gcc.dg/guality/vla-1.c  -O3 -fomit-frame-pointer  line 24 sizeof (a) == 17 * sizeof (short)
FAIL: gcc.dg/guality/vla-1.c  -O3 -g  line 24 sizeof (a) == 17 * sizeof (short)
FAIL: gcc.dg/guality/vla-1.c  -Os  line 17 sizeof (a) == 6
FAIL: gcc.dg/guality/vla-1.c  -O2 -flto -flto-partition=none  line 24 sizeof (a) == 17 * sizeof (short)
FAIL: gcc.dg/guality/vla-1.c  -O2 -flto  line 24 sizeof (a) == 17 * sizeof (short)
FAIL: gcc.dg/guality/vla-2.c  -O1  line 25 sizeof (a) == 6 * sizeof (int)
FAIL: gcc.dg/guality/vla-2.c  -O2  line 25 sizeof (a) == 6 * sizeof (int)
FAIL: gcc.dg/guality/vla-2.c  -O3 -fomit-frame-pointer  line 25 sizeof (a) == 6 * sizeof (int)
FAIL: gcc.dg/guality/vla-2.c  -O3 -g  line 25 sizeof (a) == 6 * sizeof (int)
FAIL: gcc.dg/guality/vla-2.c  -Os  line 25 sizeof (a) == 6 * sizeof (int)
FAIL: gcc.dg/guality/vla-2.c  -O2 -flto -flto-partition=none  line 25 sizeof (a) == 6 * sizeof (int)
FAIL: gcc.dg/guality/vla-2.c  -O2 -flto  line 25 sizeof (a) == 6 * sizeof (int)
FAIL: gcc.dg/torture/tls/run-gd.c  -O0  (test for excess errors)
FAIL: gcc.dg/torture/tls/run-gd.c  -O1  (test for excess errors)
FAIL: gcc.dg/torture/tls/run-gd.c  -O2  (test for excess errors)
FAIL: gcc.dg/torture/tls/run-gd.c  -O3 -fomit-frame-pointer  (test for excess errors)
FAIL: gcc.dg/torture/tls/run-gd.c  -O3 -g  (test for excess errors)
FAIL: gcc.dg/torture/tls/run-gd.c  -Os  (test for excess errors)
FAIL: gcc.dg/torture/tls/run-gd.c  -O2 -flto -flto-partition=none  (test for excess errors)
FAIL: gcc.dg/torture/tls/run-gd.c  -O2 -flto  (test for excess errors)
FAIL: gcc.dg/torture/tls/run-ld.c  -O0  (test for excess errors)
FAIL: gcc.dg/torture/tls/run-ld.c  -O1  (test for excess errors)
FAIL: gcc.dg/torture/tls/run-ld.c  -O2  (test for excess errors)
FAIL: gcc.dg/torture/tls/run-ld.c  -O3 -fomit-frame-pointer  (test for excess errors)
FAIL: gcc.dg/torture/tls/run-ld.c  -O3 -g  (test for excess errors)
FAIL: gcc.dg/torture/tls/run-ld.c  -Os  (test for excess errors)
FAIL: gcc.dg/torture/tls/run-ld.c  -O2 -flto -flto-partition=none  (test for excess errors)
FAIL: gcc.dg/torture/tls/run-ld.c  -O2 -flto  (test for excess errors)

		=== gcc Summary ===

# of expected passes		85031
# of unexpected failures	39
# of unexpected successes	40
# of expected failures		269
# of unsupported tests		1806
/home/mark/local/buildroot/gcc/gcc-4.7.1_top/gcc-4.7.1_build/gcc/xgcc  version 4.7.1 (GCC) 

		=== g++ tests ===


Running target unix
FAIL: g++.dg/guality/redeclaration1.C  -O0  line 17 i == 24
FAIL: g++.dg/guality/redeclaration1.C  -O1  line 17 i == 24
FAIL: g++.dg/guality/redeclaration1.C  -O2  line 17 i == 24
FAIL: g++.dg/guality/redeclaration1.C  -O3 -fomit-frame-pointer  line 17 i == 24
FAIL: g++.dg/guality/redeclaration1.C  -O3 -g  line 17 i == 24
FAIL: g++.dg/guality/redeclaration1.C  -Os  line 17 i == 24

		=== g++ Summary ===

# of expected passes		47893
# of unexpected failures	6
# of expected failures		286
# of unsupported tests		324
/home/mark/local/buildroot/gcc/gcc-4.7.1_top/gcc-4.7.1_build/gcc/testsuite/g++/../../g++  version 4.7.1 (GCC) 

		=== libgomp tests ===


Running target unix

		=== libgomp Summary ===

# of expected passes		1247
		=== libitm tests ===


Running target unix

		=== libitm Summary ===

# of expected passes		26
# of expected failures		3
# of unsupported tests		1
		=== libmudflap tests ===


Running target unix

		=== libmudflap Summary ===

# of expected passes		1906
		=== libstdc++ tests ===


Running target unix

		=== libstdc++ Summary ===

# of expected passes		8851
# of expected failures		43
# of unsupported tests		146

Compiler version: 4.7.1 (GCC) 
Platform: i686-pc-linux-gnu
configure flags: --prefix=/home/mark/local/gcc-4.7.1 --enable-languages=c,c++ --disable-libgcj


Index Nav: [Date Index] [Subject Index] [Author Index] [Thread Index]
Message Nav: [Date Prev] [Date Next] [Thread Prev] [Thread Next]