This is the mail archive of the
gcc-testresults@gcc.gnu.org
mailing list for the GCC project.
Results for 4.8.0 20120903 (experimental) [trunk revision 190887] (GCC) testsuite on i686-pc-linux-gnu
- From: ia32 at gnu-1 dot sc dot intel dot com (H.J. Lu (ia32))
- To: gcc-testresults at gcc dot gnu dot org
- Date: Mon, 03 Sep 2012 07:00:57 -0700
- Subject: Results for 4.8.0 20120903 (experimental) [trunk revision 190887] (GCC) testsuite on i686-pc-linux-gnu
Native configuration is i686-pc-linux-gnu
=== g++ tests ===
Running target unix
=== g++ Summary ===
# of expected passes 48776
# of expected failures 284
# of unsupported tests 343
/export/gnu/import/git/gcc-test-ia32/bld/gcc/testsuite/g++/../../g++ version 4.8.0 20120903 (experimental) [trunk revision 190887] (GCC)
=== gcc tests ===
Running target unix
XPASS: gcc.dg/Wstrict-overflow-18.c (test for bogus messages, line 20)
FAIL: gcc.dg/attr-weakref-1.c (test for excess errors)
UNRESOLVED: gcc.dg/attr-weakref-1.c compilation failed to produce executable
XPASS: gcc.dg/inline_3.c (test for excess errors)
XPASS: gcc.dg/inline_4.c (test for excess errors)
FAIL: gcc.dg/pr52558-1.c scan-tree-dump-times lim1 "MEM count_lsm.. count_lsm_flag" 1
FAIL: gcc.dg/pr52558-2.c scan-tree-dump-times lim1 "MEM.*g_2_lsm_flag" 1
XPASS: gcc.dg/unroll_2.c (test for excess errors)
XPASS: gcc.dg/unroll_3.c (test for excess errors)
XPASS: gcc.dg/unroll_4.c (test for excess errors)
FAIL: gcc.dg/tm/reg-promotion.c scan-tree-dump-times lim1 "MEM count_lsm.. count_lsm_flag" 1
FAIL: gcc.dg/torture/pr51106-2.c -O0 (internal compiler error)
FAIL: gcc.dg/torture/pr51106-2.c -O0 (test for excess errors)
FAIL: gcc.dg/torture/pr51106-2.c -O1 (internal compiler error)
FAIL: gcc.dg/torture/pr51106-2.c -O1 (test for excess errors)
FAIL: gcc.dg/torture/pr51106-2.c -O2 (internal compiler error)
FAIL: gcc.dg/torture/pr51106-2.c -O2 (test for excess errors)
FAIL: gcc.dg/torture/pr51106-2.c -O3 -fomit-frame-pointer (internal compiler error)
FAIL: gcc.dg/torture/pr51106-2.c -O3 -fomit-frame-pointer (test for excess errors)
FAIL: gcc.dg/torture/pr51106-2.c -O3 -g (internal compiler error)
FAIL: gcc.dg/torture/pr51106-2.c -O3 -g (test for excess errors)
FAIL: gcc.dg/torture/pr51106-2.c -Os (internal compiler error)
FAIL: gcc.dg/torture/pr51106-2.c -Os (test for excess errors)
FAIL: gcc.dg/torture/pr51106-2.c -O2 -flto -fno-use-linker-plugin -flto-partition=none (internal compiler error)
FAIL: gcc.dg/torture/pr51106-2.c -O2 -flto -fno-use-linker-plugin -flto-partition=none (test for excess errors)
=== gcc Summary ===
# of expected passes 87018
# of unexpected failures 18
# of unexpected successes 6
# of expected failures 256
# of unresolved testcases 1
# of unsupported tests 957
/export/gnu/import/git/gcc-test-ia32/bld/gcc/xgcc version 4.8.0 20120903 (experimental) [trunk revision 190887] (GCC)
=== gfortran tests ===
Running target unix
FAIL: gfortran.dg/class_10.f03 -O (internal compiler error)
FAIL: gfortran.dg/class_10.f03 -O (test for excess errors)
FAIL: gfortran.dg/class_12.f03 -O (internal compiler error)
FAIL: gfortran.dg/class_12.f03 -O (test for excess errors)
FAIL: gfortran.dg/class_17.f03 -O (internal compiler error)
FAIL: gfortran.dg/class_17.f03 -O (test for errors, line 59)
FAIL: gfortran.dg/class_17.f03 -O (test for excess errors)
FAIL: gfortran.dg/class_22.f03 -O (internal compiler error)
FAIL: gfortran.dg/class_22.f03 -O (test for excess errors)
FAIL: gfortran.dg/class_9.f03 -O0 (internal compiler error)
FAIL: gfortran.dg/class_9.f03 -O0 (test for excess errors)
UNRESOLVED: gfortran.dg/class_9.f03 -O0 compilation failed to produce executable
FAIL: gfortran.dg/class_9.f03 -O1 (internal compiler error)
FAIL: gfortran.dg/class_9.f03 -O1 (test for excess errors)
UNRESOLVED: gfortran.dg/class_9.f03 -O1 compilation failed to produce executable
FAIL: gfortran.dg/class_9.f03 -O2 (internal compiler error)
FAIL: gfortran.dg/class_9.f03 -O2 (test for excess errors)
UNRESOLVED: gfortran.dg/class_9.f03 -O2 compilation failed to produce executable
FAIL: gfortran.dg/class_9.f03 -O3 -fomit-frame-pointer (internal compiler error)
FAIL: gfortran.dg/class_9.f03 -O3 -fomit-frame-pointer (test for excess errors)
UNRESOLVED: gfortran.dg/class_9.f03 -O3 -fomit-frame-pointer compilation failed to produce executable
FAIL: gfortran.dg/class_9.f03 -O3 -fomit-frame-pointer -funroll-loops (internal compiler error)
FAIL: gfortran.dg/class_9.f03 -O3 -fomit-frame-pointer -funroll-loops (test for excess errors)
UNRESOLVED: gfortran.dg/class_9.f03 -O3 -fomit-frame-pointer -funroll-loops compilation failed to produce executable
FAIL: gfortran.dg/class_9.f03 -O3 -fomit-frame-pointer -funroll-all-loops -finline-functions (internal compiler error)
FAIL: gfortran.dg/class_9.f03 -O3 -fomit-frame-pointer -funroll-all-loops -finline-functions (test for excess errors)
UNRESOLVED: gfortran.dg/class_9.f03 -O3 -fomit-frame-pointer -funroll-all-loops -finline-functions compilation failed to produce executable
FAIL: gfortran.dg/class_9.f03 -O3 -g (internal compiler error)
FAIL: gfortran.dg/class_9.f03 -O3 -g (test for excess errors)
UNRESOLVED: gfortran.dg/class_9.f03 -O3 -g compilation failed to produce executable
FAIL: gfortran.dg/class_9.f03 -Os (internal compiler error)
FAIL: gfortran.dg/class_9.f03 -Os (test for excess errors)
UNRESOLVED: gfortran.dg/class_9.f03 -Os compilation failed to produce executable
FAIL: gfortran.dg/class_array_3.f03 -O0 (internal compiler error)
FAIL: gfortran.dg/class_array_3.f03 -O0 (test for excess errors)
UNRESOLVED: gfortran.dg/class_array_3.f03 -O0 compilation failed to produce executable
FAIL: gfortran.dg/class_array_3.f03 -O1 (internal compiler error)
FAIL: gfortran.dg/class_array_3.f03 -O1 (test for excess errors)
UNRESOLVED: gfortran.dg/class_array_3.f03 -O1 compilation failed to produce executable
FAIL: gfortran.dg/class_array_3.f03 -O2 (internal compiler error)
FAIL: gfortran.dg/class_array_3.f03 -O2 (test for excess errors)
UNRESOLVED: gfortran.dg/class_array_3.f03 -O2 compilation failed to produce executable
FAIL: gfortran.dg/class_array_3.f03 -O3 -fomit-frame-pointer (internal compiler error)
FAIL: gfortran.dg/class_array_3.f03 -O3 -fomit-frame-pointer (test for excess errors)
UNRESOLVED: gfortran.dg/class_array_3.f03 -O3 -fomit-frame-pointer compilation failed to produce executable
FAIL: gfortran.dg/class_array_3.f03 -O3 -fomit-frame-pointer -funroll-loops (internal compiler error)
FAIL: gfortran.dg/class_array_3.f03 -O3 -fomit-frame-pointer -funroll-loops (test for excess errors)
UNRESOLVED: gfortran.dg/class_array_3.f03 -O3 -fomit-frame-pointer -funroll-loops compilation failed to produce executable
FAIL: gfortran.dg/class_array_3.f03 -O3 -fomit-frame-pointer -funroll-all-loops -finline-functions (internal compiler error)
FAIL: gfortran.dg/class_array_3.f03 -O3 -fomit-frame-pointer -funroll-all-loops -finline-functions (test for excess errors)
UNRESOLVED: gfortran.dg/class_array_3.f03 -O3 -fomit-frame-pointer -funroll-all-loops -finline-functions compilation failed to produce executable
FAIL: gfortran.dg/class_array_3.f03 -O3 -g (internal compiler error)
FAIL: gfortran.dg/class_array_3.f03 -O3 -g (test for excess errors)
UNRESOLVED: gfortran.dg/class_array_3.f03 -O3 -g compilation failed to produce executable
FAIL: gfortran.dg/class_array_3.f03 -Os (internal compiler error)
FAIL: gfortran.dg/class_array_3.f03 -Os (test for excess errors)
UNRESOLVED: gfortran.dg/class_array_3.f03 -Os compilation failed to produce executable
FAIL: gfortran.dg/class_array_5.f03 -O (internal compiler error)
FAIL: gfortran.dg/class_array_5.f03 -O (test for excess errors)
FAIL: gfortran.dg/class_array_9.f03 -O0 (internal compiler error)
FAIL: gfortran.dg/class_array_9.f03 -O0 (test for excess errors)
UNRESOLVED: gfortran.dg/class_array_9.f03 -O0 compilation failed to produce executable
FAIL: gfortran.dg/class_array_9.f03 -O1 (internal compiler error)
FAIL: gfortran.dg/class_array_9.f03 -O1 (test for excess errors)
UNRESOLVED: gfortran.dg/class_array_9.f03 -O1 compilation failed to produce executable
FAIL: gfortran.dg/class_array_9.f03 -O2 (internal compiler error)
FAIL: gfortran.dg/class_array_9.f03 -O2 (test for excess errors)
UNRESOLVED: gfortran.dg/class_array_9.f03 -O2 compilation failed to produce executable
FAIL: gfortran.dg/class_array_9.f03 -O3 -fomit-frame-pointer (internal compiler error)
FAIL: gfortran.dg/class_array_9.f03 -O3 -fomit-frame-pointer (test for excess errors)
UNRESOLVED: gfortran.dg/class_array_9.f03 -O3 -fomit-frame-pointer compilation failed to produce executable
FAIL: gfortran.dg/class_array_9.f03 -O3 -fomit-frame-pointer -funroll-loops (internal compiler error)
FAIL: gfortran.dg/class_array_9.f03 -O3 -fomit-frame-pointer -funroll-loops (test for excess errors)
UNRESOLVED: gfortran.dg/class_array_9.f03 -O3 -fomit-frame-pointer -funroll-loops compilation failed to produce executable
FAIL: gfortran.dg/class_array_9.f03 -O3 -fomit-frame-pointer -funroll-all-loops -finline-functions (internal compiler error)
FAIL: gfortran.dg/class_array_9.f03 -O3 -fomit-frame-pointer -funroll-all-loops -finline-functions (test for excess errors)
UNRESOLVED: gfortran.dg/class_array_9.f03 -O3 -fomit-frame-pointer -funroll-all-loops -finline-functions compilation failed to produce executable
FAIL: gfortran.dg/class_array_9.f03 -O3 -g (internal compiler error)
FAIL: gfortran.dg/class_array_9.f03 -O3 -g (test for excess errors)
UNRESOLVED: gfortran.dg/class_array_9.f03 -O3 -g compilation failed to produce executable
FAIL: gfortran.dg/class_array_9.f03 -Os (internal compiler error)
FAIL: gfortran.dg/class_array_9.f03 -Os (test for excess errors)
UNRESOLVED: gfortran.dg/class_array_9.f03 -Os compilation failed to produce executable
FAIL: gfortran.dg/class_defined_operator_1.f03 -O0 (internal compiler error)
FAIL: gfortran.dg/class_defined_operator_1.f03 -O0 (test for excess errors)
UNRESOLVED: gfortran.dg/class_defined_operator_1.f03 -O0 compilation failed to produce executable
FAIL: gfortran.dg/class_defined_operator_1.f03 -O1 (internal compiler error)
FAIL: gfortran.dg/class_defined_operator_1.f03 -O1 (test for excess errors)
UNRESOLVED: gfortran.dg/class_defined_operator_1.f03 -O1 compilation failed to produce executable
FAIL: gfortran.dg/class_defined_operator_1.f03 -O2 (internal compiler error)
FAIL: gfortran.dg/class_defined_operator_1.f03 -O2 (test for excess errors)
UNRESOLVED: gfortran.dg/class_defined_operator_1.f03 -O2 compilation failed to produce executable
FAIL: gfortran.dg/class_defined_operator_1.f03 -O3 -fomit-frame-pointer (internal compiler error)
FAIL: gfortran.dg/class_defined_operator_1.f03 -O3 -fomit-frame-pointer (test for excess errors)
UNRESOLVED: gfortran.dg/class_defined_operator_1.f03 -O3 -fomit-frame-pointer compilation failed to produce executable
FAIL: gfortran.dg/class_defined_operator_1.f03 -O3 -fomit-frame-pointer -funroll-loops (internal compiler error)
FAIL: gfortran.dg/class_defined_operator_1.f03 -O3 -fomit-frame-pointer -funroll-loops (test for excess errors)
UNRESOLVED: gfortran.dg/class_defined_operator_1.f03 -O3 -fomit-frame-pointer -funroll-loops compilation failed to produce executable
FAIL: gfortran.dg/class_defined_operator_1.f03 -O3 -fomit-frame-pointer -funroll-all-loops -finline-functions (internal compiler error)
FAIL: gfortran.dg/class_defined_operator_1.f03 -O3 -fomit-frame-pointer -funroll-all-loops -finline-functions (test for excess errors)
UNRESOLVED: gfortran.dg/class_defined_operator_1.f03 -O3 -fomit-frame-pointer -funroll-all-loops -finline-functions compilation failed to produce executable
FAIL: gfortran.dg/class_defined_operator_1.f03 -O3 -g (internal compiler error)
FAIL: gfortran.dg/class_defined_operator_1.f03 -O3 -g (test for excess errors)
UNRESOLVED: gfortran.dg/class_defined_operator_1.f03 -O3 -g compilation failed to produce executable
FAIL: gfortran.dg/class_defined_operator_1.f03 -Os (internal compiler error)
FAIL: gfortran.dg/class_defined_operator_1.f03 -Os (test for excess errors)
UNRESOLVED: gfortran.dg/class_defined_operator_1.f03 -Os compilation failed to produce executable
FAIL: gfortran.dg/coarray_8.f90 -O (internal compiler error)
FAIL: gfortran.dg/coarray_8.f90 -O (test for errors, line 48)
FAIL: gfortran.dg/coarray_8.f90 -O (test for errors, line 169)
FAIL: gfortran.dg/coarray_8.f90 -O (test for errors, line 176)
FAIL: gfortran.dg/coarray_8.f90 -O (test for excess errors)
FAIL: gfortran.dg/coarray_poly_3.f90 -O (test for errors, line 6)
FAIL: gfortran.dg/coarray_poly_3.f90 -O (test for errors, line 12)
FAIL: gfortran.dg/coarray_poly_3.f90 -O (test for excess errors)
FAIL: gfortran.dg/deferred_type_param_3.f90 -O (internal compiler error)
FAIL: gfortran.dg/deferred_type_param_3.f90 -O (test for excess errors)
FAIL: gfortran.dg/dynamic_dispatch_1.f03 -O0 (internal compiler error)
FAIL: gfortran.dg/dynamic_dispatch_1.f03 -O0 (test for excess errors)
UNRESOLVED: gfortran.dg/dynamic_dispatch_1.f03 -O0 compilation failed to produce executable
FAIL: gfortran.dg/dynamic_dispatch_1.f03 -O1 (internal compiler error)
FAIL: gfortran.dg/dynamic_dispatch_1.f03 -O1 (test for excess errors)
UNRESOLVED: gfortran.dg/dynamic_dispatch_1.f03 -O1 compilation failed to produce executable
FAIL: gfortran.dg/dynamic_dispatch_1.f03 -O2 (internal compiler error)
FAIL: gfortran.dg/dynamic_dispatch_1.f03 -O2 (test for excess errors)
UNRESOLVED: gfortran.dg/dynamic_dispatch_1.f03 -O2 compilation failed to produce executable
FAIL: gfortran.dg/dynamic_dispatch_1.f03 -O3 -fomit-frame-pointer (internal compiler error)
FAIL: gfortran.dg/dynamic_dispatch_1.f03 -O3 -fomit-frame-pointer (test for excess errors)
UNRESOLVED: gfortran.dg/dynamic_dispatch_1.f03 -O3 -fomit-frame-pointer compilation failed to produce executable
FAIL: gfortran.dg/dynamic_dispatch_1.f03 -O3 -fomit-frame-pointer -funroll-loops (internal compiler error)
FAIL: gfortran.dg/dynamic_dispatch_1.f03 -O3 -fomit-frame-pointer -funroll-loops (test for excess errors)
UNRESOLVED: gfortran.dg/dynamic_dispatch_1.f03 -O3 -fomit-frame-pointer -funroll-loops compilation failed to produce executable
FAIL: gfortran.dg/dynamic_dispatch_1.f03 -O3 -fomit-frame-pointer -funroll-all-loops -finline-functions (internal compiler error)
FAIL: gfortran.dg/dynamic_dispatch_1.f03 -O3 -fomit-frame-pointer -funroll-all-loops -finline-functions (test for excess errors)
UNRESOLVED: gfortran.dg/dynamic_dispatch_1.f03 -O3 -fomit-frame-pointer -funroll-all-loops -finline-functions compilation failed to produce executable
FAIL: gfortran.dg/dynamic_dispatch_1.f03 -O3 -g (internal compiler error)
FAIL: gfortran.dg/dynamic_dispatch_1.f03 -O3 -g (test for excess errors)
UNRESOLVED: gfortran.dg/dynamic_dispatch_1.f03 -O3 -g compilation failed to produce executable
FAIL: gfortran.dg/dynamic_dispatch_1.f03 -Os (internal compiler error)
FAIL: gfortran.dg/dynamic_dispatch_1.f03 -Os (test for excess errors)
UNRESOLVED: gfortran.dg/dynamic_dispatch_1.f03 -Os compilation failed to produce executable
FAIL: gfortran.dg/dynamic_dispatch_10.f03 -O0 (internal compiler error)
FAIL: gfortran.dg/dynamic_dispatch_10.f03 -O0 (test for excess errors)
UNRESOLVED: gfortran.dg/dynamic_dispatch_10.f03 -O0 compilation failed to produce executable
FAIL: gfortran.dg/dynamic_dispatch_10.f03 -O1 (internal compiler error)
FAIL: gfortran.dg/dynamic_dispatch_10.f03 -O1 (test for excess errors)
UNRESOLVED: gfortran.dg/dynamic_dispatch_10.f03 -O1 compilation failed to produce executable
FAIL: gfortran.dg/dynamic_dispatch_10.f03 -O2 (internal compiler error)
FAIL: gfortran.dg/dynamic_dispatch_10.f03 -O2 (test for excess errors)
UNRESOLVED: gfortran.dg/dynamic_dispatch_10.f03 -O2 compilation failed to produce executable
FAIL: gfortran.dg/dynamic_dispatch_10.f03 -O3 -fomit-frame-pointer (internal compiler error)
FAIL: gfortran.dg/dynamic_dispatch_10.f03 -O3 -fomit-frame-pointer (test for excess errors)
UNRESOLVED: gfortran.dg/dynamic_dispatch_10.f03 -O3 -fomit-frame-pointer compilation failed to produce executable
FAIL: gfortran.dg/dynamic_dispatch_10.f03 -O3 -fomit-frame-pointer -funroll-loops (internal compiler error)
FAIL: gfortran.dg/dynamic_dispatch_10.f03 -O3 -fomit-frame-pointer -funroll-loops (test for excess errors)
UNRESOLVED: gfortran.dg/dynamic_dispatch_10.f03 -O3 -fomit-frame-pointer -funroll-loops compilation failed to produce executable
FAIL: gfortran.dg/dynamic_dispatch_10.f03 -O3 -fomit-frame-pointer -funroll-all-loops -finline-functions (internal compiler error)
FAIL: gfortran.dg/dynamic_dispatch_10.f03 -O3 -fomit-frame-pointer -funroll-all-loops -finline-functions (test for excess errors)
UNRESOLVED: gfortran.dg/dynamic_dispatch_10.f03 -O3 -fomit-frame-pointer -funroll-all-loops -finline-functions compilation failed to produce executable
FAIL: gfortran.dg/dynamic_dispatch_10.f03 -O3 -g (internal compiler error)
FAIL: gfortran.dg/dynamic_dispatch_10.f03 -O3 -g (test for excess errors)
UNRESOLVED: gfortran.dg/dynamic_dispatch_10.f03 -O3 -g compilation failed to produce executable
FAIL: gfortran.dg/dynamic_dispatch_10.f03 -Os (internal compiler error)
FAIL: gfortran.dg/dynamic_dispatch_10.f03 -Os (test for excess errors)
UNRESOLVED: gfortran.dg/dynamic_dispatch_10.f03 -Os compilation failed to produce executable
FAIL: gfortran.dg/dynamic_dispatch_11.f03 -O0 (internal compiler error)
FAIL: gfortran.dg/dynamic_dispatch_11.f03 -O0 (test for excess errors)
UNRESOLVED: gfortran.dg/dynamic_dispatch_11.f03 -O0 compilation failed to produce executable
FAIL: gfortran.dg/dynamic_dispatch_11.f03 -O1 (internal compiler error)
FAIL: gfortran.dg/dynamic_dispatch_11.f03 -O1 (test for excess errors)
UNRESOLVED: gfortran.dg/dynamic_dispatch_11.f03 -O1 compilation failed to produce executable
FAIL: gfortran.dg/dynamic_dispatch_11.f03 -O2 (internal compiler error)
FAIL: gfortran.dg/dynamic_dispatch_11.f03 -O2 (test for excess errors)
UNRESOLVED: gfortran.dg/dynamic_dispatch_11.f03 -O2 compilation failed to produce executable
FAIL: gfortran.dg/dynamic_dispatch_11.f03 -O3 -fomit-frame-pointer (internal compiler error)
FAIL: gfortran.dg/dynamic_dispatch_11.f03 -O3 -fomit-frame-pointer (test for excess errors)
UNRESOLVED: gfortran.dg/dynamic_dispatch_11.f03 -O3 -fomit-frame-pointer compilation failed to produce executable
FAIL: gfortran.dg/dynamic_dispatch_11.f03 -O3 -fomit-frame-pointer -funroll-loops (internal compiler error)
FAIL: gfortran.dg/dynamic_dispatch_11.f03 -O3 -fomit-frame-pointer -funroll-loops (test for excess errors)
UNRESOLVED: gfortran.dg/dynamic_dispatch_11.f03 -O3 -fomit-frame-pointer -funroll-loops compilation failed to produce executable
FAIL: gfortran.dg/dynamic_dispatch_11.f03 -O3 -fomit-frame-pointer -funroll-all-loops -finline-functions (internal compiler error)
FAIL: gfortran.dg/dynamic_dispatch_11.f03 -O3 -fomit-frame-pointer -funroll-all-loops -finline-functions (test for excess errors)
UNRESOLVED: gfortran.dg/dynamic_dispatch_11.f03 -O3 -fomit-frame-pointer -funroll-all-loops -finline-functions compilation failed to produce executable
FAIL: gfortran.dg/dynamic_dispatch_11.f03 -O3 -g (internal compiler error)
FAIL: gfortran.dg/dynamic_dispatch_11.f03 -O3 -g (test for excess errors)
UNRESOLVED: gfortran.dg/dynamic_dispatch_11.f03 -O3 -g compilation failed to produce executable
FAIL: gfortran.dg/dynamic_dispatch_11.f03 -Os (internal compiler error)
FAIL: gfortran.dg/dynamic_dispatch_11.f03 -Os (test for excess errors)
UNRESOLVED: gfortran.dg/dynamic_dispatch_11.f03 -Os compilation failed to produce executable
FAIL: gfortran.dg/dynamic_dispatch_2.f03 -O0 (internal compiler error)
FAIL: gfortran.dg/dynamic_dispatch_2.f03 -O0 (test for excess errors)
UNRESOLVED: gfortran.dg/dynamic_dispatch_2.f03 -O0 compilation failed to produce executable
FAIL: gfortran.dg/dynamic_dispatch_2.f03 -O1 (internal compiler error)
FAIL: gfortran.dg/dynamic_dispatch_2.f03 -O1 (test for excess errors)
UNRESOLVED: gfortran.dg/dynamic_dispatch_2.f03 -O1 compilation failed to produce executable
FAIL: gfortran.dg/dynamic_dispatch_2.f03 -O2 (internal compiler error)
FAIL: gfortran.dg/dynamic_dispatch_2.f03 -O2 (test for excess errors)
UNRESOLVED: gfortran.dg/dynamic_dispatch_2.f03 -O2 compilation failed to produce executable
FAIL: gfortran.dg/dynamic_dispatch_2.f03 -O3 -fomit-frame-pointer (internal compiler error)
FAIL: gfortran.dg/dynamic_dispatch_2.f03 -O3 -fomit-frame-pointer (test for excess errors)
UNRESOLVED: gfortran.dg/dynamic_dispatch_2.f03 -O3 -fomit-frame-pointer compilation failed to produce executable
FAIL: gfortran.dg/dynamic_dispatch_2.f03 -O3 -fomit-frame-pointer -funroll-loops (internal compiler error)
FAIL: gfortran.dg/dynamic_dispatch_2.f03 -O3 -fomit-frame-pointer -funroll-loops (test for excess errors)
UNRESOLVED: gfortran.dg/dynamic_dispatch_2.f03 -O3 -fomit-frame-pointer -funroll-loops compilation failed to produce executable
FAIL: gfortran.dg/dynamic_dispatch_2.f03 -O3 -fomit-frame-pointer -funroll-all-loops -finline-functions (internal compiler error)
FAIL: gfortran.dg/dynamic_dispatch_2.f03 -O3 -fomit-frame-pointer -funroll-all-loops -finline-functions (test for excess errors)
UNRESOLVED: gfortran.dg/dynamic_dispatch_2.f03 -O3 -fomit-frame-pointer -funroll-all-loops -finline-functions compilation failed to produce executable
FAIL: gfortran.dg/dynamic_dispatch_2.f03 -O3 -g (internal compiler error)
FAIL: gfortran.dg/dynamic_dispatch_2.f03 -O3 -g (test for excess errors)
UNRESOLVED: gfortran.dg/dynamic_dispatch_2.f03 -O3 -g compilation failed to produce executable
FAIL: gfortran.dg/dynamic_dispatch_2.f03 -Os (internal compiler error)
FAIL: gfortran.dg/dynamic_dispatch_2.f03 -Os (test for excess errors)
UNRESOLVED: gfortran.dg/dynamic_dispatch_2.f03 -Os compilation failed to produce executable
FAIL: gfortran.dg/dynamic_dispatch_3.f03 -O0 (internal compiler error)
FAIL: gfortran.dg/dynamic_dispatch_3.f03 -O0 (test for excess errors)
UNRESOLVED: gfortran.dg/dynamic_dispatch_3.f03 -O0 compilation failed to produce executable
FAIL: gfortran.dg/dynamic_dispatch_3.f03 -O1 (internal compiler error)
FAIL: gfortran.dg/dynamic_dispatch_3.f03 -O1 (test for excess errors)
UNRESOLVED: gfortran.dg/dynamic_dispatch_3.f03 -O1 compilation failed to produce executable
FAIL: gfortran.dg/dynamic_dispatch_3.f03 -O2 (internal compiler error)
FAIL: gfortran.dg/dynamic_dispatch_3.f03 -O2 (test for excess errors)
UNRESOLVED: gfortran.dg/dynamic_dispatch_3.f03 -O2 compilation failed to produce executable
FAIL: gfortran.dg/dynamic_dispatch_3.f03 -O3 -fomit-frame-pointer (internal compiler error)
FAIL: gfortran.dg/dynamic_dispatch_3.f03 -O3 -fomit-frame-pointer (test for excess errors)
UNRESOLVED: gfortran.dg/dynamic_dispatch_3.f03 -O3 -fomit-frame-pointer compilation failed to produce executable
FAIL: gfortran.dg/dynamic_dispatch_3.f03 -O3 -fomit-frame-pointer -funroll-loops (internal compiler error)
FAIL: gfortran.dg/dynamic_dispatch_3.f03 -O3 -fomit-frame-pointer -funroll-loops (test for excess errors)
UNRESOLVED: gfortran.dg/dynamic_dispatch_3.f03 -O3 -fomit-frame-pointer -funroll-loops compilation failed to produce executable
FAIL: gfortran.dg/dynamic_dispatch_3.f03 -O3 -fomit-frame-pointer -funroll-all-loops -finline-functions (internal compiler error)
FAIL: gfortran.dg/dynamic_dispatch_3.f03 -O3 -fomit-frame-pointer -funroll-all-loops -finline-functions (test for excess errors)
UNRESOLVED: gfortran.dg/dynamic_dispatch_3.f03 -O3 -fomit-frame-pointer -funroll-all-loops -finline-functions compilation failed to produce executable
FAIL: gfortran.dg/dynamic_dispatch_3.f03 -O3 -g (internal compiler error)
FAIL: gfortran.dg/dynamic_dispatch_3.f03 -O3 -g (test for excess errors)
UNRESOLVED: gfortran.dg/dynamic_dispatch_3.f03 -O3 -g compilation failed to produce executable
FAIL: gfortran.dg/dynamic_dispatch_3.f03 -Os (internal compiler error)
FAIL: gfortran.dg/dynamic_dispatch_3.f03 -Os (test for excess errors)
UNRESOLVED: gfortran.dg/dynamic_dispatch_3.f03 -Os compilation failed to produce executable
FAIL: gfortran.dg/dynamic_dispatch_4.f03 -O0 (internal compiler error)
FAIL: gfortran.dg/dynamic_dispatch_4.f03 -O0 (test for excess errors)
UNRESOLVED: gfortran.dg/dynamic_dispatch_4.f03 -O0 compilation failed to produce executable
FAIL: gfortran.dg/dynamic_dispatch_4.f03 -O1 (internal compiler error)
FAIL: gfortran.dg/dynamic_dispatch_4.f03 -O1 (test for excess errors)
UNRESOLVED: gfortran.dg/dynamic_dispatch_4.f03 -O1 compilation failed to produce executable
FAIL: gfortran.dg/dynamic_dispatch_4.f03 -O2 (internal compiler error)
FAIL: gfortran.dg/dynamic_dispatch_4.f03 -O2 (test for excess errors)
UNRESOLVED: gfortran.dg/dynamic_dispatch_4.f03 -O2 compilation failed to produce executable
FAIL: gfortran.dg/dynamic_dispatch_4.f03 -O3 -fomit-frame-pointer (internal compiler error)
FAIL: gfortran.dg/dynamic_dispatch_4.f03 -O3 -fomit-frame-pointer (test for excess errors)
UNRESOLVED: gfortran.dg/dynamic_dispatch_4.f03 -O3 -fomit-frame-pointer compilation failed to produce executable
FAIL: gfortran.dg/dynamic_dispatch_4.f03 -O3 -fomit-frame-pointer -funroll-loops (internal compiler error)
FAIL: gfortran.dg/dynamic_dispatch_4.f03 -O3 -fomit-frame-pointer -funroll-loops (test for excess errors)
UNRESOLVED: gfortran.dg/dynamic_dispatch_4.f03 -O3 -fomit-frame-pointer -funroll-loops compilation failed to produce executable
FAIL: gfortran.dg/dynamic_dispatch_4.f03 -O3 -fomit-frame-pointer -funroll-all-loops -finline-functions (internal compiler error)
FAIL: gfortran.dg/dynamic_dispatch_4.f03 -O3 -fomit-frame-pointer -funroll-all-loops -finline-functions (test for excess errors)
UNRESOLVED: gfortran.dg/dynamic_dispatch_4.f03 -O3 -fomit-frame-pointer -funroll-all-loops -finline-functions compilation failed to produce executable
FAIL: gfortran.dg/dynamic_dispatch_4.f03 -O3 -g (internal compiler error)
FAIL: gfortran.dg/dynamic_dispatch_4.f03 -O3 -g (test for excess errors)
UNRESOLVED: gfortran.dg/dynamic_dispatch_4.f03 -O3 -g compilation failed to produce executable
FAIL: gfortran.dg/dynamic_dispatch_4.f03 -Os (internal compiler error)
FAIL: gfortran.dg/dynamic_dispatch_4.f03 -Os (test for excess errors)
UNRESOLVED: gfortran.dg/dynamic_dispatch_4.f03 -Os compilation failed to produce executable
FAIL: gfortran.dg/dynamic_dispatch_5.f03 -O0 (internal compiler error)
FAIL: gfortran.dg/dynamic_dispatch_5.f03 -O0 (test for excess errors)
UNRESOLVED: gfortran.dg/dynamic_dispatch_5.f03 -O0 compilation failed to produce executable
FAIL: gfortran.dg/dynamic_dispatch_5.f03 -O1 (internal compiler error)
FAIL: gfortran.dg/dynamic_dispatch_5.f03 -O1 (test for excess errors)
UNRESOLVED: gfortran.dg/dynamic_dispatch_5.f03 -O1 compilation failed to produce executable
FAIL: gfortran.dg/dynamic_dispatch_5.f03 -O2 (internal compiler error)
FAIL: gfortran.dg/dynamic_dispatch_5.f03 -O2 (test for excess errors)
UNRESOLVED: gfortran.dg/dynamic_dispatch_5.f03 -O2 compilation failed to produce executable
FAIL: gfortran.dg/dynamic_dispatch_5.f03 -O3 -fomit-frame-pointer (internal compiler error)
FAIL: gfortran.dg/dynamic_dispatch_5.f03 -O3 -fomit-frame-pointer (test for excess errors)
UNRESOLVED: gfortran.dg/dynamic_dispatch_5.f03 -O3 -fomit-frame-pointer compilation failed to produce executable
FAIL: gfortran.dg/dynamic_dispatch_5.f03 -O3 -fomit-frame-pointer -funroll-loops (internal compiler error)
FAIL: gfortran.dg/dynamic_dispatch_5.f03 -O3 -fomit-frame-pointer -funroll-loops (test for excess errors)
UNRESOLVED: gfortran.dg/dynamic_dispatch_5.f03 -O3 -fomit-frame-pointer -funroll-loops compilation failed to produce executable
FAIL: gfortran.dg/dynamic_dispatch_5.f03 -O3 -fomit-frame-pointer -funroll-all-loops -finline-functions (internal compiler error)
FAIL: gfortran.dg/dynamic_dispatch_5.f03 -O3 -fomit-frame-pointer -funroll-all-loops -finline-functions (test for excess errors)
UNRESOLVED: gfortran.dg/dynamic_dispatch_5.f03 -O3 -fomit-frame-pointer -funroll-all-loops -finline-functions compilation failed to produce executable
FAIL: gfortran.dg/dynamic_dispatch_5.f03 -O3 -g (internal compiler error)
FAIL: gfortran.dg/dynamic_dispatch_5.f03 -O3 -g (test for excess errors)
UNRESOLVED: gfortran.dg/dynamic_dispatch_5.f03 -O3 -g compilation failed to produce executable
FAIL: gfortran.dg/dynamic_dispatch_5.f03 -Os (internal compiler error)
FAIL: gfortran.dg/dynamic_dispatch_5.f03 -Os (test for excess errors)
UNRESOLVED: gfortran.dg/dynamic_dispatch_5.f03 -Os compilation failed to produce executable
FAIL: gfortran.dg/dynamic_dispatch_6.f03 -O0 (internal compiler error)
FAIL: gfortran.dg/dynamic_dispatch_6.f03 -O0 (test for excess errors)
UNRESOLVED: gfortran.dg/dynamic_dispatch_6.f03 -O0 compilation failed to produce executable
FAIL: gfortran.dg/dynamic_dispatch_6.f03 -O1 (internal compiler error)
FAIL: gfortran.dg/dynamic_dispatch_6.f03 -O1 (test for excess errors)
UNRESOLVED: gfortran.dg/dynamic_dispatch_6.f03 -O1 compilation failed to produce executable
FAIL: gfortran.dg/dynamic_dispatch_6.f03 -O2 (internal compiler error)
FAIL: gfortran.dg/dynamic_dispatch_6.f03 -O2 (test for excess errors)
UNRESOLVED: gfortran.dg/dynamic_dispatch_6.f03 -O2 compilation failed to produce executable
FAIL: gfortran.dg/dynamic_dispatch_6.f03 -O3 -fomit-frame-pointer (internal compiler error)
FAIL: gfortran.dg/dynamic_dispatch_6.f03 -O3 -fomit-frame-pointer (test for excess errors)
UNRESOLVED: gfortran.dg/dynamic_dispatch_6.f03 -O3 -fomit-frame-pointer compilation failed to produce executable
FAIL: gfortran.dg/dynamic_dispatch_6.f03 -O3 -fomit-frame-pointer -funroll-loops (internal compiler error)
FAIL: gfortran.dg/dynamic_dispatch_6.f03 -O3 -fomit-frame-pointer -funroll-loops (test for excess errors)
UNRESOLVED: gfortran.dg/dynamic_dispatch_6.f03 -O3 -fomit-frame-pointer -funroll-loops compilation failed to produce executable
FAIL: gfortran.dg/dynamic_dispatch_6.f03 -O3 -fomit-frame-pointer -funroll-all-loops -finline-functions (internal compiler error)
FAIL: gfortran.dg/dynamic_dispatch_6.f03 -O3 -fomit-frame-pointer -funroll-all-loops -finline-functions (test for excess errors)
UNRESOLVED: gfortran.dg/dynamic_dispatch_6.f03 -O3 -fomit-frame-pointer -funroll-all-loops -finline-functions compilation failed to produce executable
FAIL: gfortran.dg/dynamic_dispatch_6.f03 -O3 -g (internal compiler error)
FAIL: gfortran.dg/dynamic_dispatch_6.f03 -O3 -g (test for excess errors)
UNRESOLVED: gfortran.dg/dynamic_dispatch_6.f03 -O3 -g compilation failed to produce executable
FAIL: gfortran.dg/dynamic_dispatch_6.f03 -Os (internal compiler error)
FAIL: gfortran.dg/dynamic_dispatch_6.f03 -Os (test for excess errors)
UNRESOLVED: gfortran.dg/dynamic_dispatch_6.f03 -Os compilation failed to produce executable
FAIL: gfortran.dg/dynamic_dispatch_7.f03 -O0 (internal compiler error)
FAIL: gfortran.dg/dynamic_dispatch_7.f03 -O0 (test for excess errors)
UNRESOLVED: gfortran.dg/dynamic_dispatch_7.f03 -O0 compilation failed to produce executable
FAIL: gfortran.dg/dynamic_dispatch_7.f03 -O1 (internal compiler error)
FAIL: gfortran.dg/dynamic_dispatch_7.f03 -O1 (test for excess errors)
UNRESOLVED: gfortran.dg/dynamic_dispatch_7.f03 -O1 compilation failed to produce executable
FAIL: gfortran.dg/dynamic_dispatch_7.f03 -O2 (internal compiler error)
FAIL: gfortran.dg/dynamic_dispatch_7.f03 -O2 (test for excess errors)
UNRESOLVED: gfortran.dg/dynamic_dispatch_7.f03 -O2 compilation failed to produce executable
FAIL: gfortran.dg/dynamic_dispatch_7.f03 -O3 -fomit-frame-pointer (internal compiler error)
FAIL: gfortran.dg/dynamic_dispatch_7.f03 -O3 -fomit-frame-pointer (test for excess errors)
UNRESOLVED: gfortran.dg/dynamic_dispatch_7.f03 -O3 -fomit-frame-pointer compilation failed to produce executable
FAIL: gfortran.dg/dynamic_dispatch_7.f03 -O3 -fomit-frame-pointer -funroll-loops (internal compiler error)
FAIL: gfortran.dg/dynamic_dispatch_7.f03 -O3 -fomit-frame-pointer -funroll-loops (test for excess errors)
UNRESOLVED: gfortran.dg/dynamic_dispatch_7.f03 -O3 -fomit-frame-pointer -funroll-loops compilation failed to produce executable
FAIL: gfortran.dg/dynamic_dispatch_7.f03 -O3 -fomit-frame-pointer -funroll-all-loops -finline-functions (internal compiler error)
FAIL: gfortran.dg/dynamic_dispatch_7.f03 -O3 -fomit-frame-pointer -funroll-all-loops -finline-functions (test for excess errors)
UNRESOLVED: gfortran.dg/dynamic_dispatch_7.f03 -O3 -fomit-frame-pointer -funroll-all-loops -finline-functions compilation failed to produce executable
FAIL: gfortran.dg/dynamic_dispatch_7.f03 -O3 -g (internal compiler error)
FAIL: gfortran.dg/dynamic_dispatch_7.f03 -O3 -g (test for excess errors)
UNRESOLVED: gfortran.dg/dynamic_dispatch_7.f03 -O3 -g compilation failed to produce executable
FAIL: gfortran.dg/dynamic_dispatch_7.f03 -Os (internal compiler error)
FAIL: gfortran.dg/dynamic_dispatch_7.f03 -Os (test for excess errors)
UNRESOLVED: gfortran.dg/dynamic_dispatch_7.f03 -Os compilation failed to produce executable
FAIL: gfortran.dg/dynamic_dispatch_8.f03 -O0 (internal compiler error)
FAIL: gfortran.dg/dynamic_dispatch_8.f03 -O0 (test for excess errors)
UNRESOLVED: gfortran.dg/dynamic_dispatch_8.f03 -O0 compilation failed to produce executable
FAIL: gfortran.dg/dynamic_dispatch_8.f03 -O1 (internal compiler error)
FAIL: gfortran.dg/dynamic_dispatch_8.f03 -O1 (test for excess errors)
UNRESOLVED: gfortran.dg/dynamic_dispatch_8.f03 -O1 compilation failed to produce executable
FAIL: gfortran.dg/dynamic_dispatch_8.f03 -O2 (internal compiler error)
FAIL: gfortran.dg/dynamic_dispatch_8.f03 -O2 (test for excess errors)
UNRESOLVED: gfortran.dg/dynamic_dispatch_8.f03 -O2 compilation failed to produce executable
FAIL: gfortran.dg/dynamic_dispatch_8.f03 -O3 -fomit-frame-pointer (internal compiler error)
FAIL: gfortran.dg/dynamic_dispatch_8.f03 -O3 -fomit-frame-pointer (test for excess errors)
UNRESOLVED: gfortran.dg/dynamic_dispatch_8.f03 -O3 -fomit-frame-pointer compilation failed to produce executable
FAIL: gfortran.dg/dynamic_dispatch_8.f03 -O3 -fomit-frame-pointer -funroll-loops (internal compiler error)
FAIL: gfortran.dg/dynamic_dispatch_8.f03 -O3 -fomit-frame-pointer -funroll-loops (test for excess errors)
UNRESOLVED: gfortran.dg/dynamic_dispatch_8.f03 -O3 -fomit-frame-pointer -funroll-loops compilation failed to produce executable
FAIL: gfortran.dg/dynamic_dispatch_8.f03 -O3 -fomit-frame-pointer -funroll-all-loops -finline-functions (internal compiler error)
FAIL: gfortran.dg/dynamic_dispatch_8.f03 -O3 -fomit-frame-pointer -funroll-all-loops -finline-functions (test for excess errors)
UNRESOLVED: gfortran.dg/dynamic_dispatch_8.f03 -O3 -fomit-frame-pointer -funroll-all-loops -finline-functions compilation failed to produce executable
FAIL: gfortran.dg/dynamic_dispatch_8.f03 -O3 -g (internal compiler error)
FAIL: gfortran.dg/dynamic_dispatch_8.f03 -O3 -g (test for excess errors)
UNRESOLVED: gfortran.dg/dynamic_dispatch_8.f03 -O3 -g compilation failed to produce executable
FAIL: gfortran.dg/dynamic_dispatch_8.f03 -Os (internal compiler error)
FAIL: gfortran.dg/dynamic_dispatch_8.f03 -Os (test for excess errors)
UNRESOLVED: gfortran.dg/dynamic_dispatch_8.f03 -Os compilation failed to produce executable
FAIL: gfortran.dg/dynamic_dispatch_9.f03 -O0 (internal compiler error)
FAIL: gfortran.dg/dynamic_dispatch_9.f03 -O0 (test for excess errors)
UNRESOLVED: gfortran.dg/dynamic_dispatch_9.f03 -O0 compilation failed to produce executable
FAIL: gfortran.dg/dynamic_dispatch_9.f03 -O1 (internal compiler error)
FAIL: gfortran.dg/dynamic_dispatch_9.f03 -O1 (test for excess errors)
UNRESOLVED: gfortran.dg/dynamic_dispatch_9.f03 -O1 compilation failed to produce executable
FAIL: gfortran.dg/dynamic_dispatch_9.f03 -O2 (internal compiler error)
FAIL: gfortran.dg/dynamic_dispatch_9.f03 -O2 (test for excess errors)
UNRESOLVED: gfortran.dg/dynamic_dispatch_9.f03 -O2 compilation failed to produce executable
FAIL: gfortran.dg/dynamic_dispatch_9.f03 -O3 -fomit-frame-pointer (internal compiler error)
FAIL: gfortran.dg/dynamic_dispatch_9.f03 -O3 -fomit-frame-pointer (test for excess errors)
UNRESOLVED: gfortran.dg/dynamic_dispatch_9.f03 -O3 -fomit-frame-pointer compilation failed to produce executable
FAIL: gfortran.dg/dynamic_dispatch_9.f03 -O3 -fomit-frame-pointer -funroll-loops (internal compiler error)
FAIL: gfortran.dg/dynamic_dispatch_9.f03 -O3 -fomit-frame-pointer -funroll-loops (test for excess errors)
UNRESOLVED: gfortran.dg/dynamic_dispatch_9.f03 -O3 -fomit-frame-pointer -funroll-loops compilation failed to produce executable
FAIL: gfortran.dg/dynamic_dispatch_9.f03 -O3 -fomit-frame-pointer -funroll-all-loops -finline-functions (internal compiler error)
FAIL: gfortran.dg/dynamic_dispatch_9.f03 -O3 -fomit-frame-pointer -funroll-all-loops -finline-functions (test for excess errors)
UNRESOLVED: gfortran.dg/dynamic_dispatch_9.f03 -O3 -fomit-frame-pointer -funroll-all-loops -finline-functions compilation failed to produce executable
FAIL: gfortran.dg/dynamic_dispatch_9.f03 -O3 -g (internal compiler error)
FAIL: gfortran.dg/dynamic_dispatch_9.f03 -O3 -g (test for excess errors)
UNRESOLVED: gfortran.dg/dynamic_dispatch_9.f03 -O3 -g compilation failed to produce executable
FAIL: gfortran.dg/dynamic_dispatch_9.f03 -Os (internal compiler error)
FAIL: gfortran.dg/dynamic_dispatch_9.f03 -Os (test for excess errors)
UNRESOLVED: gfortran.dg/dynamic_dispatch_9.f03 -Os compilation failed to produce executable
FAIL: gfortran.dg/generic_22.f03 -O (internal compiler error)
FAIL: gfortran.dg/generic_22.f03 -O (test for excess errors)
FAIL: gfortran.dg/interface_abstract_4.f90 -O (internal compiler error)
FAIL: gfortran.dg/interface_abstract_4.f90 -O (test for excess errors)
FAIL: gfortran.dg/pointer_check_7.f90 -O (internal compiler error)
FAIL: gfortran.dg/pointer_check_7.f90 -O (test for excess errors)
FAIL: gfortran.dg/select_type_15.f03 -O0 (internal compiler error)
FAIL: gfortran.dg/select_type_15.f03 -O0 (test for excess errors)
UNRESOLVED: gfortran.dg/select_type_15.f03 -O0 compilation failed to produce executable
FAIL: gfortran.dg/select_type_15.f03 -O1 (internal compiler error)
FAIL: gfortran.dg/select_type_15.f03 -O1 (test for excess errors)
UNRESOLVED: gfortran.dg/select_type_15.f03 -O1 compilation failed to produce executable
FAIL: gfortran.dg/select_type_15.f03 -O2 (internal compiler error)
FAIL: gfortran.dg/select_type_15.f03 -O2 (test for excess errors)
UNRESOLVED: gfortran.dg/select_type_15.f03 -O2 compilation failed to produce executable
FAIL: gfortran.dg/select_type_15.f03 -O3 -fomit-frame-pointer (internal compiler error)
FAIL: gfortran.dg/select_type_15.f03 -O3 -fomit-frame-pointer (test for excess errors)
UNRESOLVED: gfortran.dg/select_type_15.f03 -O3 -fomit-frame-pointer compilation failed to produce executable
FAIL: gfortran.dg/select_type_15.f03 -O3 -fomit-frame-pointer -funroll-loops (internal compiler error)
FAIL: gfortran.dg/select_type_15.f03 -O3 -fomit-frame-pointer -funroll-loops (test for excess errors)
UNRESOLVED: gfortran.dg/select_type_15.f03 -O3 -fomit-frame-pointer -funroll-loops compilation failed to produce executable
FAIL: gfortran.dg/select_type_15.f03 -O3 -fomit-frame-pointer -funroll-all-loops -finline-functions (internal compiler error)
FAIL: gfortran.dg/select_type_15.f03 -O3 -fomit-frame-pointer -funroll-all-loops -finline-functions (test for excess errors)
UNRESOLVED: gfortran.dg/select_type_15.f03 -O3 -fomit-frame-pointer -funroll-all-loops -finline-functions compilation failed to produce executable
FAIL: gfortran.dg/select_type_15.f03 -O3 -g (internal compiler error)
FAIL: gfortran.dg/select_type_15.f03 -O3 -g (test for excess errors)
UNRESOLVED: gfortran.dg/select_type_15.f03 -O3 -g compilation failed to produce executable
FAIL: gfortran.dg/select_type_15.f03 -Os (internal compiler error)
FAIL: gfortran.dg/select_type_15.f03 -Os (test for excess errors)
UNRESOLVED: gfortran.dg/select_type_15.f03 -Os compilation failed to produce executable
FAIL: gfortran.dg/select_type_16.f03 -O (internal compiler error)
FAIL: gfortran.dg/select_type_16.f03 -O (test for excess errors)
FAIL: gfortran.dg/select_type_18.f03 -O (internal compiler error)
FAIL: gfortran.dg/select_type_18.f03 -O (test for excess errors)
FAIL: gfortran.dg/typebound_call_14.f03 -O (internal compiler error)
FAIL: gfortran.dg/typebound_call_14.f03 -O (test for excess errors)
FAIL: gfortran.dg/typebound_call_16.f03 -O (internal compiler error)
FAIL: gfortran.dg/typebound_call_16.f03 -O (test for excess errors)
FAIL: gfortran.dg/typebound_call_17.f03 -O0 (internal compiler error)
FAIL: gfortran.dg/typebound_call_17.f03 -O0 (test for excess errors)
UNRESOLVED: gfortran.dg/typebound_call_17.f03 -O0 compilation failed to produce executable
FAIL: gfortran.dg/typebound_call_17.f03 -O1 (internal compiler error)
FAIL: gfortran.dg/typebound_call_17.f03 -O1 (test for excess errors)
UNRESOLVED: gfortran.dg/typebound_call_17.f03 -O1 compilation failed to produce executable
FAIL: gfortran.dg/typebound_call_17.f03 -O2 (internal compiler error)
FAIL: gfortran.dg/typebound_call_17.f03 -O2 (test for excess errors)
UNRESOLVED: gfortran.dg/typebound_call_17.f03 -O2 compilation failed to produce executable
FAIL: gfortran.dg/typebound_call_17.f03 -O3 -fomit-frame-pointer (internal compiler error)
FAIL: gfortran.dg/typebound_call_17.f03 -O3 -fomit-frame-pointer (test for excess errors)
UNRESOLVED: gfortran.dg/typebound_call_17.f03 -O3 -fomit-frame-pointer compilation failed to produce executable
FAIL: gfortran.dg/typebound_call_17.f03 -O3 -fomit-frame-pointer -funroll-loops (internal compiler error)
FAIL: gfortran.dg/typebound_call_17.f03 -O3 -fomit-frame-pointer -funroll-loops (test for excess errors)
UNRESOLVED: gfortran.dg/typebound_call_17.f03 -O3 -fomit-frame-pointer -funroll-loops compilation failed to produce executable
FAIL: gfortran.dg/typebound_call_17.f03 -O3 -fomit-frame-pointer -funroll-all-loops -finline-functions (internal compiler error)
FAIL: gfortran.dg/typebound_call_17.f03 -O3 -fomit-frame-pointer -funroll-all-loops -finline-functions (test for excess errors)
UNRESOLVED: gfortran.dg/typebound_call_17.f03 -O3 -fomit-frame-pointer -funroll-all-loops -finline-functions compilation failed to produce executable
FAIL: gfortran.dg/typebound_call_17.f03 -O3 -g (internal compiler error)
FAIL: gfortran.dg/typebound_call_17.f03 -O3 -g (test for excess errors)
UNRESOLVED: gfortran.dg/typebound_call_17.f03 -O3 -g compilation failed to produce executable
FAIL: gfortran.dg/typebound_call_17.f03 -Os (internal compiler error)
FAIL: gfortran.dg/typebound_call_17.f03 -Os (test for excess errors)
UNRESOLVED: gfortran.dg/typebound_call_17.f03 -Os compilation failed to produce executable
FAIL: gfortran.dg/typebound_call_18.f03 -O0 (internal compiler error)
FAIL: gfortran.dg/typebound_call_18.f03 -O0 (test for excess errors)
UNRESOLVED: gfortran.dg/typebound_call_18.f03 -O0 compilation failed to produce executable
FAIL: gfortran.dg/typebound_call_18.f03 -O1 (internal compiler error)
FAIL: gfortran.dg/typebound_call_18.f03 -O1 (test for excess errors)
UNRESOLVED: gfortran.dg/typebound_call_18.f03 -O1 compilation failed to produce executable
FAIL: gfortran.dg/typebound_call_18.f03 -O2 (internal compiler error)
FAIL: gfortran.dg/typebound_call_18.f03 -O2 (test for excess errors)
UNRESOLVED: gfortran.dg/typebound_call_18.f03 -O2 compilation failed to produce executable
FAIL: gfortran.dg/typebound_call_18.f03 -O3 -fomit-frame-pointer (internal compiler error)
FAIL: gfortran.dg/typebound_call_18.f03 -O3 -fomit-frame-pointer (test for excess errors)
UNRESOLVED: gfortran.dg/typebound_call_18.f03 -O3 -fomit-frame-pointer compilation failed to produce executable
FAIL: gfortran.dg/typebound_call_18.f03 -O3 -fomit-frame-pointer -funroll-loops (internal compiler error)
FAIL: gfortran.dg/typebound_call_18.f03 -O3 -fomit-frame-pointer -funroll-loops (test for excess errors)
UNRESOLVED: gfortran.dg/typebound_call_18.f03 -O3 -fomit-frame-pointer -funroll-loops compilation failed to produce executable
FAIL: gfortran.dg/typebound_call_18.f03 -O3 -fomit-frame-pointer -funroll-all-loops -finline-functions (internal compiler error)
FAIL: gfortran.dg/typebound_call_18.f03 -O3 -fomit-frame-pointer -funroll-all-loops -finline-functions (test for excess errors)
UNRESOLVED: gfortran.dg/typebound_call_18.f03 -O3 -fomit-frame-pointer -funroll-all-loops -finline-functions compilation failed to produce executable
FAIL: gfortran.dg/typebound_call_18.f03 -O3 -g (internal compiler error)
FAIL: gfortran.dg/typebound_call_18.f03 -O3 -g (test for excess errors)
UNRESOLVED: gfortran.dg/typebound_call_18.f03 -O3 -g compilation failed to produce executable
FAIL: gfortran.dg/typebound_call_18.f03 -Os (internal compiler error)
FAIL: gfortran.dg/typebound_call_18.f03 -Os (test for excess errors)
UNRESOLVED: gfortran.dg/typebound_call_18.f03 -Os compilation failed to produce executable
FAIL: gfortran.dg/typebound_call_19.f03 -O0 (internal compiler error)
FAIL: gfortran.dg/typebound_call_19.f03 -O0 (test for excess errors)
UNRESOLVED: gfortran.dg/typebound_call_19.f03 -O0 compilation failed to produce executable
FAIL: gfortran.dg/typebound_call_19.f03 -O1 (internal compiler error)
FAIL: gfortran.dg/typebound_call_19.f03 -O1 (test for excess errors)
UNRESOLVED: gfortran.dg/typebound_call_19.f03 -O1 compilation failed to produce executable
FAIL: gfortran.dg/typebound_call_19.f03 -O2 (internal compiler error)
FAIL: gfortran.dg/typebound_call_19.f03 -O2 (test for excess errors)
UNRESOLVED: gfortran.dg/typebound_call_19.f03 -O2 compilation failed to produce executable
FAIL: gfortran.dg/typebound_call_19.f03 -O3 -fomit-frame-pointer (internal compiler error)
FAIL: gfortran.dg/typebound_call_19.f03 -O3 -fomit-frame-pointer (test for excess errors)
UNRESOLVED: gfortran.dg/typebound_call_19.f03 -O3 -fomit-frame-pointer compilation failed to produce executable
FAIL: gfortran.dg/typebound_call_19.f03 -O3 -fomit-frame-pointer -funroll-loops (internal compiler error)
FAIL: gfortran.dg/typebound_call_19.f03 -O3 -fomit-frame-pointer -funroll-loops (test for excess errors)
UNRESOLVED: gfortran.dg/typebound_call_19.f03 -O3 -fomit-frame-pointer -funroll-loops compilation failed to produce executable
FAIL: gfortran.dg/typebound_call_19.f03 -O3 -fomit-frame-pointer -funroll-all-loops -finline-functions (internal compiler error)
FAIL: gfortran.dg/typebound_call_19.f03 -O3 -fomit-frame-pointer -funroll-all-loops -finline-functions (test for excess errors)
UNRESOLVED: gfortran.dg/typebound_call_19.f03 -O3 -fomit-frame-pointer -funroll-all-loops -finline-functions compilation failed to produce executable
FAIL: gfortran.dg/typebound_call_19.f03 -O3 -g (internal compiler error)
FAIL: gfortran.dg/typebound_call_19.f03 -O3 -g (test for excess errors)
UNRESOLVED: gfortran.dg/typebound_call_19.f03 -O3 -g compilation failed to produce executable
FAIL: gfortran.dg/typebound_call_19.f03 -Os (internal compiler error)
FAIL: gfortran.dg/typebound_call_19.f03 -Os (test for excess errors)
UNRESOLVED: gfortran.dg/typebound_call_19.f03 -Os compilation failed to produce executable
FAIL: gfortran.dg/typebound_call_20.f03 -O0 (internal compiler error)
FAIL: gfortran.dg/typebound_call_20.f03 -O0 (test for excess errors)
UNRESOLVED: gfortran.dg/typebound_call_20.f03 -O0 compilation failed to produce executable
FAIL: gfortran.dg/typebound_call_20.f03 -O1 (internal compiler error)
FAIL: gfortran.dg/typebound_call_20.f03 -O1 (test for excess errors)
UNRESOLVED: gfortran.dg/typebound_call_20.f03 -O1 compilation failed to produce executable
FAIL: gfortran.dg/typebound_call_20.f03 -O2 (internal compiler error)
FAIL: gfortran.dg/typebound_call_20.f03 -O2 (test for excess errors)
UNRESOLVED: gfortran.dg/typebound_call_20.f03 -O2 compilation failed to produce executable
FAIL: gfortran.dg/typebound_call_20.f03 -O3 -fomit-frame-pointer (internal compiler error)
FAIL: gfortran.dg/typebound_call_20.f03 -O3 -fomit-frame-pointer (test for excess errors)
UNRESOLVED: gfortran.dg/typebound_call_20.f03 -O3 -fomit-frame-pointer compilation failed to produce executable
FAIL: gfortran.dg/typebound_call_20.f03 -O3 -fomit-frame-pointer -funroll-loops (internal compiler error)
FAIL: gfortran.dg/typebound_call_20.f03 -O3 -fomit-frame-pointer -funroll-loops (test for excess errors)
UNRESOLVED: gfortran.dg/typebound_call_20.f03 -O3 -fomit-frame-pointer -funroll-loops compilation failed to produce executable
FAIL: gfortran.dg/typebound_call_20.f03 -O3 -fomit-frame-pointer -funroll-all-loops -finline-functions (internal compiler error)
FAIL: gfortran.dg/typebound_call_20.f03 -O3 -fomit-frame-pointer -funroll-all-loops -finline-functions (test for excess errors)
UNRESOLVED: gfortran.dg/typebound_call_20.f03 -O3 -fomit-frame-pointer -funroll-all-loops -finline-functions compilation failed to produce executable
FAIL: gfortran.dg/typebound_call_20.f03 -O3 -g (internal compiler error)
FAIL: gfortran.dg/typebound_call_20.f03 -O3 -g (test for excess errors)
UNRESOLVED: gfortran.dg/typebound_call_20.f03 -O3 -g compilation failed to produce executable
FAIL: gfortran.dg/typebound_call_20.f03 -Os (internal compiler error)
FAIL: gfortran.dg/typebound_call_20.f03 -Os (test for excess errors)
UNRESOLVED: gfortran.dg/typebound_call_20.f03 -Os compilation failed to produce executable
FAIL: gfortran.dg/typebound_call_22.f03 -O (internal compiler error)
FAIL: gfortran.dg/typebound_call_22.f03 -O (test for excess errors)
UNRESOLVED: gfortran.dg/typebound_call_22.f03 -O scan-tree-dump-times optimized "base \\\\(\\\\);" 1
FAIL: gfortran.dg/typebound_call_23.f03 -O (internal compiler error)
FAIL: gfortran.dg/typebound_call_23.f03 -O (test for excess errors)
FAIL: gfortran.dg/typebound_generic_6.f03 -O0 (internal compiler error)
FAIL: gfortran.dg/typebound_generic_6.f03 -O0 (test for excess errors)
UNRESOLVED: gfortran.dg/typebound_generic_6.f03 -O0 compilation failed to produce executable
FAIL: gfortran.dg/typebound_generic_6.f03 -O1 (internal compiler error)
FAIL: gfortran.dg/typebound_generic_6.f03 -O1 (test for excess errors)
UNRESOLVED: gfortran.dg/typebound_generic_6.f03 -O1 compilation failed to produce executable
FAIL: gfortran.dg/typebound_generic_6.f03 -O2 (internal compiler error)
FAIL: gfortran.dg/typebound_generic_6.f03 -O2 (test for excess errors)
UNRESOLVED: gfortran.dg/typebound_generic_6.f03 -O2 compilation failed to produce executable
FAIL: gfortran.dg/typebound_generic_6.f03 -O3 -fomit-frame-pointer (internal compiler error)
FAIL: gfortran.dg/typebound_generic_6.f03 -O3 -fomit-frame-pointer (test for excess errors)
UNRESOLVED: gfortran.dg/typebound_generic_6.f03 -O3 -fomit-frame-pointer compilation failed to produce executable
FAIL: gfortran.dg/typebound_generic_6.f03 -O3 -fomit-frame-pointer -funroll-loops (internal compiler error)
FAIL: gfortran.dg/typebound_generic_6.f03 -O3 -fomit-frame-pointer -funroll-loops (test for excess errors)
UNRESOLVED: gfortran.dg/typebound_generic_6.f03 -O3 -fomit-frame-pointer -funroll-loops compilation failed to produce executable
FAIL: gfortran.dg/typebound_generic_6.f03 -O3 -fomit-frame-pointer -funroll-all-loops -finline-functions (internal compiler error)
FAIL: gfortran.dg/typebound_generic_6.f03 -O3 -fomit-frame-pointer -funroll-all-loops -finline-functions (test for excess errors)
UNRESOLVED: gfortran.dg/typebound_generic_6.f03 -O3 -fomit-frame-pointer -funroll-all-loops -finline-functions compilation failed to produce executable
FAIL: gfortran.dg/typebound_generic_6.f03 -O3 -g (internal compiler error)
FAIL: gfortran.dg/typebound_generic_6.f03 -O3 -g (test for excess errors)
UNRESOLVED: gfortran.dg/typebound_generic_6.f03 -O3 -g compilation failed to produce executable
FAIL: gfortran.dg/typebound_generic_6.f03 -Os (internal compiler error)
FAIL: gfortran.dg/typebound_generic_6.f03 -Os (test for excess errors)
UNRESOLVED: gfortran.dg/typebound_generic_6.f03 -Os compilation failed to produce executable
FAIL: gfortran.dg/typebound_generic_7.f03 -O (internal compiler error)
FAIL: gfortran.dg/typebound_generic_7.f03 -O (test for excess errors)
FAIL: gfortran.dg/typebound_generic_8.f03 -O (internal compiler error)
FAIL: gfortran.dg/typebound_generic_8.f03 -O (test for excess errors)
FAIL: gfortran.dg/typebound_operator_10.f03 -O (internal compiler error)
FAIL: gfortran.dg/typebound_operator_10.f03 -O (test for errors, line 27)
FAIL: gfortran.dg/typebound_operator_10.f03 -O (test for excess errors)
FAIL: gfortran.dg/typebound_operator_11.f90 -O (internal compiler error)
FAIL: gfortran.dg/typebound_operator_11.f90 -O (test for excess errors)
FAIL: gfortran.dg/typebound_operator_13.f03 -O0 (internal compiler error)
FAIL: gfortran.dg/typebound_operator_13.f03 -O0 (test for excess errors)
UNRESOLVED: gfortran.dg/typebound_operator_13.f03 -O0 compilation failed to produce executable
FAIL: gfortran.dg/typebound_operator_13.f03 -O1 (internal compiler error)
FAIL: gfortran.dg/typebound_operator_13.f03 -O1 (test for excess errors)
UNRESOLVED: gfortran.dg/typebound_operator_13.f03 -O1 compilation failed to produce executable
FAIL: gfortran.dg/typebound_operator_13.f03 -O2 (internal compiler error)
FAIL: gfortran.dg/typebound_operator_13.f03 -O2 (test for excess errors)
UNRESOLVED: gfortran.dg/typebound_operator_13.f03 -O2 compilation failed to produce executable
FAIL: gfortran.dg/typebound_operator_13.f03 -O3 -fomit-frame-pointer (internal compiler error)
FAIL: gfortran.dg/typebound_operator_13.f03 -O3 -fomit-frame-pointer (test for excess errors)
UNRESOLVED: gfortran.dg/typebound_operator_13.f03 -O3 -fomit-frame-pointer compilation failed to produce executable
FAIL: gfortran.dg/typebound_operator_13.f03 -O3 -fomit-frame-pointer -funroll-loops (internal compiler error)
FAIL: gfortran.dg/typebound_operator_13.f03 -O3 -fomit-frame-pointer -funroll-loops (test for excess errors)
UNRESOLVED: gfortran.dg/typebound_operator_13.f03 -O3 -fomit-frame-pointer -funroll-loops compilation failed to produce executable
FAIL: gfortran.dg/typebound_operator_13.f03 -O3 -fomit-frame-pointer -funroll-all-loops -finline-functions (internal compiler error)
FAIL: gfortran.dg/typebound_operator_13.f03 -O3 -fomit-frame-pointer -funroll-all-loops -finline-functions (test for excess errors)
UNRESOLVED: gfortran.dg/typebound_operator_13.f03 -O3 -fomit-frame-pointer -funroll-all-loops -finline-functions compilation failed to produce executable
FAIL: gfortran.dg/typebound_operator_13.f03 -O3 -g (internal compiler error)
FAIL: gfortran.dg/typebound_operator_13.f03 -O3 -g (test for excess errors)
UNRESOLVED: gfortran.dg/typebound_operator_13.f03 -O3 -g compilation failed to produce executable
FAIL: gfortran.dg/typebound_operator_13.f03 -Os (internal compiler error)
FAIL: gfortran.dg/typebound_operator_13.f03 -Os (test for excess errors)
UNRESOLVED: gfortran.dg/typebound_operator_13.f03 -Os compilation failed to produce executable
FAIL: gfortran.dg/typebound_operator_7.f03 -O0 (internal compiler error)
FAIL: gfortran.dg/typebound_operator_7.f03 -O0 (test for excess errors)
UNRESOLVED: gfortran.dg/typebound_operator_7.f03 -O0 compilation failed to produce executable
FAIL: gfortran.dg/typebound_operator_7.f03 -O1 (internal compiler error)
FAIL: gfortran.dg/typebound_operator_7.f03 -O1 (test for excess errors)
UNRESOLVED: gfortran.dg/typebound_operator_7.f03 -O1 compilation failed to produce executable
FAIL: gfortran.dg/typebound_operator_7.f03 -O2 (internal compiler error)
FAIL: gfortran.dg/typebound_operator_7.f03 -O2 (test for excess errors)
UNRESOLVED: gfortran.dg/typebound_operator_7.f03 -O2 compilation failed to produce executable
FAIL: gfortran.dg/typebound_operator_7.f03 -O3 -fomit-frame-pointer (internal compiler error)
FAIL: gfortran.dg/typebound_operator_7.f03 -O3 -fomit-frame-pointer (test for excess errors)
UNRESOLVED: gfortran.dg/typebound_operator_7.f03 -O3 -fomit-frame-pointer compilation failed to produce executable
FAIL: gfortran.dg/typebound_operator_7.f03 -O3 -fomit-frame-pointer -funroll-loops (internal compiler error)
FAIL: gfortran.dg/typebound_operator_7.f03 -O3 -fomit-frame-pointer -funroll-loops (test for excess errors)
UNRESOLVED: gfortran.dg/typebound_operator_7.f03 -O3 -fomit-frame-pointer -funroll-loops compilation failed to produce executable
FAIL: gfortran.dg/typebound_operator_7.f03 -O3 -fomit-frame-pointer -funroll-all-loops -finline-functions (internal compiler error)
FAIL: gfortran.dg/typebound_operator_7.f03 -O3 -fomit-frame-pointer -funroll-all-loops -finline-functions (test for excess errors)
UNRESOLVED: gfortran.dg/typebound_operator_7.f03 -O3 -fomit-frame-pointer -funroll-all-loops -finline-functions compilation failed to produce executable
FAIL: gfortran.dg/typebound_operator_7.f03 -O3 -g (internal compiler error)
FAIL: gfortran.dg/typebound_operator_7.f03 -O3 -g (test for excess errors)
UNRESOLVED: gfortran.dg/typebound_operator_7.f03 -O3 -g compilation failed to produce executable
FAIL: gfortran.dg/typebound_operator_7.f03 -Os (internal compiler error)
FAIL: gfortran.dg/typebound_operator_7.f03 -Os (test for excess errors)
UNRESOLVED: gfortran.dg/typebound_operator_7.f03 -Os compilation failed to produce executable
FAIL: gfortran.dg/typebound_operator_8.f03 -O0 (internal compiler error)
FAIL: gfortran.dg/typebound_operator_8.f03 -O0 (test for excess errors)
UNRESOLVED: gfortran.dg/typebound_operator_8.f03 -O0 compilation failed to produce executable
FAIL: gfortran.dg/typebound_operator_8.f03 -O1 (internal compiler error)
FAIL: gfortran.dg/typebound_operator_8.f03 -O1 (test for excess errors)
UNRESOLVED: gfortran.dg/typebound_operator_8.f03 -O1 compilation failed to produce executable
FAIL: gfortran.dg/typebound_operator_8.f03 -O2 (internal compiler error)
FAIL: gfortran.dg/typebound_operator_8.f03 -O2 (test for excess errors)
UNRESOLVED: gfortran.dg/typebound_operator_8.f03 -O2 compilation failed to produce executable
FAIL: gfortran.dg/typebound_operator_8.f03 -O3 -fomit-frame-pointer (internal compiler error)
FAIL: gfortran.dg/typebound_operator_8.f03 -O3 -fomit-frame-pointer (test for excess errors)
UNRESOLVED: gfortran.dg/typebound_operator_8.f03 -O3 -fomit-frame-pointer compilation failed to produce executable
FAIL: gfortran.dg/typebound_operator_8.f03 -O3 -fomit-frame-pointer -funroll-loops (internal compiler error)
FAIL: gfortran.dg/typebound_operator_8.f03 -O3 -fomit-frame-pointer -funroll-loops (test for excess errors)
UNRESOLVED: gfortran.dg/typebound_operator_8.f03 -O3 -fomit-frame-pointer -funroll-loops compilation failed to produce executable
FAIL: gfortran.dg/typebound_operator_8.f03 -O3 -fomit-frame-pointer -funroll-all-loops -finline-functions (internal compiler error)
FAIL: gfortran.dg/typebound_operator_8.f03 -O3 -fomit-frame-pointer -funroll-all-loops -finline-functions (test for excess errors)
UNRESOLVED: gfortran.dg/typebound_operator_8.f03 -O3 -fomit-frame-pointer -funroll-all-loops -finline-functions compilation failed to produce executable
FAIL: gfortran.dg/typebound_operator_8.f03 -O3 -g (internal compiler error)
FAIL: gfortran.dg/typebound_operator_8.f03 -O3 -g (test for excess errors)
UNRESOLVED: gfortran.dg/typebound_operator_8.f03 -O3 -g compilation failed to produce executable
FAIL: gfortran.dg/typebound_operator_8.f03 -Os (internal compiler error)
FAIL: gfortran.dg/typebound_operator_8.f03 -Os (test for excess errors)
UNRESOLVED: gfortran.dg/typebound_operator_8.f03 -Os compilation failed to produce executable
FAIL: gfortran.dg/typebound_operator_9.f03 -O0 (internal compiler error)
FAIL: gfortran.dg/typebound_operator_9.f03 -O0 (test for excess errors)
UNRESOLVED: gfortran.dg/typebound_operator_9.f03 -O0 compilation failed to produce executable
FAIL: gfortran.dg/typebound_operator_9.f03 -O1 (internal compiler error)
FAIL: gfortran.dg/typebound_operator_9.f03 -O1 (test for excess errors)
UNRESOLVED: gfortran.dg/typebound_operator_9.f03 -O1 compilation failed to produce executable
FAIL: gfortran.dg/typebound_operator_9.f03 -O2 (internal compiler error)
FAIL: gfortran.dg/typebound_operator_9.f03 -O2 (test for excess errors)
UNRESOLVED: gfortran.dg/typebound_operator_9.f03 -O2 compilation failed to produce executable
FAIL: gfortran.dg/typebound_operator_9.f03 -O3 -fomit-frame-pointer (internal compiler error)
FAIL: gfortran.dg/typebound_operator_9.f03 -O3 -fomit-frame-pointer (test for excess errors)
UNRESOLVED: gfortran.dg/typebound_operator_9.f03 -O3 -fomit-frame-pointer compilation failed to produce executable
FAIL: gfortran.dg/typebound_operator_9.f03 -O3 -fomit-frame-pointer -funroll-loops (internal compiler error)
FAIL: gfortran.dg/typebound_operator_9.f03 -O3 -fomit-frame-pointer -funroll-loops (test for excess errors)
UNRESOLVED: gfortran.dg/typebound_operator_9.f03 -O3 -fomit-frame-pointer -funroll-loops compilation failed to produce executable
FAIL: gfortran.dg/typebound_operator_9.f03 -O3 -fomit-frame-pointer -funroll-all-loops -finline-functions (internal compiler error)
FAIL: gfortran.dg/typebound_operator_9.f03 -O3 -fomit-frame-pointer -funroll-all-loops -finline-functions (test for excess errors)
UNRESOLVED: gfortran.dg/typebound_operator_9.f03 -O3 -fomit-frame-pointer -funroll-all-loops -finline-functions compilation failed to produce executable
FAIL: gfortran.dg/typebound_operator_9.f03 -O3 -g (internal compiler error)
FAIL: gfortran.dg/typebound_operator_9.f03 -O3 -g (test for excess errors)
UNRESOLVED: gfortran.dg/typebound_operator_9.f03 -O3 -g compilation failed to produce executable
FAIL: gfortran.dg/typebound_operator_9.f03 -Os (internal compiler error)
FAIL: gfortran.dg/typebound_operator_9.f03 -Os (test for excess errors)
UNRESOLVED: gfortran.dg/typebound_operator_9.f03 -Os compilation failed to produce executable
FAIL: gfortran.dg/typebound_proc_20.f90 -O0 (internal compiler error)
FAIL: gfortran.dg/typebound_proc_20.f90 -O0 (test for excess errors)
UNRESOLVED: gfortran.dg/typebound_proc_20.f90 -O0 compilation failed to produce executable
FAIL: gfortran.dg/typebound_proc_20.f90 -O1 (internal compiler error)
FAIL: gfortran.dg/typebound_proc_20.f90 -O1 (test for excess errors)
UNRESOLVED: gfortran.dg/typebound_proc_20.f90 -O1 compilation failed to produce executable
FAIL: gfortran.dg/typebound_proc_20.f90 -O2 (internal compiler error)
FAIL: gfortran.dg/typebound_proc_20.f90 -O2 (test for excess errors)
UNRESOLVED: gfortran.dg/typebound_proc_20.f90 -O2 compilation failed to produce executable
FAIL: gfortran.dg/typebound_proc_20.f90 -O3 -fomit-frame-pointer (internal compiler error)
FAIL: gfortran.dg/typebound_proc_20.f90 -O3 -fomit-frame-pointer (test for excess errors)
UNRESOLVED: gfortran.dg/typebound_proc_20.f90 -O3 -fomit-frame-pointer compilation failed to produce executable
FAIL: gfortran.dg/typebound_proc_20.f90 -O3 -fomit-frame-pointer -funroll-loops (internal compiler error)
FAIL: gfortran.dg/typebound_proc_20.f90 -O3 -fomit-frame-pointer -funroll-loops (test for excess errors)
UNRESOLVED: gfortran.dg/typebound_proc_20.f90 -O3 -fomit-frame-pointer -funroll-loops compilation failed to produce executable
FAIL: gfortran.dg/typebound_proc_20.f90 -O3 -fomit-frame-pointer -funroll-all-loops -finline-functions (internal compiler error)
FAIL: gfortran.dg/typebound_proc_20.f90 -O3 -fomit-frame-pointer -funroll-all-loops -finline-functions (test for excess errors)
UNRESOLVED: gfortran.dg/typebound_proc_20.f90 -O3 -fomit-frame-pointer -funroll-all-loops -finline-functions compilation failed to produce executable
FAIL: gfortran.dg/typebound_proc_20.f90 -O3 -g (internal compiler error)
FAIL: gfortran.dg/typebound_proc_20.f90 -O3 -g (test for excess errors)
UNRESOLVED: gfortran.dg/typebound_proc_20.f90 -O3 -g compilation failed to produce executable
FAIL: gfortran.dg/typebound_proc_20.f90 -Os (internal compiler error)
FAIL: gfortran.dg/typebound_proc_20.f90 -Os (test for excess errors)
UNRESOLVED: gfortran.dg/typebound_proc_20.f90 -Os compilation failed to produce executable
FAIL: gfortran.dg/typebound_proc_21.f90 -O (internal compiler error)
FAIL: gfortran.dg/typebound_proc_21.f90 -O (test for excess errors)
FAIL: gfortran.dg/typebound_proc_23.f90 -O0 (internal compiler error)
FAIL: gfortran.dg/typebound_proc_23.f90 -O0 (test for excess errors)
UNRESOLVED: gfortran.dg/typebound_proc_23.f90 -O0 compilation failed to produce executable
FAIL: gfortran.dg/typebound_proc_23.f90 -O1 (internal compiler error)
FAIL: gfortran.dg/typebound_proc_23.f90 -O1 (test for excess errors)
UNRESOLVED: gfortran.dg/typebound_proc_23.f90 -O1 compilation failed to produce executable
FAIL: gfortran.dg/typebound_proc_23.f90 -O2 (internal compiler error)
FAIL: gfortran.dg/typebound_proc_23.f90 -O2 (test for excess errors)
UNRESOLVED: gfortran.dg/typebound_proc_23.f90 -O2 compilation failed to produce executable
FAIL: gfortran.dg/typebound_proc_23.f90 -O3 -fomit-frame-pointer (internal compiler error)
FAIL: gfortran.dg/typebound_proc_23.f90 -O3 -fomit-frame-pointer (test for excess errors)
UNRESOLVED: gfortran.dg/typebound_proc_23.f90 -O3 -fomit-frame-pointer compilation failed to produce executable
FAIL: gfortran.dg/typebound_proc_23.f90 -O3 -fomit-frame-pointer -funroll-loops (internal compiler error)
FAIL: gfortran.dg/typebound_proc_23.f90 -O3 -fomit-frame-pointer -funroll-loops (test for excess errors)
UNRESOLVED: gfortran.dg/typebound_proc_23.f90 -O3 -fomit-frame-pointer -funroll-loops compilation failed to produce executable
FAIL: gfortran.dg/typebound_proc_23.f90 -O3 -fomit-frame-pointer -funroll-all-loops -finline-functions (internal compiler error)
FAIL: gfortran.dg/typebound_proc_23.f90 -O3 -fomit-frame-pointer -funroll-all-loops -finline-functions (test for excess errors)
UNRESOLVED: gfortran.dg/typebound_proc_23.f90 -O3 -fomit-frame-pointer -funroll-all-loops -finline-functions compilation failed to produce executable
FAIL: gfortran.dg/typebound_proc_23.f90 -O3 -g (internal compiler error)
FAIL: gfortran.dg/typebound_proc_23.f90 -O3 -g (test for excess errors)
UNRESOLVED: gfortran.dg/typebound_proc_23.f90 -O3 -g compilation failed to produce executable
FAIL: gfortran.dg/typebound_proc_23.f90 -Os (internal compiler error)
FAIL: gfortran.dg/typebound_proc_23.f90 -Os (test for excess errors)
UNRESOLVED: gfortran.dg/typebound_proc_23.f90 -Os compilation failed to produce executable
FAIL: gfortran.dg/typebound_proc_25.f90 -O (internal compiler error)
FAIL: gfortran.dg/typebound_proc_25.f90 -O (test for excess errors)
FAIL: gfortran.dg/whole_file_27.f90 -O (internal compiler error)
FAIL: gfortran.dg/whole_file_27.f90 -O (test for excess errors)
FAIL: gfortran.dg/guality/pr41558.f90 -O0 line 7 s == 'foo'
FAIL: gfortran.dg/guality/pr41558.f90 -O1 line 7 s == 'foo'
FAIL: gfortran.dg/guality/pr41558.f90 -O2 line 7 s == 'foo'
FAIL: gfortran.dg/guality/pr41558.f90 -O3 -fomit-frame-pointer line 7 s == 'foo'
FAIL: gfortran.dg/guality/pr41558.f90 -O3 -fomit-frame-pointer -funroll-loops line 7 s == 'foo'
FAIL: gfortran.dg/guality/pr41558.f90 -O3 -fomit-frame-pointer -funroll-all-loops -finline-functions line 7 s == 'foo'
FAIL: gfortran.dg/guality/pr41558.f90 -O3 -g line 7 s == 'foo'
FAIL: gfortran.dg/guality/pr41558.f90 -Os line 7 s == 'foo'
FAIL: gfortran.dg/lto/pr45586-2 f_lto_pr45586-2_0.o-f_lto_pr45586-2_0.o link, -O0 -flto -flto-partition=none -fuse-linker-plugin (internal compiler error)
UNRESOLVED: gfortran.dg/lto/pr45586-2 f_lto_pr45586-2_0.o-f_lto_pr45586-2_0.o execute -O0 -flto -flto-partition=none -fuse-linker-plugin
FAIL: gfortran.dg/lto/pr45586-2 f_lto_pr45586-2_0.o-f_lto_pr45586-2_0.o link, -O0 -flto -flto-partition=1to1 -fno-use-linker-plugin (internal compiler error)
UNRESOLVED: gfortran.dg/lto/pr45586-2 f_lto_pr45586-2_0.o-f_lto_pr45586-2_0.o execute -O0 -flto -flto-partition=1to1 -fno-use-linker-plugin
FAIL: gfortran.dg/lto/pr45586-2 f_lto_pr45586-2_0.o-f_lto_pr45586-2_0.o link, -O0 -flto -fuse-linker-plugin -fno-fat-lto-objects (internal compiler error)
UNRESOLVED: gfortran.dg/lto/pr45586-2 f_lto_pr45586-2_0.o-f_lto_pr45586-2_0.o execute -O0 -flto -fuse-linker-plugin -fno-fat-lto-objects
FAIL: gfortran.dg/lto/pr45586 f_lto_pr45586_0.o-f_lto_pr45586_0.o link, -O0 -flto -flto-partition=none -fuse-linker-plugin (internal compiler error)
UNRESOLVED: gfortran.dg/lto/pr45586 f_lto_pr45586_0.o-f_lto_pr45586_0.o execute -O0 -flto -flto-partition=none -fuse-linker-plugin
FAIL: gfortran.dg/lto/pr45586 f_lto_pr45586_0.o-f_lto_pr45586_0.o link, -O0 -flto -flto-partition=1to1 -fno-use-linker-plugin (internal compiler error)
UNRESOLVED: gfortran.dg/lto/pr45586 f_lto_pr45586_0.o-f_lto_pr45586_0.o execute -O0 -flto -flto-partition=1to1 -fno-use-linker-plugin
FAIL: gfortran.dg/lto/pr45586 f_lto_pr45586_0.o-f_lto_pr45586_0.o link, -O0 -flto -fuse-linker-plugin -fno-fat-lto-objects (internal compiler error)
UNRESOLVED: gfortran.dg/lto/pr45586 f_lto_pr45586_0.o-f_lto_pr45586_0.o execute -O0 -flto -fuse-linker-plugin -fno-fat-lto-objects
=== gfortran Summary ===
# of expected passes 41267
# of unexpected failures 500
# of expected failures 42
# of unresolved testcases 223
# of unsupported tests 221
/export/gnu/import/git/gcc-test-ia32/bld/gcc/testsuite/gfortran/../../gfortran version 4.8.0 20120903 (experimental) [trunk revision 190887] (GCC)
=== objc tests ===
Running target unix
=== objc Summary ===
# of expected passes 2988
# of expected failures 6
# of unsupported tests 74
/export/gnu/import/git/gcc-test-ia32/bld/gcc/xgcc version 4.8.0 20120903 (experimental) [trunk revision 190887] (GCC)
=== boehm-gc tests ===
Running target unix
=== boehm-gc Summary ===
# of expected passes 12
# of unsupported tests 1
=== libatomic tests ===
Running target unix
=== libatomic Summary ===
# of expected passes 44
# of unsupported tests 5
=== libffi tests ===
Running target unix
=== libffi Summary ===
# of expected passes 1659
# of unsupported tests 55
=== libgomp tests ===
Running target unix
=== libgomp Summary ===
# of expected passes 2930
=== libitm tests ===
Running target unix
=== libitm Summary ===
# of expected passes 26
# of expected failures 3
# of unsupported tests 1
=== libjava tests ===
Running target unix
=== libjava Summary ===
# of expected passes 2574
=== libmudflap tests ===
Running target unix
=== libmudflap Summary ===
# of expected passes 1436
=== libstdc++ tests ===
Running target unix
=== libstdc++ Summary ===
# of expected passes 8965
# of expected failures 42
# of unsupported tests 179
Compiler version: 4.8.0 20120903 (experimental) [trunk revision 190887] (GCC)
Platform: i686-pc-linux-gnu
configure flags: --with-arch=core2 --with-cpu=atom --prefix=/usr/local --enable-clocale=gnu --with-system-zlib --enable-shared --with-demangler-in-ld i686-linux --with-fpmath=sse --enable-languages=c,c++,fortran,java,lto,objc