This is the mail archive of the gcc-testresults@gcc.gnu.org mailing list for the GCC project.


Index Nav: [Date Index] [Subject Index] [Author Index] [Thread Index]
Message Nav: [Date Prev] [Date Next] [Thread Prev] [Thread Next]
Other format: [Raw text]

Results for 4.8.0 20120823 (experimental) [trunk revision 190620] (GCC) testsuite on i686-pc-linux-gnu


Native configuration is i686-pc-linux-gnu

		=== g++ tests ===


Running target unix

		=== g++ Summary ===

# of expected passes		48748
# of expected failures		284
# of unsupported tests		339
/export/gnu/import/git/gcc-test-ia32/bld/gcc/testsuite/g++/../../g++  version 4.8.0 20120823 (experimental) [trunk revision 190620] (GCC) 

		=== gcc tests ===


Running target unix
XPASS: gcc.dg/Wstrict-overflow-18.c  (test for bogus messages, line 20)
FAIL: gcc.dg/attr-weakref-1.c (test for excess errors)
UNRESOLVED: gcc.dg/attr-weakref-1.c compilation failed to produce executable
XPASS: gcc.dg/inline_3.c (test for excess errors)
XPASS: gcc.dg/inline_4.c (test for excess errors)
FAIL: gcc.dg/pr52558-1.c scan-tree-dump-times lim1 "MEM count_lsm.. count_lsm_flag" 1
FAIL: gcc.dg/pr52558-2.c scan-tree-dump-times lim1 "MEM.*g_2_lsm_flag" 1
XPASS: gcc.dg/unroll_2.c (test for excess errors)
XPASS: gcc.dg/unroll_3.c (test for excess errors)
XPASS: gcc.dg/unroll_4.c (test for excess errors)
FAIL: gcc.dg/tm/reg-promotion.c scan-tree-dump-times lim1 "MEM count_lsm.. count_lsm_flag" 1
FAIL: gcc.dg/torture/pr51106-2.c  -O0  (internal compiler error)
FAIL: gcc.dg/torture/pr51106-2.c  -O0  (test for excess errors)
FAIL: gcc.dg/torture/pr51106-2.c  -O1  (internal compiler error)
FAIL: gcc.dg/torture/pr51106-2.c  -O1  (test for excess errors)
FAIL: gcc.dg/torture/pr51106-2.c  -O2  (internal compiler error)
FAIL: gcc.dg/torture/pr51106-2.c  -O2  (test for excess errors)
FAIL: gcc.dg/torture/pr51106-2.c  -O3 -fomit-frame-pointer  (internal compiler error)
FAIL: gcc.dg/torture/pr51106-2.c  -O3 -fomit-frame-pointer  (test for excess errors)
FAIL: gcc.dg/torture/pr51106-2.c  -O3 -g  (internal compiler error)
FAIL: gcc.dg/torture/pr51106-2.c  -O3 -g  (test for excess errors)
FAIL: gcc.dg/torture/pr51106-2.c  -Os  (internal compiler error)
FAIL: gcc.dg/torture/pr51106-2.c  -Os  (test for excess errors)
FAIL: gcc.dg/torture/pr51106-2.c  -O2 -flto -fno-use-linker-plugin -flto-partition=none  (internal compiler error)
FAIL: gcc.dg/torture/pr51106-2.c  -O2 -flto -fno-use-linker-plugin -flto-partition=none  (test for excess errors)

		=== gcc Summary ===

# of expected passes		87044
# of unexpected failures	18
# of unexpected successes	6
# of expected failures		256
# of unresolved testcases	1
# of unsupported tests		931
/export/gnu/import/git/gcc-test-ia32/bld/gcc/xgcc  version 4.8.0 20120823 (experimental) [trunk revision 190620] (GCC) 

		=== gfortran tests ===


Running target unix
FAIL: gfortran.dg/realloc_on_assign_14.f90  -O  (internal compiler error)
FAIL: gfortran.dg/realloc_on_assign_14.f90  -O  (test for excess errors)
FAIL: gfortran.dg/realloc_on_assign_15.f90  -O0  (internal compiler error)
FAIL: gfortran.dg/realloc_on_assign_15.f90  -O0  (test for excess errors)
UNRESOLVED: gfortran.dg/realloc_on_assign_15.f90  -O0  compilation failed to produce executable
FAIL: gfortran.dg/realloc_on_assign_15.f90  -O1  (internal compiler error)
FAIL: gfortran.dg/realloc_on_assign_15.f90  -O1  (test for excess errors)
UNRESOLVED: gfortran.dg/realloc_on_assign_15.f90  -O1  compilation failed to produce executable
FAIL: gfortran.dg/realloc_on_assign_15.f90  -O2  (internal compiler error)
FAIL: gfortran.dg/realloc_on_assign_15.f90  -O2  (test for excess errors)
UNRESOLVED: gfortran.dg/realloc_on_assign_15.f90  -O2  compilation failed to produce executable
FAIL: gfortran.dg/realloc_on_assign_15.f90  -O3 -fomit-frame-pointer  (internal compiler error)
FAIL: gfortran.dg/realloc_on_assign_15.f90  -O3 -fomit-frame-pointer  (test for excess errors)
UNRESOLVED: gfortran.dg/realloc_on_assign_15.f90  -O3 -fomit-frame-pointer  compilation failed to produce executable
FAIL: gfortran.dg/realloc_on_assign_15.f90  -O3 -fomit-frame-pointer -funroll-loops  (internal compiler error)
FAIL: gfortran.dg/realloc_on_assign_15.f90  -O3 -fomit-frame-pointer -funroll-loops  (test for excess errors)
UNRESOLVED: gfortran.dg/realloc_on_assign_15.f90  -O3 -fomit-frame-pointer -funroll-loops  compilation failed to produce executable
FAIL: gfortran.dg/realloc_on_assign_15.f90  -O3 -fomit-frame-pointer -funroll-all-loops -finline-functions  (internal compiler error)
FAIL: gfortran.dg/realloc_on_assign_15.f90  -O3 -fomit-frame-pointer -funroll-all-loops -finline-functions  (test for excess errors)
UNRESOLVED: gfortran.dg/realloc_on_assign_15.f90  -O3 -fomit-frame-pointer -funroll-all-loops -finline-functions  compilation failed to produce executable
FAIL: gfortran.dg/realloc_on_assign_15.f90  -O3 -g  (internal compiler error)
FAIL: gfortran.dg/realloc_on_assign_15.f90  -O3 -g  (test for excess errors)
UNRESOLVED: gfortran.dg/realloc_on_assign_15.f90  -O3 -g  compilation failed to produce executable
FAIL: gfortran.dg/realloc_on_assign_15.f90  -Os  (internal compiler error)
FAIL: gfortran.dg/realloc_on_assign_15.f90  -Os  (test for excess errors)
UNRESOLVED: gfortran.dg/realloc_on_assign_15.f90  -Os  compilation failed to produce executable
FAIL: gfortran.dg/realloc_on_assign_2.f03  -O0  (internal compiler error)
FAIL: gfortran.dg/realloc_on_assign_2.f03  -O0  (test for excess errors)
UNRESOLVED: gfortran.dg/realloc_on_assign_2.f03  -O0  compilation failed to produce executable
FAIL: gfortran.dg/realloc_on_assign_2.f03  -O1  (internal compiler error)
FAIL: gfortran.dg/realloc_on_assign_2.f03  -O1  (test for excess errors)
UNRESOLVED: gfortran.dg/realloc_on_assign_2.f03  -O1  compilation failed to produce executable
FAIL: gfortran.dg/realloc_on_assign_2.f03  -O2  (internal compiler error)
FAIL: gfortran.dg/realloc_on_assign_2.f03  -O2  (test for excess errors)
UNRESOLVED: gfortran.dg/realloc_on_assign_2.f03  -O2  compilation failed to produce executable
FAIL: gfortran.dg/realloc_on_assign_2.f03  -O3 -fomit-frame-pointer  (internal compiler error)
FAIL: gfortran.dg/realloc_on_assign_2.f03  -O3 -fomit-frame-pointer  (test for excess errors)
UNRESOLVED: gfortran.dg/realloc_on_assign_2.f03  -O3 -fomit-frame-pointer  compilation failed to produce executable
FAIL: gfortran.dg/realloc_on_assign_2.f03  -O3 -fomit-frame-pointer -funroll-loops  (internal compiler error)
FAIL: gfortran.dg/realloc_on_assign_2.f03  -O3 -fomit-frame-pointer -funroll-loops  (test for excess errors)
UNRESOLVED: gfortran.dg/realloc_on_assign_2.f03  -O3 -fomit-frame-pointer -funroll-loops  compilation failed to produce executable
FAIL: gfortran.dg/realloc_on_assign_2.f03  -O3 -fomit-frame-pointer -funroll-all-loops -finline-functions  (internal compiler error)
FAIL: gfortran.dg/realloc_on_assign_2.f03  -O3 -fomit-frame-pointer -funroll-all-loops -finline-functions  (test for excess errors)
UNRESOLVED: gfortran.dg/realloc_on_assign_2.f03  -O3 -fomit-frame-pointer -funroll-all-loops -finline-functions  compilation failed to produce executable
FAIL: gfortran.dg/realloc_on_assign_2.f03  -O3 -g  (internal compiler error)
FAIL: gfortran.dg/realloc_on_assign_2.f03  -O3 -g  (test for excess errors)
UNRESOLVED: gfortran.dg/realloc_on_assign_2.f03  -O3 -g  compilation failed to produce executable
FAIL: gfortran.dg/realloc_on_assign_2.f03  -Os  (internal compiler error)
FAIL: gfortran.dg/realloc_on_assign_2.f03  -Os  (test for excess errors)
UNRESOLVED: gfortran.dg/realloc_on_assign_2.f03  -Os  compilation failed to produce executable
FAIL: gfortran.dg/guality/pr41558.f90  -O0  line 7 s == 'foo'
FAIL: gfortran.dg/guality/pr41558.f90  -O1  line 7 s == 'foo'
FAIL: gfortran.dg/guality/pr41558.f90  -O2  line 7 s == 'foo'
FAIL: gfortran.dg/guality/pr41558.f90  -O3 -fomit-frame-pointer  line 7 s == 'foo'
FAIL: gfortran.dg/guality/pr41558.f90  -O3 -fomit-frame-pointer -funroll-loops  line 7 s == 'foo'
FAIL: gfortran.dg/guality/pr41558.f90  -O3 -fomit-frame-pointer -funroll-all-loops -finline-functions  line 7 s == 'foo'
FAIL: gfortran.dg/guality/pr41558.f90  -O3 -g  line 7 s == 'foo'
FAIL: gfortran.dg/guality/pr41558.f90  -Os  line 7 s == 'foo'
FAIL: gfortran.dg/lto/pr45586-2 f_lto_pr45586-2_0.o-f_lto_pr45586-2_0.o link, -O0 -flto -flto-partition=none -fuse-linker-plugin (internal compiler error)
UNRESOLVED: gfortran.dg/lto/pr45586-2 f_lto_pr45586-2_0.o-f_lto_pr45586-2_0.o execute -O0 -flto -flto-partition=none -fuse-linker-plugin
FAIL: gfortran.dg/lto/pr45586-2 f_lto_pr45586-2_0.o-f_lto_pr45586-2_0.o link, -O0 -flto -flto-partition=1to1 -fno-use-linker-plugin  (internal compiler error)
UNRESOLVED: gfortran.dg/lto/pr45586-2 f_lto_pr45586-2_0.o-f_lto_pr45586-2_0.o execute -O0 -flto -flto-partition=1to1 -fno-use-linker-plugin 
FAIL: gfortran.dg/lto/pr45586-2 f_lto_pr45586-2_0.o-f_lto_pr45586-2_0.o link, -O0 -flto -fuse-linker-plugin -fno-fat-lto-objects  (internal compiler error)
UNRESOLVED: gfortran.dg/lto/pr45586-2 f_lto_pr45586-2_0.o-f_lto_pr45586-2_0.o execute -O0 -flto -fuse-linker-plugin -fno-fat-lto-objects 
FAIL: gfortran.dg/lto/pr45586 f_lto_pr45586_0.o-f_lto_pr45586_0.o link, -O0 -flto -flto-partition=none -fuse-linker-plugin (internal compiler error)
UNRESOLVED: gfortran.dg/lto/pr45586 f_lto_pr45586_0.o-f_lto_pr45586_0.o execute -O0 -flto -flto-partition=none -fuse-linker-plugin
FAIL: gfortran.dg/lto/pr45586 f_lto_pr45586_0.o-f_lto_pr45586_0.o link, -O0 -flto -flto-partition=1to1 -fno-use-linker-plugin  (internal compiler error)
UNRESOLVED: gfortran.dg/lto/pr45586 f_lto_pr45586_0.o-f_lto_pr45586_0.o execute -O0 -flto -flto-partition=1to1 -fno-use-linker-plugin 
FAIL: gfortran.dg/lto/pr45586 f_lto_pr45586_0.o-f_lto_pr45586_0.o link, -O0 -flto -fuse-linker-plugin -fno-fat-lto-objects  (internal compiler error)
UNRESOLVED: gfortran.dg/lto/pr45586 f_lto_pr45586_0.o-f_lto_pr45586_0.o execute -O0 -flto -fuse-linker-plugin -fno-fat-lto-objects 

		=== gfortran Summary ===

# of expected passes		41709
# of unexpected failures	48
# of expected failures		42
# of unresolved testcases	22
# of unsupported tests		213
/export/gnu/import/git/gcc-test-ia32/bld/gcc/testsuite/gfortran/../../gfortran  version 4.8.0 20120823 (experimental) [trunk revision 190620] (GCC) 

		=== objc tests ===


Running target unix

		=== objc Summary ===

# of expected passes		2988
# of expected failures		6
# of unsupported tests		74
/export/gnu/import/git/gcc-test-ia32/bld/gcc/xgcc  version 4.8.0 20120823 (experimental) [trunk revision 190620] (GCC) 

		=== boehm-gc tests ===


Running target unix

		=== boehm-gc Summary ===

# of expected passes		12
# of unsupported tests		1
		=== libatomic tests ===


Running target unix

		=== libatomic Summary ===

# of expected passes		44
# of unsupported tests		5
		=== libffi tests ===


Running target unix

		=== libffi Summary ===

# of expected passes		1659
# of unsupported tests		55
		=== libgomp tests ===


Running target unix

		=== libgomp Summary ===

# of expected passes		2930
		=== libitm tests ===


Running target unix

		=== libitm Summary ===

# of expected passes		26
# of expected failures		3
# of unsupported tests		1
		=== libjava tests ===


Running target unix

		=== libjava Summary ===

# of expected passes		2574
		=== libmudflap tests ===


Running target unix

		=== libmudflap Summary ===

# of expected passes		1436
		=== libstdc++ tests ===


Running target unix

		=== libstdc++ Summary ===

# of expected passes		8928
# of expected failures		42
# of unsupported tests		178

Compiler version: 4.8.0 20120823 (experimental) [trunk revision 190620] (GCC) 
Platform: i686-pc-linux-gnu
configure flags: --prefix=/usr/local --enable-clocale=gnu --with-system-zlib --enable-shared --with-demangler-in-ld i686-linux --with-fpmath=sse --enable-languages=c,c++,fortran,java,lto,objc


Index Nav: [Date Index] [Subject Index] [Author Index] [Thread Index]
Message Nav: [Date Prev] [Date Next] [Thread Prev] [Thread Next]