This is the mail archive of the
gcc-testresults@gcc.gnu.org
mailing list for the GCC project.
Results for 4.8.0 20120727 (experimental) [trunk revision 189913] (GCC) testsuite on sparc-sun-solaris2.9
- From: Rainer Orth <ro at CeBiTec dot Uni-Bielefeld dot DE>
- To: gcc-testresults at gcc dot gnu dot org
- Date: Mon, 30 Jul 2012 14:12:10 +0200 (MEST)
- Subject: Results for 4.8.0 20120727 (experimental) [trunk revision 189913] (GCC) testsuite on sparc-sun-solaris2.9
LAST_UPDATED: Fri Jul 27 13:35:59 UTC 2012 (revision 189913)
=== acats tests ===
=== acats Summary ===
# of expected passes 2320
# of unexpected failures 0
Native configuration is sparc-sun-solaris2.9
=== g++ tests ===
Running target unix
FAIL: g++.dg/debug/dwarf2/pubnames-2.C scan-assembler .section\\t.debug_pubnames
FAIL: g++.dg/debug/dwarf2/pubnames-2.C scan-assembler .section\\t.debug_pubtypes
WARNING: program timed out.
FAIL: g++.dg/lto/20091219 cp_lto_20091219_0.o-cp_lto_20091219_0.o link, -O3 -flto
UNRESOLVED: g++.dg/lto/20091219 cp_lto_20091219_0.o-cp_lto_20091219_0.o execute -O3 -flto
FAIL: g++.dg/torture/pr31863.C -O2 -flto (test for excess errors)
=== g++ Summary for unix ===
# of expected passes 47060
# of unexpected failures 4
# of expected failures 286
# of unresolved testcases 1
# of unsupported tests 872
Running target unix/-m64
FAIL: g++.dg/debug/dwarf2/pubnames-2.C scan-assembler .section\\t.debug_pubnames
FAIL: g++.dg/debug/dwarf2/pubnames-2.C scan-assembler .section\\t.debug_pubtypes
FAIL: g++.dg/lto/20091219 cp_lto_20091219_0.o-cp_lto_20091219_0.o link, -O3 -flto
UNRESOLVED: g++.dg/lto/20091219 cp_lto_20091219_0.o-cp_lto_20091219_0.o execute -O3 -flto
FAIL: g++.dg/torture/pr31863.C -O2 -flto (test for excess errors)
=== g++ Summary for unix/-m64 ===
# of expected passes 48297
# of unexpected failures 4
# of expected failures 286
# of unresolved testcases 1
# of unsupported tests 865
=== g++ Summary ===
# of expected passes 95357
# of unexpected failures 8
# of expected failures 572
# of unresolved testcases 2
# of unsupported tests 1737
/var/gcc/regression/trunk/9-gcc/build/gcc/testsuite/g++/../../g++ version 4.8.0 20120727 (experimental) [trunk revision 189913] (GCC)
=== gcc tests ===
Running target unix
XPASS: gcc.dg/Wstrict-overflow-18.c (test for bogus messages, line 20)
FAIL: gcc.dg/attr-weakref-1.c (test for excess errors)
WARNING: gcc.dg/attr-weakref-1.c compilation failed to produce executable
FAIL: gcc.dg/simulate-thread/atomic-other-int.c -O2 -g thread simulation test
FAIL: gcc.dg/simulate-thread/atomic-other-int.c -O3 -g thread simulation test
FAIL: gcc.dg/simulate-thread/atomic-other-short.c -O2 -g thread simulation test
FAIL: gcc.dg/simulate-thread/speculative-store.c -O0 -g thread simulation test
FAIL: gcc.dg/torture/pr51106-2.c -O0 (internal compiler error)
FAIL: gcc.dg/torture/pr51106-2.c -O0 (test for excess errors)
FAIL: gcc.dg/torture/pr51106-2.c -O1 (internal compiler error)
FAIL: gcc.dg/torture/pr51106-2.c -O1 (test for excess errors)
FAIL: gcc.dg/torture/pr51106-2.c -O2 (internal compiler error)
FAIL: gcc.dg/torture/pr51106-2.c -O2 (test for excess errors)
FAIL: gcc.dg/torture/pr51106-2.c -O3 -fomit-frame-pointer (internal compiler error)
FAIL: gcc.dg/torture/pr51106-2.c -O3 -fomit-frame-pointer (test for excess errors)
FAIL: gcc.dg/torture/pr51106-2.c -O3 -g (internal compiler error)
FAIL: gcc.dg/torture/pr51106-2.c -O3 -g (test for excess errors)
FAIL: gcc.dg/torture/pr51106-2.c -Os (internal compiler error)
FAIL: gcc.dg/torture/pr51106-2.c -Os (test for excess errors)
FAIL: gcc.dg/torture/pr51106-2.c -O2 -flto -flto-partition=none (internal compiler error)
FAIL: gcc.dg/torture/pr51106-2.c -O2 -flto -flto-partition=none (test for excess errors)
FAIL: gcc.dg/torture/pr51106-2.c -O2 -flto (internal compiler error)
FAIL: gcc.dg/torture/pr51106-2.c -O2 -flto (test for excess errors)
=== gcc Summary for unix ===
# of expected passes 76397
# of unexpected failures 21
# of unexpected successes 1
# of expected failures 320
# of unsupported tests 1656
Running target unix/-m64
XPASS: gcc.dg/Wstrict-overflow-18.c (test for bogus messages, line 20)
FAIL: gcc.dg/attr-weakref-1.c (test for excess errors)
WARNING: gcc.dg/attr-weakref-1.c compilation failed to produce executable
FAIL: gcc.dg/pr44194-1.c scan-rtl-dump dse1 "global deletions = 2"
FAIL: gcc.dg/torture/pr51106-2.c -O0 (internal compiler error)
FAIL: gcc.dg/torture/pr51106-2.c -O0 (test for excess errors)
FAIL: gcc.dg/torture/pr51106-2.c -O1 (internal compiler error)
FAIL: gcc.dg/torture/pr51106-2.c -O1 (test for excess errors)
FAIL: gcc.dg/torture/pr51106-2.c -O2 (internal compiler error)
FAIL: gcc.dg/torture/pr51106-2.c -O2 (test for excess errors)
FAIL: gcc.dg/torture/pr51106-2.c -O3 -fomit-frame-pointer (internal compiler error)
FAIL: gcc.dg/torture/pr51106-2.c -O3 -fomit-frame-pointer (test for excess errors)
FAIL: gcc.dg/torture/pr51106-2.c -O3 -g (internal compiler error)
FAIL: gcc.dg/torture/pr51106-2.c -O3 -g (test for excess errors)
FAIL: gcc.dg/torture/pr51106-2.c -Os (internal compiler error)
FAIL: gcc.dg/torture/pr51106-2.c -Os (test for excess errors)
FAIL: gcc.dg/torture/pr51106-2.c -O2 -flto -flto-partition=none (internal compiler error)
FAIL: gcc.dg/torture/pr51106-2.c -O2 -flto -flto-partition=none (test for excess errors)
FAIL: gcc.dg/torture/pr51106-2.c -O2 -flto (internal compiler error)
FAIL: gcc.dg/torture/pr51106-2.c -O2 -flto (test for excess errors)
=== gcc Summary for unix/-m64 ===
# of expected passes 77073
# of unexpected failures 18
# of unexpected successes 1
# of expected failures 309
# of unsupported tests 1640
=== gcc Summary ===
# of expected passes 153470
# of unexpected failures 39
# of unexpected successes 2
# of expected failures 629
# of unsupported tests 3296
/var/gcc/regression/trunk/9-gcc/build/gcc/xgcc version 4.8.0 20120727 (experimental) [trunk revision 189913] (GCC)
=== gfortran tests ===
Running target unix
FAIL: gfortran.dg/lto/pr45586-2 f_lto_pr45586-2_0.o-f_lto_pr45586-2_0.o link, -O0 -flto -flto-partition=none (internal compiler error)
UNRESOLVED: gfortran.dg/lto/pr45586-2 f_lto_pr45586-2_0.o-f_lto_pr45586-2_0.o execute -O0 -flto -flto-partition=none
FAIL: gfortran.dg/lto/pr45586-2 f_lto_pr45586-2_0.o-f_lto_pr45586-2_0.o link, -O0 -flto -flto-partition=1to1 (internal compiler error)
UNRESOLVED: gfortran.dg/lto/pr45586-2 f_lto_pr45586-2_0.o-f_lto_pr45586-2_0.o execute -O0 -flto -flto-partition=1to1
FAIL: gfortran.dg/lto/pr45586-2 f_lto_pr45586-2_0.o-f_lto_pr45586-2_0.o link, -O0 -flto (internal compiler error)
UNRESOLVED: gfortran.dg/lto/pr45586-2 f_lto_pr45586-2_0.o-f_lto_pr45586-2_0.o execute -O0 -flto
FAIL: gfortran.dg/lto/pr45586 f_lto_pr45586_0.o-f_lto_pr45586_0.o link, -O0 -flto -flto-partition=none (internal compiler error)
UNRESOLVED: gfortran.dg/lto/pr45586 f_lto_pr45586_0.o-f_lto_pr45586_0.o execute -O0 -flto -flto-partition=none
FAIL: gfortran.dg/lto/pr45586 f_lto_pr45586_0.o-f_lto_pr45586_0.o link, -O0 -flto -flto-partition=1to1 (internal compiler error)
UNRESOLVED: gfortran.dg/lto/pr45586 f_lto_pr45586_0.o-f_lto_pr45586_0.o execute -O0 -flto -flto-partition=1to1
FAIL: gfortran.dg/lto/pr45586 f_lto_pr45586_0.o-f_lto_pr45586_0.o link, -O0 -flto (internal compiler error)
UNRESOLVED: gfortran.dg/lto/pr45586 f_lto_pr45586_0.o-f_lto_pr45586_0.o execute -O0 -flto
=== gfortran Summary for unix ===
# of expected passes 41236
# of unexpected failures 6
# of expected failures 58
# of unresolved testcases 6
# of unsupported tests 410
Running target unix/-m64
FAIL: gfortran.dg/array_constructor_4.f90 -O3 -fomit-frame-pointer execution test
FAIL: gfortran.dg/array_constructor_4.f90 -O3 -fomit-frame-pointer -funroll-loops execution test
FAIL: gfortran.dg/array_constructor_4.f90 -O3 -fomit-frame-pointer -funroll-all-loops -finline-functions execution test
FAIL: gfortran.dg/array_constructor_4.f90 -O3 -g execution test
FAIL: gfortran.dg/lto/pr45586-2 f_lto_pr45586-2_0.o-f_lto_pr45586-2_0.o link, -O0 -flto -flto-partition=none (internal compiler error)
UNRESOLVED: gfortran.dg/lto/pr45586-2 f_lto_pr45586-2_0.o-f_lto_pr45586-2_0.o execute -O0 -flto -flto-partition=none
FAIL: gfortran.dg/lto/pr45586-2 f_lto_pr45586-2_0.o-f_lto_pr45586-2_0.o link, -O0 -flto -flto-partition=1to1 (internal compiler error)
UNRESOLVED: gfortran.dg/lto/pr45586-2 f_lto_pr45586-2_0.o-f_lto_pr45586-2_0.o execute -O0 -flto -flto-partition=1to1
FAIL: gfortran.dg/lto/pr45586-2 f_lto_pr45586-2_0.o-f_lto_pr45586-2_0.o link, -O0 -flto (internal compiler error)
UNRESOLVED: gfortran.dg/lto/pr45586-2 f_lto_pr45586-2_0.o-f_lto_pr45586-2_0.o execute -O0 -flto
FAIL: gfortran.dg/lto/pr45586 f_lto_pr45586_0.o-f_lto_pr45586_0.o link, -O0 -flto -flto-partition=none (internal compiler error)
UNRESOLVED: gfortran.dg/lto/pr45586 f_lto_pr45586_0.o-f_lto_pr45586_0.o execute -O0 -flto -flto-partition=none
FAIL: gfortran.dg/lto/pr45586 f_lto_pr45586_0.o-f_lto_pr45586_0.o link, -O0 -flto -flto-partition=1to1 (internal compiler error)
UNRESOLVED: gfortran.dg/lto/pr45586 f_lto_pr45586_0.o-f_lto_pr45586_0.o execute -O0 -flto -flto-partition=1to1
FAIL: gfortran.dg/lto/pr45586 f_lto_pr45586_0.o-f_lto_pr45586_0.o link, -O0 -flto (internal compiler error)
UNRESOLVED: gfortran.dg/lto/pr45586 f_lto_pr45586_0.o-f_lto_pr45586_0.o execute -O0 -flto
=== gfortran Summary for unix/-m64 ===
# of expected passes 41510
# of unexpected failures 10
# of expected failures 58
# of unresolved testcases 6
# of unsupported tests 274
=== gfortran Summary ===
# of expected passes 82746
# of unexpected failures 16
# of expected failures 116
# of unresolved testcases 12
# of unsupported tests 684
/var/gcc/regression/trunk/9-gcc/build/gcc/testsuite/gfortran/../../gfortran version 4.8.0 20120727 (experimental) [trunk revision 189913] (GCC)
=== gnat tests ===
Running target unix
FAIL: gnat.dg/array11.adb (test for warnings, line 12)
FAIL: gnat.dg/object_overflow.adb (test for warnings, line 8)
=== gnat Summary for unix ===
# of expected passes 1099
# of unexpected failures 2
# of expected failures 17
# of unsupported tests 13
Running target unix/-m64
FAIL: gnat.dg/array11.adb (test for warnings, line 12)
FAIL: gnat.dg/object_overflow.adb (test for warnings, line 8)
=== gnat Summary for unix/-m64 ===
# of expected passes 1099
# of unexpected failures 2
# of expected failures 17
# of unsupported tests 13
=== gnat Summary ===
# of expected passes 2198
# of unexpected failures 4
# of expected failures 34
# of unsupported tests 26
/var/gcc/regression/trunk/9-gcc/build/gcc/gnatmake version 4.8.0 20120727 (experimental) [trunk revision 189913]
=== go tests ===
Running target unix
FAIL: ./64bit-out.go compilation, -O0 -g
FAIL: go.test/test/cmplxdivide.go
WARNING: program timed out.
WARNING: program timed out.
=== go Summary for unix ===
# of expected passes 3287
# of unexpected failures 2
# of expected failures 4
# of untested testcases 8
Running target unix/-m64
FAIL: ./64bit-out.go compilation, -O0 -g
FAIL: go.test/test/append.go compilation, -O2 -g
WARNING: program timed out.
WARNING: program timed out.
=== go Summary for unix/-m64 ===
# of expected passes 3286
# of unexpected failures 2
# of expected failures 4
# of untested testcases 9
=== go Summary ===
# of expected passes 6573
# of unexpected failures 4
# of expected failures 8
# of untested testcases 17
/var/gcc/regression/trunk/9-gcc/build/gcc/testsuite/go/../../gccgo version 4.8.0 20120727 (experimental) [trunk revision 189913] (GCC)
=== obj-c++ tests ===
Running target unix
=== obj-c++ Summary for unix ===
# of expected passes 1450
# of expected failures 2
# of unsupported tests 86
Running target unix/-m64
=== obj-c++ Summary for unix/-m64 ===
# of expected passes 1442
# of expected failures 10
# of unsupported tests 86
=== obj-c++ Summary ===
# of expected passes 2892
# of expected failures 12
# of unsupported tests 172
/var/gcc/regression/trunk/9-gcc/build/gcc/testsuite/obj-c++/../../g++ version 4.8.0 20120727 (experimental) [trunk revision 189913] (GCC)
=== objc tests ===
Running target unix
=== objc Summary for unix ===
# of expected passes 2994
# of unsupported tests 74
Running target unix/-m64
=== objc Summary for unix/-m64 ===
# of expected passes 2994
# of unsupported tests 74
=== objc Summary ===
# of expected passes 5988
# of unsupported tests 148
/var/gcc/regression/trunk/9-gcc/build/gcc/xgcc version 4.8.0 20120727 (experimental) [trunk revision 189913] (GCC)
=== boehm-gc tests ===
Running target unix
=== boehm-gc Summary for unix ===
# of expected passes 12
# of unsupported tests 1
Running target unix/-m64
=== boehm-gc Summary for unix/-m64 ===
# of expected passes 12
# of unsupported tests 1
=== boehm-gc Summary ===
# of expected passes 24
# of unsupported tests 2
=== libatomic tests ===
Running target unix
=== libatomic Summary for unix ===
# of expected passes 34
# of unsupported tests 10
Running target unix/-m64
=== libatomic Summary for unix/-m64 ===
# of expected passes 44
# of unsupported tests 5
=== libatomic Summary ===
# of expected passes 78
# of unsupported tests 15
=== libffi tests ===
Running target unix
=== libffi Summary for unix ===
# of expected passes 1659
# of unsupported tests 55
Running target unix/-m64
=== libffi Summary for unix/-m64 ===
# of expected passes 1659
# of unsupported tests 55
=== libffi Summary ===
# of expected passes 3318
# of unsupported tests 110
=== libgo tests ===
Running target unix
FAIL: runtime/pprof
FAIL: text/template
FAIL: testing/quick
=== libgo Summary for unix ===
# of expected passes 121
# of unexpected failures 3
Running target unix/-m64
FAIL: runtime/pprof
=== libgo Summary for unix/-m64 ===
# of expected passes 123
# of unexpected failures 1
=== libgo Summary ===
# of expected passes 244
# of unexpected failures 4
=== libgomp tests ===
Running target unix
=== libgomp Summary for unix ===
# of expected passes 2973
# of unsupported tests 3
Running target unix/-m64
=== libgomp Summary for unix/-m64 ===
# of expected passes 2973
# of unsupported tests 3
=== libgomp Summary ===
# of expected passes 5946
# of unsupported tests 6
=== libitm tests ===
Running target unix
=== libitm Summary for unix ===
# of expected passes 26
# of expected failures 3
# of unsupported tests 1
Running target unix/-m64
=== libitm Summary for unix/-m64 ===
# of expected passes 26
# of expected failures 3
# of unsupported tests 1
=== libitm Summary ===
# of expected passes 52
# of expected failures 6
# of unsupported tests 2
=== libjava tests ===
Running target unix
FAIL: InvokeInterface execution - source compiled test
FAIL: InvokeInterface -O3 execution - source compiled test
=== libjava Summary for unix ===
# of expected passes 2570
# of unexpected failures 2
# of untested testcases 2
Running target unix/-m64
FAIL: InvokeInterface execution - source compiled test
FAIL: InvokeInterface -O3 execution - source compiled test
=== libjava Summary for unix/-m64 ===
# of expected passes 2570
# of unexpected failures 2
# of untested testcases 2
=== libjava Summary ===
# of expected passes 5140
# of unexpected failures 4
# of untested testcases 4
=== libstdc++ tests ===
Running target unix
ERROR: tcl error sourcing /vol/gcc/src/hg/trunk/local/libstdc++-v3/testsuite/libstdc++-abi/abi.exp.
ERROR: could not compile testsuite_abi_check.cc
FAIL: 20_util/hash/chi2_quality.cc (test for excess errors)
WARNING: 20_util/hash/chi2_quality.cc compilation failed to produce executable
FAIL: 20_util/shared_ptr/misc/io.cc (test for excess errors)
WARNING: 20_util/shared_ptr/misc/io.cc compilation failed to produce executable
FAIL: 21_strings/basic_string/cons/char/6.cc (test for excess errors)
WARNING: 21_strings/basic_string/cons/char/6.cc compilation failed to produce executable
FAIL: 21_strings/basic_string/cons/wchar_t/6.cc (test for excess errors)
WARNING: 21_strings/basic_string/cons/wchar_t/6.cc compilation failed to produce executable
FAIL: 21_strings/basic_string/inserters_extractors/char/1.cc (test for excess errors)
WARNING: 21_strings/basic_string/inserters_extractors/char/1.cc compilation failed to produce executable
FAIL: 21_strings/basic_string/inserters_extractors/char/10.cc (test for excess errors)
WARNING: 21_strings/basic_string/inserters_extractors/char/10.cc compilation failed to produce executable
FAIL: 21_strings/basic_string/inserters_extractors/char/11.cc (test for excess errors)
WARNING: 21_strings/basic_string/inserters_extractors/char/11.cc compilation failed to produce executable
FAIL: 21_strings/basic_string/inserters_extractors/char/28277.cc (test for excess errors)
WARNING: 21_strings/basic_string/inserters_extractors/char/28277.cc compilation failed to produce executable
FAIL: 21_strings/basic_string/inserters_extractors/char/4.cc (test for excess errors)
WARNING: 21_strings/basic_string/inserters_extractors/char/4.cc compilation failed to produce executable
FAIL: 21_strings/basic_string/inserters_extractors/char/5.cc (test for excess errors)
WARNING: 21_strings/basic_string/inserters_extractors/char/5.cc compilation failed to produce executable
FAIL: 21_strings/basic_string/inserters_extractors/char/6.cc (test for excess errors)
WARNING: 21_strings/basic_string/inserters_extractors/char/6.cc compilation failed to produce executable
FAIL: 21_strings/basic_string/inserters_extractors/char/7.cc (test for excess errors)
WARNING: 21_strings/basic_string/inserters_extractors/char/7.cc compilation failed to produce executable
FAIL: 21_strings/basic_string/inserters_extractors/char/8.cc (test for excess errors)
WARNING: 21_strings/basic_string/inserters_extractors/char/8.cc compilation failed to produce executable
FAIL: 21_strings/basic_string/inserters_extractors/char/9.cc (test for excess errors)
WARNING: 21_strings/basic_string/inserters_extractors/char/9.cc compilation failed to produce executable
FAIL: 21_strings/basic_string/inserters_extractors/wchar_t/1.cc (test for excess errors)
WARNING: 21_strings/basic_string/inserters_extractors/wchar_t/1.cc compilation failed to produce executable
FAIL: 21_strings/basic_string/inserters_extractors/wchar_t/10.cc (test for excess errors)
WARNING: 21_strings/basic_string/inserters_extractors/wchar_t/10.cc compilation failed to produce executable
FAIL: 21_strings/basic_string/inserters_extractors/wchar_t/11.cc (test for excess errors)
WARNING: 21_strings/basic_string/inserters_extractors/wchar_t/11.cc compilation failed to produce executable
FAIL: 21_strings/basic_string/inserters_extractors/wchar_t/28277.cc (test for excess errors)
WARNING: 21_strings/basic_string/inserters_extractors/wchar_t/28277.cc compilation failed to produce executable
FAIL: 21_strings/basic_string/inserters_extractors/wchar_t/4.cc (test for excess errors)
WARNING: 21_strings/basic_string/inserters_extractors/wchar_t/4.cc compilation failed to produce executable
FAIL: 21_strings/basic_string/inserters_extractors/wchar_t/5.cc (test for excess errors)
WARNING: 21_strings/basic_string/inserters_extractors/wchar_t/5.cc compilation failed to produce executable
FAIL: 21_strings/basic_string/inserters_extractors/wchar_t/6.cc (test for excess errors)
WARNING: 21_strings/basic_string/inserters_extractors/wchar_t/6.cc compilation failed to produce executable
FAIL: 21_strings/basic_string/inserters_extractors/wchar_t/7.cc (test for excess errors)
WARNING: 21_strings/basic_string/inserters_extractors/wchar_t/7.cc compilation failed to produce executable
FAIL: 21_strings/basic_string/inserters_extractors/wchar_t/8.cc (test for excess errors)
WARNING: 21_strings/basic_string/inserters_extractors/wchar_t/8.cc compilation failed to produce executable
FAIL: 21_strings/basic_string/inserters_extractors/wchar_t/9.cc (test for excess errors)
WARNING: 21_strings/basic_string/inserters_extractors/wchar_t/9.cc compilation failed to produce executable
FAIL: 22_locale/money_get/get/char/14.cc (test for excess errors)
WARNING: 22_locale/money_get/get/char/14.cc compilation failed to produce executable
FAIL: 22_locale/money_get/get/char/19.cc (test for excess errors)
WARNING: 22_locale/money_get/get/char/19.cc compilation failed to produce executable
FAIL: 22_locale/money_get/get/char/22131.cc (test for excess errors)
WARNING: 22_locale/money_get/get/char/22131.cc compilation failed to produce executable
FAIL: 22_locale/money_get/get/char/38399.cc (test for excess errors)
WARNING: 22_locale/money_get/get/char/38399.cc compilation failed to produce executable
FAIL: 22_locale/money_get/get/char/39168.cc (test for excess errors)
WARNING: 22_locale/money_get/get/char/39168.cc compilation failed to produce executable
FAIL: 22_locale/money_get/get/char/5.cc (test for excess errors)
WARNING: 22_locale/money_get/get/char/5.cc compilation failed to produce executable
FAIL: 22_locale/money_get/get/char/6.cc (test for excess errors)
WARNING: 22_locale/money_get/get/char/6.cc compilation failed to produce executable
FAIL: 22_locale/money_get/get/char/7.cc (test for excess errors)
WARNING: 22_locale/money_get/get/char/7.cc compilation failed to produce executable
FAIL: 22_locale/money_get/get/char/8.cc (test for excess errors)
WARNING: 22_locale/money_get/get/char/8.cc compilation failed to produce executable
FAIL: 22_locale/money_get/get/wchar_t/14.cc (test for excess errors)
WARNING: 22_locale/money_get/get/wchar_t/14.cc compilation failed to produce executable
FAIL: 22_locale/money_get/get/wchar_t/19.cc (test for excess errors)
WARNING: 22_locale/money_get/get/wchar_t/19.cc compilation failed to produce executable
FAIL: 22_locale/money_get/get/wchar_t/22131.cc (test for excess errors)
WARNING: 22_locale/money_get/get/wchar_t/22131.cc compilation failed to produce executable
FAIL: 22_locale/money_get/get/wchar_t/38399.cc (test for excess errors)
WARNING: 22_locale/money_get/get/wchar_t/38399.cc compilation failed to produce executable
FAIL: 22_locale/money_get/get/wchar_t/39168.cc (test for excess errors)
WARNING: 22_locale/money_get/get/wchar_t/39168.cc compilation failed to produce executable
FAIL: 22_locale/money_get/get/wchar_t/5.cc (test for excess errors)
WARNING: 22_locale/money_get/get/wchar_t/5.cc compilation failed to produce executable
FAIL: 22_locale/money_get/get/wchar_t/6.cc (test for excess errors)
WARNING: 22_locale/money_get/get/wchar_t/6.cc compilation failed to produce executable
FAIL: 22_locale/money_get/get/wchar_t/7.cc (test for excess errors)
WARNING: 22_locale/money_get/get/wchar_t/7.cc compilation failed to produce executable
FAIL: 22_locale/money_get/get/wchar_t/8.cc (test for excess errors)
WARNING: 22_locale/money_get/get/wchar_t/8.cc compilation failed to produce executable
FAIL: 22_locale/money_put/put/char/12971.cc (test for excess errors)
WARNING: 22_locale/money_put/put/char/12971.cc compilation failed to produce executable
FAIL: 22_locale/money_put/put/char/39168.cc (test for excess errors)
WARNING: 22_locale/money_put/put/char/39168.cc compilation failed to produce executable
FAIL: 22_locale/money_put/put/char/4.cc (test for excess errors)
WARNING: 22_locale/money_put/put/char/4.cc compilation failed to produce executable
FAIL: 22_locale/money_put/put/char/5.cc (test for excess errors)
WARNING: 22_locale/money_put/put/char/5.cc compilation failed to produce executable
FAIL: 22_locale/money_put/put/char/6.cc (test for excess errors)
WARNING: 22_locale/money_put/put/char/6.cc compilation failed to produce executable
FAIL: 22_locale/money_put/put/wchar_t/12971.cc (test for excess errors)
WARNING: 22_locale/money_put/put/wchar_t/12971.cc compilation failed to produce executable
FAIL: 22_locale/money_put/put/wchar_t/39168.cc (test for excess errors)
WARNING: 22_locale/money_put/put/wchar_t/39168.cc compilation failed to produce executable
FAIL: 22_locale/money_put/put/wchar_t/4.cc (test for excess errors)
WARNING: 22_locale/money_put/put/wchar_t/4.cc compilation failed to produce executable
FAIL: 22_locale/money_put/put/wchar_t/5.cc (test for excess errors)
WARNING: 22_locale/money_put/put/wchar_t/5.cc compilation failed to produce executable
FAIL: 22_locale/money_put/put/wchar_t/6.cc (test for excess errors)
WARNING: 22_locale/money_put/put/wchar_t/6.cc compilation failed to produce executable
FAIL: 22_locale/num_get/get/char/10.cc (test for excess errors)
WARNING: 22_locale/num_get/get/char/10.cc compilation failed to produce executable
FAIL: 22_locale/num_get/get/char/11.cc (test for excess errors)
WARNING: 22_locale/num_get/get/char/11.cc compilation failed to produce executable
FAIL: 22_locale/num_get/get/char/12.cc (test for excess errors)
WARNING: 22_locale/num_get/get/char/12.cc compilation failed to produce executable
FAIL: 22_locale/num_get/get/char/13.cc (test for excess errors)
WARNING: 22_locale/num_get/get/char/13.cc compilation failed to produce executable
FAIL: 22_locale/num_get/get/char/14.cc (test for excess errors)
WARNING: 22_locale/num_get/get/char/14.cc compilation failed to produce executable
FAIL: 22_locale/num_get/get/char/15.cc (test for excess errors)
WARNING: 22_locale/num_get/get/char/15.cc compilation failed to produce executable
FAIL: 22_locale/num_get/get/char/16.cc (test for excess errors)
WARNING: 22_locale/num_get/get/char/16.cc compilation failed to produce executable
FAIL: 22_locale/num_get/get/char/2.cc (test for excess errors)
WARNING: 22_locale/num_get/get/char/2.cc compilation failed to produce executable
FAIL: 22_locale/num_get/get/char/22131.cc (test for excess errors)
WARNING: 22_locale/num_get/get/char/22131.cc compilation failed to produce executable
FAIL: 22_locale/num_get/get/char/23953.cc (test for excess errors)
WARNING: 22_locale/num_get/get/char/23953.cc compilation failed to produce executable
FAIL: 22_locale/num_get/get/char/37958.cc (test for excess errors)
WARNING: 22_locale/num_get/get/char/37958.cc compilation failed to produce executable
FAIL: 22_locale/num_get/get/char/39168.cc (test for excess errors)
WARNING: 22_locale/num_get/get/char/39168.cc compilation failed to produce executable
FAIL: 22_locale/num_get/get/char/39802.cc (test for excess errors)
WARNING: 22_locale/num_get/get/char/39802.cc compilation failed to produce executable
FAIL: 22_locale/num_get/get/char/4.cc (test for excess errors)
WARNING: 22_locale/num_get/get/char/4.cc compilation failed to produce executable
FAIL: 22_locale/num_get/get/char/7.cc (test for excess errors)
WARNING: 22_locale/num_get/get/char/7.cc compilation failed to produce executable
FAIL: 22_locale/num_get/get/char/8.cc (test for excess errors)
WARNING: 22_locale/num_get/get/char/8.cc compilation failed to produce executable
FAIL: 22_locale/num_get/get/wchar_t/10.cc (test for excess errors)
WARNING: 22_locale/num_get/get/wchar_t/10.cc compilation failed to produce executable
FAIL: 22_locale/num_get/get/wchar_t/11.cc (test for excess errors)
WARNING: 22_locale/num_get/get/wchar_t/11.cc compilation failed to produce executable
FAIL: 22_locale/num_get/get/wchar_t/12.cc (test for excess errors)
WARNING: 22_locale/num_get/get/wchar_t/12.cc compilation failed to produce executable
FAIL: 22_locale/num_get/get/wchar_t/13.cc (test for excess errors)
WARNING: 22_locale/num_get/get/wchar_t/13.cc compilation failed to produce executable
FAIL: 22_locale/num_get/get/wchar_t/14.cc (test for excess errors)
WARNING: 22_locale/num_get/get/wchar_t/14.cc compilation failed to produce executable
FAIL: 22_locale/num_get/get/wchar_t/15.cc (test for excess errors)
WARNING: 22_locale/num_get/get/wchar_t/15.cc compilation failed to produce executable
FAIL: 22_locale/num_get/get/wchar_t/16.cc (test for excess errors)
WARNING: 22_locale/num_get/get/wchar_t/16.cc compilation failed to produce executable
FAIL: 22_locale/num_get/get/wchar_t/2.cc (test for excess errors)
WARNING: 22_locale/num_get/get/wchar_t/2.cc compilation failed to produce executable
FAIL: 22_locale/num_get/get/wchar_t/22131.cc (test for excess errors)
WARNING: 22_locale/num_get/get/wchar_t/22131.cc compilation failed to produce executable
FAIL: 22_locale/num_get/get/wchar_t/23953.cc (test for excess errors)
WARNING: 22_locale/num_get/get/wchar_t/23953.cc compilation failed to produce executable
FAIL: 22_locale/num_get/get/wchar_t/37958.cc (test for excess errors)
WARNING: 22_locale/num_get/get/wchar_t/37958.cc compilation failed to produce executable
FAIL: 22_locale/num_get/get/wchar_t/39168.cc (test for excess errors)
WARNING: 22_locale/num_get/get/wchar_t/39168.cc compilation failed to produce executable
FAIL: 22_locale/num_get/get/wchar_t/39802.cc (test for excess errors)
WARNING: 22_locale/num_get/get/wchar_t/39802.cc compilation failed to produce executable
FAIL: 22_locale/num_get/get/wchar_t/4.cc (test for excess errors)
WARNING: 22_locale/num_get/get/wchar_t/4.cc compilation failed to produce executable
FAIL: 22_locale/num_get/get/wchar_t/7.cc (test for excess errors)
WARNING: 22_locale/num_get/get/wchar_t/7.cc compilation failed to produce executable
FAIL: 22_locale/num_get/get/wchar_t/8.cc (test for excess errors)
WARNING: 22_locale/num_get/get/wchar_t/8.cc compilation failed to produce executable
FAIL: 22_locale/num_put/put/char/10.cc (test for excess errors)
WARNING: 22_locale/num_put/put/char/10.cc compilation failed to produce executable
FAIL: 22_locale/num_put/put/char/11.cc (test for excess errors)
WARNING: 22_locale/num_put/put/char/11.cc compilation failed to produce executable
FAIL: 22_locale/num_put/put/char/12.cc (test for excess errors)
WARNING: 22_locale/num_put/put/char/12.cc compilation failed to produce executable
FAIL: 22_locale/num_put/put/char/14220.cc (test for excess errors)
WARNING: 22_locale/num_put/put/char/14220.cc compilation failed to produce executable
FAIL: 22_locale/num_put/put/char/15565.cc (test for excess errors)
WARNING: 22_locale/num_put/put/char/15565.cc compilation failed to produce executable
FAIL: 22_locale/num_put/put/char/2.cc (test for excess errors)
WARNING: 22_locale/num_put/put/char/2.cc compilation failed to produce executable
FAIL: 22_locale/num_put/put/char/23953.cc (test for excess errors)
WARNING: 22_locale/num_put/put/char/23953.cc compilation failed to produce executable
FAIL: 22_locale/num_put/put/char/38196.cc (test for excess errors)
WARNING: 22_locale/num_put/put/char/38196.cc compilation failed to produce executable
FAIL: 22_locale/num_put/put/char/38210.cc (test for excess errors)
WARNING: 22_locale/num_put/put/char/38210.cc compilation failed to produce executable
FAIL: 22_locale/num_put/put/char/4.cc (test for excess errors)
WARNING: 22_locale/num_put/put/char/4.cc compilation failed to produce executable
FAIL: 22_locale/num_put/put/char/6.cc (test for excess errors)
WARNING: 22_locale/num_put/put/char/6.cc compilation failed to produce executable
FAIL: 22_locale/num_put/put/char/7.cc (test for excess errors)
WARNING: 22_locale/num_put/put/char/7.cc compilation failed to produce executable
FAIL: 22_locale/num_put/put/char/8.cc (test for excess errors)
WARNING: 22_locale/num_put/put/char/8.cc compilation failed to produce executable
FAIL: 22_locale/num_put/put/char/9.cc (test for excess errors)
WARNING: 22_locale/num_put/put/char/9.cc compilation failed to produce executable
FAIL: 22_locale/num_put/put/wchar_t/10.cc (test for excess errors)
WARNING: 22_locale/num_put/put/wchar_t/10.cc compilation failed to produce executable
FAIL: 22_locale/num_put/put/wchar_t/11.cc (test for excess errors)
WARNING: 22_locale/num_put/put/wchar_t/11.cc compilation failed to produce executable
FAIL: 22_locale/num_put/put/wchar_t/12.cc (test for excess errors)
WARNING: 22_locale/num_put/put/wchar_t/12.cc compilation failed to produce executable
FAIL: 22_locale/num_put/put/wchar_t/14220.cc (test for excess errors)
WARNING: 22_locale/num_put/put/wchar_t/14220.cc compilation failed to produce executable
FAIL: 22_locale/num_put/put/wchar_t/15565.cc (test for excess errors)
WARNING: 22_locale/num_put/put/wchar_t/15565.cc compilation failed to produce executable
FAIL: 22_locale/num_put/put/wchar_t/2.cc (test for excess errors)
WARNING: 22_locale/num_put/put/wchar_t/2.cc compilation failed to produce executable
FAIL: 22_locale/num_put/put/wchar_t/23953.cc (test for excess errors)
WARNING: 22_locale/num_put/put/wchar_t/23953.cc compilation failed to produce executable
FAIL: 22_locale/num_put/put/wchar_t/38196.cc (test for excess errors)
WARNING: 22_locale/num_put/put/wchar_t/38196.cc compilation failed to produce executable
FAIL: 22_locale/num_put/put/wchar_t/38210.cc (test for excess errors)
WARNING: 22_locale/num_put/put/wchar_t/38210.cc compilation failed to produce executable
FAIL: 22_locale/num_put/put/wchar_t/4.cc (test for excess errors)
WARNING: 22_locale/num_put/put/wchar_t/4.cc compilation failed to produce executable
FAIL: 22_locale/num_put/put/wchar_t/6.cc (test for excess errors)
WARNING: 22_locale/num_put/put/wchar_t/6.cc compilation failed to produce executable
FAIL: 22_locale/num_put/put/wchar_t/7.cc (test for excess errors)
WARNING: 22_locale/num_put/put/wchar_t/7.cc compilation failed to produce executable
FAIL: 22_locale/num_put/put/wchar_t/8.cc (test for excess errors)
WARNING: 22_locale/num_put/put/wchar_t/8.cc compilation failed to produce executable
FAIL: 22_locale/num_put/put/wchar_t/9.cc (test for excess errors)
WARNING: 22_locale/num_put/put/wchar_t/9.cc compilation failed to produce executable
FAIL: 22_locale/time_get/date_order/char/1.cc (test for excess errors)
WARNING: 22_locale/time_get/date_order/char/1.cc compilation failed to produce executable
FAIL: 22_locale/time_get/date_order/wchar_t/1.cc (test for excess errors)
WARNING: 22_locale/time_get/date_order/wchar_t/1.cc compilation failed to produce executable
FAIL: 22_locale/time_get/get_date/char/1.cc (test for excess errors)
WARNING: 22_locale/time_get/get_date/char/1.cc compilation failed to produce executable
FAIL: 22_locale/time_get/get_date/char/12791.cc (test for excess errors)
WARNING: 22_locale/time_get/get_date/char/12791.cc compilation failed to produce executable
FAIL: 22_locale/time_get/get_date/char/3.cc (test for excess errors)
WARNING: 22_locale/time_get/get_date/char/3.cc compilation failed to produce executable
FAIL: 22_locale/time_get/get_date/char/5.cc (test for excess errors)
WARNING: 22_locale/time_get/get_date/char/5.cc compilation failed to produce executable
FAIL: 22_locale/time_get/get_date/wchar_t/1.cc (test for excess errors)
WARNING: 22_locale/time_get/get_date/wchar_t/1.cc compilation failed to produce executable
FAIL: 22_locale/time_get/get_date/wchar_t/12791.cc (test for excess errors)
WARNING: 22_locale/time_get/get_date/wchar_t/12791.cc compilation failed to produce executable
FAIL: 22_locale/time_get/get_date/wchar_t/3.cc (test for excess errors)
WARNING: 22_locale/time_get/get_date/wchar_t/3.cc compilation failed to produce executable
FAIL: 22_locale/time_get/get_date/wchar_t/5.cc (test for excess errors)
WARNING: 22_locale/time_get/get_date/wchar_t/5.cc compilation failed to produce executable
FAIL: 22_locale/time_get/get_monthname/char/1.cc (test for excess errors)
WARNING: 22_locale/time_get/get_monthname/char/1.cc compilation failed to produce executable
FAIL: 22_locale/time_get/get_monthname/char/3.cc (test for excess errors)
WARNING: 22_locale/time_get/get_monthname/char/3.cc compilation failed to produce executable
FAIL: 22_locale/time_get/get_monthname/char/4.cc (test for excess errors)
WARNING: 22_locale/time_get/get_monthname/char/4.cc compilation failed to produce executable
FAIL: 22_locale/time_get/get_monthname/char/5.cc (test for excess errors)
WARNING: 22_locale/time_get/get_monthname/char/5.cc compilation failed to produce executable
FAIL: 22_locale/time_get/get_monthname/char/6.cc (test for excess errors)
WARNING: 22_locale/time_get/get_monthname/char/6.cc compilation failed to produce executable
FAIL: 22_locale/time_get/get_monthname/wchar_t/1.cc (test for excess errors)
WARNING: 22_locale/time_get/get_monthname/wchar_t/1.cc compilation failed to produce executable
FAIL: 22_locale/time_get/get_monthname/wchar_t/3.cc (test for excess errors)
WARNING: 22_locale/time_get/get_monthname/wchar_t/3.cc compilation failed to produce executable
FAIL: 22_locale/time_get/get_monthname/wchar_t/4.cc (test for excess errors)
WARNING: 22_locale/time_get/get_monthname/wchar_t/4.cc compilation failed to produce executable
FAIL: 22_locale/time_get/get_monthname/wchar_t/5.cc (test for excess errors)
WARNING: 22_locale/time_get/get_monthname/wchar_t/5.cc compilation failed to produce executable
FAIL: 22_locale/time_get/get_monthname/wchar_t/6.cc (test for excess errors)
WARNING: 22_locale/time_get/get_monthname/wchar_t/6.cc compilation failed to produce executable
FAIL: 22_locale/time_get/get_time/char/3.cc (test for excess errors)
WARNING: 22_locale/time_get/get_time/char/3.cc compilation failed to produce executable
FAIL: 22_locale/time_get/get_time/char/4.cc (test for excess errors)
WARNING: 22_locale/time_get/get_time/char/4.cc compilation failed to produce executable
FAIL: 22_locale/time_get/get_time/char/5.cc (test for excess errors)
WARNING: 22_locale/time_get/get_time/char/5.cc compilation failed to produce executable
FAIL: 22_locale/time_get/get_time/char/6.cc (test for excess errors)
WARNING: 22_locale/time_get/get_time/char/6.cc compilation failed to produce executable
FAIL: 22_locale/time_get/get_time/wchar_t/3.cc (test for excess errors)
WARNING: 22_locale/time_get/get_time/wchar_t/3.cc compilation failed to produce executable
FAIL: 22_locale/time_get/get_time/wchar_t/4.cc (test for excess errors)
WARNING: 22_locale/time_get/get_time/wchar_t/4.cc compilation failed to produce executable
FAIL: 22_locale/time_get/get_time/wchar_t/5.cc (test for excess errors)
WARNING: 22_locale/time_get/get_time/wchar_t/5.cc compilation failed to produce executable
FAIL: 22_locale/time_get/get_time/wchar_t/6.cc (test for excess errors)
WARNING: 22_locale/time_get/get_time/wchar_t/6.cc compilation failed to produce executable
FAIL: 22_locale/time_get/get_weekday/char/1.cc (test for excess errors)
WARNING: 22_locale/time_get/get_weekday/char/1.cc compilation failed to produce executable
FAIL: 22_locale/time_get/get_weekday/char/3.cc (test for excess errors)
WARNING: 22_locale/time_get/get_weekday/char/3.cc compilation failed to produce executable
FAIL: 22_locale/time_get/get_weekday/char/5.cc (test for excess errors)
WARNING: 22_locale/time_get/get_weekday/char/5.cc compilation failed to produce executable
FAIL: 22_locale/time_get/get_weekday/char/6.cc (test for excess errors)
WARNING: 22_locale/time_get/get_weekday/char/6.cc compilation failed to produce executable
FAIL: 22_locale/time_get/get_weekday/wchar_t/1.cc (test for excess errors)
WARNING: 22_locale/time_get/get_weekday/wchar_t/1.cc compilation failed to produce executable
FAIL: 22_locale/time_get/get_weekday/wchar_t/3.cc (test for excess errors)
WARNING: 22_locale/time_get/get_weekday/wchar_t/3.cc compilation failed to produce executable
FAIL: 22_locale/time_get/get_weekday/wchar_t/5.cc (test for excess errors)
WARNING: 22_locale/time_get/get_weekday/wchar_t/5.cc compilation failed to produce executable
FAIL: 22_locale/time_get/get_weekday/wchar_t/6.cc (test for excess errors)
WARNING: 22_locale/time_get/get_weekday/wchar_t/6.cc compilation failed to produce executable
FAIL: 22_locale/time_get/get_year/char/1.cc (test for excess errors)
WARNING: 22_locale/time_get/get_year/char/1.cc compilation failed to produce executable
FAIL: 22_locale/time_get/get_year/char/3.cc (test for excess errors)
WARNING: 22_locale/time_get/get_year/char/3.cc compilation failed to produce executable
FAIL: 22_locale/time_get/get_year/char/5.cc (test for excess errors)
WARNING: 22_locale/time_get/get_year/char/5.cc compilation failed to produce executable
FAIL: 22_locale/time_get/get_year/wchar_t/1.cc (test for excess errors)
WARNING: 22_locale/time_get/get_year/wchar_t/1.cc compilation failed to produce executable
FAIL: 22_locale/time_get/get_year/wchar_t/3.cc (test for excess errors)
WARNING: 22_locale/time_get/get_year/wchar_t/3.cc compilation failed to produce executable
FAIL: 22_locale/time_get/get_year/wchar_t/5.cc (test for excess errors)
WARNING: 22_locale/time_get/get_year/wchar_t/5.cc compilation failed to produce executable
FAIL: 22_locale/time_put/put/char/1.cc (test for excess errors)
WARNING: 22_locale/time_put/put/char/1.cc compilation failed to produce executable
FAIL: 22_locale/time_put/put/char/10.cc (test for excess errors)
WARNING: 22_locale/time_put/put/char/10.cc compilation failed to produce executable
FAIL: 22_locale/time_put/put/char/12439_1.cc (test for excess errors)
WARNING: 22_locale/time_put/put/char/12439_1.cc compilation failed to produce executable
FAIL: 22_locale/time_put/put/char/12439_3.cc (test for excess errors)
WARNING: 22_locale/time_put/put/char/12439_3.cc compilation failed to produce executable
FAIL: 22_locale/time_put/put/char/5.cc (test for excess errors)
WARNING: 22_locale/time_put/put/char/5.cc compilation failed to produce executable
FAIL: 22_locale/time_put/put/char/9.cc (test for excess errors)
WARNING: 22_locale/time_put/put/char/9.cc compilation failed to produce executable
FAIL: 22_locale/time_put/put/wchar_t/1.cc (test for excess errors)
WARNING: 22_locale/time_put/put/wchar_t/1.cc compilation failed to produce executable
FAIL: 22_locale/time_put/put/wchar_t/10.cc (test for excess errors)
WARNING: 22_locale/time_put/put/wchar_t/10.cc compilation failed to produce executable
FAIL: 22_locale/time_put/put/wchar_t/12439_1.cc (test for excess errors)
WARNING: 22_locale/time_put/put/wchar_t/12439_1.cc compilation failed to produce executable
FAIL: 22_locale/time_put/put/wchar_t/12439_2.cc (test for excess errors)
WARNING: 22_locale/time_put/put/wchar_t/12439_2.cc compilation failed to produce executable
FAIL: 22_locale/time_put/put/wchar_t/12439_3.cc (test for excess errors)
WARNING: 22_locale/time_put/put/wchar_t/12439_3.cc compilation failed to produce executable
FAIL: 22_locale/time_put/put/wchar_t/5.cc (test for excess errors)
WARNING: 22_locale/time_put/put/wchar_t/5.cc compilation failed to produce executable
FAIL: 22_locale/time_put/put/wchar_t/9.cc (test for excess errors)
WARNING: 22_locale/time_put/put/wchar_t/9.cc compilation failed to produce executable
FAIL: 23_containers/bitset/input/1.cc (test for excess errors)
WARNING: 23_containers/bitset/input/1.cc compilation failed to produce executable
FAIL: 23_containers/bitset/to_ulong/1.cc (test for excess errors)
WARNING: 23_containers/bitset/to_ulong/1.cc compilation failed to produce executable
FAIL: 23_containers/deque/cons/2.cc (test for excess errors)
WARNING: 23_containers/deque/cons/2.cc compilation failed to produce executable
FAIL: 23_containers/set/modifiers/16728.cc (test for excess errors)
WARNING: 23_containers/set/modifiers/16728.cc compilation failed to produce executable
FAIL: 24_iterators/istreambuf_iterator/2.cc (test for excess errors)
WARNING: 24_iterators/istreambuf_iterator/2.cc compilation failed to produce executable
FAIL: 24_iterators/istreambuf_iterator/2627.cc (test for excess errors)
WARNING: 24_iterators/istreambuf_iterator/2627.cc compilation failed to produce executable
FAIL: 24_iterators/ostreambuf_iterator/2.cc (test for excess errors)
WARNING: 24_iterators/ostreambuf_iterator/2.cc compilation failed to produce executable
FAIL: 25_algorithms/copy/streambuf_iterators/char/1.cc (test for excess errors)
WARNING: 25_algorithms/copy/streambuf_iterators/char/1.cc compilation failed to produce executable
FAIL: 25_algorithms/copy/streambuf_iterators/char/2.cc (test for excess errors)
WARNING: 25_algorithms/copy/streambuf_iterators/char/2.cc compilation failed to produce executable
FAIL: 25_algorithms/copy/streambuf_iterators/char/3.cc (test for excess errors)
WARNING: 25_algorithms/copy/streambuf_iterators/char/3.cc compilation failed to produce executable
FAIL: 25_algorithms/copy/streambuf_iterators/char/4.cc (test for excess errors)
WARNING: 25_algorithms/copy/streambuf_iterators/char/4.cc compilation failed to produce executable
FAIL: 25_algorithms/copy/streambuf_iterators/wchar_t/1.cc (test for excess errors)
WARNING: 25_algorithms/copy/streambuf_iterators/wchar_t/1.cc compilation failed to produce executable
FAIL: 25_algorithms/copy/streambuf_iterators/wchar_t/2.cc (test for excess errors)
WARNING: 25_algorithms/copy/streambuf_iterators/wchar_t/2.cc compilation failed to produce executable
FAIL: 25_algorithms/copy/streambuf_iterators/wchar_t/3.cc (test for excess errors)
WARNING: 25_algorithms/copy/streambuf_iterators/wchar_t/3.cc compilation failed to produce executable
FAIL: 25_algorithms/copy/streambuf_iterators/wchar_t/4.cc (test for excess errors)
WARNING: 25_algorithms/copy/streambuf_iterators/wchar_t/4.cc compilation failed to produce executable
FAIL: 25_algorithms/copy_n/50119.cc (test for excess errors)
WARNING: 25_algorithms/copy_n/50119.cc compilation failed to produce executable
FAIL: 25_algorithms/find/istreambuf_iterators/char/1.cc (test for excess errors)
WARNING: 25_algorithms/find/istreambuf_iterators/char/1.cc compilation failed to produce executable
FAIL: 25_algorithms/find/istreambuf_iterators/char/2.cc (test for excess errors)
WARNING: 25_algorithms/find/istreambuf_iterators/char/2.cc compilation failed to produce executable
FAIL: 25_algorithms/find/istreambuf_iterators/wchar_t/1.cc (test for excess errors)
WARNING: 25_algorithms/find/istreambuf_iterators/wchar_t/1.cc compilation failed to produce executable
FAIL: 25_algorithms/find/istreambuf_iterators/wchar_t/2.cc (test for excess errors)
WARNING: 25_algorithms/find/istreambuf_iterators/wchar_t/2.cc compilation failed to produce executable
FAIL: 25_algorithms/unique_copy/26133.cc (test for excess errors)
WARNING: 25_algorithms/unique_copy/26133.cc compilation failed to produce executable
FAIL: 26_numerics/random/bernoulli_distribution/operators/serialize.cc (test for excess errors)
WARNING: 26_numerics/random/bernoulli_distribution/operators/serialize.cc compilation failed to produce executable
FAIL: 26_numerics/random/binomial_distribution/operators/serialize.cc (test for excess errors)
WARNING: 26_numerics/random/binomial_distribution/operators/serialize.cc compilation failed to produce executable
FAIL: 26_numerics/random/cauchy_distribution/operators/serialize.cc (test for excess errors)
WARNING: 26_numerics/random/cauchy_distribution/operators/serialize.cc compilation failed to produce executable
FAIL: 26_numerics/random/chi_squared_distribution/operators/serialize.cc (test for excess errors)
WARNING: 26_numerics/random/chi_squared_distribution/operators/serialize.cc compilation failed to produce executable
FAIL: 26_numerics/random/discard_block_engine/operators/serialize.cc (test for excess errors)
WARNING: 26_numerics/random/discard_block_engine/operators/serialize.cc compilation failed to produce executable
FAIL: 26_numerics/random/discrete_distribution/operators/serialize.cc (test for excess errors)
WARNING: 26_numerics/random/discrete_distribution/operators/serialize.cc compilation failed to produce executable
FAIL: 26_numerics/random/exponential_distribution/operators/serialize.cc (test for excess errors)
WARNING: 26_numerics/random/exponential_distribution/operators/serialize.cc compilation failed to produce executable
FAIL: 26_numerics/random/extreme_value_distribution/operators/serialize.cc (test for excess errors)
WARNING: 26_numerics/random/extreme_value_distribution/operators/serialize.cc compilation failed to produce executable
FAIL: 26_numerics/random/fisher_f_distribution/operators/serialize.cc (test for excess errors)
WARNING: 26_numerics/random/fisher_f_distribution/operators/serialize.cc compilation failed to produce executable
FAIL: 26_numerics/random/gamma_distribution/operators/serialize.cc (test for excess errors)
WARNING: 26_numerics/random/gamma_distribution/operators/serialize.cc compilation failed to produce executable
FAIL: 26_numerics/random/geometric_distribution/operators/serialize.cc (test for excess errors)
WARNING: 26_numerics/random/geometric_distribution/operators/serialize.cc compilation failed to produce executable
FAIL: 26_numerics/random/independent_bits_engine/operators/serialize.cc (test for excess errors)
WARNING: 26_numerics/random/independent_bits_engine/operators/serialize.cc compilation failed to produce executable
FAIL: 26_numerics/random/linear_congruential_engine/operators/serialize.cc (test for excess errors)
WARNING: 26_numerics/random/linear_congruential_engine/operators/serialize.cc compilation failed to produce executable
FAIL: 26_numerics/random/lognormal_distribution/operators/serialize.cc (test for excess errors)
WARNING: 26_numerics/random/lognormal_distribution/operators/serialize.cc compilation failed to produce executable
FAIL: 26_numerics/random/mersenne_twister_engine/operators/serialize.cc (test for excess errors)
WARNING: 26_numerics/random/mersenne_twister_engine/operators/serialize.cc compilation failed to produce executable
FAIL: 26_numerics/random/negative_binomial_distribution/operators/serialize.cc (test for excess errors)
WARNING: 26_numerics/random/negative_binomial_distribution/operators/serialize.cc compilation failed to produce executable
FAIL: 26_numerics/random/normal_distribution/operators/serialize.cc (test for excess errors)
WARNING: 26_numerics/random/normal_distribution/operators/serialize.cc compilation failed to produce executable
FAIL: 26_numerics/random/piecewise_constant_distribution/operators/serialize.cc (test for excess errors)
WARNING: 26_numerics/random/piecewise_constant_distribution/operators/serialize.cc compilation failed to produce executable
FAIL: 26_numerics/random/piecewise_linear_distribution/operators/serialize.cc (test for excess errors)
WARNING: 26_numerics/random/piecewise_linear_distribution/operators/serialize.cc compilation failed to produce executable
FAIL: 26_numerics/random/poisson_distribution/operators/serialize.cc (test for excess errors)
WARNING: 26_numerics/random/poisson_distribution/operators/serialize.cc compilation failed to produce executable
FAIL: 26_numerics/random/shuffle_order_engine/operators/serialize.cc (test for excess errors)
WARNING: 26_numerics/random/shuffle_order_engine/operators/serialize.cc compilation failed to produce executable
FAIL: 26_numerics/random/student_t_distribution/operators/serialize.cc (test for excess errors)
WARNING: 26_numerics/random/student_t_distribution/operators/serialize.cc compilation failed to produce executable
FAIL: 26_numerics/random/subtract_with_carry_engine/operators/serialize.cc (test for excess errors)
WARNING: 26_numerics/random/subtract_with_carry_engine/operators/serialize.cc compilation failed to produce executable
FAIL: 26_numerics/random/uniform_int_distribution/operators/serialize.cc (test for excess errors)
WARNING: 26_numerics/random/uniform_int_distribution/operators/serialize.cc compilation failed to produce executable
FAIL: 26_numerics/random/uniform_real_distribution/operators/serialize.cc (test for excess errors)
WARNING: 26_numerics/random/uniform_real_distribution/operators/serialize.cc compilation failed to produce executable
FAIL: 26_numerics/random/weibull_distribution/operators/serialize.cc (test for excess errors)
WARNING: 26_numerics/random/weibull_distribution/operators/serialize.cc compilation failed to produce executable
FAIL: 27_io/basic_filebuf/close/char/2.cc (test for excess errors)
WARNING: 27_io/basic_filebuf/close/char/2.cc compilation failed to produce executable
FAIL: 27_io/basic_filebuf/close/char/4879.cc (test for excess errors)
WARNING: 27_io/basic_filebuf/close/char/4879.cc compilation failed to produce executable
FAIL: 27_io/basic_filebuf/open/char/3.cc (test for excess errors)
WARNING: 27_io/basic_filebuf/open/char/3.cc compilation failed to produce executable
FAIL: 27_io/basic_filebuf/open/char/4.cc (test for excess errors)
WARNING: 27_io/basic_filebuf/open/char/4.cc compilation failed to produce executable
FAIL: 27_io/basic_filebuf/overflow/char/9169.cc (test for excess errors)
WARNING: 27_io/basic_filebuf/overflow/char/9169.cc compilation failed to produce executable
FAIL: 27_io/basic_filebuf/seekoff/char/26777.cc (test for excess errors)
WARNING: 27_io/basic_filebuf/seekoff/char/26777.cc compilation failed to produce executable
FAIL: 27_io/basic_filebuf/underflow/wchar_t/11544-1.cc (test for excess errors)
WARNING: 27_io/basic_filebuf/underflow/wchar_t/11544-1.cc compilation failed to produce executable
FAIL: 27_io/basic_filebuf/underflow/wchar_t/11544-2.cc (test for excess errors)
WARNING: 27_io/basic_filebuf/underflow/wchar_t/11544-2.cc compilation failed to produce executable
FAIL: 27_io/basic_filebuf/underflow/wchar_t/9178.cc (test for excess errors)
WARNING: 27_io/basic_filebuf/underflow/wchar_t/9178.cc compilation failed to produce executable
FAIL: 27_io/basic_fstream/rdbuf/char/2832.cc (test for excess errors)
WARNING: 27_io/basic_fstream/rdbuf/char/2832.cc compilation failed to produce executable
FAIL: 27_io/basic_ifstream/cons/char/1.cc (test for excess errors)
WARNING: 27_io/basic_ifstream/cons/char/1.cc compilation failed to produce executable
FAIL: 27_io/basic_ifstream/open/char/1.cc (test for excess errors)
WARNING: 27_io/basic_ifstream/open/char/1.cc compilation failed to produce executable
FAIL: 27_io/basic_ifstream/rdbuf/char/2832.cc (test for excess errors)
WARNING: 27_io/basic_ifstream/rdbuf/char/2832.cc compilation failed to produce executable
FAIL: 27_io/basic_istream/extractors_arithmetic/char/06.cc (test for excess errors)
WARNING: 27_io/basic_istream/extractors_arithmetic/char/06.cc compilation failed to produce executable
FAIL: 27_io/basic_istream/extractors_arithmetic/char/07.cc (test for excess errors)
WARNING: 27_io/basic_istream/extractors_arithmetic/char/07.cc compilation failed to produce executable
FAIL: 27_io/basic_istream/extractors_arithmetic/char/08.cc (test for excess errors)
WARNING: 27_io/basic_istream/extractors_arithmetic/char/08.cc compilation failed to produce executable
FAIL: 27_io/basic_istream/extractors_arithmetic/char/11.cc (test for excess errors)
WARNING: 27_io/basic_istream/extractors_arithmetic/char/11.cc compilation failed to produce executable
FAIL: 27_io/basic_istream/extractors_arithmetic/char/13.cc (test for excess errors)
WARNING: 27_io/basic_istream/extractors_arithmetic/char/13.cc compilation failed to produce executable
FAIL: 27_io/basic_istream/extractors_arithmetic/char/dr696.cc (test for excess errors)
WARNING: 27_io/basic_istream/extractors_arithmetic/char/dr696.cc compilation failed to produce executable
FAIL: 27_io/basic_istream/extractors_arithmetic/char/exceptions_badbit_throw.cc (test for excess errors)
WARNING: 27_io/basic_istream/extractors_arithmetic/char/exceptions_badbit_throw.cc compilation failed to produce executable
FAIL: 27_io/basic_istream/extractors_arithmetic/char/exceptions_failbit.cc (test for excess errors)
WARNING: 27_io/basic_istream/extractors_arithmetic/char/exceptions_failbit.cc compilation failed to produce executable
FAIL: 27_io/basic_istream/extractors_arithmetic/char/exceptions_failbit_throw.cc (test for excess errors)
WARNING: 27_io/basic_istream/extractors_arithmetic/char/exceptions_failbit_throw.cc compilation failed to produce executable
FAIL: 27_io/basic_istream/extractors_arithmetic/wchar_t/06.cc (test for excess errors)
WARNING: 27_io/basic_istream/extractors_arithmetic/wchar_t/06.cc compilation failed to produce executable
FAIL: 27_io/basic_istream/extractors_arithmetic/wchar_t/07.cc (test for excess errors)
WARNING: 27_io/basic_istream/extractors_arithmetic/wchar_t/07.cc compilation failed to produce executable
FAIL: 27_io/basic_istream/extractors_arithmetic/wchar_t/08.cc (test for excess errors)
WARNING: 27_io/basic_istream/extractors_arithmetic/wchar_t/08.cc compilation failed to produce executable
FAIL: 27_io/basic_istream/extractors_arithmetic/wchar_t/11.cc (test for excess errors)
WARNING: 27_io/basic_istream/extractors_arithmetic/wchar_t/11.cc compilation failed to produce executable
FAIL: 27_io/basic_istream/extractors_arithmetic/wchar_t/13.cc (test for excess errors)
WARNING: 27_io/basic_istream/extractors_arithmetic/wchar_t/13.cc compilation failed to produce executable
FAIL: 27_io/basic_istream/extractors_arithmetic/wchar_t/dr696.cc (test for excess errors)
WARNING: 27_io/basic_istream/extractors_arithmetic/wchar_t/dr696.cc compilation failed to produce executable
FAIL: 27_io/basic_istream/extractors_arithmetic/wchar_t/exceptions_badbit_throw.cc (test for excess errors)
WARNING: 27_io/basic_istream/extractors_arithmetic/wchar_t/exceptions_badbit_throw.cc compilation failed to produce executable
FAIL: 27_io/basic_istream/extractors_arithmetic/wchar_t/exceptions_failbit.cc (test for excess errors)
WARNING: 27_io/basic_istream/extractors_arithmetic/wchar_t/exceptions_failbit.cc compilation failed to produce executable
FAIL: 27_io/basic_istream/extractors_arithmetic/wchar_t/exceptions_failbit_throw.cc (test for excess errors)
WARNING: 27_io/basic_istream/extractors_arithmetic/wchar_t/exceptions_failbit_throw.cc compilation failed to produce executable
FAIL: 27_io/basic_istream/extractors_character/char/4.cc (test for excess errors)
WARNING: 27_io/basic_istream/extractors_character/char/4.cc compilation failed to produce executable
FAIL: 27_io/basic_istream/extractors_character/wchar_t/4.cc (test for excess errors)
WARNING: 27_io/basic_istream/extractors_character/wchar_t/4.cc compilation failed to produce executable
FAIL: 27_io/basic_istream/extractors_other/char/26181.cc (test for excess errors)
WARNING: 27_io/basic_istream/extractors_other/char/26181.cc compilation failed to produce executable
FAIL: 27_io/basic_istream/extractors_other/char/3.cc (test for excess errors)
WARNING: 27_io/basic_istream/extractors_other/char/3.cc compilation failed to produce executable
FAIL: 27_io/basic_istream/extractors_other/char/9318-in.cc (test for excess errors)
WARNING: 27_io/basic_istream/extractors_other/char/9318-in.cc compilation failed to produce executable
FAIL: 27_io/basic_istream/extractors_other/char/error_failbit.cc (test for excess errors)
WARNING: 27_io/basic_istream/extractors_other/char/error_failbit.cc compilation failed to produce executable
FAIL: 27_io/basic_istream/extractors_other/char/exceptions_badbit_throw.cc (test for excess errors)
WARNING: 27_io/basic_istream/extractors_other/char/exceptions_badbit_throw.cc compilation failed to produce executable
FAIL: 27_io/basic_istream/extractors_other/char/exceptions_failbit_throw.cc (test for excess errors)
WARNING: 27_io/basic_istream/extractors_other/char/exceptions_failbit_throw.cc compilation failed to produce executable
FAIL: 27_io/basic_istream/extractors_other/char/exceptions_null.cc (test for excess errors)
WARNING: 27_io/basic_istream/extractors_other/char/exceptions_null.cc compilation failed to produce executable
FAIL: 27_io/basic_istream/extractors_other/wchar_t/26181.cc (test for excess errors)
WARNING: 27_io/basic_istream/extractors_other/wchar_t/26181.cc compilation failed to produce executable
FAIL: 27_io/basic_istream/extractors_other/wchar_t/3.cc (test for excess errors)
WARNING: 27_io/basic_istream/extractors_other/wchar_t/3.cc compilation failed to produce executable
FAIL: 27_io/basic_istream/extractors_other/wchar_t/9318-in.cc (test for excess errors)
WARNING: 27_io/basic_istream/extractors_other/wchar_t/9318-in.cc compilation failed to produce executable
FAIL: 27_io/basic_istream/extractors_other/wchar_t/error_failbit.cc (test for excess errors)
WARNING: 27_io/basic_istream/extractors_other/wchar_t/error_failbit.cc compilation failed to produce executable
FAIL: 27_io/basic_istream/extractors_other/wchar_t/exceptions_badbit_throw.cc (test for excess errors)
WARNING: 27_io/basic_istream/extractors_other/wchar_t/exceptions_badbit_throw.cc compilation failed to produce executable
FAIL: 27_io/basic_istream/extractors_other/wchar_t/exceptions_failbit_throw.cc (test for excess errors)
WARNING: 27_io/basic_istream/extractors_other/wchar_t/exceptions_failbit_throw.cc compilation failed to produce executable
FAIL: 27_io/basic_istream/extractors_other/wchar_t/exceptions_null.cc (test for excess errors)
WARNING: 27_io/basic_istream/extractors_other/wchar_t/exceptions_null.cc compilation failed to produce executable
FAIL: 27_io/basic_istream/get/char/2.cc (test for excess errors)
WARNING: 27_io/basic_istream/get/char/2.cc compilation failed to produce executable
FAIL: 27_io/basic_istream/get/wchar_t/2.cc (test for excess errors)
WARNING: 27_io/basic_istream/get/wchar_t/2.cc compilation failed to produce executable
FAIL: 27_io/basic_istream/getline/char/5.cc (test for excess errors)
WARNING: 27_io/basic_istream/getline/char/5.cc compilation failed to produce executable
FAIL: 27_io/basic_istream/getline/wchar_t/5.cc (test for excess errors)
WARNING: 27_io/basic_istream/getline/wchar_t/5.cc compilation failed to produce executable
FAIL: 27_io/basic_istream/ignore/char/2.cc (test for excess errors)
WARNING: 27_io/basic_istream/ignore/char/2.cc compilation failed to produce executable
FAIL: 27_io/basic_istream/ignore/char/3.cc (test for excess errors)
WARNING: 27_io/basic_istream/ignore/char/3.cc compilation failed to produce executable
FAIL: 27_io/basic_istream/ignore/char/6360.cc (test for excess errors)
WARNING: 27_io/basic_istream/ignore/char/6360.cc compilation failed to produce executable
FAIL: 27_io/basic_istream/ignore/wchar_t/2.cc (test for excess errors)
WARNING: 27_io/basic_istream/ignore/wchar_t/2.cc compilation failed to produce executable
FAIL: 27_io/basic_istream/ignore/wchar_t/3.cc (test for excess errors)
WARNING: 27_io/basic_istream/ignore/wchar_t/3.cc compilation failed to produce executable
FAIL: 27_io/basic_istream/ignore/wchar_t/6360.cc (test for excess errors)
WARNING: 27_io/basic_istream/ignore/wchar_t/6360.cc compilation failed to produce executable
FAIL: 27_io/basic_istream/peek/char/12296.cc (test for excess errors)
WARNING: 27_io/basic_istream/peek/char/12296.cc compilation failed to produce executable
FAIL: 27_io/basic_istream/peek/char/6414.cc (test for excess errors)
WARNING: 27_io/basic_istream/peek/char/6414.cc compilation failed to produce executable
FAIL: 27_io/basic_istream/peek/wchar_t/12296.cc (test for excess errors)
WARNING: 27_io/basic_istream/peek/wchar_t/12296.cc compilation failed to produce executable
FAIL: 27_io/basic_istream/peek/wchar_t/6414.cc (test for excess errors)
WARNING: 27_io/basic_istream/peek/wchar_t/6414.cc compilation failed to produce executable
FAIL: 27_io/basic_istream/read/char/3.cc (test for excess errors)
WARNING: 27_io/basic_istream/read/char/3.cc compilation failed to produce executable
FAIL: 27_io/basic_istream/read/wchar_t/3.cc (test for excess errors)
WARNING: 27_io/basic_istream/read/wchar_t/3.cc compilation failed to produce executable
FAIL: 27_io/basic_istream/readsome/char/6746-1.cc (test for excess errors)
WARNING: 27_io/basic_istream/readsome/char/6746-1.cc compilation failed to produce executable
FAIL: 27_io/basic_istream/readsome/char/6746-2.cc (test for excess errors)
WARNING: 27_io/basic_istream/readsome/char/6746-2.cc compilation failed to produce executable
FAIL: 27_io/basic_istream/readsome/wchar_t/6746-1.cc (test for excess errors)
WARNING: 27_io/basic_istream/readsome/wchar_t/6746-1.cc compilation failed to produce executable
FAIL: 27_io/basic_istream/readsome/wchar_t/6746-2.cc (test for excess errors)
WARNING: 27_io/basic_istream/readsome/wchar_t/6746-2.cc compilation failed to produce executable
FAIL: 27_io/basic_istream/seekg/char/2.cc (test for excess errors)
WARNING: 27_io/basic_istream/seekg/char/2.cc compilation failed to produce executable
FAIL: 27_io/basic_istream/seekg/char/26211.cc (test for excess errors)
WARNING: 27_io/basic_istream/seekg/char/26211.cc compilation failed to produce executable
FAIL: 27_io/basic_istream/seekg/char/8348-1.cc (test for excess errors)
WARNING: 27_io/basic_istream/seekg/char/8348-1.cc compilation failed to produce executable
FAIL: 27_io/basic_istream/seekg/char/8348-2.cc (test for excess errors)
WARNING: 27_io/basic_istream/seekg/char/8348-2.cc compilation failed to produce executable
FAIL: 27_io/basic_istream/seekg/char/fstream.cc (test for excess errors)
WARNING: 27_io/basic_istream/seekg/char/fstream.cc compilation failed to produce executable
FAIL: 27_io/basic_istream/seekg/char/sstream.cc (test for excess errors)
WARNING: 27_io/basic_istream/seekg/char/sstream.cc compilation failed to produce executable
FAIL: 27_io/basic_istream/seekg/wchar_t/2.cc (test for excess errors)
WARNING: 27_io/basic_istream/seekg/wchar_t/2.cc compilation failed to produce executable
FAIL: 27_io/basic_istream/seekg/wchar_t/26211.cc (test for excess errors)
WARNING: 27_io/basic_istream/seekg/wchar_t/26211.cc compilation failed to produce executable
FAIL: 27_io/basic_istream/seekg/wchar_t/8348-1.cc (test for excess errors)
WARNING: 27_io/basic_istream/seekg/wchar_t/8348-1.cc compilation failed to produce executable
FAIL: 27_io/basic_istream/seekg/wchar_t/8348-2.cc (test for excess errors)
WARNING: 27_io/basic_istream/seekg/wchar_t/8348-2.cc compilation failed to produce executable
FAIL: 27_io/basic_istream/seekg/wchar_t/fstream.cc (test for excess errors)
WARNING: 27_io/basic_istream/seekg/wchar_t/fstream.cc compilation failed to produce executable
FAIL: 27_io/basic_istream/seekg/wchar_t/sstream.cc (test for excess errors)
WARNING: 27_io/basic_istream/seekg/wchar_t/sstream.cc compilation failed to produce executable
FAIL: 27_io/basic_istream/sentry/char/2.cc (test for excess errors)
WARNING: 27_io/basic_istream/sentry/char/2.cc compilation failed to produce executable
FAIL: 27_io/basic_istream/sentry/wchar_t/2.cc (test for excess errors)
WARNING: 27_io/basic_istream/sentry/wchar_t/2.cc compilation failed to produce executable
FAIL: 27_io/basic_istream/tellg/char/1.cc (test for excess errors)
WARNING: 27_io/basic_istream/tellg/char/1.cc compilation failed to produce executable
FAIL: 27_io/basic_istream/tellg/char/2.cc (test for excess errors)
WARNING: 27_io/basic_istream/tellg/char/2.cc compilation failed to produce executable
FAIL: 27_io/basic_istream/tellg/char/26211.cc (test for excess errors)
WARNING: 27_io/basic_istream/tellg/char/26211.cc compilation failed to produce executable
FAIL: 27_io/basic_istream/tellg/char/8348.cc (test for excess errors)
WARNING: 27_io/basic_istream/tellg/char/8348.cc compilation failed to produce executable
FAIL: 27_io/basic_istream/tellg/char/fstream.cc (test for excess errors)
WARNING: 27_io/basic_istream/tellg/char/fstream.cc compilation failed to produce executable
FAIL: 27_io/basic_istream/tellg/char/sstream.cc (test for excess errors)
WARNING: 27_io/basic_istream/tellg/char/sstream.cc compilation failed to produce executable
FAIL: 27_io/basic_istream/tellg/wchar_t/1.cc (test for excess errors)
WARNING: 27_io/basic_istream/tellg/wchar_t/1.cc compilation failed to produce executable
FAIL: 27_io/basic_istream/tellg/wchar_t/2.cc (test for excess errors)
WARNING: 27_io/basic_istream/tellg/wchar_t/2.cc compilation failed to produce executable
FAIL: 27_io/basic_istream/tellg/wchar_t/26211.cc (test for excess errors)
WARNING: 27_io/basic_istream/tellg/wchar_t/26211.cc compilation failed to produce executable
FAIL: 27_io/basic_istream/tellg/wchar_t/8348.cc (test for excess errors)
WARNING: 27_io/basic_istream/tellg/wchar_t/8348.cc compilation failed to produce executable
FAIL: 27_io/basic_istream/tellg/wchar_t/fstream.cc (test for excess errors)
WARNING: 27_io/basic_istream/tellg/wchar_t/fstream.cc compilation failed to produce executable
FAIL: 27_io/basic_istream/tellg/wchar_t/sstream.cc (test for excess errors)
WARNING: 27_io/basic_istream/tellg/wchar_t/sstream.cc compilation failed to produce executable
FAIL: 27_io/basic_istream/ws/char/1.cc (test for excess errors)
WARNING: 27_io/basic_istream/ws/char/1.cc compilation failed to produce executable
FAIL: 27_io/basic_istream/ws/wchar_t/1.cc (test for excess errors)
WARNING: 27_io/basic_istream/ws/wchar_t/1.cc compilation failed to produce executable
FAIL: 27_io/basic_istringstream/rdbuf/char/2832.cc (test for excess errors)
WARNING: 27_io/basic_istringstream/rdbuf/char/2832.cc compilation failed to produce executable
FAIL: 27_io/basic_istringstream/rdbuf/wchar_t/2832.cc (test for excess errors)
WARNING: 27_io/basic_istringstream/rdbuf/wchar_t/2832.cc compilation failed to produce executable
FAIL: 27_io/basic_istringstream/str/char/1.cc (test for excess errors)
WARNING: 27_io/basic_istringstream/str/char/1.cc compilation failed to produce executable
FAIL: 27_io/basic_istringstream/str/wchar_t/1.cc (test for excess errors)
WARNING: 27_io/basic_istringstream/str/wchar_t/1.cc compilation failed to produce executable
FAIL: 27_io/basic_ofstream/cons/char/1.cc (test for excess errors)
WARNING: 27_io/basic_ofstream/cons/char/1.cc compilation failed to produce executable
FAIL: 27_io/basic_ofstream/open/char/1.cc (test for excess errors)
WARNING: 27_io/basic_ofstream/open/char/1.cc compilation failed to produce executable
FAIL: 27_io/basic_ofstream/pthread2.cc (test for excess errors)
WARNING: 27_io/basic_ofstream/pthread2.cc compilation failed to produce executable
FAIL: 27_io/basic_ofstream/rdbuf/char/2832.cc (test for excess errors)
WARNING: 27_io/basic_ofstream/rdbuf/char/2832.cc compilation failed to produce executable
FAIL: 27_io/basic_ostream/endl/char/1.cc (test for excess errors)
WARNING: 27_io/basic_ostream/endl/char/1.cc compilation failed to produce executable
FAIL: 27_io/basic_ostream/endl/wchar_t/1.cc (test for excess errors)
WARNING: 27_io/basic_ostream/endl/wchar_t/1.cc compilation failed to produce executable
FAIL: 27_io/basic_ostream/ends/char/1.cc (test for excess errors)
WARNING: 27_io/basic_ostream/ends/char/1.cc compilation failed to produce executable
FAIL: 27_io/basic_ostream/ends/char/2.cc (test for excess errors)
WARNING: 27_io/basic_ostream/ends/char/2.cc compilation failed to produce executable
FAIL: 27_io/basic_ostream/ends/wchar_t/1.cc (test for excess errors)
WARNING: 27_io/basic_ostream/ends/wchar_t/1.cc compilation failed to produce executable
FAIL: 27_io/basic_ostream/ends/wchar_t/2.cc (test for excess errors)
WARNING: 27_io/basic_ostream/ends/wchar_t/2.cc compilation failed to produce executable
FAIL: 27_io/basic_ostream/flush/char/1.cc (test for excess errors)
WARNING: 27_io/basic_ostream/flush/char/1.cc compilation failed to produce executable
FAIL: 27_io/basic_ostream/flush/wchar_t/1.cc (test for excess errors)
WARNING: 27_io/basic_ostream/flush/wchar_t/1.cc compilation failed to produce executable
FAIL: 27_io/basic_ostream/inserters_arithmetic/char/1.cc (test for excess errors)
WARNING: 27_io/basic_ostream/inserters_arithmetic/char/1.cc compilation failed to produce executable
FAIL: 27_io/basic_ostream/inserters_arithmetic/char/4402.cc (test for excess errors)
WARNING: 27_io/basic_ostream/inserters_arithmetic/char/4402.cc compilation failed to produce executable
FAIL: 27_io/basic_ostream/inserters_arithmetic/char/5.cc (test for excess errors)
WARNING: 27_io/basic_ostream/inserters_arithmetic/char/5.cc compilation failed to produce executable
FAIL: 27_io/basic_ostream/inserters_arithmetic/char/6.cc (test for excess errors)
WARNING: 27_io/basic_ostream/inserters_arithmetic/char/6.cc compilation failed to produce executable
FAIL: 27_io/basic_ostream/inserters_arithmetic/char/7.cc (test for excess errors)
WARNING: 27_io/basic_ostream/inserters_arithmetic/char/7.cc compilation failed to produce executable
FAIL: 27_io/basic_ostream/inserters_arithmetic/char/exceptions_badbit_throw.cc (test for excess errors)
WARNING: 27_io/basic_ostream/inserters_arithmetic/char/exceptions_badbit_throw.cc compilation failed to produce executable
FAIL: 27_io/basic_ostream/inserters_arithmetic/char/exceptions_failbit_throw.cc (test for excess errors)
WARNING: 27_io/basic_ostream/inserters_arithmetic/char/exceptions_failbit_throw.cc compilation failed to produce executable
FAIL: 27_io/basic_ostream/inserters_arithmetic/wchar_t/1.cc (test for excess errors)
WARNING: 27_io/basic_ostream/inserters_arithmetic/wchar_t/1.cc compilation failed to produce executable
FAIL: 27_io/basic_ostream/inserters_arithmetic/wchar_t/4402.cc (test for excess errors)
WARNING: 27_io/basic_ostream/inserters_arithmetic/wchar_t/4402.cc compilation failed to produce executable
FAIL: 27_io/basic_ostream/inserters_arithmetic/wchar_t/5.cc (test for excess errors)
WARNING: 27_io/basic_ostream/inserters_arithmetic/wchar_t/5.cc compilation failed to produce executable
FAIL: 27_io/basic_ostream/inserters_arithmetic/wchar_t/6.cc (test for excess errors)
WARNING: 27_io/basic_ostream/inserters_arithmetic/wchar_t/6.cc compilation failed to produce executable
FAIL: 27_io/basic_ostream/inserters_arithmetic/wchar_t/7.cc (test for excess errors)
WARNING: 27_io/basic_ostream/inserters_arithmetic/wchar_t/7.cc compilation failed to produce executable
FAIL: 27_io/basic_ostream/inserters_arithmetic/wchar_t/exceptions_badbit_throw.cc (test for excess errors)
WARNING: 27_io/basic_ostream/inserters_arithmetic/wchar_t/exceptions_badbit_throw.cc compilation failed to produce executable
FAIL: 27_io/basic_ostream/inserters_arithmetic/wchar_t/exceptions_failbit_throw.cc (test for excess errors)
WARNING: 27_io/basic_ostream/inserters_arithmetic/wchar_t/exceptions_failbit_throw.cc compilation failed to produce executable
FAIL: 27_io/basic_ostream/inserters_character/char/1.cc (test for excess errors)
WARNING: 27_io/basic_ostream/inserters_character/char/1.cc compilation failed to produce executable
FAIL: 27_io/basic_ostream/inserters_character/char/11095-oa.cc (test for excess errors)
WARNING: 27_io/basic_ostream/inserters_character/char/11095-oa.cc compilation failed to produce executable
FAIL: 27_io/basic_ostream/inserters_character/char/11095-ob.cc (test for excess errors)
WARNING: 27_io/basic_ostream/inserters_character/char/11095-ob.cc compilation failed to produce executable
FAIL: 27_io/basic_ostream/inserters_character/char/11095-oc.cc (test for excess errors)
WARNING: 27_io/basic_ostream/inserters_character/char/11095-oc.cc compilation failed to produce executable
FAIL: 27_io/basic_ostream/inserters_character/char/2.cc (test for excess errors)
WARNING: 27_io/basic_ostream/inserters_character/char/2.cc compilation failed to produce executable
FAIL: 27_io/basic_ostream/inserters_character/char/28277-3.cc (test for excess errors)
WARNING: 27_io/basic_ostream/inserters_character/char/28277-3.cc compilation failed to produce executable
FAIL: 27_io/basic_ostream/inserters_character/char/28277-4.cc (test for excess errors)
WARNING: 27_io/basic_ostream/inserters_character/char/28277-4.cc compilation failed to produce executable
FAIL: 27_io/basic_ostream/inserters_character/char/3.cc (test for excess errors)
WARNING: 27_io/basic_ostream/inserters_character/char/3.cc compilation failed to produce executable
FAIL: 27_io/basic_ostream/inserters_character/char/4.cc (test for excess errors)
WARNING: 27_io/basic_ostream/inserters_character/char/4.cc compilation failed to produce executable
FAIL: 27_io/basic_ostream/inserters_character/char/5.cc (test for excess errors)
WARNING: 27_io/basic_ostream/inserters_character/char/5.cc compilation failed to produce executable
FAIL: 27_io/basic_ostream/inserters_character/char/6.cc (test for excess errors)
WARNING: 27_io/basic_ostream/inserters_character/char/6.cc compilation failed to produce executable
FAIL: 27_io/basic_ostream/inserters_character/char/8.cc (test for excess errors)
WARNING: 27_io/basic_ostream/inserters_character/char/8.cc compilation failed to produce executable
FAIL: 27_io/basic_ostream/inserters_character/wchar_t/1.cc (test for excess errors)
WARNING: 27_io/basic_ostream/inserters_character/wchar_t/1.cc compilation failed to produce executable
FAIL: 27_io/basic_ostream/inserters_character/wchar_t/11095-od.cc (test for excess errors)
WARNING: 27_io/basic_ostream/inserters_character/wchar_t/11095-od.cc compilation failed to produce executable
FAIL: 27_io/basic_ostream/inserters_character/wchar_t/11095-oe.cc (test for excess errors)
WARNING: 27_io/basic_ostream/inserters_character/wchar_t/11095-oe.cc compilation failed to produce executable
FAIL: 27_io/basic_ostream/inserters_character/wchar_t/11095-of.cc (test for excess errors)
WARNING: 27_io/basic_ostream/inserters_character/wchar_t/11095-of.cc compilation failed to produce executable
FAIL: 27_io/basic_ostream/inserters_character/wchar_t/2.cc (test for excess errors)
WARNING: 27_io/basic_ostream/inserters_character/wchar_t/2.cc compilation failed to produce executable
FAIL: 27_io/basic_ostream/inserters_character/wchar_t/28277-1.cc (test for excess errors)
WARNING: 27_io/basic_ostream/inserters_character/wchar_t/28277-1.cc compilation failed to produce executable
FAIL: 27_io/basic_ostream/inserters_character/wchar_t/28277-2.cc (test for excess errors)
WARNING: 27_io/basic_ostream/inserters_character/wchar_t/28277-2.cc compilation failed to produce executable
FAIL: 27_io/basic_ostream/inserters_character/wchar_t/28277-3.cc (test for excess errors)
WARNING: 27_io/basic_ostream/inserters_character/wchar_t/28277-3.cc compilation failed to produce executable
FAIL: 27_io/basic_ostream/inserters_character/wchar_t/28277-4.cc (test for excess errors)
WARNING: 27_io/basic_ostream/inserters_character/wchar_t/28277-4.cc compilation failed to produce executable
FAIL: 27_io/basic_ostream/inserters_character/wchar_t/3.cc (test for excess errors)
WARNING: 27_io/basic_ostream/inserters_character/wchar_t/3.cc compilation failed to produce executable
FAIL: 27_io/basic_ostream/inserters_character/wchar_t/4.cc (test for excess errors)
WARNING: 27_io/basic_ostream/inserters_character/wchar_t/4.cc compilation failed to produce executable
FAIL: 27_io/basic_ostream/inserters_character/wchar_t/5.cc (test for excess errors)
WARNING: 27_io/basic_ostream/inserters_character/wchar_t/5.cc compilation failed to produce executable
FAIL: 27_io/basic_ostream/inserters_character/wchar_t/6.cc (test for excess errors)
WARNING: 27_io/basic_ostream/inserters_character/wchar_t/6.cc compilation failed to produce executable
FAIL: 27_io/basic_ostream/inserters_character/wchar_t/7.cc (test for excess errors)
WARNING: 27_io/basic_ostream/inserters_character/wchar_t/7.cc compilation failed to produce executable
FAIL: 27_io/basic_ostream/inserters_character/wchar_t/8.cc (test for excess errors)
WARNING: 27_io/basic_ostream/inserters_character/wchar_t/8.cc compilation failed to produce executable
FAIL: 27_io/basic_ostream/inserters_other/char/1.cc (test for excess errors)
WARNING: 27_io/basic_ostream/inserters_other/char/1.cc compilation failed to produce executable
FAIL: 27_io/basic_ostream/inserters_other/char/2.cc (test for excess errors)
WARNING: 27_io/basic_ostream/inserters_other/char/2.cc compilation failed to produce executable
FAIL: 27_io/basic_ostream/inserters_other/char/3.cc (test for excess errors)
WARNING: 27_io/basic_ostream/inserters_other/char/3.cc compilation failed to produce executable
FAIL: 27_io/basic_ostream/inserters_other/char/4.cc (test for excess errors)
WARNING: 27_io/basic_ostream/inserters_other/char/4.cc compilation failed to produce executable
FAIL: 27_io/basic_ostream/inserters_other/char/error_code.cc (test for excess errors)
WARNING: 27_io/basic_ostream/inserters_other/char/error_code.cc compilation failed to produce executable
FAIL: 27_io/basic_ostream/inserters_other/char/error_failbit.cc (test for excess errors)
WARNING: 27_io/basic_ostream/inserters_other/char/error_failbit.cc compilation failed to produce executable
FAIL: 27_io/basic_ostream/inserters_other/char/exceptions_badbit_throw.cc (test for excess errors)
WARNING: 27_io/basic_ostream/inserters_other/char/exceptions_badbit_throw.cc compilation failed to produce executable
FAIL: 27_io/basic_ostream/inserters_other/char/exceptions_failbit_throw.cc (test for excess errors)
WARNING: 27_io/basic_ostream/inserters_other/char/exceptions_failbit_throw.cc compilation failed to produce executable
FAIL: 27_io/basic_ostream/inserters_other/char/exceptions_null.cc (test for excess errors)
WARNING: 27_io/basic_ostream/inserters_other/char/exceptions_null.cc compilation failed to produce executable
FAIL: 27_io/basic_ostream/inserters_other/wchar_t/1.cc (test for excess errors)
WARNING: 27_io/basic_ostream/inserters_other/wchar_t/1.cc compilation failed to produce executable
FAIL: 27_io/basic_ostream/inserters_other/wchar_t/2.cc (test for excess errors)
WARNING: 27_io/basic_ostream/inserters_other/wchar_t/2.cc compilation failed to produce executable
FAIL: 27_io/basic_ostream/inserters_other/wchar_t/3.cc (test for excess errors)
WARNING: 27_io/basic_ostream/inserters_other/wchar_t/3.cc compilation failed to produce executable
FAIL: 27_io/basic_ostream/inserters_other/wchar_t/4.cc (test for excess errors)
WARNING: 27_io/basic_ostream/inserters_other/wchar_t/4.cc compilation failed to produce executable
FAIL: 27_io/basic_ostream/inserters_other/wchar_t/error_code.cc (test for excess errors)
WARNING: 27_io/basic_ostream/inserters_other/wchar_t/error_code.cc compilation failed to produce executable
FAIL: 27_io/basic_ostream/inserters_other/wchar_t/error_failbit.cc (test for excess errors)
WARNING: 27_io/basic_ostream/inserters_other/wchar_t/error_failbit.cc compilation failed to produce executable
FAIL: 27_io/basic_ostream/inserters_other/wchar_t/exceptions_badbit_throw.cc (test for excess errors)
WARNING: 27_io/basic_ostream/inserters_other/wchar_t/exceptions_badbit_throw.cc compilation failed to produce executable
FAIL: 27_io/basic_ostream/inserters_other/wchar_t/exceptions_failbit_throw.cc (test for excess errors)
WARNING: 27_io/basic_ostream/inserters_other/wchar_t/exceptions_failbit_throw.cc compilation failed to produce executable
FAIL: 27_io/basic_ostream/inserters_other/wchar_t/exceptions_null.cc (test for excess errors)
WARNING: 27_io/basic_ostream/inserters_other/wchar_t/exceptions_null.cc compilation failed to produce executable
FAIL: 27_io/basic_ostream/seekp/char/2346-fstream.cc (test for excess errors)
WARNING: 27_io/basic_ostream/seekp/char/2346-fstream.cc compilation failed to produce executable
FAIL: 27_io/basic_ostream/seekp/char/2346-sstream.cc (test for excess errors)
WARNING: 27_io/basic_ostream/seekp/char/2346-sstream.cc compilation failed to produce executable
FAIL: 27_io/basic_ostream/seekp/wchar_t/2346-fstream.cc (test for excess errors)
WARNING: 27_io/basic_ostream/seekp/wchar_t/2346-fstream.cc compilation failed to produce executable
FAIL: 27_io/basic_ostream/seekp/wchar_t/2346-sstream.cc (test for excess errors)
WARNING: 27_io/basic_ostream/seekp/wchar_t/2346-sstream.cc compilation failed to produce executable
FAIL: 27_io/basic_ostream/tellp/char/1.cc (test for excess errors)
WARNING: 27_io/basic_ostream/tellp/char/1.cc compilation failed to produce executable
FAIL: 27_io/basic_ostream/tellp/char/2.cc (test for excess errors)
WARNING: 27_io/basic_ostream/tellp/char/2.cc compilation failed to produce executable
FAIL: 27_io/basic_ostream/tellp/wchar_t/1.cc (test for excess errors)
WARNING: 27_io/basic_ostream/tellp/wchar_t/1.cc compilation failed to produce executable
FAIL: 27_io/basic_ostream/tellp/wchar_t/2.cc (test for excess errors)
WARNING: 27_io/basic_ostream/tellp/wchar_t/2.cc compilation failed to produce executable
FAIL: 27_io/basic_ostringstream/cons/char/3.cc (test for excess errors)
WARNING: 27_io/basic_ostringstream/cons/char/3.cc compilation failed to produce executable
FAIL: 27_io/basic_ostringstream/cons/wchar_t/3.cc (test for excess errors)
WARNING: 27_io/basic_ostringstream/cons/wchar_t/3.cc compilation failed to produce executable
FAIL: 27_io/basic_ostringstream/pthread3.cc (test for excess errors)
WARNING: 27_io/basic_ostringstream/pthread3.cc compilation failed to produce executable
FAIL: 27_io/basic_ostringstream/rdbuf/char/2832.cc (test for excess errors)
WARNING: 27_io/basic_ostringstream/rdbuf/char/2832.cc compilation failed to produce executable
FAIL: 27_io/basic_ostringstream/rdbuf/wchar_t/2832.cc (test for excess errors)
WARNING: 27_io/basic_ostringstream/rdbuf/wchar_t/2832.cc compilation failed to produce executable
FAIL: 27_io/basic_ostringstream/str/char/1.cc (test for excess errors)
WARNING: 27_io/basic_ostringstream/str/char/1.cc compilation failed to produce executable
FAIL: 27_io/basic_ostringstream/str/wchar_t/1.cc (test for excess errors)
WARNING: 27_io/basic_ostringstream/str/wchar_t/1.cc compilation failed to produce executable
FAIL: 27_io/basic_stringbuf/in_avail/char/21955.cc (test for excess errors)
WARNING: 27_io/basic_stringbuf/in_avail/char/21955.cc compilation failed to produce executable
FAIL: 27_io/basic_stringbuf/str/char/3.cc (test for excess errors)
WARNING: 27_io/basic_stringbuf/str/char/3.cc compilation failed to produce executable
FAIL: 27_io/basic_stringbuf/str/char/3955.cc (test for excess errors)
WARNING: 27_io/basic_stringbuf/str/char/3955.cc compilation failed to produce executable
FAIL: 27_io/basic_stringbuf/str/wchar_t/3.cc (test for excess errors)
WARNING: 27_io/basic_stringbuf/str/wchar_t/3.cc compilation failed to produce executable
FAIL: 27_io/basic_stringbuf/str/wchar_t/3955.cc (test for excess errors)
WARNING: 27_io/basic_stringbuf/str/wchar_t/3955.cc compilation failed to produce executable
FAIL: 27_io/basic_stringstream/rdbuf/char/2832.cc (test for excess errors)
WARNING: 27_io/basic_stringstream/rdbuf/char/2832.cc compilation failed to produce executable
FAIL: 27_io/basic_stringstream/rdbuf/wchar_t/2832.cc (test for excess errors)
WARNING: 27_io/basic_stringstream/rdbuf/wchar_t/2832.cc compilation failed to produce executable
FAIL: 27_io/basic_stringstream/str/char/1.cc (test for excess errors)
WARNING: 27_io/basic_stringstream/str/char/1.cc compilation failed to produce executable
FAIL: 27_io/basic_stringstream/str/char/2.cc (test for excess errors)
WARNING: 27_io/basic_stringstream/str/char/2.cc compilation failed to produce executable
FAIL: 27_io/basic_stringstream/str/char/3.cc (test for excess errors)
WARNING: 27_io/basic_stringstream/str/char/3.cc compilation failed to produce executable
FAIL: 27_io/basic_stringstream/str/char/4.cc (test for excess errors)
WARNING: 27_io/basic_stringstream/str/char/4.cc compilation failed to produce executable
FAIL: 27_io/basic_stringstream/str/wchar_t/1.cc (test for excess errors)
WARNING: 27_io/basic_stringstream/str/wchar_t/1.cc compilation failed to produce executable
FAIL: 27_io/basic_stringstream/str/wchar_t/2.cc (test for excess errors)
WARNING: 27_io/basic_stringstream/str/wchar_t/2.cc compilation failed to produce executable
FAIL: 27_io/basic_stringstream/str/wchar_t/3.cc (test for excess errors)
WARNING: 27_io/basic_stringstream/str/wchar_t/3.cc compilation failed to produce executable
FAIL: 27_io/basic_stringstream/str/wchar_t/4.cc (test for excess errors)
WARNING: 27_io/basic_stringstream/str/wchar_t/4.cc compilation failed to produce executable
FAIL: 27_io/fpos/14320-5.cc (test for excess errors)
WARNING: 27_io/fpos/14320-5.cc compilation failed to produce executable
FAIL: 27_io/ios_base/state/1.cc (test for excess errors)
WARNING: 27_io/ios_base/state/1.cc compilation failed to produce executable
FAIL: 27_io/ios_base/storage/1.cc (test for excess errors)
WARNING: 27_io/ios_base/storage/1.cc compilation failed to produce executable
FAIL: 27_io/manipulators/adjustfield/char/1.cc (test for excess errors)
WARNING: 27_io/manipulators/adjustfield/char/1.cc compilation failed to produce executable
FAIL: 27_io/manipulators/adjustfield/wchar_t/1.cc (test for excess errors)
WARNING: 27_io/manipulators/adjustfield/wchar_t/1.cc compilation failed to produce executable
FAIL: 27_io/manipulators/basefield/char/1.cc (test for excess errors)
WARNING: 27_io/manipulators/basefield/char/1.cc compilation failed to produce executable
FAIL: 27_io/manipulators/basefield/wchar_t/1.cc (test for excess errors)
WARNING: 27_io/manipulators/basefield/wchar_t/1.cc compilation failed to produce executable
FAIL: 27_io/manipulators/standard/char/1.cc (test for excess errors)
WARNING: 27_io/manipulators/standard/char/1.cc compilation failed to produce executable
FAIL: 27_io/manipulators/standard/char/2.cc (test for excess errors)
WARNING: 27_io/manipulators/standard/char/2.cc compilation failed to produce executable
FAIL: 27_io/manipulators/standard/wchar_t/1.cc (test for excess errors)
WARNING: 27_io/manipulators/standard/wchar_t/1.cc compilation failed to produce executable
FAIL: 27_io/manipulators/standard/wchar_t/2.cc (test for excess errors)
WARNING: 27_io/manipulators/standard/wchar_t/2.cc compilation failed to produce executable
FAIL: 27_io/rvalue_streams.cc (test for excess errors)
WARNING: 27_io/rvalue_streams.cc compilation failed to produce executable
FAIL: 28_regex/algorithms/match/basic/string_01.cc (test for excess errors)
WARNING: 28_regex/algorithms/match/basic/string_01.cc compilation failed to produce executable
FAIL: 28_regex/algorithms/match/basic/string_range_00_03.cc (test for excess errors)
WARNING: 28_regex/algorithms/match/basic/string_range_00_03.cc compilation failed to produce executable
FAIL: 28_regex/algorithms/match/basic/string_range_01_03.cc (test for excess errors)
WARNING: 28_regex/algorithms/match/basic/string_range_01_03.cc compilation failed to produce executable
FAIL: 28_regex/algorithms/match/basic/string_range_02_03.cc (test for excess errors)
WARNING: 28_regex/algorithms/match/basic/string_range_02_03.cc compilation failed to produce executable
FAIL: 28_regex/algorithms/match/extended/cstring_plus.cc (test for excess errors)
WARNING: 28_regex/algorithms/match/extended/cstring_plus.cc compilation failed to produce executable
FAIL: 28_regex/algorithms/match/extended/cstring_questionmark.cc (test for excess errors)
WARNING: 28_regex/algorithms/match/extended/cstring_questionmark.cc compilation failed to produce executable
FAIL: 28_regex/algorithms/match/extended/string_any.cc (test for excess errors)
WARNING: 28_regex/algorithms/match/extended/string_any.cc compilation failed to produce executable
FAIL: 28_regex/algorithms/match/extended/string_range_00_03.cc (test for excess errors)
WARNING: 28_regex/algorithms/match/extended/string_range_00_03.cc compilation failed to produce executable
FAIL: 28_regex/algorithms/match/extended/string_range_01_03.cc (test for excess errors)
WARNING: 28_regex/algorithms/match/extended/string_range_01_03.cc compilation failed to produce executable
FAIL: 28_regex/algorithms/match/extended/string_range_02_03.cc (test for excess errors)
WARNING: 28_regex/algorithms/match/extended/string_range_02_03.cc compilation failed to produce executable
FAIL: 28_regex/basic_regex/assign/char/moveable.cc (test for excess errors)
WARNING: 28_regex/basic_regex/assign/char/moveable.cc compilation failed to produce executable
FAIL: 28_regex/basic_regex/ctors/47724.cc (test for excess errors)
WARNING: 28_regex/basic_regex/ctors/47724.cc compilation failed to produce executable
FAIL: 28_regex/basic_regex/ctors/basic/pstring_char.cc (test for excess errors)
WARNING: 28_regex/basic_regex/ctors/basic/pstring_char.cc compilation failed to produce executable
FAIL: 28_regex/basic_regex/ctors/basic/pstring_wchar_t.cc (test for excess errors)
WARNING: 28_regex/basic_regex/ctors/basic/pstring_wchar_t.cc compilation failed to produce executable
FAIL: 28_regex/basic_regex/ctors/basic/string_range_01_02_03.cc (test for excess errors)
WARNING: 28_regex/basic_regex/ctors/basic/string_range_01_02_03.cc compilation failed to produce executable
FAIL: 28_regex/basic_regex/ctors/copy_char.cc (test for excess errors)
WARNING: 28_regex/basic_regex/ctors/copy_char.cc compilation failed to produce executable
FAIL: 28_regex/basic_regex/ctors/extended/string_range_01_02_03.cc (test for excess errors)
WARNING: 28_regex/basic_regex/ctors/extended/string_range_01_02_03.cc compilation failed to produce executable
FAIL: 28_regex/basic_regex/ctors/move_char.cc (test for excess errors)
WARNING: 28_regex/basic_regex/ctors/move_char.cc compilation failed to produce executable
FAIL: 28_regex/traits/char/value.cc (test for excess errors)
WARNING: 28_regex/traits/char/value.cc compilation failed to produce executable
FAIL: 28_regex/traits/wchar_t/value.cc (test for excess errors)
WARNING: 28_regex/traits/wchar_t/value.cc compilation failed to produce executable
FAIL: ext/pb_ds/regression/tree_map_rand.cc (test for excess errors)
WARNING: ext/pb_ds/regression/tree_map_rand.cc compilation failed to produce executable
FAIL: ext/pb_ds/regression/tree_set_rand.cc (test for excess errors)
WARNING: ext/pb_ds/regression/tree_set_rand.cc compilation failed to produce executable
FAIL: ext/pb_ds/regression/trie_set_rand.cc (test for excess errors)
WARNING: ext/pb_ds/regression/trie_set_rand.cc compilation failed to produce executable
FAIL: ext/vstring/inserters_extractors/char/28277.cc (test for excess errors)
WARNING: ext/vstring/inserters_extractors/char/28277.cc compilation failed to produce executable
FAIL: ext/vstring/inserters_extractors/wchar_t/28277.cc (test for excess errors)
WARNING: ext/vstring/inserters_extractors/wchar_t/28277.cc compilation failed to produce executable
WARNING: program timed out.
FAIL: tr1/2_general_utilities/shared_ptr/misc/io.cc (test for excess errors)
WARNING: tr1/2_general_utilities/shared_ptr/misc/io.cc compilation failed to produce executable
FAIL: tr1/5_numerical_facilities/random/discard_block/operators/serialize.cc (test for excess errors)
WARNING: tr1/5_numerical_facilities/random/discard_block/operators/serialize.cc compilation failed to produce executable
FAIL: tr1/5_numerical_facilities/random/linear_congruential/operators/serialize.cc (test for excess errors)
WARNING: tr1/5_numerical_facilities/random/linear_congruential/operators/serialize.cc compilation failed to produce executable
FAIL: tr1/5_numerical_facilities/random/mersenne_twister/operators/serialize.cc (test for excess errors)
WARNING: tr1/5_numerical_facilities/random/mersenne_twister/operators/serialize.cc compilation failed to produce executable
FAIL: tr1/5_numerical_facilities/random/subtract_with_carry/operators/serialize.cc (test for excess errors)
WARNING: tr1/5_numerical_facilities/random/subtract_with_carry/operators/serialize.cc compilation failed to produce executable
FAIL: tr1/5_numerical_facilities/random/subtract_with_carry_01/operators/serialize.cc (test for excess errors)
WARNING: tr1/5_numerical_facilities/random/subtract_with_carry_01/operators/serialize.cc compilation failed to produce executable
FAIL: tr1/5_numerical_facilities/random/xor_combine/operators/serialize.cc (test for excess errors)
WARNING: tr1/5_numerical_facilities/random/xor_combine/operators/serialize.cc compilation failed to produce executable
FAIL: tr1/7_regular_expressions/regex_traits/char/value.cc (test for excess errors)
WARNING: tr1/7_regular_expressions/regex_traits/char/value.cc compilation failed to produce executable
FAIL: tr1/7_regular_expressions/regex_traits/wchar_t/value.cc (test for excess errors)
WARNING: tr1/7_regular_expressions/regex_traits/wchar_t/value.cc compilation failed to produce executable
=== libstdc++ Summary for unix ===
# of expected passes 6453
# of unexpected failures 460
# of expected failures 40
# of unsupported tests 834
Running target unix/-m64
ERROR: tcl error sourcing /vol/gcc/src/hg/trunk/local/libstdc++-v3/testsuite/libstdc++-abi/abi.exp.
ERROR: could not compile testsuite_abi_check.cc
FAIL: 20_util/hash/chi2_quality.cc (test for excess errors)
WARNING: 20_util/hash/chi2_quality.cc compilation failed to produce executable
FAIL: 20_util/shared_ptr/misc/io.cc (test for excess errors)
WARNING: 20_util/shared_ptr/misc/io.cc compilation failed to produce executable
FAIL: 21_strings/basic_string/cons/char/6.cc (test for excess errors)
WARNING: 21_strings/basic_string/cons/char/6.cc compilation failed to produce executable
FAIL: 21_strings/basic_string/cons/wchar_t/6.cc (test for excess errors)
WARNING: 21_strings/basic_string/cons/wchar_t/6.cc compilation failed to produce executable
FAIL: 21_strings/basic_string/inserters_extractors/char/1.cc (test for excess errors)
WARNING: 21_strings/basic_string/inserters_extractors/char/1.cc compilation failed to produce executable
FAIL: 21_strings/basic_string/inserters_extractors/char/10.cc (test for excess errors)
WARNING: 21_strings/basic_string/inserters_extractors/char/10.cc compilation failed to produce executable
FAIL: 21_strings/basic_string/inserters_extractors/char/11.cc (test for excess errors)
WARNING: 21_strings/basic_string/inserters_extractors/char/11.cc compilation failed to produce executable
FAIL: 21_strings/basic_string/inserters_extractors/char/28277.cc (test for excess errors)
WARNING: 21_strings/basic_string/inserters_extractors/char/28277.cc compilation failed to produce executable
FAIL: 21_strings/basic_string/inserters_extractors/char/4.cc (test for excess errors)
WARNING: 21_strings/basic_string/inserters_extractors/char/4.cc compilation failed to produce executable
FAIL: 21_strings/basic_string/inserters_extractors/char/5.cc (test for excess errors)
WARNING: 21_strings/basic_string/inserters_extractors/char/5.cc compilation failed to produce executable
FAIL: 21_strings/basic_string/inserters_extractors/char/6.cc (test for excess errors)
WARNING: 21_strings/basic_string/inserters_extractors/char/6.cc compilation failed to produce executable
FAIL: 21_strings/basic_string/inserters_extractors/char/7.cc (test for excess errors)
WARNING: 21_strings/basic_string/inserters_extractors/char/7.cc compilation failed to produce executable
FAIL: 21_strings/basic_string/inserters_extractors/char/8.cc (test for excess errors)
WARNING: 21_strings/basic_string/inserters_extractors/char/8.cc compilation failed to produce executable
FAIL: 21_strings/basic_string/inserters_extractors/char/9.cc (test for excess errors)
WARNING: 21_strings/basic_string/inserters_extractors/char/9.cc compilation failed to produce executable
FAIL: 21_strings/basic_string/inserters_extractors/wchar_t/1.cc (test for excess errors)
WARNING: 21_strings/basic_string/inserters_extractors/wchar_t/1.cc compilation failed to produce executable
FAIL: 21_strings/basic_string/inserters_extractors/wchar_t/10.cc (test for excess errors)
WARNING: 21_strings/basic_string/inserters_extractors/wchar_t/10.cc compilation failed to produce executable
FAIL: 21_strings/basic_string/inserters_extractors/wchar_t/11.cc (test for excess errors)
WARNING: 21_strings/basic_string/inserters_extractors/wchar_t/11.cc compilation failed to produce executable
FAIL: 21_strings/basic_string/inserters_extractors/wchar_t/28277.cc (test for excess errors)
WARNING: 21_strings/basic_string/inserters_extractors/wchar_t/28277.cc compilation failed to produce executable
FAIL: 21_strings/basic_string/inserters_extractors/wchar_t/4.cc (test for excess errors)
WARNING: 21_strings/basic_string/inserters_extractors/wchar_t/4.cc compilation failed to produce executable
FAIL: 21_strings/basic_string/inserters_extractors/wchar_t/5.cc (test for excess errors)
WARNING: 21_strings/basic_string/inserters_extractors/wchar_t/5.cc compilation failed to produce executable
FAIL: 21_strings/basic_string/inserters_extractors/wchar_t/6.cc (test for excess errors)
WARNING: 21_strings/basic_string/inserters_extractors/wchar_t/6.cc compilation failed to produce executable
FAIL: 21_strings/basic_string/inserters_extractors/wchar_t/7.cc (test for excess errors)
WARNING: 21_strings/basic_string/inserters_extractors/wchar_t/7.cc compilation failed to produce executable
FAIL: 21_strings/basic_string/inserters_extractors/wchar_t/8.cc (test for excess errors)
WARNING: 21_strings/basic_string/inserters_extractors/wchar_t/8.cc compilation failed to produce executable
FAIL: 21_strings/basic_string/inserters_extractors/wchar_t/9.cc (test for excess errors)
WARNING: 21_strings/basic_string/inserters_extractors/wchar_t/9.cc compilation failed to produce executable
FAIL: 22_locale/money_get/get/char/14.cc (test for excess errors)
WARNING: 22_locale/money_get/get/char/14.cc compilation failed to produce executable
FAIL: 22_locale/money_get/get/char/19.cc (test for excess errors)
WARNING: 22_locale/money_get/get/char/19.cc compilation failed to produce executable
FAIL: 22_locale/money_get/get/char/22131.cc (test for excess errors)
WARNING: 22_locale/money_get/get/char/22131.cc compilation failed to produce executable
FAIL: 22_locale/money_get/get/char/38399.cc (test for excess errors)
WARNING: 22_locale/money_get/get/char/38399.cc compilation failed to produce executable
FAIL: 22_locale/money_get/get/char/39168.cc (test for excess errors)
WARNING: 22_locale/money_get/get/char/39168.cc compilation failed to produce executable
FAIL: 22_locale/money_get/get/char/5.cc (test for excess errors)
WARNING: 22_locale/money_get/get/char/5.cc compilation failed to produce executable
FAIL: 22_locale/money_get/get/char/6.cc (test for excess errors)
WARNING: 22_locale/money_get/get/char/6.cc compilation failed to produce executable
FAIL: 22_locale/money_get/get/char/7.cc (test for excess errors)
WARNING: 22_locale/money_get/get/char/7.cc compilation failed to produce executable
FAIL: 22_locale/money_get/get/char/8.cc (test for excess errors)
WARNING: 22_locale/money_get/get/char/8.cc compilation failed to produce executable
FAIL: 22_locale/money_get/get/wchar_t/14.cc (test for excess errors)
WARNING: 22_locale/money_get/get/wchar_t/14.cc compilation failed to produce executable
FAIL: 22_locale/money_get/get/wchar_t/19.cc (test for excess errors)
WARNING: 22_locale/money_get/get/wchar_t/19.cc compilation failed to produce executable
FAIL: 22_locale/money_get/get/wchar_t/22131.cc (test for excess errors)
WARNING: 22_locale/money_get/get/wchar_t/22131.cc compilation failed to produce executable
FAIL: 22_locale/money_get/get/wchar_t/38399.cc (test for excess errors)
WARNING: 22_locale/money_get/get/wchar_t/38399.cc compilation failed to produce executable
FAIL: 22_locale/money_get/get/wchar_t/39168.cc (test for excess errors)
WARNING: 22_locale/money_get/get/wchar_t/39168.cc compilation failed to produce executable
FAIL: 22_locale/money_get/get/wchar_t/5.cc (test for excess errors)
WARNING: 22_locale/money_get/get/wchar_t/5.cc compilation failed to produce executable
FAIL: 22_locale/money_get/get/wchar_t/6.cc (test for excess errors)
WARNING: 22_locale/money_get/get/wchar_t/6.cc compilation failed to produce executable
FAIL: 22_locale/money_get/get/wchar_t/7.cc (test for excess errors)
WARNING: 22_locale/money_get/get/wchar_t/7.cc compilation failed to produce executable
FAIL: 22_locale/money_get/get/wchar_t/8.cc (test for excess errors)
WARNING: 22_locale/money_get/get/wchar_t/8.cc compilation failed to produce executable
FAIL: 22_locale/money_put/put/char/12971.cc (test for excess errors)
WARNING: 22_locale/money_put/put/char/12971.cc compilation failed to produce executable
FAIL: 22_locale/money_put/put/char/39168.cc (test for excess errors)
WARNING: 22_locale/money_put/put/char/39168.cc compilation failed to produce executable
FAIL: 22_locale/money_put/put/char/4.cc (test for excess errors)
WARNING: 22_locale/money_put/put/char/4.cc compilation failed to produce executable
FAIL: 22_locale/money_put/put/char/5.cc (test for excess errors)
WARNING: 22_locale/money_put/put/char/5.cc compilation failed to produce executable
FAIL: 22_locale/money_put/put/char/6.cc (test for excess errors)
WARNING: 22_locale/money_put/put/char/6.cc compilation failed to produce executable
FAIL: 22_locale/money_put/put/wchar_t/12971.cc (test for excess errors)
WARNING: 22_locale/money_put/put/wchar_t/12971.cc compilation failed to produce executable
FAIL: 22_locale/money_put/put/wchar_t/39168.cc (test for excess errors)
WARNING: 22_locale/money_put/put/wchar_t/39168.cc compilation failed to produce executable
FAIL: 22_locale/money_put/put/wchar_t/4.cc (test for excess errors)
WARNING: 22_locale/money_put/put/wchar_t/4.cc compilation failed to produce executable
FAIL: 22_locale/money_put/put/wchar_t/5.cc (test for excess errors)
WARNING: 22_locale/money_put/put/wchar_t/5.cc compilation failed to produce executable
FAIL: 22_locale/money_put/put/wchar_t/6.cc (test for excess errors)
WARNING: 22_locale/money_put/put/wchar_t/6.cc compilation failed to produce executable
FAIL: 22_locale/num_get/get/char/10.cc (test for excess errors)
WARNING: 22_locale/num_get/get/char/10.cc compilation failed to produce executable
FAIL: 22_locale/num_get/get/char/11.cc (test for excess errors)
WARNING: 22_locale/num_get/get/char/11.cc compilation failed to produce executable
FAIL: 22_locale/num_get/get/char/12.cc (test for excess errors)
WARNING: 22_locale/num_get/get/char/12.cc compilation failed to produce executable
FAIL: 22_locale/num_get/get/char/13.cc (test for excess errors)
WARNING: 22_locale/num_get/get/char/13.cc compilation failed to produce executable
FAIL: 22_locale/num_get/get/char/14.cc (test for excess errors)
WARNING: 22_locale/num_get/get/char/14.cc compilation failed to produce executable
FAIL: 22_locale/num_get/get/char/15.cc (test for excess errors)
WARNING: 22_locale/num_get/get/char/15.cc compilation failed to produce executable
FAIL: 22_locale/num_get/get/char/16.cc (test for excess errors)
WARNING: 22_locale/num_get/get/char/16.cc compilation failed to produce executable
FAIL: 22_locale/num_get/get/char/2.cc (test for excess errors)
WARNING: 22_locale/num_get/get/char/2.cc compilation failed to produce executable
FAIL: 22_locale/num_get/get/char/22131.cc (test for excess errors)
WARNING: 22_locale/num_get/get/char/22131.cc compilation failed to produce executable
FAIL: 22_locale/num_get/get/char/23953.cc (test for excess errors)
WARNING: 22_locale/num_get/get/char/23953.cc compilation failed to produce executable
FAIL: 22_locale/num_get/get/char/37958.cc (test for excess errors)
WARNING: 22_locale/num_get/get/char/37958.cc compilation failed to produce executable
FAIL: 22_locale/num_get/get/char/39168.cc (test for excess errors)
WARNING: 22_locale/num_get/get/char/39168.cc compilation failed to produce executable
FAIL: 22_locale/num_get/get/char/39802.cc (test for excess errors)
WARNING: 22_locale/num_get/get/char/39802.cc compilation failed to produce executable
FAIL: 22_locale/num_get/get/char/4.cc (test for excess errors)
WARNING: 22_locale/num_get/get/char/4.cc compilation failed to produce executable
FAIL: 22_locale/num_get/get/char/7.cc (test for excess errors)
WARNING: 22_locale/num_get/get/char/7.cc compilation failed to produce executable
FAIL: 22_locale/num_get/get/char/8.cc (test for excess errors)
WARNING: 22_locale/num_get/get/char/8.cc compilation failed to produce executable
FAIL: 22_locale/num_get/get/wchar_t/10.cc (test for excess errors)
WARNING: 22_locale/num_get/get/wchar_t/10.cc compilation failed to produce executable
FAIL: 22_locale/num_get/get/wchar_t/11.cc (test for excess errors)
WARNING: 22_locale/num_get/get/wchar_t/11.cc compilation failed to produce executable
FAIL: 22_locale/num_get/get/wchar_t/12.cc (test for excess errors)
WARNING: 22_locale/num_get/get/wchar_t/12.cc compilation failed to produce executable
FAIL: 22_locale/num_get/get/wchar_t/13.cc (test for excess errors)
WARNING: 22_locale/num_get/get/wchar_t/13.cc compilation failed to produce executable
FAIL: 22_locale/num_get/get/wchar_t/14.cc (test for excess errors)
WARNING: 22_locale/num_get/get/wchar_t/14.cc compilation failed to produce executable
FAIL: 22_locale/num_get/get/wchar_t/15.cc (test for excess errors)
WARNING: 22_locale/num_get/get/wchar_t/15.cc compilation failed to produce executable
FAIL: 22_locale/num_get/get/wchar_t/16.cc (test for excess errors)
WARNING: 22_locale/num_get/get/wchar_t/16.cc compilation failed to produce executable
FAIL: 22_locale/num_get/get/wchar_t/2.cc (test for excess errors)
WARNING: 22_locale/num_get/get/wchar_t/2.cc compilation failed to produce executable
FAIL: 22_locale/num_get/get/wchar_t/22131.cc (test for excess errors)
WARNING: 22_locale/num_get/get/wchar_t/22131.cc compilation failed to produce executable
FAIL: 22_locale/num_get/get/wchar_t/23953.cc (test for excess errors)
WARNING: 22_locale/num_get/get/wchar_t/23953.cc compilation failed to produce executable
FAIL: 22_locale/num_get/get/wchar_t/37958.cc (test for excess errors)
WARNING: 22_locale/num_get/get/wchar_t/37958.cc compilation failed to produce executable
FAIL: 22_locale/num_get/get/wchar_t/39168.cc (test for excess errors)
WARNING: 22_locale/num_get/get/wchar_t/39168.cc compilation failed to produce executable
FAIL: 22_locale/num_get/get/wchar_t/39802.cc (test for excess errors)
WARNING: 22_locale/num_get/get/wchar_t/39802.cc compilation failed to produce executable
FAIL: 22_locale/num_get/get/wchar_t/4.cc (test for excess errors)
WARNING: 22_locale/num_get/get/wchar_t/4.cc compilation failed to produce executable
FAIL: 22_locale/num_get/get/wchar_t/7.cc (test for excess errors)
WARNING: 22_locale/num_get/get/wchar_t/7.cc compilation failed to produce executable
FAIL: 22_locale/num_get/get/wchar_t/8.cc (test for excess errors)
WARNING: 22_locale/num_get/get/wchar_t/8.cc compilation failed to produce executable
FAIL: 22_locale/num_put/put/char/10.cc (test for excess errors)
WARNING: 22_locale/num_put/put/char/10.cc compilation failed to produce executable
FAIL: 22_locale/num_put/put/char/11.cc (test for excess errors)
WARNING: 22_locale/num_put/put/char/11.cc compilation failed to produce executable
FAIL: 22_locale/num_put/put/char/12.cc (test for excess errors)
WARNING: 22_locale/num_put/put/char/12.cc compilation failed to produce executable
FAIL: 22_locale/num_put/put/char/14220.cc (test for excess errors)
WARNING: 22_locale/num_put/put/char/14220.cc compilation failed to produce executable
FAIL: 22_locale/num_put/put/char/15565.cc (test for excess errors)
WARNING: 22_locale/num_put/put/char/15565.cc compilation failed to produce executable
FAIL: 22_locale/num_put/put/char/2.cc (test for excess errors)
WARNING: 22_locale/num_put/put/char/2.cc compilation failed to produce executable
FAIL: 22_locale/num_put/put/char/23953.cc (test for excess errors)
WARNING: 22_locale/num_put/put/char/23953.cc compilation failed to produce executable
FAIL: 22_locale/num_put/put/char/38196.cc (test for excess errors)
WARNING: 22_locale/num_put/put/char/38196.cc compilation failed to produce executable
FAIL: 22_locale/num_put/put/char/38210.cc (test for excess errors)
WARNING: 22_locale/num_put/put/char/38210.cc compilation failed to produce executable
FAIL: 22_locale/num_put/put/char/4.cc (test for excess errors)
WARNING: 22_locale/num_put/put/char/4.cc compilation failed to produce executable
FAIL: 22_locale/num_put/put/char/6.cc (test for excess errors)
WARNING: 22_locale/num_put/put/char/6.cc compilation failed to produce executable
FAIL: 22_locale/num_put/put/char/7.cc (test for excess errors)
WARNING: 22_locale/num_put/put/char/7.cc compilation failed to produce executable
FAIL: 22_locale/num_put/put/char/8.cc (test for excess errors)
WARNING: 22_locale/num_put/put/char/8.cc compilation failed to produce executable
FAIL: 22_locale/num_put/put/char/9.cc (test for excess errors)
WARNING: 22_locale/num_put/put/char/9.cc compilation failed to produce executable
FAIL: 22_locale/num_put/put/wchar_t/10.cc (test for excess errors)
WARNING: 22_locale/num_put/put/wchar_t/10.cc compilation failed to produce executable
FAIL: 22_locale/num_put/put/wchar_t/11.cc (test for excess errors)
WARNING: 22_locale/num_put/put/wchar_t/11.cc compilation failed to produce executable
FAIL: 22_locale/num_put/put/wchar_t/12.cc (test for excess errors)
WARNING: 22_locale/num_put/put/wchar_t/12.cc compilation failed to produce executable
FAIL: 22_locale/num_put/put/wchar_t/14220.cc (test for excess errors)
WARNING: 22_locale/num_put/put/wchar_t/14220.cc compilation failed to produce executable
FAIL: 22_locale/num_put/put/wchar_t/15565.cc (test for excess errors)
WARNING: 22_locale/num_put/put/wchar_t/15565.cc compilation failed to produce executable
FAIL: 22_locale/num_put/put/wchar_t/2.cc (test for excess errors)
WARNING: 22_locale/num_put/put/wchar_t/2.cc compilation failed to produce executable
FAIL: 22_locale/num_put/put/wchar_t/23953.cc (test for excess errors)
WARNING: 22_locale/num_put/put/wchar_t/23953.cc compilation failed to produce executable
FAIL: 22_locale/num_put/put/wchar_t/38196.cc (test for excess errors)
WARNING: 22_locale/num_put/put/wchar_t/38196.cc compilation failed to produce executable
FAIL: 22_locale/num_put/put/wchar_t/38210.cc (test for excess errors)
WARNING: 22_locale/num_put/put/wchar_t/38210.cc compilation failed to produce executable
FAIL: 22_locale/num_put/put/wchar_t/4.cc (test for excess errors)
WARNING: 22_locale/num_put/put/wchar_t/4.cc compilation failed to produce executable
FAIL: 22_locale/num_put/put/wchar_t/6.cc (test for excess errors)
WARNING: 22_locale/num_put/put/wchar_t/6.cc compilation failed to produce executable
FAIL: 22_locale/num_put/put/wchar_t/7.cc (test for excess errors)
WARNING: 22_locale/num_put/put/wchar_t/7.cc compilation failed to produce executable
FAIL: 22_locale/num_put/put/wchar_t/8.cc (test for excess errors)
WARNING: 22_locale/num_put/put/wchar_t/8.cc compilation failed to produce executable
FAIL: 22_locale/num_put/put/wchar_t/9.cc (test for excess errors)
WARNING: 22_locale/num_put/put/wchar_t/9.cc compilation failed to produce executable
FAIL: 22_locale/time_get/date_order/char/1.cc (test for excess errors)
WARNING: 22_locale/time_get/date_order/char/1.cc compilation failed to produce executable
FAIL: 22_locale/time_get/date_order/wchar_t/1.cc (test for excess errors)
WARNING: 22_locale/time_get/date_order/wchar_t/1.cc compilation failed to produce executable
FAIL: 22_locale/time_get/get_date/char/1.cc (test for excess errors)
WARNING: 22_locale/time_get/get_date/char/1.cc compilation failed to produce executable
FAIL: 22_locale/time_get/get_date/char/12791.cc (test for excess errors)
WARNING: 22_locale/time_get/get_date/char/12791.cc compilation failed to produce executable
FAIL: 22_locale/time_get/get_date/char/3.cc (test for excess errors)
WARNING: 22_locale/time_get/get_date/char/3.cc compilation failed to produce executable
FAIL: 22_locale/time_get/get_date/char/5.cc (test for excess errors)
WARNING: 22_locale/time_get/get_date/char/5.cc compilation failed to produce executable
FAIL: 22_locale/time_get/get_date/wchar_t/1.cc (test for excess errors)
WARNING: 22_locale/time_get/get_date/wchar_t/1.cc compilation failed to produce executable
FAIL: 22_locale/time_get/get_date/wchar_t/12791.cc (test for excess errors)
WARNING: 22_locale/time_get/get_date/wchar_t/12791.cc compilation failed to produce executable
FAIL: 22_locale/time_get/get_date/wchar_t/3.cc (test for excess errors)
WARNING: 22_locale/time_get/get_date/wchar_t/3.cc compilation failed to produce executable
FAIL: 22_locale/time_get/get_date/wchar_t/5.cc (test for excess errors)
WARNING: 22_locale/time_get/get_date/wchar_t/5.cc compilation failed to produce executable
FAIL: 22_locale/time_get/get_monthname/char/1.cc (test for excess errors)
WARNING: 22_locale/time_get/get_monthname/char/1.cc compilation failed to produce executable
FAIL: 22_locale/time_get/get_monthname/char/3.cc (test for excess errors)
WARNING: 22_locale/time_get/get_monthname/char/3.cc compilation failed to produce executable
FAIL: 22_locale/time_get/get_monthname/char/4.cc (test for excess errors)
WARNING: 22_locale/time_get/get_monthname/char/4.cc compilation failed to produce executable
FAIL: 22_locale/time_get/get_monthname/char/5.cc (test for excess errors)
WARNING: 22_locale/time_get/get_monthname/char/5.cc compilation failed to produce executable
FAIL: 22_locale/time_get/get_monthname/char/6.cc (test for excess errors)
WARNING: 22_locale/time_get/get_monthname/char/6.cc compilation failed to produce executable
FAIL: 22_locale/time_get/get_monthname/wchar_t/1.cc (test for excess errors)
WARNING: 22_locale/time_get/get_monthname/wchar_t/1.cc compilation failed to produce executable
FAIL: 22_locale/time_get/get_monthname/wchar_t/3.cc (test for excess errors)
WARNING: 22_locale/time_get/get_monthname/wchar_t/3.cc compilation failed to produce executable
FAIL: 22_locale/time_get/get_monthname/wchar_t/4.cc (test for excess errors)
WARNING: 22_locale/time_get/get_monthname/wchar_t/4.cc compilation failed to produce executable
FAIL: 22_locale/time_get/get_monthname/wchar_t/5.cc (test for excess errors)
WARNING: 22_locale/time_get/get_monthname/wchar_t/5.cc compilation failed to produce executable
FAIL: 22_locale/time_get/get_monthname/wchar_t/6.cc (test for excess errors)
WARNING: 22_locale/time_get/get_monthname/wchar_t/6.cc compilation failed to produce executable
FAIL: 22_locale/time_get/get_time/char/3.cc (test for excess errors)
WARNING: 22_locale/time_get/get_time/char/3.cc compilation failed to produce executable
FAIL: 22_locale/time_get/get_time/char/4.cc (test for excess errors)
WARNING: 22_locale/time_get/get_time/char/4.cc compilation failed to produce executable
FAIL: 22_locale/time_get/get_time/char/5.cc (test for excess errors)
WARNING: 22_locale/time_get/get_time/char/5.cc compilation failed to produce executable
FAIL: 22_locale/time_get/get_time/char/6.cc (test for excess errors)
WARNING: 22_locale/time_get/get_time/char/6.cc compilation failed to produce executable
FAIL: 22_locale/time_get/get_time/wchar_t/3.cc (test for excess errors)
WARNING: 22_locale/time_get/get_time/wchar_t/3.cc compilation failed to produce executable
FAIL: 22_locale/time_get/get_time/wchar_t/4.cc (test for excess errors)
WARNING: 22_locale/time_get/get_time/wchar_t/4.cc compilation failed to produce executable
FAIL: 22_locale/time_get/get_time/wchar_t/5.cc (test for excess errors)
WARNING: 22_locale/time_get/get_time/wchar_t/5.cc compilation failed to produce executable
FAIL: 22_locale/time_get/get_time/wchar_t/6.cc (test for excess errors)
WARNING: 22_locale/time_get/get_time/wchar_t/6.cc compilation failed to produce executable
FAIL: 22_locale/time_get/get_weekday/char/1.cc (test for excess errors)
WARNING: 22_locale/time_get/get_weekday/char/1.cc compilation failed to produce executable
FAIL: 22_locale/time_get/get_weekday/char/3.cc (test for excess errors)
WARNING: 22_locale/time_get/get_weekday/char/3.cc compilation failed to produce executable
FAIL: 22_locale/time_get/get_weekday/char/5.cc (test for excess errors)
WARNING: 22_locale/time_get/get_weekday/char/5.cc compilation failed to produce executable
FAIL: 22_locale/time_get/get_weekday/char/6.cc (test for excess errors)
WARNING: 22_locale/time_get/get_weekday/char/6.cc compilation failed to produce executable
FAIL: 22_locale/time_get/get_weekday/wchar_t/1.cc (test for excess errors)
WARNING: 22_locale/time_get/get_weekday/wchar_t/1.cc compilation failed to produce executable
FAIL: 22_locale/time_get/get_weekday/wchar_t/3.cc (test for excess errors)
WARNING: 22_locale/time_get/get_weekday/wchar_t/3.cc compilation failed to produce executable
FAIL: 22_locale/time_get/get_weekday/wchar_t/5.cc (test for excess errors)
WARNING: 22_locale/time_get/get_weekday/wchar_t/5.cc compilation failed to produce executable
FAIL: 22_locale/time_get/get_weekday/wchar_t/6.cc (test for excess errors)
WARNING: 22_locale/time_get/get_weekday/wchar_t/6.cc compilation failed to produce executable
FAIL: 22_locale/time_get/get_year/char/1.cc (test for excess errors)
WARNING: 22_locale/time_get/get_year/char/1.cc compilation failed to produce executable
FAIL: 22_locale/time_get/get_year/char/3.cc (test for excess errors)
WARNING: 22_locale/time_get/get_year/char/3.cc compilation failed to produce executable
FAIL: 22_locale/time_get/get_year/char/5.cc (test for excess errors)
WARNING: 22_locale/time_get/get_year/char/5.cc compilation failed to produce executable
FAIL: 22_locale/time_get/get_year/wchar_t/1.cc (test for excess errors)
WARNING: 22_locale/time_get/get_year/wchar_t/1.cc compilation failed to produce executable
FAIL: 22_locale/time_get/get_year/wchar_t/3.cc (test for excess errors)
WARNING: 22_locale/time_get/get_year/wchar_t/3.cc compilation failed to produce executable
FAIL: 22_locale/time_get/get_year/wchar_t/5.cc (test for excess errors)
WARNING: 22_locale/time_get/get_year/wchar_t/5.cc compilation failed to produce executable
FAIL: 22_locale/time_put/put/char/1.cc (test for excess errors)
WARNING: 22_locale/time_put/put/char/1.cc compilation failed to produce executable
FAIL: 22_locale/time_put/put/char/10.cc (test for excess errors)
WARNING: 22_locale/time_put/put/char/10.cc compilation failed to produce executable
FAIL: 22_locale/time_put/put/char/12439_1.cc (test for excess errors)
WARNING: 22_locale/time_put/put/char/12439_1.cc compilation failed to produce executable
FAIL: 22_locale/time_put/put/char/12439_3.cc (test for excess errors)
WARNING: 22_locale/time_put/put/char/12439_3.cc compilation failed to produce executable
FAIL: 22_locale/time_put/put/char/5.cc (test for excess errors)
WARNING: 22_locale/time_put/put/char/5.cc compilation failed to produce executable
FAIL: 22_locale/time_put/put/char/9.cc (test for excess errors)
WARNING: 22_locale/time_put/put/char/9.cc compilation failed to produce executable
FAIL: 22_locale/time_put/put/wchar_t/1.cc (test for excess errors)
WARNING: 22_locale/time_put/put/wchar_t/1.cc compilation failed to produce executable
FAIL: 22_locale/time_put/put/wchar_t/10.cc (test for excess errors)
WARNING: 22_locale/time_put/put/wchar_t/10.cc compilation failed to produce executable
FAIL: 22_locale/time_put/put/wchar_t/12439_1.cc (test for excess errors)
WARNING: 22_locale/time_put/put/wchar_t/12439_1.cc compilation failed to produce executable
FAIL: 22_locale/time_put/put/wchar_t/12439_2.cc (test for excess errors)
WARNING: 22_locale/time_put/put/wchar_t/12439_2.cc compilation failed to produce executable
FAIL: 22_locale/time_put/put/wchar_t/12439_3.cc (test for excess errors)
WARNING: 22_locale/time_put/put/wchar_t/12439_3.cc compilation failed to produce executable
FAIL: 22_locale/time_put/put/wchar_t/5.cc (test for excess errors)
WARNING: 22_locale/time_put/put/wchar_t/5.cc compilation failed to produce executable
FAIL: 22_locale/time_put/put/wchar_t/9.cc (test for excess errors)
WARNING: 22_locale/time_put/put/wchar_t/9.cc compilation failed to produce executable
FAIL: 23_containers/bitset/input/1.cc (test for excess errors)
WARNING: 23_containers/bitset/input/1.cc compilation failed to produce executable
FAIL: 23_containers/bitset/to_ulong/1.cc (test for excess errors)
WARNING: 23_containers/bitset/to_ulong/1.cc compilation failed to produce executable
FAIL: 23_containers/deque/cons/2.cc (test for excess errors)
WARNING: 23_containers/deque/cons/2.cc compilation failed to produce executable
FAIL: 23_containers/set/modifiers/16728.cc (test for excess errors)
WARNING: 23_containers/set/modifiers/16728.cc compilation failed to produce executable
FAIL: 24_iterators/istreambuf_iterator/2.cc (test for excess errors)
WARNING: 24_iterators/istreambuf_iterator/2.cc compilation failed to produce executable
FAIL: 24_iterators/istreambuf_iterator/2627.cc (test for excess errors)
WARNING: 24_iterators/istreambuf_iterator/2627.cc compilation failed to produce executable
FAIL: 24_iterators/ostreambuf_iterator/2.cc (test for excess errors)
WARNING: 24_iterators/ostreambuf_iterator/2.cc compilation failed to produce executable
FAIL: 25_algorithms/copy/streambuf_iterators/char/1.cc (test for excess errors)
WARNING: 25_algorithms/copy/streambuf_iterators/char/1.cc compilation failed to produce executable
FAIL: 25_algorithms/copy/streambuf_iterators/char/2.cc (test for excess errors)
WARNING: 25_algorithms/copy/streambuf_iterators/char/2.cc compilation failed to produce executable
FAIL: 25_algorithms/copy/streambuf_iterators/char/3.cc (test for excess errors)
WARNING: 25_algorithms/copy/streambuf_iterators/char/3.cc compilation failed to produce executable
FAIL: 25_algorithms/copy/streambuf_iterators/char/4.cc (test for excess errors)
WARNING: 25_algorithms/copy/streambuf_iterators/char/4.cc compilation failed to produce executable
FAIL: 25_algorithms/copy/streambuf_iterators/wchar_t/1.cc (test for excess errors)
WARNING: 25_algorithms/copy/streambuf_iterators/wchar_t/1.cc compilation failed to produce executable
FAIL: 25_algorithms/copy/streambuf_iterators/wchar_t/2.cc (test for excess errors)
WARNING: 25_algorithms/copy/streambuf_iterators/wchar_t/2.cc compilation failed to produce executable
FAIL: 25_algorithms/copy/streambuf_iterators/wchar_t/3.cc (test for excess errors)
WARNING: 25_algorithms/copy/streambuf_iterators/wchar_t/3.cc compilation failed to produce executable
FAIL: 25_algorithms/copy/streambuf_iterators/wchar_t/4.cc (test for excess errors)
WARNING: 25_algorithms/copy/streambuf_iterators/wchar_t/4.cc compilation failed to produce executable
FAIL: 25_algorithms/copy_n/50119.cc (test for excess errors)
WARNING: 25_algorithms/copy_n/50119.cc compilation failed to produce executable
FAIL: 25_algorithms/find/istreambuf_iterators/char/1.cc (test for excess errors)
WARNING: 25_algorithms/find/istreambuf_iterators/char/1.cc compilation failed to produce executable
FAIL: 25_algorithms/find/istreambuf_iterators/char/2.cc (test for excess errors)
WARNING: 25_algorithms/find/istreambuf_iterators/char/2.cc compilation failed to produce executable
FAIL: 25_algorithms/find/istreambuf_iterators/wchar_t/1.cc (test for excess errors)
WARNING: 25_algorithms/find/istreambuf_iterators/wchar_t/1.cc compilation failed to produce executable
FAIL: 25_algorithms/find/istreambuf_iterators/wchar_t/2.cc (test for excess errors)
WARNING: 25_algorithms/find/istreambuf_iterators/wchar_t/2.cc compilation failed to produce executable
FAIL: 25_algorithms/unique_copy/26133.cc (test for excess errors)
WARNING: 25_algorithms/unique_copy/26133.cc compilation failed to produce executable
FAIL: 26_numerics/random/bernoulli_distribution/operators/serialize.cc (test for excess errors)
WARNING: 26_numerics/random/bernoulli_distribution/operators/serialize.cc compilation failed to produce executable
FAIL: 26_numerics/random/binomial_distribution/operators/serialize.cc (test for excess errors)
WARNING: 26_numerics/random/binomial_distribution/operators/serialize.cc compilation failed to produce executable
FAIL: 26_numerics/random/cauchy_distribution/operators/serialize.cc (test for excess errors)
WARNING: 26_numerics/random/cauchy_distribution/operators/serialize.cc compilation failed to produce executable
FAIL: 26_numerics/random/chi_squared_distribution/operators/serialize.cc (test for excess errors)
WARNING: 26_numerics/random/chi_squared_distribution/operators/serialize.cc compilation failed to produce executable
FAIL: 26_numerics/random/discard_block_engine/operators/serialize.cc (test for excess errors)
WARNING: 26_numerics/random/discard_block_engine/operators/serialize.cc compilation failed to produce executable
FAIL: 26_numerics/random/discrete_distribution/operators/serialize.cc (test for excess errors)
WARNING: 26_numerics/random/discrete_distribution/operators/serialize.cc compilation failed to produce executable
FAIL: 26_numerics/random/exponential_distribution/operators/serialize.cc (test for excess errors)
WARNING: 26_numerics/random/exponential_distribution/operators/serialize.cc compilation failed to produce executable
FAIL: 26_numerics/random/extreme_value_distribution/operators/serialize.cc (test for excess errors)
WARNING: 26_numerics/random/extreme_value_distribution/operators/serialize.cc compilation failed to produce executable
FAIL: 26_numerics/random/fisher_f_distribution/operators/serialize.cc (test for excess errors)
WARNING: 26_numerics/random/fisher_f_distribution/operators/serialize.cc compilation failed to produce executable
FAIL: 26_numerics/random/gamma_distribution/operators/serialize.cc (test for excess errors)
WARNING: 26_numerics/random/gamma_distribution/operators/serialize.cc compilation failed to produce executable
FAIL: 26_numerics/random/geometric_distribution/operators/serialize.cc (test for excess errors)
WARNING: 26_numerics/random/geometric_distribution/operators/serialize.cc compilation failed to produce executable
FAIL: 26_numerics/random/independent_bits_engine/operators/serialize.cc (test for excess errors)
WARNING: 26_numerics/random/independent_bits_engine/operators/serialize.cc compilation failed to produce executable
FAIL: 26_numerics/random/linear_congruential_engine/operators/serialize.cc (test for excess errors)
WARNING: 26_numerics/random/linear_congruential_engine/operators/serialize.cc compilation failed to produce executable
FAIL: 26_numerics/random/lognormal_distribution/operators/serialize.cc (test for excess errors)
WARNING: 26_numerics/random/lognormal_distribution/operators/serialize.cc compilation failed to produce executable
FAIL: 26_numerics/random/mersenne_twister_engine/operators/serialize.cc (test for excess errors)
WARNING: 26_numerics/random/mersenne_twister_engine/operators/serialize.cc compilation failed to produce executable
FAIL: 26_numerics/random/negative_binomial_distribution/operators/serialize.cc (test for excess errors)
WARNING: 26_numerics/random/negative_binomial_distribution/operators/serialize.cc compilation failed to produce executable
FAIL: 26_numerics/random/normal_distribution/operators/serialize.cc (test for excess errors)
WARNING: 26_numerics/random/normal_distribution/operators/serialize.cc compilation failed to produce executable
FAIL: 26_numerics/random/piecewise_constant_distribution/operators/serialize.cc (test for excess errors)
WARNING: 26_numerics/random/piecewise_constant_distribution/operators/serialize.cc compilation failed to produce executable
FAIL: 26_numerics/random/piecewise_linear_distribution/operators/serialize.cc (test for excess errors)
WARNING: 26_numerics/random/piecewise_linear_distribution/operators/serialize.cc compilation failed to produce executable
FAIL: 26_numerics/random/poisson_distribution/operators/serialize.cc (test for excess errors)
WARNING: 26_numerics/random/poisson_distribution/operators/serialize.cc compilation failed to produce executable
FAIL: 26_numerics/random/shuffle_order_engine/operators/serialize.cc (test for excess errors)
WARNING: 26_numerics/random/shuffle_order_engine/operators/serialize.cc compilation failed to produce executable
FAIL: 26_numerics/random/student_t_distribution/operators/serialize.cc (test for excess errors)
WARNING: 26_numerics/random/student_t_distribution/operators/serialize.cc compilation failed to produce executable
FAIL: 26_numerics/random/subtract_with_carry_engine/operators/serialize.cc (test for excess errors)
WARNING: 26_numerics/random/subtract_with_carry_engine/operators/serialize.cc compilation failed to produce executable
FAIL: 26_numerics/random/uniform_int_distribution/operators/serialize.cc (test for excess errors)
WARNING: 26_numerics/random/uniform_int_distribution/operators/serialize.cc compilation failed to produce executable
FAIL: 26_numerics/random/uniform_real_distribution/operators/serialize.cc (test for excess errors)
WARNING: 26_numerics/random/uniform_real_distribution/operators/serialize.cc compilation failed to produce executable
FAIL: 26_numerics/random/weibull_distribution/operators/serialize.cc (test for excess errors)
WARNING: 26_numerics/random/weibull_distribution/operators/serialize.cc compilation failed to produce executable
FAIL: 27_io/basic_filebuf/close/char/2.cc (test for excess errors)
WARNING: 27_io/basic_filebuf/close/char/2.cc compilation failed to produce executable
FAIL: 27_io/basic_filebuf/close/char/4879.cc (test for excess errors)
WARNING: 27_io/basic_filebuf/close/char/4879.cc compilation failed to produce executable
FAIL: 27_io/basic_filebuf/open/char/3.cc (test for excess errors)
WARNING: 27_io/basic_filebuf/open/char/3.cc compilation failed to produce executable
FAIL: 27_io/basic_filebuf/open/char/4.cc (test for excess errors)
WARNING: 27_io/basic_filebuf/open/char/4.cc compilation failed to produce executable
FAIL: 27_io/basic_filebuf/overflow/char/9169.cc (test for excess errors)
WARNING: 27_io/basic_filebuf/overflow/char/9169.cc compilation failed to produce executable
FAIL: 27_io/basic_filebuf/seekoff/char/26777.cc (test for excess errors)
WARNING: 27_io/basic_filebuf/seekoff/char/26777.cc compilation failed to produce executable
FAIL: 27_io/basic_filebuf/underflow/wchar_t/11544-1.cc (test for excess errors)
WARNING: 27_io/basic_filebuf/underflow/wchar_t/11544-1.cc compilation failed to produce executable
FAIL: 27_io/basic_filebuf/underflow/wchar_t/11544-2.cc (test for excess errors)
WARNING: 27_io/basic_filebuf/underflow/wchar_t/11544-2.cc compilation failed to produce executable
FAIL: 27_io/basic_filebuf/underflow/wchar_t/9178.cc (test for excess errors)
WARNING: 27_io/basic_filebuf/underflow/wchar_t/9178.cc compilation failed to produce executable
FAIL: 27_io/basic_fstream/rdbuf/char/2832.cc (test for excess errors)
WARNING: 27_io/basic_fstream/rdbuf/char/2832.cc compilation failed to produce executable
FAIL: 27_io/basic_ifstream/cons/char/1.cc (test for excess errors)
WARNING: 27_io/basic_ifstream/cons/char/1.cc compilation failed to produce executable
FAIL: 27_io/basic_ifstream/open/char/1.cc (test for excess errors)
WARNING: 27_io/basic_ifstream/open/char/1.cc compilation failed to produce executable
FAIL: 27_io/basic_ifstream/rdbuf/char/2832.cc (test for excess errors)
WARNING: 27_io/basic_ifstream/rdbuf/char/2832.cc compilation failed to produce executable
FAIL: 27_io/basic_istream/extractors_arithmetic/char/06.cc (test for excess errors)
WARNING: 27_io/basic_istream/extractors_arithmetic/char/06.cc compilation failed to produce executable
FAIL: 27_io/basic_istream/extractors_arithmetic/char/07.cc (test for excess errors)
WARNING: 27_io/basic_istream/extractors_arithmetic/char/07.cc compilation failed to produce executable
FAIL: 27_io/basic_istream/extractors_arithmetic/char/08.cc (test for excess errors)
WARNING: 27_io/basic_istream/extractors_arithmetic/char/08.cc compilation failed to produce executable
FAIL: 27_io/basic_istream/extractors_arithmetic/char/11.cc (test for excess errors)
WARNING: 27_io/basic_istream/extractors_arithmetic/char/11.cc compilation failed to produce executable
FAIL: 27_io/basic_istream/extractors_arithmetic/char/13.cc (test for excess errors)
WARNING: 27_io/basic_istream/extractors_arithmetic/char/13.cc compilation failed to produce executable
FAIL: 27_io/basic_istream/extractors_arithmetic/char/dr696.cc (test for excess errors)
WARNING: 27_io/basic_istream/extractors_arithmetic/char/dr696.cc compilation failed to produce executable
FAIL: 27_io/basic_istream/extractors_arithmetic/char/exceptions_badbit_throw.cc (test for excess errors)
WARNING: 27_io/basic_istream/extractors_arithmetic/char/exceptions_badbit_throw.cc compilation failed to produce executable
FAIL: 27_io/basic_istream/extractors_arithmetic/char/exceptions_failbit.cc (test for excess errors)
WARNING: 27_io/basic_istream/extractors_arithmetic/char/exceptions_failbit.cc compilation failed to produce executable
FAIL: 27_io/basic_istream/extractors_arithmetic/char/exceptions_failbit_throw.cc (test for excess errors)
WARNING: 27_io/basic_istream/extractors_arithmetic/char/exceptions_failbit_throw.cc compilation failed to produce executable
FAIL: 27_io/basic_istream/extractors_arithmetic/wchar_t/06.cc (test for excess errors)
WARNING: 27_io/basic_istream/extractors_arithmetic/wchar_t/06.cc compilation failed to produce executable
FAIL: 27_io/basic_istream/extractors_arithmetic/wchar_t/07.cc (test for excess errors)
WARNING: 27_io/basic_istream/extractors_arithmetic/wchar_t/07.cc compilation failed to produce executable
FAIL: 27_io/basic_istream/extractors_arithmetic/wchar_t/08.cc (test for excess errors)
WARNING: 27_io/basic_istream/extractors_arithmetic/wchar_t/08.cc compilation failed to produce executable
FAIL: 27_io/basic_istream/extractors_arithmetic/wchar_t/11.cc (test for excess errors)
WARNING: 27_io/basic_istream/extractors_arithmetic/wchar_t/11.cc compilation failed to produce executable
FAIL: 27_io/basic_istream/extractors_arithmetic/wchar_t/13.cc (test for excess errors)
WARNING: 27_io/basic_istream/extractors_arithmetic/wchar_t/13.cc compilation failed to produce executable
FAIL: 27_io/basic_istream/extractors_arithmetic/wchar_t/dr696.cc (test for excess errors)
WARNING: 27_io/basic_istream/extractors_arithmetic/wchar_t/dr696.cc compilation failed to produce executable
FAIL: 27_io/basic_istream/extractors_arithmetic/wchar_t/exceptions_badbit_throw.cc (test for excess errors)
WARNING: 27_io/basic_istream/extractors_arithmetic/wchar_t/exceptions_badbit_throw.cc compilation failed to produce executable
FAIL: 27_io/basic_istream/extractors_arithmetic/wchar_t/exceptions_failbit.cc (test for excess errors)
WARNING: 27_io/basic_istream/extractors_arithmetic/wchar_t/exceptions_failbit.cc compilation failed to produce executable
FAIL: 27_io/basic_istream/extractors_arithmetic/wchar_t/exceptions_failbit_throw.cc (test for excess errors)
WARNING: 27_io/basic_istream/extractors_arithmetic/wchar_t/exceptions_failbit_throw.cc compilation failed to produce executable
FAIL: 27_io/basic_istream/extractors_character/char/4.cc (test for excess errors)
WARNING: 27_io/basic_istream/extractors_character/char/4.cc compilation failed to produce executable
FAIL: 27_io/basic_istream/extractors_character/wchar_t/4.cc (test for excess errors)
WARNING: 27_io/basic_istream/extractors_character/wchar_t/4.cc compilation failed to produce executable
FAIL: 27_io/basic_istream/extractors_other/char/26181.cc (test for excess errors)
WARNING: 27_io/basic_istream/extractors_other/char/26181.cc compilation failed to produce executable
FAIL: 27_io/basic_istream/extractors_other/char/3.cc (test for excess errors)
WARNING: 27_io/basic_istream/extractors_other/char/3.cc compilation failed to produce executable
FAIL: 27_io/basic_istream/extractors_other/char/9318-in.cc (test for excess errors)
WARNING: 27_io/basic_istream/extractors_other/char/9318-in.cc compilation failed to produce executable
FAIL: 27_io/basic_istream/extractors_other/char/error_failbit.cc (test for excess errors)
WARNING: 27_io/basic_istream/extractors_other/char/error_failbit.cc compilation failed to produce executable
FAIL: 27_io/basic_istream/extractors_other/char/exceptions_badbit_throw.cc (test for excess errors)
WARNING: 27_io/basic_istream/extractors_other/char/exceptions_badbit_throw.cc compilation failed to produce executable
FAIL: 27_io/basic_istream/extractors_other/char/exceptions_failbit_throw.cc (test for excess errors)
WARNING: 27_io/basic_istream/extractors_other/char/exceptions_failbit_throw.cc compilation failed to produce executable
FAIL: 27_io/basic_istream/extractors_other/char/exceptions_null.cc (test for excess errors)
WARNING: 27_io/basic_istream/extractors_other/char/exceptions_null.cc compilation failed to produce executable
FAIL: 27_io/basic_istream/extractors_other/wchar_t/26181.cc (test for excess errors)
WARNING: 27_io/basic_istream/extractors_other/wchar_t/26181.cc compilation failed to produce executable
FAIL: 27_io/basic_istream/extractors_other/wchar_t/3.cc (test for excess errors)
WARNING: 27_io/basic_istream/extractors_other/wchar_t/3.cc compilation failed to produce executable
FAIL: 27_io/basic_istream/extractors_other/wchar_t/9318-in.cc (test for excess errors)
WARNING: 27_io/basic_istream/extractors_other/wchar_t/9318-in.cc compilation failed to produce executable
FAIL: 27_io/basic_istream/extractors_other/wchar_t/error_failbit.cc (test for excess errors)
WARNING: 27_io/basic_istream/extractors_other/wchar_t/error_failbit.cc compilation failed to produce executable
FAIL: 27_io/basic_istream/extractors_other/wchar_t/exceptions_badbit_throw.cc (test for excess errors)
WARNING: 27_io/basic_istream/extractors_other/wchar_t/exceptions_badbit_throw.cc compilation failed to produce executable
FAIL: 27_io/basic_istream/extractors_other/wchar_t/exceptions_failbit_throw.cc (test for excess errors)
WARNING: 27_io/basic_istream/extractors_other/wchar_t/exceptions_failbit_throw.cc compilation failed to produce executable
FAIL: 27_io/basic_istream/extractors_other/wchar_t/exceptions_null.cc (test for excess errors)
WARNING: 27_io/basic_istream/extractors_other/wchar_t/exceptions_null.cc compilation failed to produce executable
FAIL: 27_io/basic_istream/get/char/2.cc (test for excess errors)
WARNING: 27_io/basic_istream/get/char/2.cc compilation failed to produce executable
FAIL: 27_io/basic_istream/get/wchar_t/2.cc (test for excess errors)
WARNING: 27_io/basic_istream/get/wchar_t/2.cc compilation failed to produce executable
FAIL: 27_io/basic_istream/getline/char/5.cc (test for excess errors)
WARNING: 27_io/basic_istream/getline/char/5.cc compilation failed to produce executable
FAIL: 27_io/basic_istream/getline/wchar_t/5.cc (test for excess errors)
WARNING: 27_io/basic_istream/getline/wchar_t/5.cc compilation failed to produce executable
FAIL: 27_io/basic_istream/ignore/char/2.cc (test for excess errors)
WARNING: 27_io/basic_istream/ignore/char/2.cc compilation failed to produce executable
FAIL: 27_io/basic_istream/ignore/char/3.cc (test for excess errors)
WARNING: 27_io/basic_istream/ignore/char/3.cc compilation failed to produce executable
FAIL: 27_io/basic_istream/ignore/char/6360.cc (test for excess errors)
WARNING: 27_io/basic_istream/ignore/char/6360.cc compilation failed to produce executable
FAIL: 27_io/basic_istream/ignore/wchar_t/2.cc (test for excess errors)
WARNING: 27_io/basic_istream/ignore/wchar_t/2.cc compilation failed to produce executable
FAIL: 27_io/basic_istream/ignore/wchar_t/3.cc (test for excess errors)
WARNING: 27_io/basic_istream/ignore/wchar_t/3.cc compilation failed to produce executable
FAIL: 27_io/basic_istream/ignore/wchar_t/6360.cc (test for excess errors)
WARNING: 27_io/basic_istream/ignore/wchar_t/6360.cc compilation failed to produce executable
FAIL: 27_io/basic_istream/peek/char/12296.cc (test for excess errors)
WARNING: 27_io/basic_istream/peek/char/12296.cc compilation failed to produce executable
FAIL: 27_io/basic_istream/peek/char/6414.cc (test for excess errors)
WARNING: 27_io/basic_istream/peek/char/6414.cc compilation failed to produce executable
FAIL: 27_io/basic_istream/peek/wchar_t/12296.cc (test for excess errors)
WARNING: 27_io/basic_istream/peek/wchar_t/12296.cc compilation failed to produce executable
FAIL: 27_io/basic_istream/peek/wchar_t/6414.cc (test for excess errors)
WARNING: 27_io/basic_istream/peek/wchar_t/6414.cc compilation failed to produce executable
FAIL: 27_io/basic_istream/read/char/3.cc (test for excess errors)
WARNING: 27_io/basic_istream/read/char/3.cc compilation failed to produce executable
FAIL: 27_io/basic_istream/read/wchar_t/3.cc (test for excess errors)
WARNING: 27_io/basic_istream/read/wchar_t/3.cc compilation failed to produce executable
FAIL: 27_io/basic_istream/readsome/char/6746-1.cc (test for excess errors)
WARNING: 27_io/basic_istream/readsome/char/6746-1.cc compilation failed to produce executable
FAIL: 27_io/basic_istream/readsome/char/6746-2.cc (test for excess errors)
WARNING: 27_io/basic_istream/readsome/char/6746-2.cc compilation failed to produce executable
FAIL: 27_io/basic_istream/readsome/wchar_t/6746-1.cc (test for excess errors)
WARNING: 27_io/basic_istream/readsome/wchar_t/6746-1.cc compilation failed to produce executable
FAIL: 27_io/basic_istream/readsome/wchar_t/6746-2.cc (test for excess errors)
WARNING: 27_io/basic_istream/readsome/wchar_t/6746-2.cc compilation failed to produce executable
FAIL: 27_io/basic_istream/seekg/char/2.cc (test for excess errors)
WARNING: 27_io/basic_istream/seekg/char/2.cc compilation failed to produce executable
FAIL: 27_io/basic_istream/seekg/char/26211.cc (test for excess errors)
WARNING: 27_io/basic_istream/seekg/char/26211.cc compilation failed to produce executable
FAIL: 27_io/basic_istream/seekg/char/8348-1.cc (test for excess errors)
WARNING: 27_io/basic_istream/seekg/char/8348-1.cc compilation failed to produce executable
FAIL: 27_io/basic_istream/seekg/char/8348-2.cc (test for excess errors)
WARNING: 27_io/basic_istream/seekg/char/8348-2.cc compilation failed to produce executable
FAIL: 27_io/basic_istream/seekg/char/fstream.cc (test for excess errors)
WARNING: 27_io/basic_istream/seekg/char/fstream.cc compilation failed to produce executable
FAIL: 27_io/basic_istream/seekg/char/sstream.cc (test for excess errors)
WARNING: 27_io/basic_istream/seekg/char/sstream.cc compilation failed to produce executable
FAIL: 27_io/basic_istream/seekg/wchar_t/2.cc (test for excess errors)
WARNING: 27_io/basic_istream/seekg/wchar_t/2.cc compilation failed to produce executable
FAIL: 27_io/basic_istream/seekg/wchar_t/26211.cc (test for excess errors)
WARNING: 27_io/basic_istream/seekg/wchar_t/26211.cc compilation failed to produce executable
FAIL: 27_io/basic_istream/seekg/wchar_t/8348-1.cc (test for excess errors)
WARNING: 27_io/basic_istream/seekg/wchar_t/8348-1.cc compilation failed to produce executable
FAIL: 27_io/basic_istream/seekg/wchar_t/8348-2.cc (test for excess errors)
WARNING: 27_io/basic_istream/seekg/wchar_t/8348-2.cc compilation failed to produce executable
FAIL: 27_io/basic_istream/seekg/wchar_t/fstream.cc (test for excess errors)
WARNING: 27_io/basic_istream/seekg/wchar_t/fstream.cc compilation failed to produce executable
FAIL: 27_io/basic_istream/seekg/wchar_t/sstream.cc (test for excess errors)
WARNING: 27_io/basic_istream/seekg/wchar_t/sstream.cc compilation failed to produce executable
FAIL: 27_io/basic_istream/sentry/char/2.cc (test for excess errors)
WARNING: 27_io/basic_istream/sentry/char/2.cc compilation failed to produce executable
FAIL: 27_io/basic_istream/sentry/wchar_t/2.cc (test for excess errors)
WARNING: 27_io/basic_istream/sentry/wchar_t/2.cc compilation failed to produce executable
FAIL: 27_io/basic_istream/tellg/char/1.cc (test for excess errors)
WARNING: 27_io/basic_istream/tellg/char/1.cc compilation failed to produce executable
FAIL: 27_io/basic_istream/tellg/char/2.cc (test for excess errors)
WARNING: 27_io/basic_istream/tellg/char/2.cc compilation failed to produce executable
FAIL: 27_io/basic_istream/tellg/char/26211.cc (test for excess errors)
WARNING: 27_io/basic_istream/tellg/char/26211.cc compilation failed to produce executable
FAIL: 27_io/basic_istream/tellg/char/8348.cc (test for excess errors)
WARNING: 27_io/basic_istream/tellg/char/8348.cc compilation failed to produce executable
FAIL: 27_io/basic_istream/tellg/char/fstream.cc (test for excess errors)
WARNING: 27_io/basic_istream/tellg/char/fstream.cc compilation failed to produce executable
FAIL: 27_io/basic_istream/tellg/char/sstream.cc (test for excess errors)
WARNING: 27_io/basic_istream/tellg/char/sstream.cc compilation failed to produce executable
FAIL: 27_io/basic_istream/tellg/wchar_t/1.cc (test for excess errors)
WARNING: 27_io/basic_istream/tellg/wchar_t/1.cc compilation failed to produce executable
FAIL: 27_io/basic_istream/tellg/wchar_t/2.cc (test for excess errors)
WARNING: 27_io/basic_istream/tellg/wchar_t/2.cc compilation failed to produce executable
FAIL: 27_io/basic_istream/tellg/wchar_t/26211.cc (test for excess errors)
WARNING: 27_io/basic_istream/tellg/wchar_t/26211.cc compilation failed to produce executable
FAIL: 27_io/basic_istream/tellg/wchar_t/8348.cc (test for excess errors)
WARNING: 27_io/basic_istream/tellg/wchar_t/8348.cc compilation failed to produce executable
FAIL: 27_io/basic_istream/tellg/wchar_t/fstream.cc (test for excess errors)
WARNING: 27_io/basic_istream/tellg/wchar_t/fstream.cc compilation failed to produce executable
FAIL: 27_io/basic_istream/tellg/wchar_t/sstream.cc (test for excess errors)
WARNING: 27_io/basic_istream/tellg/wchar_t/sstream.cc compilation failed to produce executable
FAIL: 27_io/basic_istream/ws/char/1.cc (test for excess errors)
WARNING: 27_io/basic_istream/ws/char/1.cc compilation failed to produce executable
FAIL: 27_io/basic_istream/ws/wchar_t/1.cc (test for excess errors)
WARNING: 27_io/basic_istream/ws/wchar_t/1.cc compilation failed to produce executable
FAIL: 27_io/basic_istringstream/rdbuf/char/2832.cc (test for excess errors)
WARNING: 27_io/basic_istringstream/rdbuf/char/2832.cc compilation failed to produce executable
FAIL: 27_io/basic_istringstream/rdbuf/wchar_t/2832.cc (test for excess errors)
WARNING: 27_io/basic_istringstream/rdbuf/wchar_t/2832.cc compilation failed to produce executable
FAIL: 27_io/basic_istringstream/str/char/1.cc (test for excess errors)
WARNING: 27_io/basic_istringstream/str/char/1.cc compilation failed to produce executable
FAIL: 27_io/basic_istringstream/str/wchar_t/1.cc (test for excess errors)
WARNING: 27_io/basic_istringstream/str/wchar_t/1.cc compilation failed to produce executable
FAIL: 27_io/basic_ofstream/cons/char/1.cc (test for excess errors)
WARNING: 27_io/basic_ofstream/cons/char/1.cc compilation failed to produce executable
FAIL: 27_io/basic_ofstream/open/char/1.cc (test for excess errors)
WARNING: 27_io/basic_ofstream/open/char/1.cc compilation failed to produce executable
FAIL: 27_io/basic_ofstream/pthread2.cc (test for excess errors)
WARNING: 27_io/basic_ofstream/pthread2.cc compilation failed to produce executable
FAIL: 27_io/basic_ofstream/rdbuf/char/2832.cc (test for excess errors)
WARNING: 27_io/basic_ofstream/rdbuf/char/2832.cc compilation failed to produce executable
FAIL: 27_io/basic_ostream/endl/char/1.cc (test for excess errors)
WARNING: 27_io/basic_ostream/endl/char/1.cc compilation failed to produce executable
FAIL: 27_io/basic_ostream/endl/wchar_t/1.cc (test for excess errors)
WARNING: 27_io/basic_ostream/endl/wchar_t/1.cc compilation failed to produce executable
FAIL: 27_io/basic_ostream/ends/char/1.cc (test for excess errors)
WARNING: 27_io/basic_ostream/ends/char/1.cc compilation failed to produce executable
FAIL: 27_io/basic_ostream/ends/char/2.cc (test for excess errors)
WARNING: 27_io/basic_ostream/ends/char/2.cc compilation failed to produce executable
FAIL: 27_io/basic_ostream/ends/wchar_t/1.cc (test for excess errors)
WARNING: 27_io/basic_ostream/ends/wchar_t/1.cc compilation failed to produce executable
FAIL: 27_io/basic_ostream/ends/wchar_t/2.cc (test for excess errors)
WARNING: 27_io/basic_ostream/ends/wchar_t/2.cc compilation failed to produce executable
FAIL: 27_io/basic_ostream/flush/char/1.cc (test for excess errors)
WARNING: 27_io/basic_ostream/flush/char/1.cc compilation failed to produce executable
FAIL: 27_io/basic_ostream/flush/wchar_t/1.cc (test for excess errors)
WARNING: 27_io/basic_ostream/flush/wchar_t/1.cc compilation failed to produce executable
FAIL: 27_io/basic_ostream/inserters_arithmetic/char/1.cc (test for excess errors)
WARNING: 27_io/basic_ostream/inserters_arithmetic/char/1.cc compilation failed to produce executable
FAIL: 27_io/basic_ostream/inserters_arithmetic/char/4402.cc (test for excess errors)
WARNING: 27_io/basic_ostream/inserters_arithmetic/char/4402.cc compilation failed to produce executable
FAIL: 27_io/basic_ostream/inserters_arithmetic/char/5.cc (test for excess errors)
WARNING: 27_io/basic_ostream/inserters_arithmetic/char/5.cc compilation failed to produce executable
FAIL: 27_io/basic_ostream/inserters_arithmetic/char/6.cc (test for excess errors)
WARNING: 27_io/basic_ostream/inserters_arithmetic/char/6.cc compilation failed to produce executable
FAIL: 27_io/basic_ostream/inserters_arithmetic/char/7.cc (test for excess errors)
WARNING: 27_io/basic_ostream/inserters_arithmetic/char/7.cc compilation failed to produce executable
FAIL: 27_io/basic_ostream/inserters_arithmetic/char/exceptions_badbit_throw.cc (test for excess errors)
WARNING: 27_io/basic_ostream/inserters_arithmetic/char/exceptions_badbit_throw.cc compilation failed to produce executable
FAIL: 27_io/basic_ostream/inserters_arithmetic/char/exceptions_failbit_throw.cc (test for excess errors)
WARNING: 27_io/basic_ostream/inserters_arithmetic/char/exceptions_failbit_throw.cc compilation failed to produce executable
FAIL: 27_io/basic_ostream/inserters_arithmetic/wchar_t/1.cc (test for excess errors)
WARNING: 27_io/basic_ostream/inserters_arithmetic/wchar_t/1.cc compilation failed to produce executable
FAIL: 27_io/basic_ostream/inserters_arithmetic/wchar_t/4402.cc (test for excess errors)
WARNING: 27_io/basic_ostream/inserters_arithmetic/wchar_t/4402.cc compilation failed to produce executable
FAIL: 27_io/basic_ostream/inserters_arithmetic/wchar_t/5.cc (test for excess errors)
WARNING: 27_io/basic_ostream/inserters_arithmetic/wchar_t/5.cc compilation failed to produce executable
FAIL: 27_io/basic_ostream/inserters_arithmetic/wchar_t/6.cc (test for excess errors)
WARNING: 27_io/basic_ostream/inserters_arithmetic/wchar_t/6.cc compilation failed to produce executable
FAIL: 27_io/basic_ostream/inserters_arithmetic/wchar_t/7.cc (test for excess errors)
WARNING: 27_io/basic_ostream/inserters_arithmetic/wchar_t/7.cc compilation failed to produce executable
FAIL: 27_io/basic_ostream/inserters_arithmetic/wchar_t/exceptions_badbit_throw.cc (test for excess errors)
WARNING: 27_io/basic_ostream/inserters_arithmetic/wchar_t/exceptions_badbit_throw.cc compilation failed to produce executable
FAIL: 27_io/basic_ostream/inserters_arithmetic/wchar_t/exceptions_failbit_throw.cc (test for excess errors)
WARNING: 27_io/basic_ostream/inserters_arithmetic/wchar_t/exceptions_failbit_throw.cc compilation failed to produce executable
FAIL: 27_io/basic_ostream/inserters_character/char/1.cc (test for excess errors)
WARNING: 27_io/basic_ostream/inserters_character/char/1.cc compilation failed to produce executable
FAIL: 27_io/basic_ostream/inserters_character/char/11095-oa.cc (test for excess errors)
WARNING: 27_io/basic_ostream/inserters_character/char/11095-oa.cc compilation failed to produce executable
FAIL: 27_io/basic_ostream/inserters_character/char/11095-ob.cc (test for excess errors)
WARNING: 27_io/basic_ostream/inserters_character/char/11095-ob.cc compilation failed to produce executable
FAIL: 27_io/basic_ostream/inserters_character/char/11095-oc.cc (test for excess errors)
WARNING: 27_io/basic_ostream/inserters_character/char/11095-oc.cc compilation failed to produce executable
FAIL: 27_io/basic_ostream/inserters_character/char/2.cc (test for excess errors)
WARNING: 27_io/basic_ostream/inserters_character/char/2.cc compilation failed to produce executable
FAIL: 27_io/basic_ostream/inserters_character/char/28277-3.cc (test for excess errors)
WARNING: 27_io/basic_ostream/inserters_character/char/28277-3.cc compilation failed to produce executable
FAIL: 27_io/basic_ostream/inserters_character/char/28277-4.cc (test for excess errors)
WARNING: 27_io/basic_ostream/inserters_character/char/28277-4.cc compilation failed to produce executable
FAIL: 27_io/basic_ostream/inserters_character/char/3.cc (test for excess errors)
WARNING: 27_io/basic_ostream/inserters_character/char/3.cc compilation failed to produce executable
FAIL: 27_io/basic_ostream/inserters_character/char/4.cc (test for excess errors)
WARNING: 27_io/basic_ostream/inserters_character/char/4.cc compilation failed to produce executable
FAIL: 27_io/basic_ostream/inserters_character/char/5.cc (test for excess errors)
WARNING: 27_io/basic_ostream/inserters_character/char/5.cc compilation failed to produce executable
FAIL: 27_io/basic_ostream/inserters_character/char/6.cc (test for excess errors)
WARNING: 27_io/basic_ostream/inserters_character/char/6.cc compilation failed to produce executable
FAIL: 27_io/basic_ostream/inserters_character/char/8.cc (test for excess errors)
WARNING: 27_io/basic_ostream/inserters_character/char/8.cc compilation failed to produce executable
FAIL: 27_io/basic_ostream/inserters_character/wchar_t/1.cc (test for excess errors)
WARNING: 27_io/basic_ostream/inserters_character/wchar_t/1.cc compilation failed to produce executable
FAIL: 27_io/basic_ostream/inserters_character/wchar_t/11095-od.cc (test for excess errors)
WARNING: 27_io/basic_ostream/inserters_character/wchar_t/11095-od.cc compilation failed to produce executable
FAIL: 27_io/basic_ostream/inserters_character/wchar_t/11095-oe.cc (test for excess errors)
WARNING: 27_io/basic_ostream/inserters_character/wchar_t/11095-oe.cc compilation failed to produce executable
FAIL: 27_io/basic_ostream/inserters_character/wchar_t/11095-of.cc (test for excess errors)
WARNING: 27_io/basic_ostream/inserters_character/wchar_t/11095-of.cc compilation failed to produce executable
FAIL: 27_io/basic_ostream/inserters_character/wchar_t/2.cc (test for excess errors)
WARNING: 27_io/basic_ostream/inserters_character/wchar_t/2.cc compilation failed to produce executable
FAIL: 27_io/basic_ostream/inserters_character/wchar_t/28277-1.cc (test for excess errors)
WARNING: 27_io/basic_ostream/inserters_character/wchar_t/28277-1.cc compilation failed to produce executable
FAIL: 27_io/basic_ostream/inserters_character/wchar_t/28277-2.cc (test for excess errors)
WARNING: 27_io/basic_ostream/inserters_character/wchar_t/28277-2.cc compilation failed to produce executable
FAIL: 27_io/basic_ostream/inserters_character/wchar_t/28277-3.cc (test for excess errors)
WARNING: 27_io/basic_ostream/inserters_character/wchar_t/28277-3.cc compilation failed to produce executable
FAIL: 27_io/basic_ostream/inserters_character/wchar_t/28277-4.cc (test for excess errors)
WARNING: 27_io/basic_ostream/inserters_character/wchar_t/28277-4.cc compilation failed to produce executable
FAIL: 27_io/basic_ostream/inserters_character/wchar_t/3.cc (test for excess errors)
WARNING: 27_io/basic_ostream/inserters_character/wchar_t/3.cc compilation failed to produce executable
FAIL: 27_io/basic_ostream/inserters_character/wchar_t/4.cc (test for excess errors)
WARNING: 27_io/basic_ostream/inserters_character/wchar_t/4.cc compilation failed to produce executable
FAIL: 27_io/basic_ostream/inserters_character/wchar_t/5.cc (test for excess errors)
WARNING: 27_io/basic_ostream/inserters_character/wchar_t/5.cc compilation failed to produce executable
FAIL: 27_io/basic_ostream/inserters_character/wchar_t/6.cc (test for excess errors)
WARNING: 27_io/basic_ostream/inserters_character/wchar_t/6.cc compilation failed to produce executable
FAIL: 27_io/basic_ostream/inserters_character/wchar_t/7.cc (test for excess errors)
WARNING: 27_io/basic_ostream/inserters_character/wchar_t/7.cc compilation failed to produce executable
FAIL: 27_io/basic_ostream/inserters_character/wchar_t/8.cc (test for excess errors)
WARNING: 27_io/basic_ostream/inserters_character/wchar_t/8.cc compilation failed to produce executable
FAIL: 27_io/basic_ostream/inserters_other/char/1.cc (test for excess errors)
WARNING: 27_io/basic_ostream/inserters_other/char/1.cc compilation failed to produce executable
FAIL: 27_io/basic_ostream/inserters_other/char/2.cc (test for excess errors)
WARNING: 27_io/basic_ostream/inserters_other/char/2.cc compilation failed to produce executable
FAIL: 27_io/basic_ostream/inserters_other/char/3.cc (test for excess errors)
WARNING: 27_io/basic_ostream/inserters_other/char/3.cc compilation failed to produce executable
FAIL: 27_io/basic_ostream/inserters_other/char/4.cc (test for excess errors)
WARNING: 27_io/basic_ostream/inserters_other/char/4.cc compilation failed to produce executable
FAIL: 27_io/basic_ostream/inserters_other/char/error_code.cc (test for excess errors)
WARNING: 27_io/basic_ostream/inserters_other/char/error_code.cc compilation failed to produce executable
FAIL: 27_io/basic_ostream/inserters_other/char/error_failbit.cc (test for excess errors)
WARNING: 27_io/basic_ostream/inserters_other/char/error_failbit.cc compilation failed to produce executable
FAIL: 27_io/basic_ostream/inserters_other/char/exceptions_badbit_throw.cc (test for excess errors)
WARNING: 27_io/basic_ostream/inserters_other/char/exceptions_badbit_throw.cc compilation failed to produce executable
FAIL: 27_io/basic_ostream/inserters_other/char/exceptions_failbit_throw.cc (test for excess errors)
WARNING: 27_io/basic_ostream/inserters_other/char/exceptions_failbit_throw.cc compilation failed to produce executable
FAIL: 27_io/basic_ostream/inserters_other/char/exceptions_null.cc (test for excess errors)
WARNING: 27_io/basic_ostream/inserters_other/char/exceptions_null.cc compilation failed to produce executable
FAIL: 27_io/basic_ostream/inserters_other/wchar_t/1.cc (test for excess errors)
WARNING: 27_io/basic_ostream/inserters_other/wchar_t/1.cc compilation failed to produce executable
FAIL: 27_io/basic_ostream/inserters_other/wchar_t/2.cc (test for excess errors)
WARNING: 27_io/basic_ostream/inserters_other/wchar_t/2.cc compilation failed to produce executable
FAIL: 27_io/basic_ostream/inserters_other/wchar_t/3.cc (test for excess errors)
WARNING: 27_io/basic_ostream/inserters_other/wchar_t/3.cc compilation failed to produce executable
FAIL: 27_io/basic_ostream/inserters_other/wchar_t/4.cc (test for excess errors)
WARNING: 27_io/basic_ostream/inserters_other/wchar_t/4.cc compilation failed to produce executable
FAIL: 27_io/basic_ostream/inserters_other/wchar_t/error_code.cc (test for excess errors)
WARNING: 27_io/basic_ostream/inserters_other/wchar_t/error_code.cc compilation failed to produce executable
FAIL: 27_io/basic_ostream/inserters_other/wchar_t/error_failbit.cc (test for excess errors)
WARNING: 27_io/basic_ostream/inserters_other/wchar_t/error_failbit.cc compilation failed to produce executable
FAIL: 27_io/basic_ostream/inserters_other/wchar_t/exceptions_badbit_throw.cc (test for excess errors)
WARNING: 27_io/basic_ostream/inserters_other/wchar_t/exceptions_badbit_throw.cc compilation failed to produce executable
FAIL: 27_io/basic_ostream/inserters_other/wchar_t/exceptions_failbit_throw.cc (test for excess errors)
WARNING: 27_io/basic_ostream/inserters_other/wchar_t/exceptions_failbit_throw.cc compilation failed to produce executable
FAIL: 27_io/basic_ostream/inserters_other/wchar_t/exceptions_null.cc (test for excess errors)
WARNING: 27_io/basic_ostream/inserters_other/wchar_t/exceptions_null.cc compilation failed to produce executable
FAIL: 27_io/basic_ostream/seekp/char/2346-fstream.cc (test for excess errors)
WARNING: 27_io/basic_ostream/seekp/char/2346-fstream.cc compilation failed to produce executable
FAIL: 27_io/basic_ostream/seekp/char/2346-sstream.cc (test for excess errors)
WARNING: 27_io/basic_ostream/seekp/char/2346-sstream.cc compilation failed to produce executable
FAIL: 27_io/basic_ostream/seekp/wchar_t/2346-fstream.cc (test for excess errors)
WARNING: 27_io/basic_ostream/seekp/wchar_t/2346-fstream.cc compilation failed to produce executable
FAIL: 27_io/basic_ostream/seekp/wchar_t/2346-sstream.cc (test for excess errors)
WARNING: 27_io/basic_ostream/seekp/wchar_t/2346-sstream.cc compilation failed to produce executable
FAIL: 27_io/basic_ostream/tellp/char/1.cc (test for excess errors)
WARNING: 27_io/basic_ostream/tellp/char/1.cc compilation failed to produce executable
FAIL: 27_io/basic_ostream/tellp/char/2.cc (test for excess errors)
WARNING: 27_io/basic_ostream/tellp/char/2.cc compilation failed to produce executable
FAIL: 27_io/basic_ostream/tellp/wchar_t/1.cc (test for excess errors)
WARNING: 27_io/basic_ostream/tellp/wchar_t/1.cc compilation failed to produce executable
FAIL: 27_io/basic_ostream/tellp/wchar_t/2.cc (test for excess errors)
WARNING: 27_io/basic_ostream/tellp/wchar_t/2.cc compilation failed to produce executable
FAIL: 27_io/basic_ostringstream/cons/char/3.cc (test for excess errors)
WARNING: 27_io/basic_ostringstream/cons/char/3.cc compilation failed to produce executable
FAIL: 27_io/basic_ostringstream/cons/wchar_t/3.cc (test for excess errors)
WARNING: 27_io/basic_ostringstream/cons/wchar_t/3.cc compilation failed to produce executable
FAIL: 27_io/basic_ostringstream/pthread3.cc (test for excess errors)
WARNING: 27_io/basic_ostringstream/pthread3.cc compilation failed to produce executable
FAIL: 27_io/basic_ostringstream/rdbuf/char/2832.cc (test for excess errors)
WARNING: 27_io/basic_ostringstream/rdbuf/char/2832.cc compilation failed to produce executable
FAIL: 27_io/basic_ostringstream/rdbuf/wchar_t/2832.cc (test for excess errors)
WARNING: 27_io/basic_ostringstream/rdbuf/wchar_t/2832.cc compilation failed to produce executable
FAIL: 27_io/basic_ostringstream/str/char/1.cc (test for excess errors)
WARNING: 27_io/basic_ostringstream/str/char/1.cc compilation failed to produce executable
FAIL: 27_io/basic_ostringstream/str/wchar_t/1.cc (test for excess errors)
WARNING: 27_io/basic_ostringstream/str/wchar_t/1.cc compilation failed to produce executable
FAIL: 27_io/basic_stringbuf/in_avail/char/21955.cc (test for excess errors)
WARNING: 27_io/basic_stringbuf/in_avail/char/21955.cc compilation failed to produce executable
FAIL: 27_io/basic_stringbuf/str/char/3.cc (test for excess errors)
WARNING: 27_io/basic_stringbuf/str/char/3.cc compilation failed to produce executable
FAIL: 27_io/basic_stringbuf/str/char/3955.cc (test for excess errors)
WARNING: 27_io/basic_stringbuf/str/char/3955.cc compilation failed to produce executable
FAIL: 27_io/basic_stringbuf/str/wchar_t/3.cc (test for excess errors)
WARNING: 27_io/basic_stringbuf/str/wchar_t/3.cc compilation failed to produce executable
FAIL: 27_io/basic_stringbuf/str/wchar_t/3955.cc (test for excess errors)
WARNING: 27_io/basic_stringbuf/str/wchar_t/3955.cc compilation failed to produce executable
FAIL: 27_io/basic_stringstream/rdbuf/char/2832.cc (test for excess errors)
WARNING: 27_io/basic_stringstream/rdbuf/char/2832.cc compilation failed to produce executable
FAIL: 27_io/basic_stringstream/rdbuf/wchar_t/2832.cc (test for excess errors)
WARNING: 27_io/basic_stringstream/rdbuf/wchar_t/2832.cc compilation failed to produce executable
FAIL: 27_io/basic_stringstream/str/char/1.cc (test for excess errors)
WARNING: 27_io/basic_stringstream/str/char/1.cc compilation failed to produce executable
FAIL: 27_io/basic_stringstream/str/char/2.cc (test for excess errors)
WARNING: 27_io/basic_stringstream/str/char/2.cc compilation failed to produce executable
FAIL: 27_io/basic_stringstream/str/char/3.cc (test for excess errors)
WARNING: 27_io/basic_stringstream/str/char/3.cc compilation failed to produce executable
FAIL: 27_io/basic_stringstream/str/char/4.cc (test for excess errors)
WARNING: 27_io/basic_stringstream/str/char/4.cc compilation failed to produce executable
FAIL: 27_io/basic_stringstream/str/wchar_t/1.cc (test for excess errors)
WARNING: 27_io/basic_stringstream/str/wchar_t/1.cc compilation failed to produce executable
FAIL: 27_io/basic_stringstream/str/wchar_t/2.cc (test for excess errors)
WARNING: 27_io/basic_stringstream/str/wchar_t/2.cc compilation failed to produce executable
FAIL: 27_io/basic_stringstream/str/wchar_t/3.cc (test for excess errors)
WARNING: 27_io/basic_stringstream/str/wchar_t/3.cc compilation failed to produce executable
FAIL: 27_io/basic_stringstream/str/wchar_t/4.cc (test for excess errors)
WARNING: 27_io/basic_stringstream/str/wchar_t/4.cc compilation failed to produce executable
FAIL: 27_io/fpos/14320-5.cc (test for excess errors)
WARNING: 27_io/fpos/14320-5.cc compilation failed to produce executable
FAIL: 27_io/ios_base/state/1.cc (test for excess errors)
WARNING: 27_io/ios_base/state/1.cc compilation failed to produce executable
FAIL: 27_io/ios_base/storage/1.cc (test for excess errors)
WARNING: 27_io/ios_base/storage/1.cc compilation failed to produce executable
FAIL: 27_io/manipulators/adjustfield/char/1.cc (test for excess errors)
WARNING: 27_io/manipulators/adjustfield/char/1.cc compilation failed to produce executable
FAIL: 27_io/manipulators/adjustfield/wchar_t/1.cc (test for excess errors)
WARNING: 27_io/manipulators/adjustfield/wchar_t/1.cc compilation failed to produce executable
FAIL: 27_io/manipulators/basefield/char/1.cc (test for excess errors)
WARNING: 27_io/manipulators/basefield/char/1.cc compilation failed to produce executable
FAIL: 27_io/manipulators/basefield/wchar_t/1.cc (test for excess errors)
WARNING: 27_io/manipulators/basefield/wchar_t/1.cc compilation failed to produce executable
FAIL: 27_io/manipulators/standard/char/1.cc (test for excess errors)
WARNING: 27_io/manipulators/standard/char/1.cc compilation failed to produce executable
FAIL: 27_io/manipulators/standard/char/2.cc (test for excess errors)
WARNING: 27_io/manipulators/standard/char/2.cc compilation failed to produce executable
FAIL: 27_io/manipulators/standard/wchar_t/1.cc (test for excess errors)
WARNING: 27_io/manipulators/standard/wchar_t/1.cc compilation failed to produce executable
FAIL: 27_io/manipulators/standard/wchar_t/2.cc (test for excess errors)
WARNING: 27_io/manipulators/standard/wchar_t/2.cc compilation failed to produce executable
FAIL: 27_io/rvalue_streams.cc (test for excess errors)
WARNING: 27_io/rvalue_streams.cc compilation failed to produce executable
FAIL: 28_regex/algorithms/match/basic/string_01.cc (test for excess errors)
WARNING: 28_regex/algorithms/match/basic/string_01.cc compilation failed to produce executable
FAIL: 28_regex/algorithms/match/basic/string_range_00_03.cc (test for excess errors)
WARNING: 28_regex/algorithms/match/basic/string_range_00_03.cc compilation failed to produce executable
FAIL: 28_regex/algorithms/match/basic/string_range_01_03.cc (test for excess errors)
WARNING: 28_regex/algorithms/match/basic/string_range_01_03.cc compilation failed to produce executable
FAIL: 28_regex/algorithms/match/basic/string_range_02_03.cc (test for excess errors)
WARNING: 28_regex/algorithms/match/basic/string_range_02_03.cc compilation failed to produce executable
FAIL: 28_regex/algorithms/match/extended/cstring_plus.cc (test for excess errors)
WARNING: 28_regex/algorithms/match/extended/cstring_plus.cc compilation failed to produce executable
FAIL: 28_regex/algorithms/match/extended/cstring_questionmark.cc (test for excess errors)
WARNING: 28_regex/algorithms/match/extended/cstring_questionmark.cc compilation failed to produce executable
FAIL: 28_regex/algorithms/match/extended/string_any.cc (test for excess errors)
WARNING: 28_regex/algorithms/match/extended/string_any.cc compilation failed to produce executable
FAIL: 28_regex/algorithms/match/extended/string_range_00_03.cc (test for excess errors)
WARNING: 28_regex/algorithms/match/extended/string_range_00_03.cc compilation failed to produce executable
FAIL: 28_regex/algorithms/match/extended/string_range_01_03.cc (test for excess errors)
WARNING: 28_regex/algorithms/match/extended/string_range_01_03.cc compilation failed to produce executable
FAIL: 28_regex/algorithms/match/extended/string_range_02_03.cc (test for excess errors)
WARNING: 28_regex/algorithms/match/extended/string_range_02_03.cc compilation failed to produce executable
FAIL: 28_regex/basic_regex/assign/char/moveable.cc (test for excess errors)
WARNING: 28_regex/basic_regex/assign/char/moveable.cc compilation failed to produce executable
FAIL: 28_regex/basic_regex/ctors/47724.cc (test for excess errors)
WARNING: 28_regex/basic_regex/ctors/47724.cc compilation failed to produce executable
FAIL: 28_regex/basic_regex/ctors/basic/pstring_char.cc (test for excess errors)
WARNING: 28_regex/basic_regex/ctors/basic/pstring_char.cc compilation failed to produce executable
FAIL: 28_regex/basic_regex/ctors/basic/pstring_wchar_t.cc (test for excess errors)
WARNING: 28_regex/basic_regex/ctors/basic/pstring_wchar_t.cc compilation failed to produce executable
FAIL: 28_regex/basic_regex/ctors/basic/string_range_01_02_03.cc (test for excess errors)
WARNING: 28_regex/basic_regex/ctors/basic/string_range_01_02_03.cc compilation failed to produce executable
FAIL: 28_regex/basic_regex/ctors/copy_char.cc (test for excess errors)
WARNING: 28_regex/basic_regex/ctors/copy_char.cc compilation failed to produce executable
FAIL: 28_regex/basic_regex/ctors/extended/string_range_01_02_03.cc (test for excess errors)
WARNING: 28_regex/basic_regex/ctors/extended/string_range_01_02_03.cc compilation failed to produce executable
FAIL: 28_regex/basic_regex/ctors/move_char.cc (test for excess errors)
WARNING: 28_regex/basic_regex/ctors/move_char.cc compilation failed to produce executable
FAIL: 28_regex/traits/char/value.cc (test for excess errors)
WARNING: 28_regex/traits/char/value.cc compilation failed to produce executable
FAIL: 28_regex/traits/wchar_t/value.cc (test for excess errors)
WARNING: 28_regex/traits/wchar_t/value.cc compilation failed to produce executable
FAIL: ext/pb_ds/regression/tree_map_rand.cc (test for excess errors)
WARNING: ext/pb_ds/regression/tree_map_rand.cc compilation failed to produce executable
FAIL: ext/pb_ds/regression/tree_set_rand.cc (test for excess errors)
WARNING: ext/pb_ds/regression/tree_set_rand.cc compilation failed to produce executable
FAIL: ext/vstring/inserters_extractors/char/28277.cc (test for excess errors)
WARNING: ext/vstring/inserters_extractors/char/28277.cc compilation failed to produce executable
FAIL: ext/vstring/inserters_extractors/wchar_t/28277.cc (test for excess errors)
WARNING: ext/vstring/inserters_extractors/wchar_t/28277.cc compilation failed to produce executable
FAIL: tr1/2_general_utilities/shared_ptr/misc/io.cc (test for excess errors)
WARNING: tr1/2_general_utilities/shared_ptr/misc/io.cc compilation failed to produce executable
FAIL: tr1/5_numerical_facilities/random/discard_block/operators/serialize.cc (test for excess errors)
WARNING: tr1/5_numerical_facilities/random/discard_block/operators/serialize.cc compilation failed to produce executable
FAIL: tr1/5_numerical_facilities/random/linear_congruential/operators/serialize.cc (test for excess errors)
WARNING: tr1/5_numerical_facilities/random/linear_congruential/operators/serialize.cc compilation failed to produce executable
FAIL: tr1/5_numerical_facilities/random/mersenne_twister/operators/serialize.cc (test for excess errors)
WARNING: tr1/5_numerical_facilities/random/mersenne_twister/operators/serialize.cc compilation failed to produce executable
FAIL: tr1/5_numerical_facilities/random/subtract_with_carry/operators/serialize.cc (test for excess errors)
WARNING: tr1/5_numerical_facilities/random/subtract_with_carry/operators/serialize.cc compilation failed to produce executable
FAIL: tr1/5_numerical_facilities/random/subtract_with_carry_01/operators/serialize.cc (test for excess errors)
WARNING: tr1/5_numerical_facilities/random/subtract_with_carry_01/operators/serialize.cc compilation failed to produce executable
FAIL: tr1/5_numerical_facilities/random/xor_combine/operators/serialize.cc (test for excess errors)
WARNING: tr1/5_numerical_facilities/random/xor_combine/operators/serialize.cc compilation failed to produce executable
FAIL: tr1/7_regular_expressions/regex_traits/char/value.cc (test for excess errors)
WARNING: tr1/7_regular_expressions/regex_traits/char/value.cc compilation failed to produce executable
FAIL: tr1/7_regular_expressions/regex_traits/wchar_t/value.cc (test for excess errors)
WARNING: tr1/7_regular_expressions/regex_traits/wchar_t/value.cc compilation failed to produce executable
=== libstdc++ Summary for unix/-m64 ===
# of expected passes 6455
# of unexpected failures 459
# of expected failures 40
# of unsupported tests 834
=== libstdc++ Summary ===
# of expected passes 12908
# of unexpected failures 919
# of expected failures 80
# of unsupported tests 1668
Compiler version: 4.8.0 20120727 (experimental) [trunk revision 189913] (GCC)
Platform: sparc-sun-solaris2.9
configure flags: --prefix=/vol/gcc --target=sparc-sun-solaris2.9 --enable-objc-gc --with-host-libstdcxx='-L/vol/gcc-4.4/lib -Wl,-Bstatic -lstdc++ -Wl,-Bdynamic -lm' --with-boot-ldflags='-static-libstdc++ -static-libgcc -L/vol/gcc-4.4/lib' --with-gmp-include=/vol/gcc/include --with-gmp-lib=/vol/gcc/lib --with-mpfr-include=/vol/gcc/include --with-mpfr-lib=/vol/gcc/lib --with-mpc-include=/vol/gcc/include --with-mpc-lib=/vol/gcc/lib --enable-languages=all,ada,obj-c++,go --with-isl-include=/vol/gcc/include --with-isl-lib=/vol/gcc/lib --with-cloog-include=/vol/gcc/include --with-cloog-lib=/vol/gcc/lib --enable-cloog-backend=isl
BOOT_CFLAGS=-g -O2