This is the mail archive of the
gcc-testresults@gcc.gnu.org
mailing list for the GCC project.
Results for 4.7.2 20120727 (prerelease) [gcc-4_7-branch revision 189906] (GCC) testsuite on sparc-sun-solaris2.9
- From: Rainer Orth <ro at CeBiTec dot Uni-Bielefeld dot DE>
- To: gcc-testresults at gcc dot gnu dot org
- Date: Mon, 30 Jul 2012 14:12:10 +0200 (MEST)
- Subject: Results for 4.7.2 20120727 (prerelease) [gcc-4_7-branch revision 189906] (GCC) testsuite on sparc-sun-solaris2.9
LAST_UPDATED: Fri Jul 27 13:37:04 UTC 2012 (revision 189906)
=== acats tests ===
=== acats Summary ===
# of expected passes 2320
# of unexpected failures 0
Native configuration is sparc-sun-solaris2.9
=== g++ tests ===
Running target unix
WARNING: program timed out.
FAIL: g++.dg/torture/pr31863.C -O2 -flto (test for excess errors)
=== g++ Summary for unix ===
# of expected passes 46155
# of unexpected failures 1
# of expected failures 288
# of unsupported tests 839
Running target unix/-m64
FAIL: g++.dg/cpp0x/nullptr28.C -std=c++11 execution test
WARNING: program timed out.
FAIL: g++.dg/torture/pr31863.C -O2 -flto (test for excess errors)
=== g++ Summary for unix/-m64 ===
# of expected passes 47391
# of unexpected failures 2
# of expected failures 288
# of unsupported tests 832
=== g++ Summary ===
# of expected passes 93546
# of unexpected failures 3
# of expected failures 576
# of unsupported tests 1671
/var/gcc/regression/gcc-4.7-branch/9-gcc/build/gcc/testsuite/g++/../../g++ version 4.7.2 20120727 (prerelease) [gcc-4_7-branch revision 189906] (GCC)
=== gcc tests ===
Running target unix
FAIL: gcc.dg/simulate-thread/atomic-other-int.c -O2 -g thread simulation test
FAIL: gcc.dg/simulate-thread/atomic-other-int.c -O3 -g thread simulation test
FAIL: gcc.dg/simulate-thread/atomic-other-short.c -O2 -g thread simulation test
FAIL: gcc.dg/simulate-thread/atomic-other-short.c -O3 -g thread simulation test
FAIL: gcc.dg/simulate-thread/speculative-store.c -O0 -g thread simulation test
=== gcc Summary for unix ===
# of expected passes 75426
# of unexpected failures 5
# of expected failures 318
# of unsupported tests 1645
Running target unix/-m64
FAIL: gcc.dg/pr44194-1.c scan-rtl-dump dse1 "global deletions = 2"
=== gcc Summary for unix/-m64 ===
# of expected passes 76105
# of unexpected failures 1
# of expected failures 305
# of unsupported tests 1629
=== gcc Summary ===
# of expected passes 151531
# of unexpected failures 6
# of expected failures 623
# of unsupported tests 3274
/var/gcc/regression/gcc-4.7-branch/9-gcc/build/gcc/xgcc version 4.7.2 20120727 (prerelease) [gcc-4_7-branch revision 189906] (GCC)
=== gfortran tests ===
Running target unix
=== gfortran Summary for unix ===
# of expected passes 40206
# of expected failures 44
# of unsupported tests 406
Running target unix/-m64
=== gfortran Summary for unix/-m64 ===
# of expected passes 40485
# of expected failures 44
# of unsupported tests 269
=== gfortran Summary ===
# of expected passes 80691
# of expected failures 88
# of unsupported tests 675
/var/gcc/regression/gcc-4.7-branch/9-gcc/build/gcc/testsuite/gfortran/../../gfortran version 4.7.2 20120727 (prerelease) [gcc-4_7-branch revision 189906] (GCC)
=== gnat tests ===
Running target unix
FAIL: gnat.dg/lto14.adb (test for excess errors)
=== gnat Summary for unix ===
# of expected passes 1092
# of unexpected failures 1
# of expected failures 14
# of unsupported tests 12
Running target unix/-m64
FAIL: gnat.dg/lto14.adb (test for excess errors)
=== gnat Summary for unix/-m64 ===
# of expected passes 1092
# of unexpected failures 1
# of expected failures 14
# of unsupported tests 12
=== gnat Summary ===
# of expected passes 2184
# of unexpected failures 2
# of expected failures 28
# of unsupported tests 24
/var/gcc/regression/gcc-4.7-branch/9-gcc/build/gcc/gnatmake version 4.7.2 20120727 (prerelease) [gcc-4_7-branch revision 189906]
=== go tests ===
Running target unix
=== go Summary for unix ===
# of expected passes 3290
# of expected failures 4
# of untested testcases 7
Running target unix/-m64
=== go Summary for unix/-m64 ===
# of expected passes 3290
# of expected failures 4
# of untested testcases 7
=== go Summary ===
# of expected passes 6580
# of expected failures 8
# of untested testcases 14
/var/gcc/regression/gcc-4.7-branch/9-gcc/build/gcc/testsuite/go/../../gccgo version 4.7.2 20120727 (prerelease) [gcc-4_7-branch revision 189906] (GCC)
=== obj-c++ tests ===
Running target unix
=== obj-c++ Summary for unix ===
# of expected passes 1450
# of expected failures 2
# of unsupported tests 86
Running target unix/-m64
=== obj-c++ Summary for unix/-m64 ===
# of expected passes 1442
# of expected failures 10
# of unsupported tests 86
=== obj-c++ Summary ===
# of expected passes 2892
# of expected failures 12
# of unsupported tests 172
/var/gcc/regression/gcc-4.7-branch/9-gcc/build/gcc/testsuite/obj-c++/../../g++ version 4.7.2 20120727 (prerelease) [gcc-4_7-branch revision 189906] (GCC)
=== objc tests ===
Running target unix
=== objc Summary for unix ===
# of expected passes 2994
# of unsupported tests 74
Running target unix/-m64
=== objc Summary for unix/-m64 ===
# of expected passes 2994
# of unsupported tests 74
=== objc Summary ===
# of expected passes 5988
# of unsupported tests 148
/var/gcc/regression/gcc-4.7-branch/9-gcc/build/gcc/xgcc version 4.7.2 20120727 (prerelease) [gcc-4_7-branch revision 189906] (GCC)
=== boehm-gc tests ===
Running target unix
=== boehm-gc Summary for unix ===
# of expected passes 12
# of unsupported tests 1
Running target unix/-m64
=== boehm-gc Summary for unix/-m64 ===
# of expected passes 12
# of unsupported tests 1
=== boehm-gc Summary ===
# of expected passes 24
# of unsupported tests 2
=== libffi tests ===
Running target unix
=== libffi Summary for unix ===
# of expected passes 1634
# of expected failures 10
# of unsupported tests 55
Running target unix/-m64
=== libffi Summary for unix/-m64 ===
# of expected passes 1634
# of expected failures 10
# of unsupported tests 55
=== libffi Summary ===
# of expected passes 3268
# of expected failures 20
# of unsupported tests 110
=== libgo tests ===
Running target unix
FAIL: runtime/pprof
=== libgo Summary for unix ===
# of expected passes 123
# of unexpected failures 1
Running target unix/-m64
FAIL: runtime/pprof
=== libgo Summary for unix/-m64 ===
# of expected passes 123
# of unexpected failures 1
=== libgo Summary ===
# of expected passes 246
# of unexpected failures 2
=== libgomp tests ===
Running target unix
=== libgomp Summary for unix ===
# of expected passes 2924
# of unsupported tests 3
Running target unix/-m64
=== libgomp Summary for unix/-m64 ===
# of expected passes 2924
# of unsupported tests 3
=== libgomp Summary ===
# of expected passes 5848
# of unsupported tests 6
=== libitm tests ===
Running target unix
=== libitm Summary for unix ===
# of expected passes 26
# of expected failures 3
# of unsupported tests 1
Running target unix/-m64
=== libitm Summary for unix/-m64 ===
# of expected passes 26
# of expected failures 3
# of unsupported tests 1
=== libitm Summary ===
# of expected passes 52
# of expected failures 6
# of unsupported tests 2
=== libjava tests ===
Running target unix
FAIL: InvokeInterface execution - source compiled test
FAIL: InvokeInterface -O3 execution - source compiled test
=== libjava Summary for unix ===
# of expected passes 2570
# of unexpected failures 2
# of untested testcases 2
Running target unix/-m64
FAIL: InvokeInterface execution - source compiled test
FAIL: InvokeInterface -O3 execution - source compiled test
=== libjava Summary for unix/-m64 ===
# of expected passes 2570
# of unexpected failures 2
# of untested testcases 2
=== libjava Summary ===
# of expected passes 5140
# of unexpected failures 4
# of untested testcases 4
=== libstdc++ tests ===
Running target unix
=== libstdc++ Summary for unix ===
# of expected passes 7332
# of expected failures 45
# of unsupported tests 804
Running target unix/-m64
=== libstdc++ Summary for unix/-m64 ===
# of expected passes 7332
# of expected failures 45
# of unsupported tests 804
=== libstdc++ Summary ===
# of expected passes 14664
# of expected failures 90
# of unsupported tests 1608
Compiler version: 4.7.2 20120727 (prerelease) [gcc-4_7-branch revision 189906] (GCC)
Platform: sparc-sun-solaris2.9
configure flags: --prefix=/vol/gcc --target=sparc-sun-solaris2.9 --enable-objc-gc --with-host-libstdcxx='-L/vol/gcc-4.4/lib -Wl,-Bstatic -lstdc++ -Wl,-Bdynamic -lm' --with-boot-ldflags='-static-libstdc++ -static-libgcc -L/vol/gcc-4.4/lib' --with-gmp-include=/vol/gcc/include --with-gmp-lib=/vol/gcc/lib --with-mpfr-include=/vol/gcc/include --with-mpfr-lib=/vol/gcc/lib --with-mpc-include=/vol/gcc/include --with-mpc-lib=/vol/gcc/lib --enable-languages=all,ada,obj-c++,go --without-ppl --without-isl --without-cloog
BOOT_CFLAGS=-g -O2