This is the mail archive of the
gcc-testresults@gcc.gnu.org
mailing list for the GCC project.
Results for 4.7.1 (GCC) testsuite on x86_64-apple-darwin10.8.0
- From: sean at seanmcgovern dot ca (Sean McGovern)
- To: gcc-testresults at gcc dot gnu dot org
- Date: Sat, 28 Jul 2012 20:04:33 -0400 (EDT)
- Subject: Results for 4.7.1 (GCC) testsuite on x86_64-apple-darwin10.8.0
LAST_UPDATED: Obtained from SVN: tags/gcc_4_7_1_release revision 188597
Native configuration is x86_64-apple-darwin10.8.0
=== g++ tests ===
Running target unix/-m32
WARNING: program timed out.
UNRESOLVED: g++.dg/ext/label13.C -std=gnu++98 compilation failed to produce executable
UNRESOLVED: g++.dg/ext/label13.C -std=gnu++11 compilation failed to produce executable
WARNING: program timed out.
=== g++ Summary for unix/-m32 ===
# of expected passes 47262
# of expected failures 288
# of unresolved testcases 2
# of unsupported tests 380
Running target unix/-m64
WARNING: program timed out.
UNRESOLVED: g++.dg/ext/label13.C -std=gnu++98 compilation failed to produce executable
UNRESOLVED: g++.dg/ext/label13.C -std=gnu++11 compilation failed to produce executable
=== g++ Summary for unix/-m64 ===
# of expected passes 48059
# of expected failures 288
# of unresolved testcases 2
# of unsupported tests 606
=== g++ Summary ===
# of expected passes 95321
# of expected failures 576
# of unresolved testcases 4
# of unsupported tests 986
/BUILD/gcc/obj-4.7.1/gcc/testsuite/g++/../../g++ version 4.7.1 (GCC)
=== gcc tests ===
Running target unix/-m32
FAIL: gcc.dg/tree-prof/pr44777.c execution, -fprofile-generate -D_PROFILE_GENERATE
UNRESOLVED: gcc.dg/tree-prof/pr44777.c compilation, -fprofile-use -D_PROFILE_USE
UNRESOLVED: gcc.dg/tree-prof/pr44777.c execution, -fprofile-use -D_PROFILE_USE
=== gcc Summary for unix/-m32 ===
# of expected passes 82622
# of unexpected failures 1
# of expected failures 258
# of unresolved testcases 2
# of unsupported tests 1930
Running target unix/-m64
FAIL: gcc.dg/matrix/transpose-3.c execution, -fprofile-use -fipa-matrix-reorg -fdump-ipa-matrix-reorg -O3 -fwhole-program -fno-tree-fre
FAIL: gcc.target/i386/pr49866.c (test for excess errors)
=== gcc Summary for unix/-m64 ===
# of expected passes 82857
# of unexpected failures 2
# of expected failures 259
# of unsupported tests 2262
=== gcc Summary ===
# of expected passes 165479
# of unexpected failures 3
# of expected failures 517
# of unresolved testcases 2
# of unsupported tests 4192
/BUILD/gcc/obj-4.7.1/gcc/xgcc version 4.7.1 (GCC)
=== gfortran tests ===
Running target unix/-m32
FAIL: gfortran.dg/init_flag_6.f90 -O3 -g (test for excess errors)
UNRESOLVED: gfortran.dg/init_flag_6.f90 -O3 -g compilation failed to produce executable
=== gfortran Summary for unix/-m32 ===
# of expected passes 40649
# of unexpected failures 1
# of expected failures 56
# of unresolved testcases 1
# of unsupported tests 209
Running target unix/-m64
=== gfortran Summary for unix/-m64 ===
# of expected passes 40938
# of expected failures 56
# of unsupported tests 71
=== gfortran Summary ===
# of expected passes 81587
# of unexpected failures 1
# of expected failures 112
# of unresolved testcases 1
# of unsupported tests 280
/BUILD/gcc/obj-4.7.1/gcc/testsuite/gfortran/../../gfortran version 4.7.1 (GCC)
=== objc tests ===
Running target unix/-m32
=== objc Summary for unix/-m32 ===
# of expected passes 6099
# of expected failures 6
# of unsupported tests 85
Running target unix/-m64
WARNING: program timed out.
=== objc Summary for unix/-m64 ===
# of expected passes 6051
# of expected failures 14
# of unsupported tests 91
=== objc Summary ===
# of expected passes 12150
# of expected failures 20
# of unsupported tests 176
/BUILD/gcc/obj-4.7.1/gcc/xgcc version 4.7.1 (GCC)
=== libgomp tests ===
Running target unix/-m64
=== libgomp Summary for unix/-m64 ===
# of expected passes 2992
# of unsupported tests 3
Running target unix/-m32
=== libgomp Summary for unix/-m32 ===
# of expected passes 2992
# of unsupported tests 3
=== libgomp Summary ===
# of expected passes 5984
# of unsupported tests 6
=== libitm tests ===
Running target unix/-m64
=== libitm Summary for unix/-m64 ===
# of expected passes 26
# of expected failures 3
# of unsupported tests 1
Running target unix/-m32
=== libitm Summary for unix/-m32 ===
# of expected passes 26
# of expected failures 3
# of unsupported tests 1
=== libitm Summary ===
# of expected passes 52
# of expected failures 6
# of unsupported tests 2
=== libstdc++ tests ===
Running target unix/-m32
=== libstdc++ Summary for unix/-m32 ===
# of expected passes 7745
# of expected failures 43
# of unsupported tests 569
Running target unix/-m64
=== libstdc++ Summary for unix/-m64 ===
# of expected passes 7743
# of expected failures 43
# of unsupported tests 570
=== libstdc++ Summary ===
# of expected passes 15488
# of expected failures 86
# of unsupported tests 1139
=== libstdc++ Summary ===
Compiler version: 4.7.1 (GCC)
Platform: x86_64-apple-darwin10.8.0
configure flags: --prefix=/opt/gnu/gcc --target=x86_64-apple-darwin10.8.0 --host=x86_64-apple-darwin10.8.0 --build=x86_64-apple-darwin10.8.0 --with-tune=core2 --with-gmp=/opt/gnu --with-mpfr=/opt/gnu --with-mpc=/opt/gnu --with-ppl=/opt/gnu --with-cloog=/opt/gnu --enable-cloog-backend=isl --enable-languages=c,c++,objc,fortran,lto --program-suffix=-4.7
BOOT_CFLAGS=-g -O2