This is the mail archive of the
gcc-testresults@gcc.gnu.org
mailing list for the GCC project.
Results for 4.8.0 20120619 (experimental) [trunk revision 188785] (GCC) testsuite on hppa-unknown-linux-gnu
- From: Dave Anglin <dave dot anglin at bell dot net>
- To: dave at mx3210 dot localdomain, gcc-testresults at gcc dot gnu dot org
- Date: Wed, 25 Jul 2012 21:08:26 -0400
- Subject: Results for 4.8.0 20120619 (experimental) [trunk revision 188785] (GCC) testsuite on hppa-unknown-linux-gnu
LAST_UPDATED: Wed Jul 25 00:07:22 UTC 2012 (revision 188785)
=== acats tests ===
=== acats Summary ===
# of expected passes 2320
# of unexpected failures 0
Native configuration is hppa-unknown-linux-gnu
=== gcc tests ===
Running target unix
XPASS: gcc.dg/Wstrict-overflow-18.c (test for bogus messages, line 20)
FAIL: gcc.dg/attr-weakref-1.c (test for excess errors)
UNRESOLVED: gcc.dg/attr-weakref-1.c compilation failed to produce executable
FAIL: gcc.dg/lower-subreg-1.c scan-rtl-dump subreg1 "Splitting reg"
FAIL: gcc.dg/plugin/selfassign.c compilation
FAIL: gcc.dg/plugin/ggcplug.c compilation
FAIL: gcc.dg/plugin/one_time_plugin.c compilation
FAIL: gcc.dg/plugin/start_unit_plugin.c compilation
FAIL: gcc.dg/plugin/finish_unit_plugin.c compilation
FAIL: gcc.dg/simulate-thread/atomic-other-int.c -O3 -g thread simulation test
FAIL: gcc.dg/simulate-thread/atomic-other-short.c -O3 -g thread simulation test
FAIL: gcc.dg/simulate-thread/subfields.c -O2 -g thread simulation test
FAIL: gcc.dg/simulate-thread/subfields.c -O3 -g thread simulation test
FAIL: gcc.dg/torture/pr51106-2.c -O0 (internal compiler error)
FAIL: gcc.dg/torture/pr51106-2.c -O0 (test for excess errors)
FAIL: gcc.dg/torture/pr51106-2.c -O1 (internal compiler error)
FAIL: gcc.dg/torture/pr51106-2.c -O1 (test for excess errors)
FAIL: gcc.dg/torture/pr51106-2.c -O2 (internal compiler error)
FAIL: gcc.dg/torture/pr51106-2.c -O2 (test for excess errors)
FAIL: gcc.dg/torture/pr51106-2.c -O3 -fomit-frame-pointer (internal compiler error)
FAIL: gcc.dg/torture/pr51106-2.c -O3 -fomit-frame-pointer (test for excess errors)
FAIL: gcc.dg/torture/pr51106-2.c -O3 -g (internal compiler error)
FAIL: gcc.dg/torture/pr51106-2.c -O3 -g (test for excess errors)
FAIL: gcc.dg/torture/pr51106-2.c -Os (internal compiler error)
FAIL: gcc.dg/torture/pr51106-2.c -Os (test for excess errors)
FAIL: gcc.dg/torture/pr51106-2.c -O2 -flto -fno-use-linker-plugin -flto-partition=none (internal compiler error)
FAIL: gcc.dg/torture/pr51106-2.c -O2 -flto -fno-use-linker-plugin -flto-partition=none (test for excess errors)
XPASS: gcc.dg/tree-ssa/loop-1.c scan-assembler-times foo 5
FAIL: gcc.dg/tree-ssa/vector-4.c scan-tree-dump-times gimple "VEC_PERM_EXPR <a, b, { 0, 4, 1, 5 }>;" 1
=== gcc Summary ===
# of expected passes 73774
# of unexpected failures 26
# of unexpected successes 2
# of expected failures 112
# of unresolved testcases 1
# of unsupported tests 1233
/home/dave/gnu/gcc/objdir/gcc/xgcc version 4.8.0 20120619 (experimental) [trunk revision 188785] (GCC)
=== gfortran tests ===
Running target unix
FAIL: gfortran.dg/pr45636.f90 -O scan-tree-dump-times forwprop2 "memset" 0
FAIL: gfortran.dg/lto/pr45586-2 f_lto_pr45586-2_0.o-f_lto_pr45586-2_0.o link, -O0 -flto -flto-partition=none -fuse-linker-plugin (internal compiler error)
UNRESOLVED: gfortran.dg/lto/pr45586-2 f_lto_pr45586-2_0.o-f_lto_pr45586-2_0.o execute -O0 -flto -flto-partition=none -fuse-linker-plugin
FAIL: gfortran.dg/lto/pr45586-2 f_lto_pr45586-2_0.o-f_lto_pr45586-2_0.o link, -O0 -flto -flto-partition=1to1 -fno-use-linker-plugin (internal compiler error)
UNRESOLVED: gfortran.dg/lto/pr45586-2 f_lto_pr45586-2_0.o-f_lto_pr45586-2_0.o execute -O0 -flto -flto-partition=1to1 -fno-use-linker-plugin
FAIL: gfortran.dg/lto/pr45586-2 f_lto_pr45586-2_0.o-f_lto_pr45586-2_0.o link, -O0 -flto -fuse-linker-plugin -fno-fat-lto-objects (internal compiler error)
UNRESOLVED: gfortran.dg/lto/pr45586-2 f_lto_pr45586-2_0.o-f_lto_pr45586-2_0.o execute -O0 -flto -fuse-linker-plugin -fno-fat-lto-objects
FAIL: gfortran.dg/lto/pr45586 f_lto_pr45586_0.o-f_lto_pr45586_0.o link, -O0 -flto -flto-partition=none -fuse-linker-plugin (internal compiler error)
UNRESOLVED: gfortran.dg/lto/pr45586 f_lto_pr45586_0.o-f_lto_pr45586_0.o execute -O0 -flto -flto-partition=none -fuse-linker-plugin
FAIL: gfortran.dg/lto/pr45586 f_lto_pr45586_0.o-f_lto_pr45586_0.o link, -O0 -flto -flto-partition=1to1 -fno-use-linker-plugin (internal compiler error)
UNRESOLVED: gfortran.dg/lto/pr45586 f_lto_pr45586_0.o-f_lto_pr45586_0.o execute -O0 -flto -flto-partition=1to1 -fno-use-linker-plugin
FAIL: gfortran.dg/lto/pr45586 f_lto_pr45586_0.o-f_lto_pr45586_0.o link, -O0 -flto -fuse-linker-plugin -fno-fat-lto-objects (internal compiler error)
UNRESOLVED: gfortran.dg/lto/pr45586 f_lto_pr45586_0.o-f_lto_pr45586_0.o execute -O0 -flto -fuse-linker-plugin -fno-fat-lto-objects
=== gfortran Summary ===
# of expected passes 40437
# of unexpected failures 7
# of expected failures 56
# of unresolved testcases 6
# of unsupported tests 386
/home/dave/gnu/gcc/objdir/gcc/testsuite/gfortran/../../gfortran version 4.8.0 20120619 (experimental) [trunk revision 188785] (GCC)
=== g++ tests ===
Running target unix
FAIL: g++.dg/debug/dwarf2/nested-3.C -std=gnu++98 scan-assembler [^\\n\\r]*\\\\(DIE \\\\(0x([0-9a-f]+)\\\\) DW_TAG_namespace\\\\)[\\n\\r]+[^\\n\\r]*"thread[^\\n\\r]+[\\n\\r]+([^\\n\\r]*[\\n\\r]+)+[^\\n\\r]*\\\\(DIE \\\\(0x([0-9a-f]+)\\\\) DW_TAG_class_type\\\\)([\\n\\r]+[^\\n\\r]*)+"Executor[^\\n\\r]+[\\n\\r]+[^\\n\\r]*DW_AT_declaration[\\n\\r]+[^\\n\\r]*DW_AT_signature[^#/!|]*[#/!|] [^\\n\\r]*\\\\(DIE[^\\n\\r]*DW_TAG_subprogram\\\\)[\\n\\r]+([^\\n\\r]*[\\n\\r]+)+[^\\n\\r]*"CurrentExecutor[^\\n\\r]+[\\n\\r]+([^\\n\\r]*[\\n\\r]+)+([^\\n\\r]*[\\n\\r]+)+[^\\n\\r]*end of children of DIE 0x\\\\3[\\n\\r]+[^\\n\\r]*end of children of DIE 0x\\\\1[\\n\\r]+
FAIL: g++.dg/debug/dwarf2/nested-3.C -std=gnu++11 scan-assembler [^\\n\\r]*\\\\(DIE \\\\(0x([0-9a-f]+)\\\\) DW_TAG_namespace\\\\)[\\n\\r]+[^\\n\\r]*"thread[^\\n\\r]+[\\n\\r]+([^\\n\\r]*[\\n\\r]+)+[^\\n\\r]*\\\\(DIE \\\\(0x([0-9a-f]+)\\\\) DW_TAG_class_type\\\\)([\\n\\r]+[^\\n\\r]*)+"Executor[^\\n\\r]+[\\n\\r]+[^\\n\\r]*DW_AT_declaration[\\n\\r]+[^\\n\\r]*DW_AT_signature[^#/!|]*[#/!|] [^\\n\\r]*\\\\(DIE[^\\n\\r]*DW_TAG_subprogram\\\\)[\\n\\r]+([^\\n\\r]*[\\n\\r]+)+[^\\n\\r]*"CurrentExecutor[^\\n\\r]+[\\n\\r]+([^\\n\\r]*[\\n\\r]+)+([^\\n\\r]*[\\n\\r]+)+[^\\n\\r]*end of children of DIE 0x\\\\3[\\n\\r]+[^\\n\\r]*end of children of DIE 0x\\\\1[\\n\\r]+
FAIL: g++.dg/plugin/attribute_plugin.c compilation
FAIL: g++.dg/plugin/pragma_plugin.c compilation
FAIL: g++.dg/plugin/selfassign.c compilation
FAIL: g++.dg/plugin/dumb_plugin.c compilation
FAIL: g++.dg/plugin/header_plugin.c compilation
FAIL: g++.dg/plugin/decl_plugin.c compilation
FAIL: g++.dg/simulate-thread/bitfields-2.C -O2 -g -std=c++98 thread simulation test
FAIL: g++.dg/simulate-thread/bitfields-2.C -O3 -g -std=c++11 thread simulation test
FAIL: g++.dg/simulate-thread/bitfields-2.C -Os -g thread simulation test
FAIL: g++.dg/simulate-thread/bitfields.C -O2 -g -std=c++98 thread simulation test
FAIL: g++.dg/simulate-thread/bitfields.C -O3 -g -std=c++11 thread simulation test
FAIL: g++.dg/simulate-thread/bitfields.C -Os -g thread simulation test
FAIL: c-c++-common/simulate-thread/bitfields-2.c -Os -g thread simulation test
=== g++ Summary ===
# of expected passes 47062
# of unexpected failures 15
# of expected failures 284
# of unsupported tests 723
/home/dave/gnu/gcc/objdir/gcc/testsuite/g++/../../g++ version 4.8.0 20120619 (experimental) [trunk revision 188785] (GCC)
=== gnat tests ===
Running target unix
FAIL: gnat.dg/array11.adb (test for warnings, line 12)
FAIL: gnat.dg/object_overflow.adb (test for warnings, line 8)
=== gnat Summary ===
# of expected passes 1101
# of unexpected failures 2
# of expected failures 17
# of unsupported tests 9
/home/dave/gnu/gcc/objdir/gcc/gnatmake version 4.8.0 20120619 (experimental) [trunk revision 188785]
=== obj-c++ tests ===
Running target unix
=== obj-c++ Summary ===
# of expected passes 1450
# of expected failures 2
# of unsupported tests 86
/home/dave/gnu/gcc/objdir/gcc/testsuite/obj-c++/../../g++ version 4.8.0 20120619 (experimental) [trunk revision 188785] (GCC)
=== objc tests ===
Running target unix
=== objc Summary ===
# of expected passes 2994
# of unsupported tests 74
/home/dave/gnu/gcc/objdir/gcc/xgcc version 4.8.0 20120619 (experimental) [trunk revision 188785] (GCC)
=== libstdc++ tests ===
Running target unix
FAIL: 22_locale/time_get/get_date/wchar_t/4.cc execution test
Compiler version: 4.8.0 20120619 (experimental) [trunk revision 188785] (GCC)
Platform: hppa-unknown-linux-gnu
configure flags: --with-gnu-as --with-gnu-ld --enable-shared --enable-multiarch --with-multiarch-defaults=hppa-linux-gnu --enable-linker-build-id --build=hppa-linux-gnu --host=hppa-linux-gnu --target=hppa-linux-gnu --prefix=/home/dave/opt/gnu/gcc/gcc-4.7.0 --with-local-prefix=/home/dave/opt/gnu --enable-threads=posix --enable-__cxa_atexit --build=hppa-linux-gnu --enable-clocale=gnu --enable-java-gc=boehm --enable-languages=c,c++,objc,fortran,obj-c++,java,ada,lto