This is the mail archive of the gcc-testresults@gcc.gnu.org mailing list for the GCC project.


Index Nav: [Date Index] [Subject Index] [Author Index] [Thread Index]
Message Nav: [Date Prev] [Date Next] [Thread Prev] [Thread Next]
Other format: [Raw text]

Results for 4.8.0 20120623 (experimental) [trunk revision 188906] (GCC) testsuite on x86_64-apple-darwin10.8.0


LAST_UPDATED: Sat Jun 23 01:18:50 UTC 2012 (revision 188906)

Native configuration is x86_64-apple-darwin10.8.0

		=== g++ tests ===


Running target unix/-m32
FAIL: g++.dg/debug/dwarf2/static-data-member2.C -std=gnu++98   scan-assembler-not DW_TAG_enumerator
FAIL: g++.dg/debug/dwarf2/static-data-member2.C -std=gnu++98    scan-assembler-not DW_TAG_enumeration_type
FAIL: g++.dg/debug/dwarf2/static-data-member2.C -std=gnu++11   scan-assembler-not DW_TAG_enumerator
FAIL: g++.dg/debug/dwarf2/static-data-member2.C -std=gnu++11    scan-assembler-not DW_TAG_enumeration_type
UNRESOLVED: g++.dg/ext/label13.C -std=gnu++98 compilation failed to produce executable
UNRESOLVED: g++.dg/ext/label13.C -std=gnu++11 compilation failed to produce executable
FAIL: g++.dg/other/darwin-cfstring1.C -std=gnu++98 (internal compiler error)
FAIL: g++.dg/other/darwin-cfstring1.C -std=gnu++98  (test for errors, line 21)
FAIL: g++.dg/other/darwin-cfstring1.C -std=gnu++98  (test for errors, line 22)
FAIL: g++.dg/other/darwin-cfstring1.C -std=gnu++98 (test for excess errors)
FAIL: g++.dg/other/darwin-cfstring1.C -std=gnu++11 (internal compiler error)
FAIL: g++.dg/other/darwin-cfstring1.C -std=gnu++11  (test for errors, line 21)
FAIL: g++.dg/other/darwin-cfstring1.C -std=gnu++11  (test for errors, line 22)
FAIL: g++.dg/other/darwin-cfstring1.C -std=gnu++11 (test for excess errors)
FAIL: g++.dg/torture/darwin-cfstring-3.C  -O0  (internal compiler error)
FAIL: g++.dg/torture/darwin-cfstring-3.C  -O0  (test for excess errors)
UNRESOLVED: g++.dg/torture/darwin-cfstring-3.C  -O0   scan-assembler \\\\.long[ \\\\t]+___CFConstantStringClassReference\\n[ \\\\t]*\\\\.long[ \\\\t]+1992\\n[ \\\\t]*\\\\.long[ \\\\t]+LC.*\\n[ \\\\t]*\\\\.long[ \\\\t]+4\\n
UNRESOLVED: g++.dg/torture/darwin-cfstring-3.C  -O0    scan-assembler \\\\.long[ \\\\t]+___CFConstantStringClassReference\\n[ \\\\t]*\\\\.long[ \\\\t]+1992\\n[ \\\\t]*\\\\.long[ \\\\t]+LC.*\\n[ \\\\t]*\\\\.long[ \\\\t]+10\\n
FAIL: g++.dg/torture/darwin-cfstring-3.C  -O1  (internal compiler error)
FAIL: g++.dg/torture/darwin-cfstring-3.C  -O1  (test for excess errors)
UNRESOLVED: g++.dg/torture/darwin-cfstring-3.C  -O1   scan-assembler \\\\.long[ \\\\t]+___CFConstantStringClassReference\\n[ \\\\t]*\\\\.long[ \\\\t]+1992\\n[ \\\\t]*\\\\.long[ \\\\t]+LC.*\\n[ \\\\t]*\\\\.long[ \\\\t]+4\\n
UNRESOLVED: g++.dg/torture/darwin-cfstring-3.C  -O1    scan-assembler \\\\.long[ \\\\t]+___CFConstantStringClassReference\\n[ \\\\t]*\\\\.long[ \\\\t]+1992\\n[ \\\\t]*\\\\.long[ \\\\t]+LC.*\\n[ \\\\t]*\\\\.long[ \\\\t]+10\\n
FAIL: g++.dg/torture/darwin-cfstring-3.C  -O2  (internal compiler error)
FAIL: g++.dg/torture/darwin-cfstring-3.C  -O2  (test for excess errors)
UNRESOLVED: g++.dg/torture/darwin-cfstring-3.C  -O2   scan-assembler \\\\.long[ \\\\t]+___CFConstantStringClassReference\\n[ \\\\t]*\\\\.long[ \\\\t]+1992\\n[ \\\\t]*\\\\.long[ \\\\t]+LC.*\\n[ \\\\t]*\\\\.long[ \\\\t]+4\\n
UNRESOLVED: g++.dg/torture/darwin-cfstring-3.C  -O2    scan-assembler \\\\.long[ \\\\t]+___CFConstantStringClassReference\\n[ \\\\t]*\\\\.long[ \\\\t]+1992\\n[ \\\\t]*\\\\.long[ \\\\t]+LC.*\\n[ \\\\t]*\\\\.long[ \\\\t]+10\\n
FAIL: g++.dg/torture/darwin-cfstring-3.C  -O3 -fomit-frame-pointer  (internal compiler error)
FAIL: g++.dg/torture/darwin-cfstring-3.C  -O3 -fomit-frame-pointer  (test for excess errors)
UNRESOLVED: g++.dg/torture/darwin-cfstring-3.C  -O3 -fomit-frame-pointer   scan-assembler \\\\.long[ \\\\t]+___CFConstantStringClassReference\\n[ \\\\t]*\\\\.long[ \\\\t]+1992\\n[ \\\\t]*\\\\.long[ \\\\t]+LC.*\\n[ \\\\t]*\\\\.long[ \\\\t]+4\\n
UNRESOLVED: g++.dg/torture/darwin-cfstring-3.C  -O3 -fomit-frame-pointer    scan-assembler \\\\.long[ \\\\t]+___CFConstantStringClassReference\\n[ \\\\t]*\\\\.long[ \\\\t]+1992\\n[ \\\\t]*\\\\.long[ \\\\t]+LC.*\\n[ \\\\t]*\\\\.long[ \\\\t]+10\\n
FAIL: g++.dg/torture/darwin-cfstring-3.C  -O3 -g  (internal compiler error)
FAIL: g++.dg/torture/darwin-cfstring-3.C  -O3 -g  (test for excess errors)
UNRESOLVED: g++.dg/torture/darwin-cfstring-3.C  -O3 -g   scan-assembler \\\\.long[ \\\\t]+___CFConstantStringClassReference\\n[ \\\\t]*\\\\.long[ \\\\t]+1992\\n[ \\\\t]*\\\\.long[ \\\\t]+LC.*\\n[ \\\\t]*\\\\.long[ \\\\t]+4\\n
UNRESOLVED: g++.dg/torture/darwin-cfstring-3.C  -O3 -g    scan-assembler \\\\.long[ \\\\t]+___CFConstantStringClassReference\\n[ \\\\t]*\\\\.long[ \\\\t]+1992\\n[ \\\\t]*\\\\.long[ \\\\t]+LC.*\\n[ \\\\t]*\\\\.long[ \\\\t]+10\\n
FAIL: g++.dg/torture/darwin-cfstring-3.C  -Os  (internal compiler error)
FAIL: g++.dg/torture/darwin-cfstring-3.C  -Os  (test for excess errors)
UNRESOLVED: g++.dg/torture/darwin-cfstring-3.C  -Os   scan-assembler \\\\.long[ \\\\t]+___CFConstantStringClassReference\\n[ \\\\t]*\\\\.long[ \\\\t]+1992\\n[ \\\\t]*\\\\.long[ \\\\t]+LC.*\\n[ \\\\t]*\\\\.long[ \\\\t]+4\\n
UNRESOLVED: g++.dg/torture/darwin-cfstring-3.C  -Os    scan-assembler \\\\.long[ \\\\t]+___CFConstantStringClassReference\\n[ \\\\t]*\\\\.long[ \\\\t]+1992\\n[ \\\\t]*\\\\.long[ \\\\t]+LC.*\\n[ \\\\t]*\\\\.long[ \\\\t]+10\\n
FAIL: g++.dg/torture/darwin-cfstring-3.C  -O2 -flto -flto-partition=none  (internal compiler error)
FAIL: g++.dg/torture/darwin-cfstring-3.C  -O2 -flto -flto-partition=none  (test for excess errors)
UNRESOLVED: g++.dg/torture/darwin-cfstring-3.C  -O2 -flto -flto-partition=none   scan-assembler \\\\.long[ \\\\t]+___CFConstantStringClassReference\\n[ \\\\t]*\\\\.long[ \\\\t]+1992\\n[ \\\\t]*\\\\.long[ \\\\t]+LC.*\\n[ \\\\t]*\\\\.long[ \\\\t]+4\\n
UNRESOLVED: g++.dg/torture/darwin-cfstring-3.C  -O2 -flto -flto-partition=none    scan-assembler \\\\.long[ \\\\t]+___CFConstantStringClassReference\\n[ \\\\t]*\\\\.long[ \\\\t]+1992\\n[ \\\\t]*\\\\.long[ \\\\t]+LC.*\\n[ \\\\t]*\\\\.long[ \\\\t]+10\\n
FAIL: g++.dg/torture/darwin-cfstring-3.C  -O2 -flto  (internal compiler error)
FAIL: g++.dg/torture/darwin-cfstring-3.C  -O2 -flto  (test for excess errors)
UNRESOLVED: g++.dg/torture/darwin-cfstring-3.C  -O2 -flto   scan-assembler \\\\.long[ \\\\t]+___CFConstantStringClassReference\\n[ \\\\t]*\\\\.long[ \\\\t]+1992\\n[ \\\\t]*\\\\.long[ \\\\t]+LC.*\\n[ \\\\t]*\\\\.long[ \\\\t]+4\\n
UNRESOLVED: g++.dg/torture/darwin-cfstring-3.C  -O2 -flto    scan-assembler \\\\.long[ \\\\t]+___CFConstantStringClassReference\\n[ \\\\t]*\\\\.long[ \\\\t]+1992\\n[ \\\\t]*\\\\.long[ \\\\t]+LC.*\\n[ \\\\t]*\\\\.long[ \\\\t]+10\\n

		=== g++ Summary for unix/-m32 ===

# of expected passes		47825
# of unexpected failures	28
# of expected failures		286
# of unresolved testcases	18
# of unsupported tests		400

Running target unix/-m64
FAIL: g++.dg/debug/dwarf2/static-data-member2.C -std=gnu++98   scan-assembler-not DW_TAG_enumerator
FAIL: g++.dg/debug/dwarf2/static-data-member2.C -std=gnu++98    scan-assembler-not DW_TAG_enumeration_type
FAIL: g++.dg/debug/dwarf2/static-data-member2.C -std=gnu++11   scan-assembler-not DW_TAG_enumerator
FAIL: g++.dg/debug/dwarf2/static-data-member2.C -std=gnu++11    scan-assembler-not DW_TAG_enumeration_type
UNRESOLVED: g++.dg/ext/label13.C -std=gnu++98 compilation failed to produce executable
UNRESOLVED: g++.dg/ext/label13.C -std=gnu++11 compilation failed to produce executable
FAIL: g++.dg/other/darwin-cfstring1.C -std=gnu++98 (internal compiler error)
FAIL: g++.dg/other/darwin-cfstring1.C -std=gnu++98  (test for errors, line 21)
FAIL: g++.dg/other/darwin-cfstring1.C -std=gnu++98  (test for errors, line 22)
FAIL: g++.dg/other/darwin-cfstring1.C -std=gnu++98 (test for excess errors)
FAIL: g++.dg/other/darwin-cfstring1.C -std=gnu++11 (internal compiler error)
FAIL: g++.dg/other/darwin-cfstring1.C -std=gnu++11  (test for errors, line 21)
FAIL: g++.dg/other/darwin-cfstring1.C -std=gnu++11  (test for errors, line 22)
FAIL: g++.dg/other/darwin-cfstring1.C -std=gnu++11 (test for excess errors)
FAIL: g++.dg/torture/darwin-cfstring-3.C  -O0  (internal compiler error)
FAIL: g++.dg/torture/darwin-cfstring-3.C  -O0  (test for excess errors)
UNRESOLVED: g++.dg/torture/darwin-cfstring-3.C  -O0     scan-assembler .quad\\t___CFConstantStringClassReference\\n\\t.long\\t1992\\n\\t.space 4\\n\\t.quad\\t.*\\n\\t.quad\\t4\\n
UNRESOLVED: g++.dg/torture/darwin-cfstring-3.C  -O0      scan-assembler .quad\\t___CFConstantStringClassReference\\n\\t.long\\t1992\\n\\t.space 4\\n\\t.quad\\t.*\\n\\t.quad\\t10\\n
FAIL: g++.dg/torture/darwin-cfstring-3.C  -O1  (internal compiler error)
FAIL: g++.dg/torture/darwin-cfstring-3.C  -O1  (test for excess errors)
UNRESOLVED: g++.dg/torture/darwin-cfstring-3.C  -O1     scan-assembler .quad\\t___CFConstantStringClassReference\\n\\t.long\\t1992\\n\\t.space 4\\n\\t.quad\\t.*\\n\\t.quad\\t4\\n
UNRESOLVED: g++.dg/torture/darwin-cfstring-3.C  -O1      scan-assembler .quad\\t___CFConstantStringClassReference\\n\\t.long\\t1992\\n\\t.space 4\\n\\t.quad\\t.*\\n\\t.quad\\t10\\n
FAIL: g++.dg/torture/darwin-cfstring-3.C  -O2  (internal compiler error)
FAIL: g++.dg/torture/darwin-cfstring-3.C  -O2  (test for excess errors)
UNRESOLVED: g++.dg/torture/darwin-cfstring-3.C  -O2     scan-assembler .quad\\t___CFConstantStringClassReference\\n\\t.long\\t1992\\n\\t.space 4\\n\\t.quad\\t.*\\n\\t.quad\\t4\\n
UNRESOLVED: g++.dg/torture/darwin-cfstring-3.C  -O2      scan-assembler .quad\\t___CFConstantStringClassReference\\n\\t.long\\t1992\\n\\t.space 4\\n\\t.quad\\t.*\\n\\t.quad\\t10\\n
FAIL: g++.dg/torture/darwin-cfstring-3.C  -O3 -fomit-frame-pointer  (internal compiler error)
FAIL: g++.dg/torture/darwin-cfstring-3.C  -O3 -fomit-frame-pointer  (test for excess errors)
UNRESOLVED: g++.dg/torture/darwin-cfstring-3.C  -O3 -fomit-frame-pointer     scan-assembler .quad\\t___CFConstantStringClassReference\\n\\t.long\\t1992\\n\\t.space 4\\n\\t.quad\\t.*\\n\\t.quad\\t4\\n
UNRESOLVED: g++.dg/torture/darwin-cfstring-3.C  -O3 -fomit-frame-pointer      scan-assembler .quad\\t___CFConstantStringClassReference\\n\\t.long\\t1992\\n\\t.space 4\\n\\t.quad\\t.*\\n\\t.quad\\t10\\n
FAIL: g++.dg/torture/darwin-cfstring-3.C  -O3 -g  (internal compiler error)
FAIL: g++.dg/torture/darwin-cfstring-3.C  -O3 -g  (test for excess errors)
UNRESOLVED: g++.dg/torture/darwin-cfstring-3.C  -O3 -g     scan-assembler .quad\\t___CFConstantStringClassReference\\n\\t.long\\t1992\\n\\t.space 4\\n\\t.quad\\t.*\\n\\t.quad\\t4\\n
UNRESOLVED: g++.dg/torture/darwin-cfstring-3.C  -O3 -g      scan-assembler .quad\\t___CFConstantStringClassReference\\n\\t.long\\t1992\\n\\t.space 4\\n\\t.quad\\t.*\\n\\t.quad\\t10\\n
FAIL: g++.dg/torture/darwin-cfstring-3.C  -Os  (internal compiler error)
FAIL: g++.dg/torture/darwin-cfstring-3.C  -Os  (test for excess errors)
UNRESOLVED: g++.dg/torture/darwin-cfstring-3.C  -Os     scan-assembler .quad\\t___CFConstantStringClassReference\\n\\t.long\\t1992\\n\\t.space 4\\n\\t.quad\\t.*\\n\\t.quad\\t4\\n
UNRESOLVED: g++.dg/torture/darwin-cfstring-3.C  -Os      scan-assembler .quad\\t___CFConstantStringClassReference\\n\\t.long\\t1992\\n\\t.space 4\\n\\t.quad\\t.*\\n\\t.quad\\t10\\n
FAIL: g++.dg/torture/darwin-cfstring-3.C  -O2 -flto -flto-partition=none  (internal compiler error)
FAIL: g++.dg/torture/darwin-cfstring-3.C  -O2 -flto -flto-partition=none  (test for excess errors)
UNRESOLVED: g++.dg/torture/darwin-cfstring-3.C  -O2 -flto -flto-partition=none     scan-assembler .quad\\t___CFConstantStringClassReference\\n\\t.long\\t1992\\n\\t.space 4\\n\\t.quad\\t.*\\n\\t.quad\\t4\\n
UNRESOLVED: g++.dg/torture/darwin-cfstring-3.C  -O2 -flto -flto-partition=none      scan-assembler .quad\\t___CFConstantStringClassReference\\n\\t.long\\t1992\\n\\t.space 4\\n\\t.quad\\t.*\\n\\t.quad\\t10\\n
FAIL: g++.dg/torture/darwin-cfstring-3.C  -O2 -flto  (internal compiler error)
FAIL: g++.dg/torture/darwin-cfstring-3.C  -O2 -flto  (test for excess errors)
UNRESOLVED: g++.dg/torture/darwin-cfstring-3.C  -O2 -flto     scan-assembler .quad\\t___CFConstantStringClassReference\\n\\t.long\\t1992\\n\\t.space 4\\n\\t.quad\\t.*\\n\\t.quad\\t4\\n
UNRESOLVED: g++.dg/torture/darwin-cfstring-3.C  -O2 -flto      scan-assembler .quad\\t___CFConstantStringClassReference\\n\\t.long\\t1992\\n\\t.space 4\\n\\t.quad\\t.*\\n\\t.quad\\t10\\n

		=== g++ Summary for unix/-m64 ===

# of expected passes		48622
# of unexpected failures	28
# of expected failures		286
# of unresolved testcases	18
# of unsupported tests		626

		=== g++ Summary ===

# of expected passes		96447
# of unexpected failures	56
# of expected failures		572
# of unresolved testcases	36
# of unsupported tests		1026
/BUILD/gcc/obj-188906/gcc/testsuite/g++/../../g++  version 4.8.0 20120623 (experimental) [trunk revision 188906] (GCC) 

		=== gcc tests ===


Running target unix/-m32
XPASS: gcc.dg/Wstrict-overflow-18.c  (test for bogus messages, line 20)
FAIL: gcc.dg/darwin-cfstring-1.c  (test for errors, line 24)
FAIL: gcc.dg/darwin-cfstring-1.c  (test for errors, line 25)
FAIL: gcc.dg/darwin-cfstring-1.c (test for excess errors)
FAIL: gcc.dg/darwin-cfstring-2.c built-in function .* requires .* flag (test for errors, line 11)
FAIL: gcc.dg/darwin-cfstring-2.c (test for excess errors)
FAIL: gcc.dg/pubtypes-2.c scan-assembler long+[ \\t]+0x6a+[ \\t]+[#;]+[ \\t]+Length of Public Type Names Info
FAIL: gcc.dg/pubtypes-3.c scan-assembler long+[ \\t]+0x6a+[ \\t]+[#;]+[ \\t]+Length of Public Type Names Info
FAIL: gcc.dg/pubtypes-4.c scan-assembler long+[ \\t]+0xa1+[ \\t]+[#;]+[ \\t]+Length of Public Type Names Info
FAIL: gcc.dg/lto/pr52634 c_lto_pr52634_1.o assemble, -O0 -flto -flto-partition=none 
UNRESOLVED: gcc.dg/lto/pr52634 c_lto_pr52634_0.o-c_lto_pr52634_1.o link -O0 -flto -flto-partition=none 
UNRESOLVED: gcc.dg/lto/pr52634 c_lto_pr52634_0.o-c_lto_pr52634_1.o execute -O0 -flto -flto-partition=none 
FAIL: gcc.dg/lto/pr52634 c_lto_pr52634_1.o assemble, -O2 -flto -flto-partition=none 
UNRESOLVED: gcc.dg/lto/pr52634 c_lto_pr52634_0.o-c_lto_pr52634_1.o link -O2 -flto -flto-partition=none 
UNRESOLVED: gcc.dg/lto/pr52634 c_lto_pr52634_0.o-c_lto_pr52634_1.o execute -O2 -flto -flto-partition=none 
FAIL: gcc.dg/lto/pr52634 c_lto_pr52634_1.o assemble, -O0 -flto -flto-partition=1to1 
UNRESOLVED: gcc.dg/lto/pr52634 c_lto_pr52634_0.o-c_lto_pr52634_1.o link -O0 -flto -flto-partition=1to1 
UNRESOLVED: gcc.dg/lto/pr52634 c_lto_pr52634_0.o-c_lto_pr52634_1.o execute -O0 -flto -flto-partition=1to1 
FAIL: gcc.dg/lto/pr52634 c_lto_pr52634_1.o assemble, -O2 -flto -flto-partition=1to1 
UNRESOLVED: gcc.dg/lto/pr52634 c_lto_pr52634_0.o-c_lto_pr52634_1.o link -O2 -flto -flto-partition=1to1 
UNRESOLVED: gcc.dg/lto/pr52634 c_lto_pr52634_0.o-c_lto_pr52634_1.o execute -O2 -flto -flto-partition=1to1 
FAIL: gcc.dg/lto/pr52634 c_lto_pr52634_1.o assemble, -O0 -flto 
UNRESOLVED: gcc.dg/lto/pr52634 c_lto_pr52634_0.o-c_lto_pr52634_1.o link -O0 -flto 
UNRESOLVED: gcc.dg/lto/pr52634 c_lto_pr52634_0.o-c_lto_pr52634_1.o execute -O0 -flto 
FAIL: gcc.dg/lto/pr52634 c_lto_pr52634_1.o assemble, -O2 -flto
UNRESOLVED: gcc.dg/lto/pr52634 c_lto_pr52634_0.o-c_lto_pr52634_1.o link -O2 -flto
UNRESOLVED: gcc.dg/lto/pr52634 c_lto_pr52634_0.o-c_lto_pr52634_1.o execute -O2 -flto
FAIL: gcc.dg/torture/darwin-cfstring-3.c  -O0  (test for excess errors)
UNRESOLVED: gcc.dg/torture/darwin-cfstring-3.c  -O0   scan-assembler \\\\.long[ \\\\t]+___CFConstantStringClassReference\\n[ \\\\t]*\\\\.long[ \\\\t]+1992\\n[ \\\\t]*\\\\.long[ \\\\t]+LC.*\\n[ \\\\t]*\\\\.long[ \\\\t]+4\\n
UNRESOLVED: gcc.dg/torture/darwin-cfstring-3.c  -O0    scan-assembler \\\\.long[ \\\\t]+___CFConstantStringClassReference\\n[ \\\\t]*\\\\.long[ \\\\t]+1992\\n[ \\\\t]*\\\\.long[ \\\\t]+LC.*\\n[ \\\\t]*\\\\.long[ \\\\t]+10\\n
FAIL: gcc.dg/torture/darwin-cfstring-3.c  -O1  (test for excess errors)
UNRESOLVED: gcc.dg/torture/darwin-cfstring-3.c  -O1   scan-assembler \\\\.long[ \\\\t]+___CFConstantStringClassReference\\n[ \\\\t]*\\\\.long[ \\\\t]+1992\\n[ \\\\t]*\\\\.long[ \\\\t]+LC.*\\n[ \\\\t]*\\\\.long[ \\\\t]+4\\n
UNRESOLVED: gcc.dg/torture/darwin-cfstring-3.c  -O1    scan-assembler \\\\.long[ \\\\t]+___CFConstantStringClassReference\\n[ \\\\t]*\\\\.long[ \\\\t]+1992\\n[ \\\\t]*\\\\.long[ \\\\t]+LC.*\\n[ \\\\t]*\\\\.long[ \\\\t]+10\\n
FAIL: gcc.dg/torture/darwin-cfstring-3.c  -O2  (test for excess errors)
UNRESOLVED: gcc.dg/torture/darwin-cfstring-3.c  -O2   scan-assembler \\\\.long[ \\\\t]+___CFConstantStringClassReference\\n[ \\\\t]*\\\\.long[ \\\\t]+1992\\n[ \\\\t]*\\\\.long[ \\\\t]+LC.*\\n[ \\\\t]*\\\\.long[ \\\\t]+4\\n
UNRESOLVED: gcc.dg/torture/darwin-cfstring-3.c  -O2    scan-assembler \\\\.long[ \\\\t]+___CFConstantStringClassReference\\n[ \\\\t]*\\\\.long[ \\\\t]+1992\\n[ \\\\t]*\\\\.long[ \\\\t]+LC.*\\n[ \\\\t]*\\\\.long[ \\\\t]+10\\n
FAIL: gcc.dg/torture/darwin-cfstring-3.c  -O3 -fomit-frame-pointer  (test for excess errors)
UNRESOLVED: gcc.dg/torture/darwin-cfstring-3.c  -O3 -fomit-frame-pointer   scan-assembler \\\\.long[ \\\\t]+___CFConstantStringClassReference\\n[ \\\\t]*\\\\.long[ \\\\t]+1992\\n[ \\\\t]*\\\\.long[ \\\\t]+LC.*\\n[ \\\\t]*\\\\.long[ \\\\t]+4\\n
UNRESOLVED: gcc.dg/torture/darwin-cfstring-3.c  -O3 -fomit-frame-pointer    scan-assembler \\\\.long[ \\\\t]+___CFConstantStringClassReference\\n[ \\\\t]*\\\\.long[ \\\\t]+1992\\n[ \\\\t]*\\\\.long[ \\\\t]+LC.*\\n[ \\\\t]*\\\\.long[ \\\\t]+10\\n
FAIL: gcc.dg/torture/darwin-cfstring-3.c  -O3 -g  (test for excess errors)
UNRESOLVED: gcc.dg/torture/darwin-cfstring-3.c  -O3 -g   scan-assembler \\\\.long[ \\\\t]+___CFConstantStringClassReference\\n[ \\\\t]*\\\\.long[ \\\\t]+1992\\n[ \\\\t]*\\\\.long[ \\\\t]+LC.*\\n[ \\\\t]*\\\\.long[ \\\\t]+4\\n
UNRESOLVED: gcc.dg/torture/darwin-cfstring-3.c  -O3 -g    scan-assembler \\\\.long[ \\\\t]+___CFConstantStringClassReference\\n[ \\\\t]*\\\\.long[ \\\\t]+1992\\n[ \\\\t]*\\\\.long[ \\\\t]+LC.*\\n[ \\\\t]*\\\\.long[ \\\\t]+10\\n
FAIL: gcc.dg/torture/darwin-cfstring-3.c  -Os  (test for excess errors)
UNRESOLVED: gcc.dg/torture/darwin-cfstring-3.c  -Os   scan-assembler \\\\.long[ \\\\t]+___CFConstantStringClassReference\\n[ \\\\t]*\\\\.long[ \\\\t]+1992\\n[ \\\\t]*\\\\.long[ \\\\t]+LC.*\\n[ \\\\t]*\\\\.long[ \\\\t]+4\\n
UNRESOLVED: gcc.dg/torture/darwin-cfstring-3.c  -Os    scan-assembler \\\\.long[ \\\\t]+___CFConstantStringClassReference\\n[ \\\\t]*\\\\.long[ \\\\t]+1992\\n[ \\\\t]*\\\\.long[ \\\\t]+LC.*\\n[ \\\\t]*\\\\.long[ \\\\t]+10\\n
FAIL: gcc.dg/torture/darwin-cfstring-3.c  -O2 -flto -flto-partition=none  (test for excess errors)
UNRESOLVED: gcc.dg/torture/darwin-cfstring-3.c  -O2 -flto -flto-partition=none   scan-assembler \\\\.long[ \\\\t]+___CFConstantStringClassReference\\n[ \\\\t]*\\\\.long[ \\\\t]+1992\\n[ \\\\t]*\\\\.long[ \\\\t]+LC.*\\n[ \\\\t]*\\\\.long[ \\\\t]+4\\n
UNRESOLVED: gcc.dg/torture/darwin-cfstring-3.c  -O2 -flto -flto-partition=none    scan-assembler \\\\.long[ \\\\t]+___CFConstantStringClassReference\\n[ \\\\t]*\\\\.long[ \\\\t]+1992\\n[ \\\\t]*\\\\.long[ \\\\t]+LC.*\\n[ \\\\t]*\\\\.long[ \\\\t]+10\\n
FAIL: gcc.dg/torture/darwin-cfstring-3.c  -O2 -flto  (test for excess errors)
UNRESOLVED: gcc.dg/torture/darwin-cfstring-3.c  -O2 -flto   scan-assembler \\\\.long[ \\\\t]+___CFConstantStringClassReference\\n[ \\\\t]*\\\\.long[ \\\\t]+1992\\n[ \\\\t]*\\\\.long[ \\\\t]+LC.*\\n[ \\\\t]*\\\\.long[ \\\\t]+4\\n
UNRESOLVED: gcc.dg/torture/darwin-cfstring-3.c  -O2 -flto    scan-assembler \\\\.long[ \\\\t]+___CFConstantStringClassReference\\n[ \\\\t]*\\\\.long[ \\\\t]+1992\\n[ \\\\t]*\\\\.long[ \\\\t]+LC.*\\n[ \\\\t]*\\\\.long[ \\\\t]+10\\n
FAIL: gcc.dg/torture/pr51106-2.c  -O0  (internal compiler error)
FAIL: gcc.dg/torture/pr51106-2.c  -O0  (test for excess errors)
FAIL: gcc.dg/torture/pr51106-2.c  -O1  (internal compiler error)
FAIL: gcc.dg/torture/pr51106-2.c  -O1  (test for excess errors)
FAIL: gcc.dg/torture/pr51106-2.c  -O2  (internal compiler error)
FAIL: gcc.dg/torture/pr51106-2.c  -O2  (test for excess errors)
FAIL: gcc.dg/torture/pr51106-2.c  -O3 -fomit-frame-pointer  (internal compiler error)
FAIL: gcc.dg/torture/pr51106-2.c  -O3 -fomit-frame-pointer  (test for excess errors)
FAIL: gcc.dg/torture/pr51106-2.c  -O3 -g  (internal compiler error)
FAIL: gcc.dg/torture/pr51106-2.c  -O3 -g  (test for excess errors)
FAIL: gcc.dg/torture/pr51106-2.c  -Os  (internal compiler error)
FAIL: gcc.dg/torture/pr51106-2.c  -Os  (test for excess errors)
FAIL: gcc.dg/torture/pr51106-2.c  -O2 -flto -flto-partition=none  (internal compiler error)
FAIL: gcc.dg/torture/pr51106-2.c  -O2 -flto -flto-partition=none  (test for excess errors)
FAIL: gcc.dg/torture/pr51106-2.c  -O2 -flto  (internal compiler error)
FAIL: gcc.dg/torture/pr51106-2.c  -O2 -flto  (test for excess errors)

		=== gcc Summary for unix/-m32 ===

# of expected passes		82885
# of unexpected failures	38
# of unexpected successes	1
# of expected failures		253
# of unresolved testcases	28
# of unsupported tests		1937

Running target unix/-m64
XPASS: gcc.dg/Wstrict-overflow-18.c  (test for bogus messages, line 20)
FAIL: gcc.dg/darwin-cfstring-1.c  (test for errors, line 24)
FAIL: gcc.dg/darwin-cfstring-1.c  (test for errors, line 25)
FAIL: gcc.dg/darwin-cfstring-1.c (test for excess errors)
FAIL: gcc.dg/darwin-cfstring-2.c built-in function .* requires .* flag (test for errors, line 11)
FAIL: gcc.dg/darwin-cfstring-2.c (test for excess errors)
FAIL: gcc.dg/pubtypes-2.c scan-assembler long+[ \\t]+0x6a+[ \\t]+[#;]+[ \\t]+Length of Public Type Names Info
FAIL: gcc.dg/pubtypes-3.c scan-assembler long+[ \\t]+0x6a+[ \\t]+[#;]+[ \\t]+Length of Public Type Names Info
FAIL: gcc.dg/pubtypes-4.c scan-assembler long+[ \\t]+0xa1+[ \\t]+[#;]+[ \\t]+Length of Public Type Names Info
FAIL: gcc.dg/lto/pr52634 c_lto_pr52634_1.o assemble, -O0 -flto -flto-partition=none 
UNRESOLVED: gcc.dg/lto/pr52634 c_lto_pr52634_0.o-c_lto_pr52634_1.o link -O0 -flto -flto-partition=none 
UNRESOLVED: gcc.dg/lto/pr52634 c_lto_pr52634_0.o-c_lto_pr52634_1.o execute -O0 -flto -flto-partition=none 
FAIL: gcc.dg/lto/pr52634 c_lto_pr52634_1.o assemble, -O2 -flto -flto-partition=none 
UNRESOLVED: gcc.dg/lto/pr52634 c_lto_pr52634_0.o-c_lto_pr52634_1.o link -O2 -flto -flto-partition=none 
UNRESOLVED: gcc.dg/lto/pr52634 c_lto_pr52634_0.o-c_lto_pr52634_1.o execute -O2 -flto -flto-partition=none 
FAIL: gcc.dg/lto/pr52634 c_lto_pr52634_1.o assemble, -O0 -flto -flto-partition=1to1 
UNRESOLVED: gcc.dg/lto/pr52634 c_lto_pr52634_0.o-c_lto_pr52634_1.o link -O0 -flto -flto-partition=1to1 
UNRESOLVED: gcc.dg/lto/pr52634 c_lto_pr52634_0.o-c_lto_pr52634_1.o execute -O0 -flto -flto-partition=1to1 
FAIL: gcc.dg/lto/pr52634 c_lto_pr52634_1.o assemble, -O2 -flto -flto-partition=1to1 
UNRESOLVED: gcc.dg/lto/pr52634 c_lto_pr52634_0.o-c_lto_pr52634_1.o link -O2 -flto -flto-partition=1to1 
UNRESOLVED: gcc.dg/lto/pr52634 c_lto_pr52634_0.o-c_lto_pr52634_1.o execute -O2 -flto -flto-partition=1to1 
FAIL: gcc.dg/lto/pr52634 c_lto_pr52634_1.o assemble, -O0 -flto 
UNRESOLVED: gcc.dg/lto/pr52634 c_lto_pr52634_0.o-c_lto_pr52634_1.o link -O0 -flto 
UNRESOLVED: gcc.dg/lto/pr52634 c_lto_pr52634_0.o-c_lto_pr52634_1.o execute -O0 -flto 
FAIL: gcc.dg/lto/pr52634 c_lto_pr52634_1.o assemble, -O2 -flto
UNRESOLVED: gcc.dg/lto/pr52634 c_lto_pr52634_0.o-c_lto_pr52634_1.o link -O2 -flto
UNRESOLVED: gcc.dg/lto/pr52634 c_lto_pr52634_0.o-c_lto_pr52634_1.o execute -O2 -flto
FAIL: gcc.dg/matrix/transpose-3.c execution,    -fprofile-use -fipa-matrix-reorg -fdump-ipa-matrix-reorg -O3 -fwhole-program -fno-tree-fre
FAIL: gcc.dg/torture/darwin-cfstring-3.c  -O0  (test for excess errors)
UNRESOLVED: gcc.dg/torture/darwin-cfstring-3.c  -O0     scan-assembler .quad\\t___CFConstantStringClassReference\\n\\t.long\\t1992\\n\\t.space 4\\n\\t.quad\\t.*\\n\\t.quad\\t4\\n
UNRESOLVED: gcc.dg/torture/darwin-cfstring-3.c  -O0      scan-assembler .quad\\t___CFConstantStringClassReference\\n\\t.long\\t1992\\n\\t.space 4\\n\\t.quad\\t.*\\n\\t.quad\\t10\\n
FAIL: gcc.dg/torture/darwin-cfstring-3.c  -O1  (test for excess errors)
UNRESOLVED: gcc.dg/torture/darwin-cfstring-3.c  -O1     scan-assembler .quad\\t___CFConstantStringClassReference\\n\\t.long\\t1992\\n\\t.space 4\\n\\t.quad\\t.*\\n\\t.quad\\t4\\n
UNRESOLVED: gcc.dg/torture/darwin-cfstring-3.c  -O1      scan-assembler .quad\\t___CFConstantStringClassReference\\n\\t.long\\t1992\\n\\t.space 4\\n\\t.quad\\t.*\\n\\t.quad\\t10\\n
FAIL: gcc.dg/torture/darwin-cfstring-3.c  -O2  (test for excess errors)
UNRESOLVED: gcc.dg/torture/darwin-cfstring-3.c  -O2     scan-assembler .quad\\t___CFConstantStringClassReference\\n\\t.long\\t1992\\n\\t.space 4\\n\\t.quad\\t.*\\n\\t.quad\\t4\\n
UNRESOLVED: gcc.dg/torture/darwin-cfstring-3.c  -O2      scan-assembler .quad\\t___CFConstantStringClassReference\\n\\t.long\\t1992\\n\\t.space 4\\n\\t.quad\\t.*\\n\\t.quad\\t10\\n
FAIL: gcc.dg/torture/darwin-cfstring-3.c  -O3 -fomit-frame-pointer  (test for excess errors)
UNRESOLVED: gcc.dg/torture/darwin-cfstring-3.c  -O3 -fomit-frame-pointer     scan-assembler .quad\\t___CFConstantStringClassReference\\n\\t.long\\t1992\\n\\t.space 4\\n\\t.quad\\t.*\\n\\t.quad\\t4\\n
UNRESOLVED: gcc.dg/torture/darwin-cfstring-3.c  -O3 -fomit-frame-pointer      scan-assembler .quad\\t___CFConstantStringClassReference\\n\\t.long\\t1992\\n\\t.space 4\\n\\t.quad\\t.*\\n\\t.quad\\t10\\n
FAIL: gcc.dg/torture/darwin-cfstring-3.c  -O3 -g  (test for excess errors)
UNRESOLVED: gcc.dg/torture/darwin-cfstring-3.c  -O3 -g     scan-assembler .quad\\t___CFConstantStringClassReference\\n\\t.long\\t1992\\n\\t.space 4\\n\\t.quad\\t.*\\n\\t.quad\\t4\\n
UNRESOLVED: gcc.dg/torture/darwin-cfstring-3.c  -O3 -g      scan-assembler .quad\\t___CFConstantStringClassReference\\n\\t.long\\t1992\\n\\t.space 4\\n\\t.quad\\t.*\\n\\t.quad\\t10\\n
FAIL: gcc.dg/torture/darwin-cfstring-3.c  -Os  (test for excess errors)
UNRESOLVED: gcc.dg/torture/darwin-cfstring-3.c  -Os     scan-assembler .quad\\t___CFConstantStringClassReference\\n\\t.long\\t1992\\n\\t.space 4\\n\\t.quad\\t.*\\n\\t.quad\\t4\\n
UNRESOLVED: gcc.dg/torture/darwin-cfstring-3.c  -Os      scan-assembler .quad\\t___CFConstantStringClassReference\\n\\t.long\\t1992\\n\\t.space 4\\n\\t.quad\\t.*\\n\\t.quad\\t10\\n
FAIL: gcc.dg/torture/darwin-cfstring-3.c  -O2 -flto -flto-partition=none  (test for excess errors)
UNRESOLVED: gcc.dg/torture/darwin-cfstring-3.c  -O2 -flto -flto-partition=none     scan-assembler .quad\\t___CFConstantStringClassReference\\n\\t.long\\t1992\\n\\t.space 4\\n\\t.quad\\t.*\\n\\t.quad\\t4\\n
UNRESOLVED: gcc.dg/torture/darwin-cfstring-3.c  -O2 -flto -flto-partition=none      scan-assembler .quad\\t___CFConstantStringClassReference\\n\\t.long\\t1992\\n\\t.space 4\\n\\t.quad\\t.*\\n\\t.quad\\t10\\n
FAIL: gcc.dg/torture/darwin-cfstring-3.c  -O2 -flto  (test for excess errors)
UNRESOLVED: gcc.dg/torture/darwin-cfstring-3.c  -O2 -flto     scan-assembler .quad\\t___CFConstantStringClassReference\\n\\t.long\\t1992\\n\\t.space 4\\n\\t.quad\\t.*\\n\\t.quad\\t4\\n
UNRESOLVED: gcc.dg/torture/darwin-cfstring-3.c  -O2 -flto      scan-assembler .quad\\t___CFConstantStringClassReference\\n\\t.long\\t1992\\n\\t.space 4\\n\\t.quad\\t.*\\n\\t.quad\\t10\\n
FAIL: gcc.dg/torture/pr51106-2.c  -O0  (internal compiler error)
FAIL: gcc.dg/torture/pr51106-2.c  -O0  (test for excess errors)
FAIL: gcc.dg/torture/pr51106-2.c  -O1  (internal compiler error)
FAIL: gcc.dg/torture/pr51106-2.c  -O1  (test for excess errors)
FAIL: gcc.dg/torture/pr51106-2.c  -O2  (internal compiler error)
FAIL: gcc.dg/torture/pr51106-2.c  -O2  (test for excess errors)
FAIL: gcc.dg/torture/pr51106-2.c  -O3 -fomit-frame-pointer  (internal compiler error)
FAIL: gcc.dg/torture/pr51106-2.c  -O3 -fomit-frame-pointer  (test for excess errors)
FAIL: gcc.dg/torture/pr51106-2.c  -O3 -g  (internal compiler error)
FAIL: gcc.dg/torture/pr51106-2.c  -O3 -g  (test for excess errors)
FAIL: gcc.dg/torture/pr51106-2.c  -Os  (internal compiler error)
FAIL: gcc.dg/torture/pr51106-2.c  -Os  (test for excess errors)
FAIL: gcc.dg/torture/pr51106-2.c  -O2 -flto -flto-partition=none  (internal compiler error)
FAIL: gcc.dg/torture/pr51106-2.c  -O2 -flto -flto-partition=none  (test for excess errors)
FAIL: gcc.dg/torture/pr51106-2.c  -O2 -flto  (internal compiler error)
FAIL: gcc.dg/torture/pr51106-2.c  -O2 -flto  (test for excess errors)
FAIL: gcc.target/i386/pr49866.c (test for excess errors)
FAIL: gcc.target/i386/pr53249.c (test for excess errors)

		=== gcc Summary for unix/-m64 ===

# of expected passes		83123
# of unexpected failures	41
# of unexpected successes	1
# of expected failures		256
# of unresolved testcases	28
# of unsupported tests		2263

		=== gcc Summary ===

# of expected passes		166008
# of unexpected failures	79
# of unexpected successes	2
# of expected failures		509
# of unresolved testcases	56
# of unsupported tests		4200
/BUILD/gcc/obj-188906/gcc/xgcc  version 4.8.0 20120623 (experimental) [trunk revision 188906] (GCC) 

		=== libatomic tests ===


Running target unix/-m64

		=== libatomic Summary for unix/-m64 ===

# of expected passes		54

Running target unix/-m32

		=== libatomic Summary for unix/-m32 ===

# of expected passes		44
# of unsupported tests		5

		=== libatomic Summary ===

# of expected passes		98
# of unsupported tests		5
		=== libgomp tests ===


Running target unix/-m64
FAIL: libgomp.c++/for-7.C  -O0  (test for excess errors)
UNRESOLVED: libgomp.c++/for-7.C  -O0  compilation failed to produce executable
FAIL: libgomp.c++/for-7.C  -O1  (test for excess errors)
UNRESOLVED: libgomp.c++/for-7.C  -O1  compilation failed to produce executable
FAIL: libgomp.c++/for-7.C  -O2  (test for excess errors)
UNRESOLVED: libgomp.c++/for-7.C  -O2  compilation failed to produce executable
FAIL: libgomp.c++/for-7.C  -O3 -fomit-frame-pointer  (test for excess errors)
UNRESOLVED: libgomp.c++/for-7.C  -O3 -fomit-frame-pointer  compilation failed to produce executable
FAIL: libgomp.c++/for-7.C  -O3 -fomit-frame-pointer -funroll-loops  (test for excess errors)
UNRESOLVED: libgomp.c++/for-7.C  -O3 -fomit-frame-pointer -funroll-loops  compilation failed to produce executable
FAIL: libgomp.c++/for-7.C  -O3 -fomit-frame-pointer -funroll-all-loops -finline-functions  (test for excess errors)
UNRESOLVED: libgomp.c++/for-7.C  -O3 -fomit-frame-pointer -funroll-all-loops -finline-functions  compilation failed to produce executable
FAIL: libgomp.c++/for-7.C  -O3 -g  (test for excess errors)
UNRESOLVED: libgomp.c++/for-7.C  -O3 -g  compilation failed to produce executable
FAIL: libgomp.c++/for-7.C  -Os  (test for excess errors)
UNRESOLVED: libgomp.c++/for-7.C  -Os  compilation failed to produce executable

		=== libgomp Summary for unix/-m64 ===

# of expected passes		1219
# of unexpected failures	8
# of unresolved testcases	8
# of unsupported tests		3

Running target unix/-m32
FAIL: libgomp.c++/for-7.C  -O0  (test for excess errors)
UNRESOLVED: libgomp.c++/for-7.C  -O0  compilation failed to produce executable
FAIL: libgomp.c++/for-7.C  -O1  (test for excess errors)
UNRESOLVED: libgomp.c++/for-7.C  -O1  compilation failed to produce executable
FAIL: libgomp.c++/for-7.C  -O2  (test for excess errors)
UNRESOLVED: libgomp.c++/for-7.C  -O2  compilation failed to produce executable
FAIL: libgomp.c++/for-7.C  -O3 -fomit-frame-pointer  (test for excess errors)
UNRESOLVED: libgomp.c++/for-7.C  -O3 -fomit-frame-pointer  compilation failed to produce executable
FAIL: libgomp.c++/for-7.C  -O3 -fomit-frame-pointer -funroll-loops  (test for excess errors)
UNRESOLVED: libgomp.c++/for-7.C  -O3 -fomit-frame-pointer -funroll-loops  compilation failed to produce executable
FAIL: libgomp.c++/for-7.C  -O3 -fomit-frame-pointer -funroll-all-loops -finline-functions  (test for excess errors)
UNRESOLVED: libgomp.c++/for-7.C  -O3 -fomit-frame-pointer -funroll-all-loops -finline-functions  compilation failed to produce executable
FAIL: libgomp.c++/for-7.C  -O3 -g  (test for excess errors)
UNRESOLVED: libgomp.c++/for-7.C  -O3 -g  compilation failed to produce executable
FAIL: libgomp.c++/for-7.C  -Os  (test for excess errors)
UNRESOLVED: libgomp.c++/for-7.C  -Os  compilation failed to produce executable

		=== libgomp Summary for unix/-m32 ===

# of expected passes		1219
# of unexpected failures	8
# of unresolved testcases	8
# of unsupported tests		3

		=== libgomp Summary ===

# of expected passes		2438
# of unexpected failures	16
# of unresolved testcases	16
# of unsupported tests		6
		=== libitm tests ===


Running target unix/-m64

		=== libitm Summary for unix/-m64 ===

# of expected passes		26
# of expected failures		3
# of unsupported tests		1

Running target unix/-m32

		=== libitm Summary for unix/-m32 ===

# of expected passes		26
# of expected failures		3
# of unsupported tests		1

		=== libitm Summary ===

# of expected passes		52
# of expected failures		6
# of unsupported tests		2
		=== libstdc++ tests ===


Running target unix/-m32

		=== libstdc++ Summary for unix/-m32 ===

# of expected passes		7781
# of expected failures		43
# of unsupported tests		599

Running target unix/-m64

		=== libstdc++ Summary for unix/-m64 ===

# of expected passes		7779
# of expected failures		43
# of unsupported tests		600

		=== libstdc++ Summary ===

# of expected passes		15560
# of expected failures		86
# of unsupported tests		1199

Compiler version: 4.8.0 20120623 (experimental) [trunk revision 188906] (GCC) 
Platform: x86_64-apple-darwin10.8.0
configure flags: --prefix=/BUILD/gcc/188906 --target=x86_64-apple-darwin10.8.0 --host=x86_64-apple-darwin10.8.0 --build=x86_64-apple-darwin10.8.0 --with-tune=core2 --with-gmp=/opt/gnu --with-mpfr=/opt/gnu --with-mpc=/opt/gnu --without-ppl --without-cloog --enable-languages=c,c++,lto --program-suffix=-trunk
BOOT_CFLAGS=-g -O2


Index Nav: [Date Index] [Subject Index] [Author Index] [Thread Index]
Message Nav: [Date Prev] [Date Next] [Thread Prev] [Thread Next]