This is the mail archive of the gcc-testresults@gcc.gnu.org mailing list for the GCC project.


Index Nav: [Date Index] [Subject Index] [Author Index] [Thread Index]
Message Nav: [Date Prev] [Date Next] [Thread Prev] [Thread Next]
Other format: [Raw text]

Results for 4.7.1 (Blastwave.org Inc. Thu Jun 21 18:43:34 GMT 2012) testsuite on i386-pc-solaris2.8


# date -u 
Sat Jun 23 22:46:35 GMT 2012
# 
# uname -a 
SunOS titan 5.8 Generic_127722-03 i86pc i386 i86pc
# cat /etc/release
                       Solaris 8 2/02 s28x_u7wos_08a INTEL
           Copyright 2002 Sun Microsystems, Inc.  All Rights Reserved.
                           Assembled 18 December 2001
# 
# which as 
/usr/ccs/bin/as
# which ld 
/usr/ccs/bin/ld
#  grep "\/usr\/ccs\/bin\/ld" /var/sadm/patch/1091*/README* 
/var/sadm/patch/109148-42/README.109148-42:/usr/ccs/bin/ld
/var/sadm/patch/109148-42/README.109148-42:4955802 /usr/ccs/bin/ld dumps core in process_reld()
# 
# which gcc
/opt/bw/bin/gcc
# 
# gcc --version 
gcc (Blastwave.org Inc. Fri Mar  9 00:14:07 GMT 2012) 4.5.3
Copyright (C) 2010 Free Software Foundation, Inc.
This is free software; see the source for copying conditions.  There is NO
warranty; not even for MERCHANTABILITY or FITNESS FOR A PARTICULAR PURPOSE.

# 
# 
# banner patches

 #####     ##     #####   ####   #    #  ######   ####
 #    #   #  #      #    #    #  #    #  #       #
 #    #  #    #     #    #       ######  #####    ####
 #####   ######     #    #       #    #  #            #
 #       #    #     #    #    #  #    #  #       #    #
 #       #    #     #     ####   #    #  ######   ####

# diff ../gcc-4.7.1/libada/Makefile.in_backup ../gcc-4.7.1/libada/Makefile.in   57c57
< GNATLIBCFLAGS_FOR_C = -W -Wall $(GNATLIBCFLAGS) \
---
> GNATLIBCFLAGS_FOR_C = -W -Wall $(GNATLIBCFLAGS) $(PICFLAG) \
# 
# 
# diff ../gcc-4.7.1/gcc/ada/gcc-interface/Makefile.in_backup ../gcc-4.7.1/gcc/ada/gcc-interface/Makefile.in       
118c118
< GNATLIBCFLAGS_FOR_C = -W -Wall $(GNATLIBCFLAGS) \
---
> GNATLIBCFLAGS_FOR_C = -W -Wall $(GNATLIBCFLAGS) $(PICFLAG_FOR_TARGET) \
2646c2646
<            GNATLIBCFLAGS="$(GNATLIBCFLAGS)" \
---
>            GNATLIBCFLAGS="$(GNATLIBCFLAGS)" $(PICFLAG_FOR_TARGET)" \
# 
# 
# ../gcc-4.7.1/contrib/test_summary
cat <<'EOF' |
LAST_UPDATED: Obtained from SVN: tags/gcc_4_7_1_release revision 188597

Native configuration is i386-pc-solaris2.8

                === g++ tests ===


Running target unix
FAIL: g++.dg/torture/pr31863.C  -O2 -flto  (test for excess errors)

                === g++ Summary ===

# of expected passes            46663
# of unexpected failures        1
# of expected failures          290
# of unsupported tests          535
/opt/bw/src/gcc-4.7.1-SunOS5.8-i386_no-ada/gcc/testsuite/g++/../../g++  version 4.7.1 (Blastwave.org Inc. Thu Jun 21 18:43:34 GMT 2012) 

                === gcc tests ===


Running target unix
FAIL: gcc.c-torture/compile/pr37669-2.c  -Os  (test for excess errors)
WARNING: program timed out.

                === gcc Summary ===

# of expected passes            79873
# of unexpected failures        1
# of expected failures          256
# of unsupported tests          2463
/opt/bw/src/gcc-4.7.1-SunOS5.8-i386_no-ada/gcc/xgcc  version 4.7.1 (Blastwave.org Inc. Thu Jun 21 18:43:34 GMT 2012) 

                === gfortran tests ===


Running target unix

                === gfortran Summary ===

# of expected passes            39748
# of expected failures          42
# of unsupported tests          375
/opt/bw/src/gcc-4.7.1-SunOS5.8-i386_no-ada/gcc/testsuite/gfortran/../../gfortran  version 4.7.1 (Blastwave.org Inc. Thu Jun 21 18:43:34 GMT 2012) 

                === objc tests ===


Running target unix

                === objc Summary ===

# of expected passes            2988
# of expected failures          6
# of unsupported tests          74
/opt/bw/src/gcc-4.7.1-SunOS5.8-i386_no-ada/gcc/xgcc  version 4.7.1 (Blastwave.org Inc. Thu Jun 21 18:43:34 GMT 2012) 

                === libgomp tests ===


Running target unix

                === libgomp Summary ===

# of expected passes            2946
# of unsupported tests          3
                === libitm tests ===


Running target unix

                === libitm Summary ===

# of expected passes            26
# of expected failures          3
# of unsupported tests          1
                === libstdc++ tests ===


Running target unix

                === libstdc++ Summary ===

# of expected passes            7635
# of expected failures          45
# of unsupported tests          631

                === libstdc++ Summary ===


Compiler version: 4.7.1 (Blastwave.org Inc. Thu Jun 21 18:43:34 GMT 2012) 
Platform: i386-pc-solaris2.8
configure flags: --host=i386-pc-solaris2.8 --build=i386-pc-solaris2.8 --enable-obsolete --with-as=/usr/ccs/bin/as --without-gnu-ld --with-ld=/usr/ccs/bin/ld --enable-multilib --enable-nls --enable-threads=posix --prefix=/opt/bw --enable-shared --libdir=/opt/bw/lib/i386 --with-gmp-include=/opt/bw/include --with-gmp-lib=/opt/bw/lib/i386 --with-mpfr-include=/opt/bw/include --with-mpfr-lib=/opt/bw/lib/i386 --with-mpc-include=/opt/bw/include --with-mpc-lib=/opt/bw/lib/i386 --libexecdir=/opt/bw/lib --with-gxx-include-dir=/opt/bw/include --with-local-prefix=/opt/bw/include --with-pkgversion='Blastwave.org Inc. Thu Jun 21 18:43:34 GMT 2012' --with-bugurl=http://www.blastwave.org/support --enable-languages=c,c++,objc,fortran --enable-bootstrap
EOF


Index Nav: [Date Index] [Subject Index] [Author Index] [Thread Index]
Message Nav: [Date Prev] [Date Next] [Thread Prev] [Thread Next]