This is the mail archive of the gcc-testresults@gcc.gnu.org mailing list for the GCC project.


Index Nav: [Date Index] [Subject Index] [Author Index] [Thread Index]
Message Nav: [Date Prev] [Date Next] [Thread Prev] [Thread Next]
Other format: [Raw text]

Results for 4.8.0 20120615 (experimental) testsuite on x86_64-unknown-linux-gnu


LAST_UPDATED: Fri Jun 15 00:28:17 UTC 2012 (revision 188645)

		=== acats tests ===

		=== acats Summary ===
# of expected passes		2320
# of unexpected failures	0
Native configuration is x86_64-unknown-linux-gnu

		=== gcc tests ===


Running target unix
XPASS: gcc.dg/Wstrict-overflow-18.c  (test for bogus messages, line 20)
FAIL: gcc.dg/attr-weakref-1.c (test for excess errors)
UNRESOLVED: gcc.dg/attr-weakref-1.c compilation failed to produce executable
XPASS: gcc.dg/inline_3.c (test for excess errors)
XPASS: gcc.dg/inline_4.c (test for excess errors)
XPASS: gcc.dg/unroll_2.c (test for excess errors)
XPASS: gcc.dg/unroll_3.c (test for excess errors)
XPASS: gcc.dg/unroll_4.c (test for excess errors)
FAIL: gcc.dg/guality/drap.c  -O1  line 21 a == 5
FAIL: gcc.dg/guality/drap.c  -O1  line 22 b == 6
FAIL: gcc.dg/guality/drap.c  -O2  line 21 a == 5
FAIL: gcc.dg/guality/drap.c  -O2  line 22 b == 6
FAIL: gcc.dg/guality/drap.c  -O3 -fomit-frame-pointer  line 21 a == 5
FAIL: gcc.dg/guality/drap.c  -O3 -fomit-frame-pointer  line 22 b == 6
FAIL: gcc.dg/guality/drap.c  -O3 -g  line 21 a == 5
FAIL: gcc.dg/guality/drap.c  -O3 -g  line 22 b == 6
FAIL: gcc.dg/guality/drap.c  -Os  line 21 a == 5
FAIL: gcc.dg/guality/drap.c  -Os  line 22 b == 6
FAIL: gcc.dg/guality/drap.c  -O2 -flto -fno-use-linker-plugin -flto-partition=none  line 21 a == 5
FAIL: gcc.dg/guality/drap.c  -O2 -flto -fno-use-linker-plugin -flto-partition=none  line 22 b == 6
FAIL: gcc.dg/guality/drap.c  -O2 -flto -fuse-linker-plugin -fno-fat-lto-objects  line 21 a == 5
FAIL: gcc.dg/guality/drap.c  -O2 -flto -fuse-linker-plugin -fno-fat-lto-objects  line 22 b == 6
XPASS: gcc.dg/guality/example.c  -O0  execution test
XPASS: gcc.dg/guality/example.c  -O1  execution test
XPASS: gcc.dg/guality/example.c  -O2  execution test
XPASS: gcc.dg/guality/example.c  -O2 -flto -fno-use-linker-plugin -flto-partition=none  execution test
XPASS: gcc.dg/guality/guality.c  -O0  execution test
XPASS: gcc.dg/guality/guality.c  -O1  execution test
XPASS: gcc.dg/guality/guality.c  -O2  execution test
XPASS: gcc.dg/guality/guality.c  -O3 -fomit-frame-pointer  execution test
XPASS: gcc.dg/guality/guality.c  -O3 -g  execution test
XPASS: gcc.dg/guality/guality.c  -Os  execution test
XPASS: gcc.dg/guality/guality.c  -O2 -flto -fno-use-linker-plugin -flto-partition=none  execution test
XPASS: gcc.dg/guality/guality.c  -O2 -flto -fuse-linker-plugin -fno-fat-lto-objects  execution test
XPASS: gcc.dg/guality/inline-params.c  -O2  execution test
XPASS: gcc.dg/guality/inline-params.c  -O3 -fomit-frame-pointer  execution test
XPASS: gcc.dg/guality/inline-params.c  -O3 -g  execution test
XPASS: gcc.dg/guality/inline-params.c  -Os  execution test
XPASS: gcc.dg/guality/inline-params.c  -O2 -flto -fno-use-linker-plugin -flto-partition=none  execution test
XPASS: gcc.dg/guality/inline-params.c  -O2 -flto -fuse-linker-plugin -fno-fat-lto-objects  execution test
FAIL: gcc.dg/guality/pr36728-1.c  -O1  line 12 arg7 == 30
FAIL: gcc.dg/guality/pr36728-1.c  -O1  line 14 arg7 == 30
FAIL: gcc.dg/guality/pr36728-1.c  -O2  line 12 arg7 == 30
FAIL: gcc.dg/guality/pr36728-1.c  -O2  line 14 arg7 == 30
FAIL: gcc.dg/guality/pr36728-1.c  -O3 -fomit-frame-pointer  line 12 arg7 == 30
FAIL: gcc.dg/guality/pr36728-1.c  -O3 -fomit-frame-pointer  line 14 arg7 == 30
FAIL: gcc.dg/guality/pr36728-1.c  -O3 -g  line 12 arg7 == 30
FAIL: gcc.dg/guality/pr36728-1.c  -O3 -g  line 14 arg7 == 30
FAIL: gcc.dg/guality/pr36728-1.c  -Os  line 12 arg7 == 30
FAIL: gcc.dg/guality/pr36728-1.c  -Os  line 14 arg7 == 30
FAIL: gcc.dg/guality/pr36728-1.c  -O2 -flto -fno-use-linker-plugin -flto-partition=none  line 12 arg7 == 30
FAIL: gcc.dg/guality/pr36728-1.c  -O2 -flto -fno-use-linker-plugin -flto-partition=none  line 14 arg7 == 30
FAIL: gcc.dg/guality/pr36728-1.c  -O2 -flto -fuse-linker-plugin -fno-fat-lto-objects  line 12 arg7 == 30
FAIL: gcc.dg/guality/pr36728-1.c  -O2 -flto -fuse-linker-plugin -fno-fat-lto-objects  line 14 arg7 == 30
FAIL: gcc.dg/guality/pr36728-2.c  -O1  line 12 arg7 == 30
FAIL: gcc.dg/guality/pr36728-2.c  -O1  line 14 arg7 == 30
FAIL: gcc.dg/guality/pr36728-2.c  -O2  line 12 arg7 == 30
FAIL: gcc.dg/guality/pr36728-2.c  -O2  line 14 arg7 == 30
FAIL: gcc.dg/guality/pr36728-2.c  -O3 -fomit-frame-pointer  line 12 arg7 == 30
FAIL: gcc.dg/guality/pr36728-2.c  -O3 -fomit-frame-pointer  line 14 arg7 == 30
FAIL: gcc.dg/guality/pr36728-2.c  -O3 -g  line 12 arg7 == 30
FAIL: gcc.dg/guality/pr36728-2.c  -O3 -g  line 14 arg7 == 30
FAIL: gcc.dg/guality/pr36728-2.c  -Os  line 12 arg7 == 30
FAIL: gcc.dg/guality/pr36728-2.c  -Os  line 14 arg7 == 30
FAIL: gcc.dg/guality/pr36728-2.c  -O2 -flto -fno-use-linker-plugin -flto-partition=none  line 12 arg7 == 30
FAIL: gcc.dg/guality/pr36728-2.c  -O2 -flto -fno-use-linker-plugin -flto-partition=none  line 14 arg7 == 30
FAIL: gcc.dg/guality/pr36728-2.c  -O2 -flto -fuse-linker-plugin -fno-fat-lto-objects  line 12 arg7 == 30
FAIL: gcc.dg/guality/pr36728-2.c  -O2 -flto -fuse-linker-plugin -fno-fat-lto-objects  line 14 arg7 == 30
XPASS: gcc.dg/guality/pr41353-1.c  -O0  line 28 j == 28 + 37
XPASS: gcc.dg/guality/pr41353-1.c  -O1  line 28 j == 28 + 37
XPASS: gcc.dg/guality/pr41353-1.c  -O2  line 28 j == 28 + 37
XPASS: gcc.dg/guality/pr41353-1.c  -O3 -fomit-frame-pointer  line 28 j == 28 + 37
XPASS: gcc.dg/guality/pr41353-1.c  -O3 -g  line 28 j == 28 + 37
XPASS: gcc.dg/guality/pr41353-1.c  -Os  line 28 j == 28 + 37
XPASS: gcc.dg/guality/pr41353-1.c  -O2 -flto -fno-use-linker-plugin -flto-partition=none  line 28 j == 28 + 37
XPASS: gcc.dg/guality/pr41353-1.c  -O2 -flto -fuse-linker-plugin -fno-fat-lto-objects  line 28 j == 28 + 37
XPASS: gcc.dg/guality/pr41447-1.c  -O0  execution test
XPASS: gcc.dg/guality/pr41447-1.c  -O1  execution test
XPASS: gcc.dg/guality/pr41447-1.c  -O2  execution test
XPASS: gcc.dg/guality/pr41447-1.c  -O3 -fomit-frame-pointer  execution test
XPASS: gcc.dg/guality/pr41447-1.c  -O3 -g  execution test
XPASS: gcc.dg/guality/pr41447-1.c  -Os  execution test
XPASS: gcc.dg/guality/pr41447-1.c  -O2 -flto -fno-use-linker-plugin -flto-partition=none  execution test
XPASS: gcc.dg/guality/pr41447-1.c  -O2 -flto -fuse-linker-plugin -fno-fat-lto-objects  execution test
XPASS: gcc.dg/guality/pr41616-1.c  -O0  execution test
XPASS: gcc.dg/guality/pr41616-1.c  -O1  execution test
XPASS: gcc.dg/guality/pr41616-1.c  -O2  execution test
XPASS: gcc.dg/guality/pr41616-1.c  -O3 -fomit-frame-pointer  execution test
XPASS: gcc.dg/guality/pr41616-1.c  -O3 -g  execution test
XPASS: gcc.dg/guality/pr41616-1.c  -Os  execution test
XPASS: gcc.dg/guality/pr41616-1.c  -O2 -flto -fno-use-linker-plugin -flto-partition=none  execution test
FAIL: gcc.dg/guality/vla-1.c  -O0  line 17 sizeof (a) == 6
FAIL: gcc.dg/guality/vla-1.c  -O0  line 24 sizeof (a) == 17 * sizeof (short)
FAIL: gcc.dg/guality/vla-1.c  -O1  line 17 sizeof (a) == 6
FAIL: gcc.dg/guality/vla-1.c  -O1  line 24 sizeof (a) == 17 * sizeof (short)
FAIL: gcc.dg/guality/vla-1.c  -O2  line 17 sizeof (a) == 6
FAIL: gcc.dg/guality/vla-1.c  -O2  line 24 sizeof (a) == 17 * sizeof (short)
FAIL: gcc.dg/guality/vla-1.c  -O3 -fomit-frame-pointer  line 17 sizeof (a) == 6
FAIL: gcc.dg/guality/vla-1.c  -O3 -fomit-frame-pointer  line 24 sizeof (a) == 17 * sizeof (short)
FAIL: gcc.dg/guality/vla-1.c  -O3 -g  line 17 sizeof (a) == 6
FAIL: gcc.dg/guality/vla-1.c  -O3 -g  line 24 sizeof (a) == 17 * sizeof (short)
FAIL: gcc.dg/guality/vla-1.c  -Os  line 17 sizeof (a) == 6
FAIL: gcc.dg/guality/vla-1.c  -Os  line 24 sizeof (a) == 17 * sizeof (short)
FAIL: gcc.dg/guality/vla-1.c  -O2 -flto -fno-use-linker-plugin -flto-partition=none  line 17 sizeof (a) == 6
FAIL: gcc.dg/guality/vla-1.c  -O2 -flto -fno-use-linker-plugin -flto-partition=none  line 24 sizeof (a) == 17 * sizeof (short)
FAIL: gcc.dg/guality/vla-1.c  -O2 -flto -fuse-linker-plugin -fno-fat-lto-objects  line 17 sizeof (a) == 6
FAIL: gcc.dg/guality/vla-1.c  -O2 -flto -fuse-linker-plugin -fno-fat-lto-objects  line 24 sizeof (a) == 17 * sizeof (short)
FAIL: gcc.dg/guality/vla-2.c  -O0  line 16 sizeof (a) == 5 * sizeof (int)
FAIL: gcc.dg/guality/vla-2.c  -O0  line 25 sizeof (a) == 6 * sizeof (int)
FAIL: gcc.dg/guality/vla-2.c  -O1  line 16 sizeof (a) == 5 * sizeof (int)
FAIL: gcc.dg/guality/vla-2.c  -O1  line 25 sizeof (a) == 6 * sizeof (int)
FAIL: gcc.dg/guality/vla-2.c  -O2  line 16 sizeof (a) == 5 * sizeof (int)
FAIL: gcc.dg/guality/vla-2.c  -O2  line 25 sizeof (a) == 6 * sizeof (int)
FAIL: gcc.dg/guality/vla-2.c  -O3 -fomit-frame-pointer  line 16 sizeof (a) == 5 * sizeof (int)
FAIL: gcc.dg/guality/vla-2.c  -O3 -fomit-frame-pointer  line 25 sizeof (a) == 6 * sizeof (int)
FAIL: gcc.dg/guality/vla-2.c  -O3 -g  line 16 sizeof (a) == 5 * sizeof (int)
FAIL: gcc.dg/guality/vla-2.c  -O3 -g  line 25 sizeof (a) == 6 * sizeof (int)
FAIL: gcc.dg/guality/vla-2.c  -Os  line 16 sizeof (a) == 5 * sizeof (int)
FAIL: gcc.dg/guality/vla-2.c  -Os  line 25 sizeof (a) == 6 * sizeof (int)
FAIL: gcc.dg/guality/vla-2.c  -O2 -flto -fno-use-linker-plugin -flto-partition=none  line 16 sizeof (a) == 5 * sizeof (int)
FAIL: gcc.dg/guality/vla-2.c  -O2 -flto -fno-use-linker-plugin -flto-partition=none  line 25 sizeof (a) == 6 * sizeof (int)
FAIL: gcc.dg/guality/vla-2.c  -O2 -flto -fuse-linker-plugin -fno-fat-lto-objects  line 16 sizeof (a) == 5 * sizeof (int)
FAIL: gcc.dg/guality/vla-2.c  -O2 -flto -fuse-linker-plugin -fno-fat-lto-objects  line 25 sizeof (a) == 6 * sizeof (int)
FAIL: gcc.dg/torture/pr51106-2.c  -O0  (internal compiler error)
FAIL: gcc.dg/torture/pr51106-2.c  -O0  (test for excess errors)
FAIL: gcc.dg/torture/pr51106-2.c  -O1  (internal compiler error)
FAIL: gcc.dg/torture/pr51106-2.c  -O1  (test for excess errors)
FAIL: gcc.dg/torture/pr51106-2.c  -O2  (internal compiler error)
FAIL: gcc.dg/torture/pr51106-2.c  -O2  (test for excess errors)
FAIL: gcc.dg/torture/pr51106-2.c  -O3 -fomit-frame-pointer  (internal compiler error)
FAIL: gcc.dg/torture/pr51106-2.c  -O3 -fomit-frame-pointer  (test for excess errors)
FAIL: gcc.dg/torture/pr51106-2.c  -O3 -g  (internal compiler error)
FAIL: gcc.dg/torture/pr51106-2.c  -O3 -g  (test for excess errors)
FAIL: gcc.dg/torture/pr51106-2.c  -Os  (internal compiler error)
FAIL: gcc.dg/torture/pr51106-2.c  -Os  (test for excess errors)
FAIL: gcc.dg/torture/pr51106-2.c  -O2 -flto -fno-use-linker-plugin -flto-partition=none  (internal compiler error)
FAIL: gcc.dg/torture/pr51106-2.c  -O2 -flto -fno-use-linker-plugin -flto-partition=none  (test for excess errors)
UNRESOLVED: gcc.dg/tree-ssa/vrp68.c scan-tree-dump-times link_error "vrp1" 0
UNRESOLVED: gcc.dg/tree-ssa/vrp68.c scan-tree-dump-times link_error "vrp1" 1
FAIL: gcc.target/i386/sse4_2-popcntl.c (test for excess errors)
UNRESOLVED: gcc.target/i386/sse4_2-popcntl.c compilation failed to produce executable
FAIL: gcc.target/i386/sse4_2-popcntq.c (test for excess errors)
UNRESOLVED: gcc.target/i386/sse4_2-popcntq.c compilation failed to produce executable

		=== gcc Summary ===

# of expected passes		88207
# of unexpected failures	91
# of unexpected successes	47
# of expected failures		268
# of unresolved testcases	5
# of unsupported tests		1277
/home/toon/compilers/obj-t/gcc/xgcc  version 4.8.0 20120615 (experimental) (GCC) 

		=== gfortran tests ===


Running target unix
FAIL: gfortran.dg/lto/pr45586-2 f_lto_pr45586-2_0.o-f_lto_pr45586-2_0.o link, -O0 -flto -flto-partition=none -fuse-linker-plugin (internal compiler error)
UNRESOLVED: gfortran.dg/lto/pr45586-2 f_lto_pr45586-2_0.o-f_lto_pr45586-2_0.o execute -O0 -flto -flto-partition=none -fuse-linker-plugin
FAIL: gfortran.dg/lto/pr45586-2 f_lto_pr45586-2_0.o-f_lto_pr45586-2_0.o link, -O0 -flto -flto-partition=1to1 -fno-use-linker-plugin  (internal compiler error)
UNRESOLVED: gfortran.dg/lto/pr45586-2 f_lto_pr45586-2_0.o-f_lto_pr45586-2_0.o execute -O0 -flto -flto-partition=1to1 -fno-use-linker-plugin 
FAIL: gfortran.dg/lto/pr45586-2 f_lto_pr45586-2_0.o-f_lto_pr45586-2_0.o link, -O0 -flto -fuse-linker-plugin -fno-fat-lto-objects  (internal compiler error)
UNRESOLVED: gfortran.dg/lto/pr45586-2 f_lto_pr45586-2_0.o-f_lto_pr45586-2_0.o execute -O0 -flto -fuse-linker-plugin -fno-fat-lto-objects 
FAIL: gfortran.dg/lto/pr45586 f_lto_pr45586_0.o-f_lto_pr45586_0.o link, -O0 -flto -flto-partition=none -fuse-linker-plugin (internal compiler error)
UNRESOLVED: gfortran.dg/lto/pr45586 f_lto_pr45586_0.o-f_lto_pr45586_0.o execute -O0 -flto -flto-partition=none -fuse-linker-plugin
FAIL: gfortran.dg/lto/pr45586 f_lto_pr45586_0.o-f_lto_pr45586_0.o link, -O0 -flto -flto-partition=1to1 -fno-use-linker-plugin  (internal compiler error)
UNRESOLVED: gfortran.dg/lto/pr45586 f_lto_pr45586_0.o-f_lto_pr45586_0.o execute -O0 -flto -flto-partition=1to1 -fno-use-linker-plugin 
FAIL: gfortran.dg/lto/pr45586 f_lto_pr45586_0.o-f_lto_pr45586_0.o link, -O0 -flto -fuse-linker-plugin -fno-fat-lto-objects  (internal compiler error)
UNRESOLVED: gfortran.dg/lto/pr45586 f_lto_pr45586_0.o-f_lto_pr45586_0.o execute -O0 -flto -fuse-linker-plugin -fno-fat-lto-objects 

		=== gfortran Summary ===

# of expected passes		41590
# of unexpected failures	6
# of expected failures		56
# of unresolved testcases	6
# of unsupported tests		70
/home/toon/compilers/obj-t/gcc/testsuite/gfortran/../../gfortran  version 4.8.0 20120615 (experimental) (GCC) 

		=== g++ tests ===


Running target unix

		=== g++ Summary ===

# of expected passes		49165
# of expected failures		284
# of unsupported tests		577
/home/toon/compilers/obj-t/gcc/testsuite/g++/../../g++  version 4.8.0 20120615 (experimental) (GCC) 

		=== gnat tests ===


Running target unix
FAIL: gnat.dg/array11.adb  (test for warnings, line 12)
FAIL: gnat.dg/object_overflow.adb  (test for warnings, line 8)

		=== gnat Summary ===

# of expected passes		1114
# of unexpected failures	2
# of expected failures		17
# of unsupported tests		2
/home/toon/compilers/obj-t/gcc/gnatmake version 4.8.0 20120615 (experimental)

		=== libatomic tests ===


Running target unix

		=== libatomic Summary ===

# of expected passes		54
		=== libgomp tests ===


Running target unix
FAIL: libgomp.c++/for-7.C  -O0  (test for excess errors)
UNRESOLVED: libgomp.c++/for-7.C  -O0  compilation failed to produce executable
FAIL: libgomp.c++/for-7.C  -O1  (test for excess errors)
UNRESOLVED: libgomp.c++/for-7.C  -O1  compilation failed to produce executable
FAIL: libgomp.c++/for-7.C  -O2  (test for excess errors)
UNRESOLVED: libgomp.c++/for-7.C  -O2  compilation failed to produce executable
FAIL: libgomp.c++/for-7.C  -O3 -fomit-frame-pointer  (test for excess errors)
UNRESOLVED: libgomp.c++/for-7.C  -O3 -fomit-frame-pointer  compilation failed to produce executable
FAIL: libgomp.c++/for-7.C  -O3 -fomit-frame-pointer -funroll-loops  (test for excess errors)
UNRESOLVED: libgomp.c++/for-7.C  -O3 -fomit-frame-pointer -funroll-loops  compilation failed to produce executable
FAIL: libgomp.c++/for-7.C  -O3 -fomit-frame-pointer -funroll-all-loops -finline-functions  (test for excess errors)
UNRESOLVED: libgomp.c++/for-7.C  -O3 -fomit-frame-pointer -funroll-all-loops -finline-functions  compilation failed to produce executable
FAIL: libgomp.c++/for-7.C  -O3 -g  (test for excess errors)
UNRESOLVED: libgomp.c++/for-7.C  -O3 -g  compilation failed to produce executable
FAIL: libgomp.c++/for-7.C  -Os  (test for excess errors)
UNRESOLVED: libgomp.c++/for-7.C  -Os  compilation failed to produce executable
WARNING: program timed out.
FAIL: libgomp.graphite/force-parallel-6.c execution test

		=== libgomp Summary ===

# of expected passes		2959
# of unexpected failures	9
# of unresolved testcases	8
		=== libitm tests ===


Running target unix

		=== libitm Summary ===

# of expected passes		26
# of expected failures		3
# of unsupported tests		1
		=== libstdc++ tests ===


Running target unix

		=== libstdc++ Summary ===

# of expected passes		8333
# of expected failures		43
# of unsupported tests		479

Compiler version: 4.8.0 20120615 (experimental) 
Platform: x86_64-unknown-linux-gnu
configure flags: --prefix=/tmp/c --with-gnu-as --with-gnu-ld --enable-languages=ada,fortran --disable-libmudflap --disable-multilib --disable-nls --with-arch=native --with-tune=native


Index Nav: [Date Index] [Subject Index] [Author Index] [Thread Index]
Message Nav: [Date Prev] [Date Next] [Thread Prev] [Thread Next]