This is the mail archive of the
gcc-testresults@gcc.gnu.org
mailing list for the GCC project.
Results for 4.8.0 20120610 (experimental) [trunk revision 188371] (GCC) testsuite on hppa64-hp-hpux11.11
- From: John David Anglin <dave at hiauly3 dot hia dot nrc dot ca>
- To: dave at hiauly3 dot hia dot nrc dot ca, gcc-testresults at gcc dot gnu dot org
- Date: Tue, 12 Jun 2012 10:48:56 -0400 (EDT)
- Subject: Results for 4.8.0 20120610 (experimental) [trunk revision 188371] (GCC) testsuite on hppa64-hp-hpux11.11
Native configuration is hppa64-hp-hpux11.11
=== g++ tests ===
Running target unix
FAIL: g++.dg/debug/dwarf2/nested-3.C scan-assembler [^\\n\\r]*\\\\(DIE \\\\(0x([0-9a-f]+)\\\\) DW_TAG_namespace\\\\)[\\n\\r]+[^\\n\\r]*"thread[^\\n\\r]+[\\n\\r]+([^\\n\\r]*[\\n\\r]+)+[^\\n\\r]*\\\\(DIE \\\\(0x([0-9a-f]+)\\\\) DW_TAG_class_type\\\\)([\\n\\r]+[^\\n\\r]*)+"Executor[^\\n\\r]+[\\n\\r]+[^\\n\\r]*DW_AT_declaration[\\n\\r]+[^\\n\\r]*DW_AT_signature[^#/!|]*[#/!|] [^\\n\\r]*\\\\(DIE[^\\n\\r]*DW_TAG_subprogram\\\\)[\\n\\r]+([^\\n\\r]*[\\n\\r]+)+[^\\n\\r]*"CurrentExecutor[^\\n\\r]+[\\n\\r]+([^\\n\\r]*[\\n\\r]+)+([^\\n\\r]*[\\n\\r]+)+[^\\n\\r]*end of children of DIE 0x\\\\3[\\n\\r]+[^\\n\\r]*end of children of DIE 0x\\\\1[\\n\\r]+
FAIL: g++.dg/debug/dwarf2/nested-3.C scan-assembler [^\\n\\r]*\\\\(DIE \\\\(0x([0-9a-f]+)\\\\) DW_TAG_namespace\\\\)[\\n\\r]+[^\\n\\r]*"thread[^\\n\\r]+[\\n\\r]+([^\\n\\r]*[\\n\\r]+)+[^\\n\\r]*\\\\(DIE \\\\(0x([0-9a-f]+)\\\\) DW_TAG_class_type\\\\)([\\n\\r]+[^\\n\\r]*)+"Executor[^\\n\\r]+[\\n\\r]+[^\\n\\r]*DW_AT_declaration[\\n\\r]+[^\\n\\r]*DW_AT_signature[^#/!|]*[#/!|] [^\\n\\r]*\\\\(DIE[^\\n\\r]*DW_TAG_subprogram\\\\)[\\n\\r]+([^\\n\\r]*[\\n\\r]+)+[^\\n\\r]*"CurrentExecutor[^\\n\\r]+[\\n\\r]+([^\\n\\r]*[\\n\\r]+)+([^\\n\\r]*[\\n\\r]+)+[^\\n\\r]*end of children of DIE 0x\\\\3[\\n\\r]+[^\\n\\r]*end of children of DIE 0x\\\\1[\\n\\r]+
WARNING: program timed out.
=== g++ Summary ===
# of expected passes 45375
# of unexpected failures 2
# of expected failures 288
# of unsupported tests 901
/test/gnu/gcc/objdir/gcc/testsuite/g++/../../g++ version 4.8.0 20120610 (experimental) [trunk revision 188371] (GCC)
=== gcc tests ===
Running target unix
XPASS: gcc.dg/Wstrict-overflow-18.c (test for bogus messages, line 20)
WARNING: program timed out.
FAIL: gcc.dg/torture/pr51106-2.c -O0 (internal compiler error)
FAIL: gcc.dg/torture/pr51106-2.c -O0 (test for excess errors)
FAIL: gcc.dg/torture/pr51106-2.c -O1 (internal compiler error)
FAIL: gcc.dg/torture/pr51106-2.c -O1 (test for excess errors)
FAIL: gcc.dg/torture/pr51106-2.c -O2 (internal compiler error)
FAIL: gcc.dg/torture/pr51106-2.c -O2 (test for excess errors)
FAIL: gcc.dg/torture/pr51106-2.c -O3 -fomit-frame-pointer (internal compiler error)
FAIL: gcc.dg/torture/pr51106-2.c -O3 -fomit-frame-pointer (test for excess errors)
FAIL: gcc.dg/torture/pr51106-2.c -O3 -g (internal compiler error)
FAIL: gcc.dg/torture/pr51106-2.c -O3 -g (test for excess errors)
FAIL: gcc.dg/torture/pr51106-2.c -Os (internal compiler error)
FAIL: gcc.dg/torture/pr51106-2.c -Os (test for excess errors)
FAIL: gcc.dg/torture/pr51106-2.c -O2 -flto -flto-partition=none (internal compiler error)
FAIL: gcc.dg/torture/pr51106-2.c -O2 -flto -flto-partition=none (test for excess errors)
FAIL: gcc.dg/torture/pr51106-2.c -O2 -flto (internal compiler error)
FAIL: gcc.dg/torture/pr51106-2.c -O2 -flto (test for excess errors)
=== gcc Summary ===
# of expected passes 71348
# of unexpected failures 16
# of unexpected successes 1
# of expected failures 120
# of unsupported tests 1500
/test/gnu/gcc/objdir/gcc/xgcc version 4.8.0 20120610 (experimental) [trunk revision 188371] (GCC)
=== gfortran tests ===
Running target unix
FAIL: gfortran.dg/lto/pr45586-2 f_lto_pr45586-2_0.o-f_lto_pr45586-2_0.o link, -O0 -flto -flto-partition=none (internal compiler error)
UNRESOLVED: gfortran.dg/lto/pr45586-2 f_lto_pr45586-2_0.o-f_lto_pr45586-2_0.o execute -O0 -flto -flto-partition=none
FAIL: gfortran.dg/lto/pr45586-2 f_lto_pr45586-2_0.o-f_lto_pr45586-2_0.o link, -O0 -flto -flto-partition=1to1 (internal compiler error)
UNRESOLVED: gfortran.dg/lto/pr45586-2 f_lto_pr45586-2_0.o-f_lto_pr45586-2_0.o execute -O0 -flto -flto-partition=1to1
FAIL: gfortran.dg/lto/pr45586-2 f_lto_pr45586-2_0.o-f_lto_pr45586-2_0.o link, -O0 -flto (internal compiler error)
UNRESOLVED: gfortran.dg/lto/pr45586-2 f_lto_pr45586-2_0.o-f_lto_pr45586-2_0.o execute -O0 -flto
FAIL: gfortran.dg/lto/pr45586 f_lto_pr45586_0.o-f_lto_pr45586_0.o link, -O0 -flto -flto-partition=none (internal compiler error)
UNRESOLVED: gfortran.dg/lto/pr45586 f_lto_pr45586_0.o-f_lto_pr45586_0.o execute -O0 -flto -flto-partition=none
FAIL: gfortran.dg/lto/pr45586 f_lto_pr45586_0.o-f_lto_pr45586_0.o link, -O0 -flto -flto-partition=1to1 (internal compiler error)
UNRESOLVED: gfortran.dg/lto/pr45586 f_lto_pr45586_0.o-f_lto_pr45586_0.o execute -O0 -flto -flto-partition=1to1
FAIL: gfortran.dg/lto/pr45586 f_lto_pr45586_0.o-f_lto_pr45586_0.o link, -O0 -flto (internal compiler error)
UNRESOLVED: gfortran.dg/lto/pr45586 f_lto_pr45586_0.o-f_lto_pr45586_0.o execute -O0 -flto
=== gfortran Summary ===
# of expected passes 40160
# of unexpected failures 6
# of expected failures 42
# of unresolved testcases 6
# of unsupported tests 376
/test/gnu/gcc/objdir/gcc/testsuite/gfortran/../../gfortran version 4.8.0 20120610 (experimental) [trunk revision 188371] (GCC)
=== obj-c++ tests ===
Running target unix
=== obj-c++ Summary ===
# of expected passes 1442
# of expected failures 10
# of unsupported tests 86
/test/gnu/gcc/objdir/gcc/testsuite/obj-c++/../../g++ version 4.8.0 20120610 (experimental) [trunk revision 188371] (GCC)
=== objc tests ===
Running target unix
=== objc Summary ===
# of expected passes 2992
# of unsupported tests 75
/test/gnu/gcc/objdir/gcc/xgcc version 4.8.0 20120610 (experimental) [trunk revision 188371] (GCC)
=== libatomic tests ===
Running target unix
=== libatomic Summary ===
# of expected passes 4
# of unsupported tests 25
=== libgomp tests ===
Running target unix
FAIL: libgomp.c++/for-7.C -O0 (test for excess errors)
UNRESOLVED: libgomp.c++/for-7.C -O0 compilation failed to produce executable
FAIL: libgomp.c++/for-7.C -O1 (test for excess errors)
UNRESOLVED: libgomp.c++/for-7.C -O1 compilation failed to produce executable
FAIL: libgomp.c++/for-7.C -O2 (test for excess errors)
UNRESOLVED: libgomp.c++/for-7.C -O2 compilation failed to produce executable
FAIL: libgomp.c++/for-7.C -O3 -fomit-frame-pointer (test for excess errors)
UNRESOLVED: libgomp.c++/for-7.C -O3 -fomit-frame-pointer compilation failed to produce executable
FAIL: libgomp.c++/for-7.C -O3 -fomit-frame-pointer -funroll-loops (test for excess errors)
UNRESOLVED: libgomp.c++/for-7.C -O3 -fomit-frame-pointer -funroll-loops compilation failed to produce executable
FAIL: libgomp.c++/for-7.C -O3 -fomit-frame-pointer -funroll-all-loops -finline-functions (test for excess errors)
UNRESOLVED: libgomp.c++/for-7.C -O3 -fomit-frame-pointer -funroll-all-loops -finline-functions compilation failed to produce executable
FAIL: libgomp.c++/for-7.C -O3 -g (test for excess errors)
UNRESOLVED: libgomp.c++/for-7.C -O3 -g compilation failed to produce executable
FAIL: libgomp.c++/for-7.C -Os (test for excess errors)
UNRESOLVED: libgomp.c++/for-7.C -Os compilation failed to produce executable
=== libgomp Summary ===
# of expected passes 2894
# of unexpected failures 8
# of unresolved testcases 8
# of unsupported tests 10
=== libstdc++ tests ===
Running target unix
=== libstdc++ Summary ===
# of expected passes 7337
# of expected failures 43
# of unsupported tests 826
Compiler version: 4.8.0 20120610 (experimental) [trunk revision 188371] (GCC)
Platform: hppa64-hp-hpux11.11
configure flags:Test Run By dave on Mon Jun 11 14:30:19 2012