This is the mail archive of the
gcc-testresults@gcc.gnu.org
mailing list for the GCC project.
Results for 4.7.1 20120608 (prerelease) [gcc-4_7-branch revision 188321] (GCC) testsuite on sparc-sun-solaris2.9
- From: Rainer Orth <ro at CeBiTec dot Uni-Bielefeld dot DE>
- To: gcc-testresults at gcc dot gnu dot org
- Date: Mon, 11 Jun 2012 10:21:04 +0200 (MEST)
- Subject: Results for 4.7.1 20120608 (prerelease) [gcc-4_7-branch revision 188321] (GCC) testsuite on sparc-sun-solaris2.9
LAST_UPDATED: Fri Jun 8 08:59:18 UTC 2012 (revision 188321)
=== acats tests ===
=== acats Summary ===
# of expected passes 2320
# of unexpected failures 0
Native configuration is sparc-sun-solaris2.9
=== g++ tests ===
Running target unix
=== g++ Summary for unix ===
# of expected passes 46598
# of expected failures 288
# of unsupported tests 707
Running target unix/-m64
=== g++ Summary for unix/-m64 ===
# of expected passes 47835
# of expected failures 288
# of unsupported tests 700
=== g++ Summary ===
# of expected passes 94433
# of expected failures 576
# of unsupported tests 1407
/var/gcc/regression/gcc-4.7-branch/9-gcc-gas/build/gcc/testsuite/g++/../../g++ version 4.7.1 20120608 (prerelease) [gcc-4_7-branch revision 188321] (GCC)
=== gcc tests ===
Running target unix
FAIL: gcc.dg/simulate-thread/atomic-other-int.c -O2 -g thread simulation test
FAIL: gcc.dg/simulate-thread/atomic-other-int.c -O3 -g thread simulation test
FAIL: gcc.dg/simulate-thread/atomic-other-short.c -O2 -g thread simulation test
FAIL: gcc.dg/simulate-thread/atomic-other-short.c -O3 -g thread simulation test
FAIL: gcc.dg/simulate-thread/speculative-store.c -O0 -g thread simulation test
=== gcc Summary for unix ===
# of expected passes 75794
# of unexpected failures 5
# of expected failures 321
# of unsupported tests 1592
Running target unix/-m64
FAIL: gcc.dg/pr44194-1.c scan-rtl-dump dse1 "global deletions = 2"
=== gcc Summary for unix/-m64 ===
# of expected passes 76473
# of unexpected failures 1
# of expected failures 308
# of unsupported tests 1576
=== gcc Summary ===
# of expected passes 152267
# of unexpected failures 6
# of expected failures 629
# of unsupported tests 3168
/var/gcc/regression/gcc-4.7-branch/9-gcc-gas/build/gcc/xgcc version 4.7.1 20120608 (prerelease) [gcc-4_7-branch revision 188321] (GCC)
=== gfortran tests ===
Running target unix
=== gfortran Summary for unix ===
# of expected passes 40297
# of expected failures 58
# of unsupported tests 408
Running target unix/-m64
=== gfortran Summary for unix/-m64 ===
# of expected passes 40576
# of expected failures 58
# of unsupported tests 271
=== gfortran Summary ===
# of expected passes 80873
# of expected failures 116
# of unsupported tests 679
/var/gcc/regression/gcc-4.7-branch/9-gcc-gas/build/gcc/testsuite/gfortran/../../gfortran version 4.7.1 20120608 (prerelease) [gcc-4_7-branch revision 188321] (GCC)
=== gnat tests ===
Running target unix
FAIL: gnat.dg/lto14.adb (test for excess errors)
=== gnat Summary for unix ===
# of expected passes 1079
# of unexpected failures 1
# of expected failures 14
# of unsupported tests 12
Running target unix/-m64
FAIL: gnat.dg/lto14.adb (test for excess errors)
=== gnat Summary for unix/-m64 ===
# of expected passes 1079
# of unexpected failures 1
# of expected failures 14
# of unsupported tests 12
=== gnat Summary ===
# of expected passes 2158
# of unexpected failures 2
# of expected failures 28
# of unsupported tests 24
/var/gcc/regression/gcc-4.7-branch/9-gcc-gas/build/gcc/gnatmake version 4.7.1 20120608 (prerelease) [gcc-4_7-branch revision 188321]
=== go tests ===
Running target unix
=== go Summary for unix ===
# of expected passes 3290
# of expected failures 4
# of untested testcases 7
Running target unix/-m64
=== go Summary for unix/-m64 ===
# of expected passes 3290
# of expected failures 4
# of untested testcases 7
=== go Summary ===
# of expected passes 6580
# of expected failures 8
# of untested testcases 14
/var/gcc/regression/gcc-4.7-branch/9-gcc-gas/build/gcc/testsuite/go/../../gccgo version 4.7.1 20120608 (prerelease) [gcc-4_7-branch revision 188321] (GCC)
=== obj-c++ tests ===
Running target unix
=== obj-c++ Summary for unix ===
# of expected passes 1450
# of expected failures 2
# of unsupported tests 86
Running target unix/-m64
=== obj-c++ Summary for unix/-m64 ===
# of expected passes 1442
# of expected failures 10
# of unsupported tests 86
=== obj-c++ Summary ===
# of expected passes 2892
# of expected failures 12
# of unsupported tests 172
/var/gcc/regression/gcc-4.7-branch/9-gcc-gas/build/gcc/testsuite/obj-c++/../../g++ version 4.7.1 20120608 (prerelease) [gcc-4_7-branch revision 188321] (GCC)
=== objc tests ===
Running target unix
=== objc Summary for unix ===
# of expected passes 2994
# of unsupported tests 74
Running target unix/-m64
=== objc Summary for unix/-m64 ===
# of expected passes 2994
# of unsupported tests 74
=== objc Summary ===
# of expected passes 5988
# of unsupported tests 148
/var/gcc/regression/gcc-4.7-branch/9-gcc-gas/build/gcc/xgcc version 4.7.1 20120608 (prerelease) [gcc-4_7-branch revision 188321] (GCC)
=== boehm-gc tests ===
Running target unix
=== boehm-gc Summary for unix ===
# of expected passes 12
# of unsupported tests 1
Running target unix/-m64
=== boehm-gc Summary for unix/-m64 ===
# of expected passes 12
# of unsupported tests 1
=== boehm-gc Summary ===
# of expected passes 24
# of unsupported tests 2
=== libffi tests ===
Running target unix
=== libffi Summary for unix ===
# of expected passes 1634
# of expected failures 10
# of unsupported tests 55
Running target unix/-m64
=== libffi Summary for unix/-m64 ===
# of expected passes 1634
# of expected failures 10
# of unsupported tests 55
=== libffi Summary ===
# of expected passes 3268
# of expected failures 20
# of unsupported tests 110
=== libgo tests ===
Running target unix
=== libgo Summary for unix ===
# of expected passes 113
Running target unix/-m64
=== libgo Summary for unix/-m64 ===
# of expected passes 113
=== libgo Summary ===
# of expected passes 226
=== libgomp tests ===
Running target unix
=== libgomp Summary for unix ===
# of expected passes 2992
# of unsupported tests 3
Running target unix/-m64
=== libgomp Summary for unix/-m64 ===
# of expected passes 2992
# of unsupported tests 3
=== libgomp Summary ===
# of expected passes 5984
# of unsupported tests 6
=== libitm tests ===
Running target unix
=== libitm Summary for unix ===
# of expected passes 26
# of expected failures 3
# of unsupported tests 1
Running target unix/-m64
=== libitm Summary for unix/-m64 ===
# of expected passes 26
# of expected failures 3
# of unsupported tests 1
=== libitm Summary ===
# of expected passes 52
# of expected failures 6
# of unsupported tests 2
=== libjava tests ===
Running target unix
FAIL: Throw_3 execution - source compiled test
=== libjava Summary for unix ===
# of expected passes 2572
# of unexpected failures 1
# of untested testcases 1
Running target unix/-m64
=== libjava Summary for unix/-m64 ===
# of expected passes 2574
=== libjava Summary ===
# of expected passes 5146
# of unexpected failures 1
# of untested testcases 1
=== libstdc++ tests ===
Running target unix
=== libstdc++ Summary for unix ===
# of expected passes 7323
# of expected failures 45
# of unsupported tests 802
Running target unix/-m64
=== libstdc++ Summary for unix/-m64 ===
# of expected passes 7323
# of expected failures 45
# of unsupported tests 802
=== libstdc++ Summary ===
# of expected passes 14646
# of expected failures 90
# of unsupported tests 1604
Compiler version: 4.7.1 20120608 (prerelease) [gcc-4_7-branch revision 188321] (GCC)
Platform: sparc-sun-solaris2.9
configure flags: --prefix=/vol/gcc --target=sparc-sun-solaris2.9 --enable-objc-gc --with-host-libstdcxx='-L/vol/gcc-4.4/lib -Wl,-Bstatic -lstdc++ -Wl,-Bdynamic -lm' --with-boot-ldflags='-static-libstdc++ -static-libgcc -L/vol/gcc-4.4/lib' --with-as=/vol/gcc/bin/gas-2.22 --with-gnu-as --with-gmp-include=/vol/gcc/include --with-gmp-lib=/vol/gcc/lib --with-mpfr-include=/vol/gcc/include --with-mpfr-lib=/vol/gcc/lib --with-mpc-include=/vol/gcc/include --with-mpc-lib=/vol/gcc/lib --enable-languages=all,ada,obj-c++,go --with-ppl-include=/vol/gcc/include --with-ppl-lib=/vol/gcc/lib --with-cloog-include=/vol/gcc/include --with-cloog-lib=/vol/gcc/lib --enable-cloog-backend=ppl
BOOT_CFLAGS=-g -O2