This is the mail archive of the
gcc-testresults@gcc.gnu.org
mailing list for the GCC project.
Results for 4.8.0 20120606 (experimental) [trunk revision 188257] (GCC) testsuite on powerpc64-unknown-linux-gnu
- From: Pat Haugen <pthaugen at us dot ibm dot com>
- To: gcc-testresults at gcc dot gnu dot org
- Date: Wed, 6 Jun 2012 10:24:19 -0500
- Subject: Results for 4.8.0 20120606 (experimental) [trunk revision 188257] (GCC) testsuite on powerpc64-unknown-linux-gnu
Linux 2.6.16.60-0.83.2-ppc64 ppc64
GNU C Library stable release version 2.4 (20110922)
GNU ld (GNU Binutils) 2.21.1
GNU assembler (GNU Binutils) 2.21.1
GNU Make 3.80
DejaGnu:
Expect version is 5.43.0
Tcl version is 8.4
Framework version is 1.4.4
32-bit biarch default32
LAST_UPDATED: Wed Jun 6 05:14:52 UTC 2012 (revision 188257)
Native configuration is powerpc64-unknown-linux-gnu
=== gcc tests ===
Running target unix/-m32
FAIL: gcc.dg/debug/dwarf2/const-2.c scan-assembler DW_AT_const_value
XPASS: gcc.dg/Wstrict-overflow-18.c (test for bogus messages, line 20)
FAIL: gcc.dg/and-1.c scan-assembler-not nand
FAIL: gcc.dg/atomic-compare-exchange-4.c (test for excess errors)
WARNING: gcc.dg/atomic-compare-exchange-4.c compilation failed to produce executable
FAIL: gcc.dg/atomic-exchange-4.c (test for excess errors)
WARNING: gcc.dg/atomic-exchange-4.c compilation failed to produce executable
FAIL: gcc.dg/atomic-op-4.c (test for excess errors)
WARNING: gcc.dg/atomic-op-4.c compilation failed to produce executable
FAIL: gcc.dg/attr-weakref-1.c (test for excess errors)
WARNING: gcc.dg/attr-weakref-1.c compilation failed to produce executable
FAIL: gcc.dg/cproj-fails-with-broken-glibc.c execution test
FAIL: gcc.dg/di-longlong64-sync-1.c (test for excess errors)
WARNING: gcc.dg/di-longlong64-sync-1.c compilation failed to produce executable
FAIL: gcc.dg/di-sync-multithread.c (test for excess errors)
WARNING: gcc.dg/di-sync-multithread.c compilation failed to produce executable
FAIL: gcc.dg/lower-subreg-1.c scan-rtl-dump subreg1 "Splitting reg"
FAIL: gcc.dg/pr53060.c (test for excess errors)
XPASS: gcc.dg/guality/example.c -O0 execution test
XPASS: gcc.dg/guality/example.c -O1 execution test
XPASS: gcc.dg/guality/example.c -O2 execution test
XPASS: gcc.dg/guality/example.c -Os execution test
XPASS: gcc.dg/guality/example.c -O2 -flto -fno-use-linker-plugin -flto-partition=none execution test
XPASS: gcc.dg/guality/guality.c -O0 execution test
XPASS: gcc.dg/guality/guality.c -O1 execution test
XPASS: gcc.dg/guality/guality.c -O2 execution test
XPASS: gcc.dg/guality/guality.c -O3 -fomit-frame-pointer execution test
XPASS: gcc.dg/guality/guality.c -O3 -g execution test
XPASS: gcc.dg/guality/guality.c -Os execution test
XPASS: gcc.dg/guality/guality.c -O2 -flto -fno-use-linker-plugin -flto-partition=none execution test
XPASS: gcc.dg/guality/guality.c -O2 -flto -fuse-linker-plugin -fno-fat-lto-objects execution test
XPASS: gcc.dg/guality/inline-params.c -O2 execution test
XPASS: gcc.dg/guality/inline-params.c -O3 -fomit-frame-pointer execution test
XPASS: gcc.dg/guality/inline-params.c -O3 -g execution test
XPASS: gcc.dg/guality/inline-params.c -Os execution test
XPASS: gcc.dg/guality/inline-params.c -O2 -flto -fno-use-linker-plugin -flto-partition=none execution test
XPASS: gcc.dg/guality/inline-params.c -O2 -flto -fuse-linker-plugin -fno-fat-lto-objects execution test
FAIL: gcc.dg/guality/pr36728-1.c -O1 line 12 arg6 == 6
FAIL: gcc.dg/guality/pr36728-1.c -O1 line 12 arg7 == 30
FAIL: gcc.dg/guality/pr36728-1.c -O1 line 14 arg6 == 6
FAIL: gcc.dg/guality/pr36728-1.c -O1 line 14 arg7 == 30
FAIL: gcc.dg/guality/pr36728-1.c -O2 line 12 arg6 == 6
FAIL: gcc.dg/guality/pr36728-1.c -O2 line 12 arg7 == 30
FAIL: gcc.dg/guality/pr36728-1.c -O2 line 14 arg6 == 6
FAIL: gcc.dg/guality/pr36728-1.c -O2 line 14 arg7 == 30
FAIL: gcc.dg/guality/pr36728-1.c -O3 -fomit-frame-pointer line 12 arg6 == 6
FAIL: gcc.dg/guality/pr36728-1.c -O3 -fomit-frame-pointer line 12 arg7 == 30
FAIL: gcc.dg/guality/pr36728-1.c -O3 -fomit-frame-pointer line 14 arg6 == 6
FAIL: gcc.dg/guality/pr36728-1.c -O3 -fomit-frame-pointer line 14 arg7 == 30
FAIL: gcc.dg/guality/pr36728-1.c -O3 -g line 12 arg6 == 6
FAIL: gcc.dg/guality/pr36728-1.c -O3 -g line 12 arg7 == 30
FAIL: gcc.dg/guality/pr36728-1.c -O3 -g line 14 arg6 == 6
FAIL: gcc.dg/guality/pr36728-1.c -O3 -g line 14 arg7 == 30
FAIL: gcc.dg/guality/pr36728-1.c -Os line 12 arg6 == 6
FAIL: gcc.dg/guality/pr36728-1.c -Os line 12 arg7 == 30
FAIL: gcc.dg/guality/pr36728-1.c -Os line 14 arg6 == 6
FAIL: gcc.dg/guality/pr36728-1.c -Os line 14 arg7 == 30
FAIL: gcc.dg/guality/pr36728-1.c -O2 -flto -fno-use-linker-plugin -flto-partition=none line 12 arg6 == 6
FAIL: gcc.dg/guality/pr36728-1.c -O2 -flto -fno-use-linker-plugin -flto-partition=none line 12 arg7 == 30
FAIL: gcc.dg/guality/pr36728-1.c -O2 -flto -fno-use-linker-plugin -flto-partition=none line 14 arg6 == 6
FAIL: gcc.dg/guality/pr36728-1.c -O2 -flto -fno-use-linker-plugin -flto-partition=none line 14 arg7 == 30
FAIL: gcc.dg/guality/pr36728-1.c -O2 -flto -fuse-linker-plugin -fno-fat-lto-objects line 12 arg6 == 6
FAIL: gcc.dg/guality/pr36728-1.c -O2 -flto -fuse-linker-plugin -fno-fat-lto-objects line 12 arg7 == 30
FAIL: gcc.dg/guality/pr36728-1.c -O2 -flto -fuse-linker-plugin -fno-fat-lto-objects line 14 arg6 == 6
FAIL: gcc.dg/guality/pr36728-1.c -O2 -flto -fuse-linker-plugin -fno-fat-lto-objects line 14 arg7 == 30
FAIL: gcc.dg/guality/pr36728-2.c -O1 line 12 arg7 == 30
FAIL: gcc.dg/guality/pr36728-2.c -O1 line 14 arg7 == 30
FAIL: gcc.dg/guality/pr36728-2.c -O2 line 12 arg7 == 30
FAIL: gcc.dg/guality/pr36728-2.c -O2 line 14 arg7 == 30
FAIL: gcc.dg/guality/pr36728-2.c -O3 -fomit-frame-pointer line 12 arg7 == 30
FAIL: gcc.dg/guality/pr36728-2.c -O3 -fomit-frame-pointer line 14 arg7 == 30
FAIL: gcc.dg/guality/pr36728-2.c -O3 -g line 12 arg7 == 30
FAIL: gcc.dg/guality/pr36728-2.c -O3 -g line 14 arg7 == 30
FAIL: gcc.dg/guality/pr36728-2.c -Os line 12 arg7 == 30
FAIL: gcc.dg/guality/pr36728-2.c -Os line 14 arg7 == 30
FAIL: gcc.dg/guality/pr36728-2.c -O2 -flto -fno-use-linker-plugin -flto-partition=none line 12 arg7 == 30
FAIL: gcc.dg/guality/pr36728-2.c -O2 -flto -fno-use-linker-plugin -flto-partition=none line 14 arg7 == 30
FAIL: gcc.dg/guality/pr36728-2.c -O2 -flto -fuse-linker-plugin -fno-fat-lto-objects line 12 arg7 == 30
FAIL: gcc.dg/guality/pr36728-2.c -O2 -flto -fuse-linker-plugin -fno-fat-lto-objects line 14 arg7 == 30
XPASS: gcc.dg/guality/pr41353-1.c -O0 line 28 j == 28 + 37
XPASS: gcc.dg/guality/pr41353-1.c -O1 line 28 j == 28 + 37
XPASS: gcc.dg/guality/pr41353-1.c -O2 line 28 j == 28 + 37
XPASS: gcc.dg/guality/pr41353-1.c -O3 -fomit-frame-pointer line 28 j == 28 + 37
XPASS: gcc.dg/guality/pr41353-1.c -O3 -g line 28 j == 28 + 37
XPASS: gcc.dg/guality/pr41353-1.c -Os line 28 j == 28 + 37
XPASS: gcc.dg/guality/pr41353-1.c -O2 -flto -fno-use-linker-plugin -flto-partition=none line 28 j == 28 + 37
XPASS: gcc.dg/guality/pr41353-1.c -O2 -flto -fuse-linker-plugin -fno-fat-lto-objects line 28 j == 28 + 37
XPASS: gcc.dg/guality/pr41447-1.c -O0 execution test
XPASS: gcc.dg/guality/pr41447-1.c -O1 execution test
XPASS: gcc.dg/guality/pr41447-1.c -O2 execution test
XPASS: gcc.dg/guality/pr41447-1.c -O3 -fomit-frame-pointer execution test
XPASS: gcc.dg/guality/pr41447-1.c -O3 -g execution test
XPASS: gcc.dg/guality/pr41447-1.c -Os execution test
XPASS: gcc.dg/guality/pr41447-1.c -O2 -flto -fuse-linker-plugin -fno-fat-lto-objects execution test
XPASS: gcc.dg/guality/pr41616-1.c -O0 execution test
XPASS: gcc.dg/guality/pr41616-1.c -O1 execution test
XPASS: gcc.dg/guality/pr41616-1.c -O2 execution test
XPASS: gcc.dg/guality/pr41616-1.c -O3 -fomit-frame-pointer execution test
XPASS: gcc.dg/guality/pr41616-1.c -O3 -g execution test
XPASS: gcc.dg/guality/pr41616-1.c -Os execution test
XPASS: gcc.dg/guality/pr41616-1.c -O2 -flto -fno-use-linker-plugin -flto-partition=none execution test
FAIL: gcc.dg/guality/pr43077-1.c -O1 line 42 c == 3
FAIL: gcc.dg/guality/sra-1.c -O1 line 43 a.i == 4
FAIL: gcc.dg/guality/sra-1.c -O1 line 43 a.j == 14
FAIL: gcc.dg/guality/sra-1.c -O2 line 43 a.i == 4
FAIL: gcc.dg/guality/sra-1.c -O2 line 43 a.j == 14
FAIL: gcc.dg/guality/sra-1.c -O3 -fomit-frame-pointer line 43 a.i == 4
FAIL: gcc.dg/guality/sra-1.c -O3 -fomit-frame-pointer line 43 a.j == 14
FAIL: gcc.dg/guality/sra-1.c -O3 -g line 43 a.i == 4
FAIL: gcc.dg/guality/sra-1.c -O3 -g line 43 a.j == 14
FAIL: gcc.dg/guality/sra-1.c -Os line 43 a.i == 4
FAIL: gcc.dg/guality/sra-1.c -Os line 43 a.j == 14
FAIL: gcc.dg/guality/sra-1.c -O2 -flto -fno-use-linker-plugin -flto-partition=none line 43 a.i == 4
FAIL: gcc.dg/guality/sra-1.c -O2 -flto -fno-use-linker-plugin -flto-partition=none line 43 a.j == 14
FAIL: gcc.dg/guality/sra-1.c -O2 -flto -fuse-linker-plugin -fno-fat-lto-objects line 43 a.i == 4
FAIL: gcc.dg/guality/sra-1.c -O2 -flto -fuse-linker-plugin -fno-fat-lto-objects line 43 a.j == 14
FAIL: gcc.dg/guality/vla-1.c -O0 line 17 sizeof (a) == 6
FAIL: gcc.dg/guality/vla-1.c -O0 line 24 sizeof (a) == 17 * sizeof (short)
FAIL: gcc.dg/guality/vla-1.c -O1 line 17 sizeof (a) == 6
FAIL: gcc.dg/guality/vla-1.c -O1 line 24 sizeof (a) == 17 * sizeof (short)
FAIL: gcc.dg/guality/vla-1.c -O2 line 17 sizeof (a) == 6
FAIL: gcc.dg/guality/vla-1.c -O2 line 24 sizeof (a) == 17 * sizeof (short)
FAIL: gcc.dg/guality/vla-1.c -O3 -fomit-frame-pointer line 17 sizeof (a) == 6
FAIL: gcc.dg/guality/vla-1.c -O3 -fomit-frame-pointer line 24 sizeof (a) == 17 * sizeof (short)
FAIL: gcc.dg/guality/vla-1.c -O3 -g line 17 sizeof (a) == 6
FAIL: gcc.dg/guality/vla-1.c -O3 -g line 24 sizeof (a) == 17 * sizeof (short)
FAIL: gcc.dg/guality/vla-1.c -Os line 17 sizeof (a) == 6
FAIL: gcc.dg/guality/vla-1.c -Os line 24 sizeof (a) == 17 * sizeof (short)
FAIL: gcc.dg/guality/vla-1.c -O2 -flto -fno-use-linker-plugin -flto-partition=none line 17 sizeof (a) == 6
FAIL: gcc.dg/guality/vla-1.c -O2 -flto -fno-use-linker-plugin -flto-partition=none line 24 sizeof (a) == 17 * sizeof (short)
FAIL: gcc.dg/guality/vla-1.c -O2 -flto -fuse-linker-plugin -fno-fat-lto-objects line 17 sizeof (a) == 6
FAIL: gcc.dg/guality/vla-1.c -O2 -flto -fuse-linker-plugin -fno-fat-lto-objects line 24 sizeof (a) == 17 * sizeof (short)
FAIL: gcc.dg/guality/vla-2.c -O0 line 16 sizeof (a) == 5 * sizeof (int)
FAIL: gcc.dg/guality/vla-2.c -O0 line 25 sizeof (a) == 6 * sizeof (int)
FAIL: gcc.dg/guality/vla-2.c -O1 line 16 sizeof (a) == 5 * sizeof (int)
FAIL: gcc.dg/guality/vla-2.c -O1 line 25 sizeof (a) == 6 * sizeof (int)
FAIL: gcc.dg/guality/vla-2.c -O2 line 16 sizeof (a) == 5 * sizeof (int)
FAIL: gcc.dg/guality/vla-2.c -O2 line 25 sizeof (a) == 6 * sizeof (int)
FAIL: gcc.dg/guality/vla-2.c -O3 -fomit-frame-pointer line 16 sizeof (a) == 5 * sizeof (int)
FAIL: gcc.dg/guality/vla-2.c -O3 -fomit-frame-pointer line 25 sizeof (a) == 6 * sizeof (int)
FAIL: gcc.dg/guality/vla-2.c -O3 -g line 16 sizeof (a) == 5 * sizeof (int)
FAIL: gcc.dg/guality/vla-2.c -O3 -g line 25 sizeof (a) == 6 * sizeof (int)
FAIL: gcc.dg/guality/vla-2.c -Os line 16 sizeof (a) == 5 * sizeof (int)
FAIL: gcc.dg/guality/vla-2.c -Os line 25 sizeof (a) == 6 * sizeof (int)
FAIL: gcc.dg/guality/vla-2.c -O2 -flto -fno-use-linker-plugin -flto-partition=none line 16 sizeof (a) == 5 * sizeof (int)
FAIL: gcc.dg/guality/vla-2.c -O2 -flto -fno-use-linker-plugin -flto-partition=none line 25 sizeof (a) == 6 * sizeof (int)
FAIL: gcc.dg/guality/vla-2.c -O2 -flto -fuse-linker-plugin -fno-fat-lto-objects line 16 sizeof (a) == 5 * sizeof (int)
FAIL: gcc.dg/guality/vla-2.c -O2 -flto -fuse-linker-plugin -fno-fat-lto-objects line 25 sizeof (a) == 6 * sizeof (int)
FAIL: gcc.dg/simulate-thread/atomic-load-longlong.c -O0 -g thread simulation test
FAIL: gcc.dg/simulate-thread/atomic-load-longlong.c -O2 -g thread simulation test
FAIL: gcc.dg/simulate-thread/atomic-load-longlong.c -O3 -g thread simulation test
FAIL: gcc.dg/simulate-thread/atomic-other-longlong.c -O0 -g (test for excess errors)
FAIL: gcc.dg/simulate-thread/atomic-other-longlong.c -O2 -g (test for excess errors)
FAIL: gcc.dg/simulate-thread/atomic-other-longlong.c -O3 -g (test for excess errors)
FAIL: gcc.dg/torture/pr51106-2.c -O0 (internal compiler error)
FAIL: gcc.dg/torture/pr51106-2.c -O0 (test for excess errors)
FAIL: gcc.dg/torture/pr51106-2.c -O1 (internal compiler error)
FAIL: gcc.dg/torture/pr51106-2.c -O1 (test for excess errors)
FAIL: gcc.dg/torture/pr51106-2.c -O2 (internal compiler error)
FAIL: gcc.dg/torture/pr51106-2.c -O2 (test for excess errors)
FAIL: gcc.dg/torture/pr51106-2.c -O3 -fomit-frame-pointer (internal compiler error)
FAIL: gcc.dg/torture/pr51106-2.c -O3 -fomit-frame-pointer (test for excess errors)
FAIL: gcc.dg/torture/pr51106-2.c -O3 -g (internal compiler error)
FAIL: gcc.dg/torture/pr51106-2.c -O3 -g (test for excess errors)
FAIL: gcc.dg/torture/pr51106-2.c -Os (internal compiler error)
FAIL: gcc.dg/torture/pr51106-2.c -Os (test for excess errors)
FAIL: gcc.dg/torture/pr51106-2.c -O2 -flto -fno-use-linker-plugin -flto-partition=none (internal compiler error)
FAIL: gcc.dg/torture/pr51106-2.c -O2 -flto -fno-use-linker-plugin -flto-partition=none (test for excess errors)
FAIL: gcc.dg/tree-ssa/sra-12.c scan-tree-dump-times release_ssa "l;" 0
FAIL: gcc.dg/tree-ssa/ssa-dom-thread-4.c scan-tree-dump-times dom1 "Threaded" 3
FAIL: gcc.dg/tree-ssa/vrp47.c scan-tree-dump-times vrp1 "[xy][^ ]* !=" 0
FAIL: gcc.dg/tree-ssa/vrp47.c scan-tree-dump-times dom2 "x[^ ]* & y" 1
FAIL: gcc.target/powerpc/405-dlmzb-strlen-1.c scan-assembler dlmzb\\\\.
FAIL: gcc.target/powerpc/440-dlmzb-strlen-1.c scan-assembler dlmzb\\\\.
FAIL: gcc.target/powerpc/altivec-cell-6.c (test for excess errors)
FAIL: gcc.target/powerpc/altivec-cell-7.c (test for excess errors)
UNRESOLVED: gcc.target/powerpc/altivec-cell-7.c scan-assembler-times vor 2
FAIL: gcc.target/powerpc/altivec-cell-8.c (test for excess errors)
FAIL: gcc.target/powerpc/cell_builtin-1.c (test for excess errors)
UNRESOLVED: gcc.target/powerpc/cell_builtin-1.c scan-assembler-times lvlx 19
FAIL: gcc.target/powerpc/cell_builtin-2.c (test for excess errors)
UNRESOLVED: gcc.target/powerpc/cell_builtin-2.c scan-assembler-times lvlxl 19
FAIL: gcc.target/powerpc/cell_builtin-3.c (test for excess errors)
UNRESOLVED: gcc.target/powerpc/cell_builtin-3.c scan-assembler-times lvrx 19
FAIL: gcc.target/powerpc/cell_builtin-4.c (test for excess errors)
UNRESOLVED: gcc.target/powerpc/cell_builtin-4.c scan-assembler-times lvrxl 19
FAIL: gcc.target/powerpc/cell_builtin-5.c (test for excess errors)
UNRESOLVED: gcc.target/powerpc/cell_builtin-5.c scan-assembler-times stvlx 19
FAIL: gcc.target/powerpc/cell_builtin-6.c (test for excess errors)
UNRESOLVED: gcc.target/powerpc/cell_builtin-6.c scan-assembler-times stvlxl 19
FAIL: gcc.target/powerpc/cell_builtin-7.c (test for excess errors)
UNRESOLVED: gcc.target/powerpc/cell_builtin-7.c scan-assembler-times stvrx 19
FAIL: gcc.target/powerpc/cell_builtin-8.c (test for excess errors)
UNRESOLVED: gcc.target/powerpc/cell_builtin-8.c scan-assembler-times stvrxl 19
FAIL: gcc.target/powerpc/dfp-dd.c scan-assembler dadd
FAIL: gcc.target/powerpc/dfp-dd.c scan-assembler ddiv
FAIL: gcc.target/powerpc/dfp-dd.c scan-assembler dmul
FAIL: gcc.target/powerpc/dfp-dd.c scan-assembler dsub
FAIL: gcc.target/powerpc/dfp-dd.c scan-assembler-times dcmpu 6
FAIL: gcc.target/powerpc/dfp-dd.c scan-assembler-times dctfix 2
FAIL: gcc.target/powerpc/dfp-dd.c scan-assembler-times drintn 2
FAIL: gcc.target/powerpc/dfp-dd.c scan-assembler-times dcffixq 2
FAIL: gcc.target/powerpc/dfp-td.c scan-assembler daddq
FAIL: gcc.target/powerpc/dfp-td.c scan-assembler ddivq
FAIL: gcc.target/powerpc/dfp-td.c scan-assembler dmulq
FAIL: gcc.target/powerpc/dfp-td.c scan-assembler dsubq
FAIL: gcc.target/powerpc/dfp-td.c scan-assembler-times dcmpuq 6
FAIL: gcc.target/powerpc/dfp-td.c scan-assembler-times dctfixq 2
FAIL: gcc.target/powerpc/dfp-td.c scan-assembler-times drintnq 2
FAIL: gcc.target/powerpc/dfp-td.c scan-assembler-times dcffixq 2
FAIL: gcc.target/powerpc/lhs-1.c scan-assembler-times nop 3
FAIL: gcc.target/powerpc/lhs-2.c scan-assembler ori 1,1,0
FAIL: gcc.target/powerpc/lhs-3.c scan-assembler ori 2,2,0
FAIL: gcc.target/powerpc/parity-1.c scan-assembler popcntb
FAIL: gcc.target/powerpc/popcount-1.c scan-assembler popcntb
FAIL: gcc.target/powerpc/popcount-2.c scan-assembler popcntw
FAIL: gcc.target/powerpc/ppc-fma-1.c scan-assembler-times xvmadd 4
FAIL: gcc.target/powerpc/ppc-fma-1.c scan-assembler-times xsmadd|fmadd 2
FAIL: gcc.target/powerpc/ppc-fma-1.c scan-assembler-times fmadds 2
FAIL: gcc.target/powerpc/ppc-fma-1.c scan-assembler-times xvmsub 2
FAIL: gcc.target/powerpc/ppc-fma-1.c scan-assembler-times xsmsub|fmsub 1
FAIL: gcc.target/powerpc/ppc-fma-1.c scan-assembler-times fmsubs 1
FAIL: gcc.target/powerpc/ppc-fma-1.c scan-assembler-times xvnmadd 2
FAIL: gcc.target/powerpc/ppc-fma-1.c scan-assembler-times xsnmadd|fnmadd 1
FAIL: gcc.target/powerpc/ppc-fma-1.c scan-assembler-times fnmadds 1
FAIL: gcc.target/powerpc/ppc-fma-1.c scan-assembler-times xvnmsub 2
FAIL: gcc.target/powerpc/ppc-fma-1.c scan-assembler-times xsnmsub|fnmsub 1
FAIL: gcc.target/powerpc/ppc-fma-1.c scan-assembler-times fnmsubs 1
FAIL: gcc.target/powerpc/ppc-fma-2.c scan-assembler-times xvmadd 2
FAIL: gcc.target/powerpc/ppc-fma-2.c scan-assembler-times xsmadd|fmadd 1
FAIL: gcc.target/powerpc/ppc-fma-2.c scan-assembler-times fmadds 1
FAIL: gcc.target/powerpc/ppc-fma-2.c scan-assembler-times xvmsub 2
FAIL: gcc.target/powerpc/ppc-fma-2.c scan-assembler-times xsmsub|fmsub 1
FAIL: gcc.target/powerpc/ppc-fma-2.c scan-assembler-times fmsubs 1
FAIL: gcc.target/powerpc/ppc-fma-2.c scan-assembler-times xvnmadd 2
FAIL: gcc.target/powerpc/ppc-fma-2.c scan-assembler-times xsnmadd|fnmadd 1
FAIL: gcc.target/powerpc/ppc-fma-2.c scan-assembler-times fnmadds 1
FAIL: gcc.target/powerpc/ppc-fma-2.c scan-assembler-times xvnmsub 2
FAIL: gcc.target/powerpc/ppc-fma-2.c scan-assembler-times xsnmsub|fnmsub 1
FAIL: gcc.target/powerpc/ppc-fma-2.c scan-assembler-times fnmsubs 1
FAIL: gcc.target/powerpc/ppc-fpconv-1.c scan-assembler-times lfiwzx 2
FAIL: gcc.target/powerpc/ppc-fpconv-1.c scan-assembler-times fcfids 3
FAIL: gcc.target/powerpc/ppc-fpconv-1.c scan-assembler-times fcfidus 1
FAIL: gcc.target/powerpc/ppc-fpconv-1.c scan-assembler-times xscvsxddp 3
FAIL: gcc.target/powerpc/ppc-fpconv-1.c scan-assembler-times xscvuxddp 1
FAIL: gcc.target/powerpc/ppc-fpconv-10.c scan-assembler xsrdpiz
FAIL: gcc.target/powerpc/ppc-fpconv-10.c scan-assembler-not friz
FAIL: gcc.target/powerpc/ppc-fpconv-11.c scan-assembler friz
FAIL: gcc.target/powerpc/ppc-fpconv-2.c scan-assembler-times lfiwax 2
FAIL: gcc.target/powerpc/ppc-fpconv-3.c scan-assembler-times fcfid 10
FAIL: gcc.target/powerpc/ppc-fpconv-5.c scan-assembler-times fctiwuz 2
FAIL: gcc.target/powerpc/ppc-fpconv-5.c scan-assembler-times fctidz 1
FAIL: gcc.target/powerpc/ppc-fpconv-5.c scan-assembler-times fctiduz 1
FAIL: gcc.target/powerpc/ppc-fpconv-5.c scan-assembler-times xscvdpsxds 1
FAIL: gcc.target/powerpc/ppc-fpconv-5.c scan-assembler-times xscvdpuxds 1
FAIL: gcc.target/powerpc/ppc-fpconv-7.c scan-assembler-times fctiwz 2
FAIL: gcc.target/powerpc/ppc-fpconv-7.c scan-assembler-times fctidz 8
FAIL: gcc.target/powerpc/ppc-target-4.c (test for excess errors)
UNRESOLVED: gcc.target/powerpc/ppc-target-4.c scan-assembler-times vaddfp 1
UNRESOLVED: gcc.target/powerpc/ppc-target-4.c scan-assembler-times xvaddsp 1
UNRESOLVED: gcc.target/powerpc/ppc-target-4.c scan-assembler-times fadds 1
FAIL: gcc.target/powerpc/ppc-vector-memcpy.c scan-assembler lvx
FAIL: gcc.target/powerpc/ppu-intrinsics.c (test for excess errors)
FAIL: gcc.target/powerpc/pr42747.c scan-assembler xssqrtdp
FAIL: gcc.target/powerpc/pr43154.c (test for excess errors)
UNRESOLVED: gcc.target/powerpc/pr43154.c scan-assembler-times xxpermdi 4
FAIL: gcc.target/powerpc/pr47755.c (test for excess errors)
UNRESOLVED: gcc.target/powerpc/pr47755.c scan-assembler xxlxor
UNRESOLVED: gcc.target/powerpc/pr47755.c scan-assembler-not lxvd2x
UNRESOLVED: gcc.target/powerpc/pr47755.c scan-assembler-not lxvw4x
UNRESOLVED: gcc.target/powerpc/pr47755.c scan-assembler-not lvx
FAIL: gcc.target/powerpc/pr47862.c (test for excess errors)
UNRESOLVED: gcc.target/powerpc/pr47862.c scan-assembler-not stfd
FAIL: gcc.target/powerpc/pr48258-1.c scan-assembler-times xvaddsp 3
FAIL: gcc.target/powerpc/pr48258-1.c scan-assembler-times xvminsp 3
FAIL: gcc.target/powerpc/pr48258-1.c scan-assembler-times xvmaxsp 3
FAIL: gcc.target/powerpc/pr48258-1.c scan-assembler-times xxsldwi 6
FAIL: gcc.target/powerpc/pr48258-1.c scan-assembler-times xscvspdp 3
FAIL: gcc.target/powerpc/pr48258-2.c scan-assembler-times xvadddp 1
FAIL: gcc.target/powerpc/pr48258-2.c scan-assembler-times xvmindp 1
FAIL: gcc.target/powerpc/pr48258-2.c scan-assembler-times xvmaxdp 1
FAIL: gcc.target/powerpc/pr48258-2.c scan-assembler-times xsadddp 1
FAIL: gcc.target/powerpc/pr48258-2.c scan-assembler-times xsmindp 1
FAIL: gcc.target/powerpc/pr48258-2.c scan-assembler-times xsmaxdp 1
FAIL: gcc.target/powerpc/pr48857.c (test for excess errors)
UNRESOLVED: gcc.target/powerpc/pr48857.c scan-assembler-times lxvd2x 1
UNRESOLVED: gcc.target/powerpc/pr48857.c scan-assembler-times stxvd2x 1
UNRESOLVED: gcc.target/powerpc/pr48857.c scan-assembler-not ld
UNRESOLVED: gcc.target/powerpc/pr48857.c scan-assembler-not lwz
UNRESOLVED: gcc.target/powerpc/pr48857.c scan-assembler-not stw
UNRESOLVED: gcc.target/powerpc/pr48857.c scan-assembler-not addi
FAIL: gcc.target/powerpc/pr52775.c scan-assembler-times fcfid 2
FAIL: gcc.target/powerpc/recip-1.c scan-assembler-times frsqrte 2
FAIL: gcc.target/powerpc/recip-1.c scan-assembler-times fmsub 2
FAIL: gcc.target/powerpc/recip-1.c scan-assembler-times fmul 8
FAIL: gcc.target/powerpc/recip-1.c scan-assembler-times fnmsub 4
FAIL: gcc.target/powerpc/recip-2.c scan-assembler-times frsqrtes 1
FAIL: gcc.target/powerpc/recip-2.c scan-assembler-times fmsubs 1
FAIL: gcc.target/powerpc/recip-2.c scan-assembler-times fmuls 6
FAIL: gcc.target/powerpc/recip-2.c scan-assembler-times fnmsubs 3
FAIL: gcc.target/powerpc/recip-2.c scan-assembler-times fsqrt 1
FAIL: gcc.target/powerpc/recip-3.c scan-assembler-times xsrsqrtedp 1
FAIL: gcc.target/powerpc/recip-3.c scan-assembler-times xsmuldp 4
FAIL: gcc.target/powerpc/recip-4.c scan-assembler-times xvrsqrtedp 1
FAIL: gcc.target/powerpc/recip-4.c scan-assembler-times xvmsub.dp 1
FAIL: gcc.target/powerpc/recip-4.c scan-assembler-times xvmuldp 4
FAIL: gcc.target/powerpc/recip-4.c scan-assembler-times xvnmsub.dp 2
FAIL: gcc.target/powerpc/recip-4.c scan-assembler-times xvrsqrtesp 1
FAIL: gcc.target/powerpc/recip-4.c scan-assembler-times xvmsub.sp 1
FAIL: gcc.target/powerpc/recip-4.c scan-assembler-times xvmulsp 4
FAIL: gcc.target/powerpc/recip-4.c scan-assembler-times xvnmsub.sp 2
FAIL: gcc.target/powerpc/recip-5.c (test for excess errors)
UNRESOLVED: gcc.target/powerpc/recip-5.c scan-assembler-times xvredp 4
UNRESOLVED: gcc.target/powerpc/recip-5.c scan-assembler-times xvresp 5
UNRESOLVED: gcc.target/powerpc/recip-5.c scan-assembler-times xsredp 2
UNRESOLVED: gcc.target/powerpc/recip-5.c scan-assembler-times fres 2
FAIL: gcc.target/powerpc/rs6000-power2-2.c scan-assembler-not lfd
FAIL: gcc.target/powerpc/rs6000-power2-2.c scan-assembler lfq
FAIL: gcc.target/powerpc/rs6000-power2-2.c scan-assembler stfq
FAIL: gcc.target/powerpc/vsx-builtin-1.c (test for excess errors)
UNRESOLVED: gcc.target/powerpc/vsx-builtin-1.c scan-assembler xvadddp
UNRESOLVED: gcc.target/powerpc/vsx-builtin-1.c scan-assembler xvsubdp
UNRESOLVED: gcc.target/powerpc/vsx-builtin-1.c scan-assembler xvmuldp
UNRESOLVED: gcc.target/powerpc/vsx-builtin-1.c scan-assembler xvmadd
UNRESOLVED: gcc.target/powerpc/vsx-builtin-1.c scan-assembler xvmsub
UNRESOLVED: gcc.target/powerpc/vsx-builtin-1.c scan-assembler xvnmadd
UNRESOLVED: gcc.target/powerpc/vsx-builtin-1.c scan-assembler xvnmsub
UNRESOLVED: gcc.target/powerpc/vsx-builtin-1.c scan-assembler xvdivdp
UNRESOLVED: gcc.target/powerpc/vsx-builtin-1.c scan-assembler xvmaxdp
UNRESOLVED: gcc.target/powerpc/vsx-builtin-1.c scan-assembler xvmindp
UNRESOLVED: gcc.target/powerpc/vsx-builtin-1.c scan-assembler xvsqrtdp
UNRESOLVED: gcc.target/powerpc/vsx-builtin-1.c scan-assembler xvrsqrtedp
UNRESOLVED: gcc.target/powerpc/vsx-builtin-1.c scan-assembler xvabsdp
UNRESOLVED: gcc.target/powerpc/vsx-builtin-1.c scan-assembler xvnabsdp
UNRESOLVED: gcc.target/powerpc/vsx-builtin-1.c scan-assembler xvredp
FAIL: gcc.target/powerpc/vsx-builtin-2.c (test for excess errors)
UNRESOLVED: gcc.target/powerpc/vsx-builtin-2.c scan-assembler xvaddsp
UNRESOLVED: gcc.target/powerpc/vsx-builtin-2.c scan-assembler xvsubsp
UNRESOLVED: gcc.target/powerpc/vsx-builtin-2.c scan-assembler xvmulsp
UNRESOLVED: gcc.target/powerpc/vsx-builtin-2.c scan-assembler xvmadd
UNRESOLVED: gcc.target/powerpc/vsx-builtin-2.c scan-assembler xvmsub
UNRESOLVED: gcc.target/powerpc/vsx-builtin-2.c scan-assembler xvnmadd
UNRESOLVED: gcc.target/powerpc/vsx-builtin-2.c scan-assembler xvnmsub
UNRESOLVED: gcc.target/powerpc/vsx-builtin-2.c scan-assembler xvdivsp
UNRESOLVED: gcc.target/powerpc/vsx-builtin-2.c scan-assembler xvmaxsp
UNRESOLVED: gcc.target/powerpc/vsx-builtin-2.c scan-assembler xvminsp
UNRESOLVED: gcc.target/powerpc/vsx-builtin-2.c scan-assembler xvsqrtsp
UNRESOLVED: gcc.target/powerpc/vsx-builtin-2.c scan-assembler xvabssp
UNRESOLVED: gcc.target/powerpc/vsx-builtin-2.c scan-assembler xvnabssp
UNRESOLVED: gcc.target/powerpc/vsx-builtin-2.c scan-assembler xvresp
UNRESOLVED: gcc.target/powerpc/vsx-builtin-2.c scan-assembler xvrsqrtesp
FAIL: gcc.target/powerpc/vsx-builtin-6.c (test for excess errors)
UNRESOLVED: gcc.target/powerpc/vsx-builtin-6.c scan-assembler-times xstdivdp 3
UNRESOLVED: gcc.target/powerpc/vsx-builtin-6.c scan-assembler-times xvtdivdp 3
UNRESOLVED: gcc.target/powerpc/vsx-builtin-6.c scan-assembler-times xvtdivsp 3
UNRESOLVED: gcc.target/powerpc/vsx-builtin-6.c scan-assembler-times xstsqrtdp 3
UNRESOLVED: gcc.target/powerpc/vsx-builtin-6.c scan-assembler-times xvtsqrtdp 3
UNRESOLVED: gcc.target/powerpc/vsx-builtin-6.c scan-assembler-times xvtsqrtsp 3
FAIL: gcc.target/powerpc/vsx-builtin-7.c (test for excess errors)
FAIL: gcc.target/powerpc/vsx-builtin-8.c (test for excess errors)
FAIL: gcc.target/powerpc/vsx-mass-1.c scan-assembler bl atan2d2
FAIL: gcc.target/powerpc/vsx-mass-1.c scan-assembler bl atan2f4
FAIL: gcc.target/powerpc/vsx-mass-1.c scan-assembler bl hypotd2
FAIL: gcc.target/powerpc/vsx-mass-1.c scan-assembler bl hypotf4
FAIL: gcc.target/powerpc/vsx-mass-1.c scan-assembler bl powd2
FAIL: gcc.target/powerpc/vsx-mass-1.c scan-assembler bl powf4
FAIL: gcc.target/powerpc/vsx-mass-1.c scan-assembler bl acosd2
FAIL: gcc.target/powerpc/vsx-mass-1.c scan-assembler bl acosf4
FAIL: gcc.target/powerpc/vsx-mass-1.c scan-assembler bl acoshd2
FAIL: gcc.target/powerpc/vsx-mass-1.c scan-assembler bl acoshf4
FAIL: gcc.target/powerpc/vsx-mass-1.c scan-assembler bl asind2
FAIL: gcc.target/powerpc/vsx-mass-1.c scan-assembler bl asinf4
FAIL: gcc.target/powerpc/vsx-mass-1.c scan-assembler bl asinhd2
FAIL: gcc.target/powerpc/vsx-mass-1.c scan-assembler bl asinhf4
FAIL: gcc.target/powerpc/vsx-mass-1.c scan-assembler bl atand2
FAIL: gcc.target/powerpc/vsx-mass-1.c scan-assembler bl atanf4
FAIL: gcc.target/powerpc/vsx-mass-1.c scan-assembler bl atanhd2
FAIL: gcc.target/powerpc/vsx-mass-1.c scan-assembler bl atanhf4
FAIL: gcc.target/powerpc/vsx-mass-1.c scan-assembler bl cbrtd2
FAIL: gcc.target/powerpc/vsx-mass-1.c scan-assembler bl cbrtf4
FAIL: gcc.target/powerpc/vsx-mass-1.c scan-assembler bl cosd2
FAIL: gcc.target/powerpc/vsx-mass-1.c scan-assembler bl cosf4
FAIL: gcc.target/powerpc/vsx-mass-1.c scan-assembler bl coshd2
FAIL: gcc.target/powerpc/vsx-mass-1.c scan-assembler bl coshf4
FAIL: gcc.target/powerpc/vsx-mass-1.c scan-assembler bl erfd2
FAIL: gcc.target/powerpc/vsx-mass-1.c scan-assembler bl erff4
FAIL: gcc.target/powerpc/vsx-mass-1.c scan-assembler bl erfcd2
FAIL: gcc.target/powerpc/vsx-mass-1.c scan-assembler bl erfcf4
FAIL: gcc.target/powerpc/vsx-mass-1.c scan-assembler bl exp2d2
FAIL: gcc.target/powerpc/vsx-mass-1.c scan-assembler bl exp2f4
FAIL: gcc.target/powerpc/vsx-mass-1.c scan-assembler bl expd2
FAIL: gcc.target/powerpc/vsx-mass-1.c scan-assembler bl expf4
FAIL: gcc.target/powerpc/vsx-mass-1.c scan-assembler bl expm1d2
FAIL: gcc.target/powerpc/vsx-mass-1.c scan-assembler bl expm1f4
FAIL: gcc.target/powerpc/vsx-mass-1.c scan-assembler bl log10d2
FAIL: gcc.target/powerpc/vsx-mass-1.c scan-assembler bl log10f4
FAIL: gcc.target/powerpc/vsx-mass-1.c scan-assembler bl log1pd2
FAIL: gcc.target/powerpc/vsx-mass-1.c scan-assembler bl log1pf4
FAIL: gcc.target/powerpc/vsx-mass-1.c scan-assembler bl log2d2
FAIL: gcc.target/powerpc/vsx-mass-1.c scan-assembler bl log2f4
FAIL: gcc.target/powerpc/vsx-mass-1.c scan-assembler bl logd2
FAIL: gcc.target/powerpc/vsx-mass-1.c scan-assembler bl logf4
FAIL: gcc.target/powerpc/vsx-mass-1.c scan-assembler bl sind2
FAIL: gcc.target/powerpc/vsx-mass-1.c scan-assembler bl sinf4
FAIL: gcc.target/powerpc/vsx-mass-1.c scan-assembler bl sinhd2
FAIL: gcc.target/powerpc/vsx-mass-1.c scan-assembler bl sinhf4
FAIL: gcc.target/powerpc/vsx-mass-1.c scan-assembler bl tand2
FAIL: gcc.target/powerpc/vsx-mass-1.c scan-assembler bl tanf4
FAIL: gcc.target/powerpc/vsx-mass-1.c scan-assembler bl tanhd2
FAIL: gcc.target/powerpc/vsx-mass-1.c scan-assembler bl tanhf4
FAIL: gcc.target/powerpc/vsx-sfminmax.c scan-assembler xsmaxdp
FAIL: gcc.target/powerpc/vsx-sfminmax.c scan-assembler xsmindp
FAIL: gcc.target/powerpc/warn-2.c (test for warnings, line 1)
=== gcc Summary for unix/-m32 ===
# of expected passes 80495
# of unexpected failures 301
# of unexpected successes 42
# of expected failures 232
# of unresolved testcases 64
# of unsupported tests 1338
Running target unix/-m64
FAIL: gcc.dg/debug/dwarf2/const-2.c scan-assembler DW_AT_const_value
XPASS: gcc.dg/Wstrict-overflow-18.c (test for bogus messages, line 20)
FAIL: gcc.dg/and-1.c scan-assembler-not nand
FAIL: gcc.dg/attr-weakref-1.c (test for excess errors)
WARNING: gcc.dg/attr-weakref-1.c compilation failed to produce executable
FAIL: gcc.dg/cproj-fails-with-broken-glibc.c execution test
FAIL: gcc.dg/pr44194-1.c scan-rtl-dump dse1 "global deletions = 2"
WARNING: program timed out.
FAIL: gcc.dg/torture/pr51106-2.c -O0 (internal compiler error)
FAIL: gcc.dg/torture/pr51106-2.c -O0 (test for excess errors)
FAIL: gcc.dg/torture/pr51106-2.c -O1 (internal compiler error)
FAIL: gcc.dg/torture/pr51106-2.c -O1 (test for excess errors)
FAIL: gcc.dg/torture/pr51106-2.c -O2 (internal compiler error)
FAIL: gcc.dg/torture/pr51106-2.c -O2 (test for excess errors)
FAIL: gcc.dg/torture/pr51106-2.c -O3 -fomit-frame-pointer (internal compiler error)
FAIL: gcc.dg/torture/pr51106-2.c -O3 -fomit-frame-pointer (test for excess errors)
FAIL: gcc.dg/torture/pr51106-2.c -O3 -g (internal compiler error)
FAIL: gcc.dg/torture/pr51106-2.c -O3 -g (test for excess errors)
FAIL: gcc.dg/torture/pr51106-2.c -Os (internal compiler error)
FAIL: gcc.dg/torture/pr51106-2.c -Os (test for excess errors)
FAIL: gcc.dg/torture/pr51106-2.c -O2 -flto -fno-use-linker-plugin -flto-partition=none (internal compiler error)
FAIL: gcc.dg/torture/pr51106-2.c -O2 -flto -fno-use-linker-plugin -flto-partition=none (test for excess errors)
FAIL: gcc.dg/tree-ssa/ssa-dom-thread-4.c scan-tree-dump-times dom1 "Threaded" 3
FAIL: gcc.dg/tree-ssa/vrp47.c scan-tree-dump-times vrp1 "[xy][^ ]* !=" 0
FAIL: gcc.dg/tree-ssa/vrp47.c scan-tree-dump-times dom2 "x[^ ]* & y" 1
FAIL: gcc.target/powerpc/altivec-cell-6.c (test for excess errors)
FAIL: gcc.target/powerpc/altivec-cell-7.c (test for excess errors)
UNRESOLVED: gcc.target/powerpc/altivec-cell-7.c scan-assembler-times vor 2
FAIL: gcc.target/powerpc/altivec-cell-8.c (test for excess errors)
FAIL: gcc.target/powerpc/bswap64-3.c scan-assembler ldbrx
FAIL: gcc.target/powerpc/bswap64-3.c scan-assembler stdbrx
FAIL: gcc.target/powerpc/cell_builtin-1.c (test for excess errors)
UNRESOLVED: gcc.target/powerpc/cell_builtin-1.c scan-assembler-times lvlx 19
FAIL: gcc.target/powerpc/cell_builtin-2.c (test for excess errors)
UNRESOLVED: gcc.target/powerpc/cell_builtin-2.c scan-assembler-times lvlxl 19
FAIL: gcc.target/powerpc/cell_builtin-3.c (test for excess errors)
UNRESOLVED: gcc.target/powerpc/cell_builtin-3.c scan-assembler-times lvrx 19
FAIL: gcc.target/powerpc/cell_builtin-4.c (test for excess errors)
UNRESOLVED: gcc.target/powerpc/cell_builtin-4.c scan-assembler-times lvrxl 19
FAIL: gcc.target/powerpc/cell_builtin-5.c (test for excess errors)
UNRESOLVED: gcc.target/powerpc/cell_builtin-5.c scan-assembler-times stvlx 19
FAIL: gcc.target/powerpc/cell_builtin-6.c (test for excess errors)
UNRESOLVED: gcc.target/powerpc/cell_builtin-6.c scan-assembler-times stvlxl 19
FAIL: gcc.target/powerpc/cell_builtin-7.c (test for excess errors)
UNRESOLVED: gcc.target/powerpc/cell_builtin-7.c scan-assembler-times stvrx 19
FAIL: gcc.target/powerpc/cell_builtin-8.c (test for excess errors)
UNRESOLVED: gcc.target/powerpc/cell_builtin-8.c scan-assembler-times stvrxl 19
FAIL: gcc.target/powerpc/dfp-dd.c scan-assembler dadd
FAIL: gcc.target/powerpc/dfp-dd.c scan-assembler ddiv
FAIL: gcc.target/powerpc/dfp-dd.c scan-assembler dmul
FAIL: gcc.target/powerpc/dfp-dd.c scan-assembler dsub
FAIL: gcc.target/powerpc/dfp-dd.c scan-assembler-times dcmpu 6
FAIL: gcc.target/powerpc/dfp-dd.c scan-assembler-times dctfix 2
FAIL: gcc.target/powerpc/dfp-dd.c scan-assembler-times drintn 2
FAIL: gcc.target/powerpc/dfp-dd.c scan-assembler-times dcffixq 2
FAIL: gcc.target/powerpc/dfp-td.c scan-assembler daddq
FAIL: gcc.target/powerpc/dfp-td.c scan-assembler ddivq
FAIL: gcc.target/powerpc/dfp-td.c scan-assembler dmulq
FAIL: gcc.target/powerpc/dfp-td.c scan-assembler dsubq
FAIL: gcc.target/powerpc/dfp-td.c scan-assembler-times dcmpuq 6
FAIL: gcc.target/powerpc/dfp-td.c scan-assembler-times dctfixq 2
FAIL: gcc.target/powerpc/dfp-td.c scan-assembler-times drintnq 2
FAIL: gcc.target/powerpc/dfp-td.c scan-assembler-times dcffixq 2
FAIL: gcc.target/powerpc/lhs-1.c scan-assembler-times nop 3
FAIL: gcc.target/powerpc/lhs-2.c scan-assembler ori 1,1,0
FAIL: gcc.target/powerpc/lhs-3.c scan-assembler ori 2,2,0
FAIL: gcc.target/powerpc/optimize-bswapdi-3.c scan-assembler ldbrx
FAIL: gcc.target/powerpc/optimize-bswapdi-3.c scan-assembler stdbrx
FAIL: gcc.target/powerpc/popcount-3.c scan-assembler popcntd
FAIL: gcc.target/powerpc/ppc-fma-1.c scan-assembler-times xvmadd 4
FAIL: gcc.target/powerpc/ppc-fma-1.c scan-assembler-times xsmadd|fmadd 2
FAIL: gcc.target/powerpc/ppc-fma-1.c scan-assembler-times fmadds 2
FAIL: gcc.target/powerpc/ppc-fma-1.c scan-assembler-times xvmsub 2
FAIL: gcc.target/powerpc/ppc-fma-1.c scan-assembler-times xsmsub|fmsub 1
FAIL: gcc.target/powerpc/ppc-fma-1.c scan-assembler-times fmsubs 1
FAIL: gcc.target/powerpc/ppc-fma-1.c scan-assembler-times xvnmadd 2
FAIL: gcc.target/powerpc/ppc-fma-1.c scan-assembler-times xsnmadd|fnmadd 1
FAIL: gcc.target/powerpc/ppc-fma-1.c scan-assembler-times fnmadds 1
FAIL: gcc.target/powerpc/ppc-fma-1.c scan-assembler-times xvnmsub 2
FAIL: gcc.target/powerpc/ppc-fma-1.c scan-assembler-times xsnmsub|fnmsub 1
FAIL: gcc.target/powerpc/ppc-fma-1.c scan-assembler-times fnmsubs 1
FAIL: gcc.target/powerpc/ppc-fma-2.c scan-assembler-times xvmadd 2
FAIL: gcc.target/powerpc/ppc-fma-2.c scan-assembler-times xsmadd|fmadd 1
FAIL: gcc.target/powerpc/ppc-fma-2.c scan-assembler-times fmadds 1
FAIL: gcc.target/powerpc/ppc-fma-2.c scan-assembler-times xvmsub 2
FAIL: gcc.target/powerpc/ppc-fma-2.c scan-assembler-times xsmsub|fmsub 1
FAIL: gcc.target/powerpc/ppc-fma-2.c scan-assembler-times fmsubs 1
FAIL: gcc.target/powerpc/ppc-fma-2.c scan-assembler-times xvnmadd 2
FAIL: gcc.target/powerpc/ppc-fma-2.c scan-assembler-times xsnmadd|fnmadd 1
FAIL: gcc.target/powerpc/ppc-fma-2.c scan-assembler-times fnmadds 1
FAIL: gcc.target/powerpc/ppc-fma-2.c scan-assembler-times xvnmsub 2
FAIL: gcc.target/powerpc/ppc-fma-2.c scan-assembler-times xsnmsub|fnmsub 1
FAIL: gcc.target/powerpc/ppc-fma-2.c scan-assembler-times fnmsubs 1
FAIL: gcc.target/powerpc/ppc-fpconv-1.c scan-assembler-times lfiwzx 2
FAIL: gcc.target/powerpc/ppc-fpconv-1.c scan-assembler-times fcfids 3
FAIL: gcc.target/powerpc/ppc-fpconv-1.c scan-assembler-times fcfidus 1
FAIL: gcc.target/powerpc/ppc-fpconv-1.c scan-assembler-times xscvsxddp 3
FAIL: gcc.target/powerpc/ppc-fpconv-1.c scan-assembler-times xscvuxddp 1
FAIL: gcc.target/powerpc/ppc-fpconv-10.c scan-assembler xsrdpiz
FAIL: gcc.target/powerpc/ppc-fpconv-10.c scan-assembler-not friz
FAIL: gcc.target/powerpc/ppc-fpconv-11.c scan-assembler friz
FAIL: gcc.target/powerpc/ppc-fpconv-2.c scan-assembler-times lfiwax 2
FAIL: gcc.target/powerpc/ppc-fpconv-5.c scan-assembler-times fctiwuz 2
FAIL: gcc.target/powerpc/ppc-fpconv-5.c scan-assembler-times fctidz 1
FAIL: gcc.target/powerpc/ppc-fpconv-5.c scan-assembler-times fctiduz 1
FAIL: gcc.target/powerpc/ppc-fpconv-5.c scan-assembler-times xscvdpsxds 1
FAIL: gcc.target/powerpc/ppc-fpconv-5.c scan-assembler-times xscvdpuxds 1
FAIL: gcc.target/powerpc/ppc-round.c scan-assembler-times stfiwx 4
FAIL: gcc.target/powerpc/ppc-round.c scan-assembler-times lfiwzx 2
FAIL: gcc.target/powerpc/ppc-round.c scan-assembler-times xscvsxddp 2
FAIL: gcc.target/powerpc/ppc-round.c scan-assembler-times fcfids 2
FAIL: gcc.target/powerpc/ppc-round.c scan-assembler-not lwz
FAIL: gcc.target/powerpc/ppc-round.c scan-assembler-not stw
FAIL: gcc.target/powerpc/ppc-vector-memcpy.c scan-assembler lvx
FAIL: gcc.target/powerpc/ppu-intrinsics.c (test for excess errors)
FAIL: gcc.target/powerpc/pr42747.c scan-assembler xssqrtdp
FAIL: gcc.target/powerpc/pr43154.c (test for excess errors)
UNRESOLVED: gcc.target/powerpc/pr43154.c scan-assembler-times xxpermdi 4
FAIL: gcc.target/powerpc/pr47755.c (test for excess errors)
UNRESOLVED: gcc.target/powerpc/pr47755.c scan-assembler xxlxor
UNRESOLVED: gcc.target/powerpc/pr47755.c scan-assembler-not lxvd2x
UNRESOLVED: gcc.target/powerpc/pr47755.c scan-assembler-not lxvw4x
UNRESOLVED: gcc.target/powerpc/pr47755.c scan-assembler-not lvx
FAIL: gcc.target/powerpc/pr47862.c (test for excess errors)
UNRESOLVED: gcc.target/powerpc/pr47862.c scan-assembler-not stfd
FAIL: gcc.target/powerpc/pr48258-1.c scan-assembler-times xvaddsp 3
FAIL: gcc.target/powerpc/pr48258-1.c scan-assembler-times xvminsp 3
FAIL: gcc.target/powerpc/pr48258-1.c scan-assembler-times xvmaxsp 3
FAIL: gcc.target/powerpc/pr48258-1.c scan-assembler-times xxsldwi 6
FAIL: gcc.target/powerpc/pr48258-1.c scan-assembler-times xscvspdp 3
FAIL: gcc.target/powerpc/pr48258-2.c scan-assembler-times xvadddp 1
FAIL: gcc.target/powerpc/pr48258-2.c scan-assembler-times xvmindp 1
FAIL: gcc.target/powerpc/pr48258-2.c scan-assembler-times xvmaxdp 1
FAIL: gcc.target/powerpc/pr48258-2.c scan-assembler-times xsadddp 1
FAIL: gcc.target/powerpc/pr48258-2.c scan-assembler-times xsmindp 1
FAIL: gcc.target/powerpc/pr48258-2.c scan-assembler-times xsmaxdp 1
FAIL: gcc.target/powerpc/pr48857.c (test for excess errors)
UNRESOLVED: gcc.target/powerpc/pr48857.c scan-assembler-times lxvd2x 1
UNRESOLVED: gcc.target/powerpc/pr48857.c scan-assembler-times stxvd2x 1
UNRESOLVED: gcc.target/powerpc/pr48857.c scan-assembler-not ld
UNRESOLVED: gcc.target/powerpc/pr48857.c scan-assembler-not lwz
UNRESOLVED: gcc.target/powerpc/pr48857.c scan-assembler-not stw
UNRESOLVED: gcc.target/powerpc/pr48857.c scan-assembler-not addi
FAIL: gcc.target/powerpc/recip-1.c scan-assembler-times frsqrte 2
FAIL: gcc.target/powerpc/recip-1.c scan-assembler-times fmsub 2
FAIL: gcc.target/powerpc/recip-1.c scan-assembler-times fmul 8
FAIL: gcc.target/powerpc/recip-1.c scan-assembler-times fnmsub 4
FAIL: gcc.target/powerpc/recip-2.c scan-assembler-times frsqrtes 1
FAIL: gcc.target/powerpc/recip-2.c scan-assembler-times fmsubs 1
FAIL: gcc.target/powerpc/recip-2.c scan-assembler-times fmuls 6
FAIL: gcc.target/powerpc/recip-2.c scan-assembler-times fnmsubs 3
FAIL: gcc.target/powerpc/recip-2.c scan-assembler-times fsqrt 1
FAIL: gcc.target/powerpc/recip-3.c scan-assembler-times xsrsqrtedp 1
FAIL: gcc.target/powerpc/recip-3.c scan-assembler-times xsmuldp 4
FAIL: gcc.target/powerpc/recip-4.c scan-assembler-times xvrsqrtedp 1
FAIL: gcc.target/powerpc/recip-4.c scan-assembler-times xvmsub.dp 1
FAIL: gcc.target/powerpc/recip-4.c scan-assembler-times xvmuldp 4
FAIL: gcc.target/powerpc/recip-4.c scan-assembler-times xvnmsub.dp 2
FAIL: gcc.target/powerpc/recip-4.c scan-assembler-times xvrsqrtesp 1
FAIL: gcc.target/powerpc/recip-4.c scan-assembler-times xvmsub.sp 1
FAIL: gcc.target/powerpc/recip-4.c scan-assembler-times xvmulsp 4
FAIL: gcc.target/powerpc/recip-4.c scan-assembler-times xvnmsub.sp 2
FAIL: gcc.target/powerpc/recip-5.c (test for excess errors)
UNRESOLVED: gcc.target/powerpc/recip-5.c scan-assembler-times xvredp 4
UNRESOLVED: gcc.target/powerpc/recip-5.c scan-assembler-times xvresp 5
UNRESOLVED: gcc.target/powerpc/recip-5.c scan-assembler-times xsredp 2
UNRESOLVED: gcc.target/powerpc/recip-5.c scan-assembler-times fres 2
FAIL: gcc.target/powerpc/vsx-builtin-1.c (test for excess errors)
UNRESOLVED: gcc.target/powerpc/vsx-builtin-1.c scan-assembler xvadddp
UNRESOLVED: gcc.target/powerpc/vsx-builtin-1.c scan-assembler xvsubdp
UNRESOLVED: gcc.target/powerpc/vsx-builtin-1.c scan-assembler xvmuldp
UNRESOLVED: gcc.target/powerpc/vsx-builtin-1.c scan-assembler xvmadd
UNRESOLVED: gcc.target/powerpc/vsx-builtin-1.c scan-assembler xvmsub
UNRESOLVED: gcc.target/powerpc/vsx-builtin-1.c scan-assembler xvnmadd
UNRESOLVED: gcc.target/powerpc/vsx-builtin-1.c scan-assembler xvnmsub
UNRESOLVED: gcc.target/powerpc/vsx-builtin-1.c scan-assembler xvdivdp
UNRESOLVED: gcc.target/powerpc/vsx-builtin-1.c scan-assembler xvmaxdp
UNRESOLVED: gcc.target/powerpc/vsx-builtin-1.c scan-assembler xvmindp
UNRESOLVED: gcc.target/powerpc/vsx-builtin-1.c scan-assembler xvsqrtdp
UNRESOLVED: gcc.target/powerpc/vsx-builtin-1.c scan-assembler xvrsqrtedp
UNRESOLVED: gcc.target/powerpc/vsx-builtin-1.c scan-assembler xvabsdp
UNRESOLVED: gcc.target/powerpc/vsx-builtin-1.c scan-assembler xvnabsdp
UNRESOLVED: gcc.target/powerpc/vsx-builtin-1.c scan-assembler xvredp
FAIL: gcc.target/powerpc/vsx-builtin-2.c (test for excess errors)
UNRESOLVED: gcc.target/powerpc/vsx-builtin-2.c scan-assembler xvaddsp
UNRESOLVED: gcc.target/powerpc/vsx-builtin-2.c scan-assembler xvsubsp
UNRESOLVED: gcc.target/powerpc/vsx-builtin-2.c scan-assembler xvmulsp
UNRESOLVED: gcc.target/powerpc/vsx-builtin-2.c scan-assembler xvmadd
UNRESOLVED: gcc.target/powerpc/vsx-builtin-2.c scan-assembler xvmsub
UNRESOLVED: gcc.target/powerpc/vsx-builtin-2.c scan-assembler xvnmadd
UNRESOLVED: gcc.target/powerpc/vsx-builtin-2.c scan-assembler xvnmsub
UNRESOLVED: gcc.target/powerpc/vsx-builtin-2.c scan-assembler xvdivsp
UNRESOLVED: gcc.target/powerpc/vsx-builtin-2.c scan-assembler xvmaxsp
UNRESOLVED: gcc.target/powerpc/vsx-builtin-2.c scan-assembler xvminsp
UNRESOLVED: gcc.target/powerpc/vsx-builtin-2.c scan-assembler xvsqrtsp
UNRESOLVED: gcc.target/powerpc/vsx-builtin-2.c scan-assembler xvabssp
UNRESOLVED: gcc.target/powerpc/vsx-builtin-2.c scan-assembler xvnabssp
UNRESOLVED: gcc.target/powerpc/vsx-builtin-2.c scan-assembler xvresp
UNRESOLVED: gcc.target/powerpc/vsx-builtin-2.c scan-assembler xvrsqrtesp
FAIL: gcc.target/powerpc/vsx-builtin-3.c (test for excess errors)
UNRESOLVED: gcc.target/powerpc/vsx-builtin-3.c scan-assembler xxsel
UNRESOLVED: gcc.target/powerpc/vsx-builtin-3.c scan-assembler vperm
UNRESOLVED: gcc.target/powerpc/vsx-builtin-3.c scan-assembler xvrdpi
UNRESOLVED: gcc.target/powerpc/vsx-builtin-3.c scan-assembler xvrdpic
UNRESOLVED: gcc.target/powerpc/vsx-builtin-3.c scan-assembler xvrdpim
UNRESOLVED: gcc.target/powerpc/vsx-builtin-3.c scan-assembler xvrdpip
UNRESOLVED: gcc.target/powerpc/vsx-builtin-3.c scan-assembler xvrdpiz
UNRESOLVED: gcc.target/powerpc/vsx-builtin-3.c scan-assembler xvrspi
UNRESOLVED: gcc.target/powerpc/vsx-builtin-3.c scan-assembler xvrspic
UNRESOLVED: gcc.target/powerpc/vsx-builtin-3.c scan-assembler xvrspim
UNRESOLVED: gcc.target/powerpc/vsx-builtin-3.c scan-assembler xvrspip
UNRESOLVED: gcc.target/powerpc/vsx-builtin-3.c scan-assembler xvrspiz
UNRESOLVED: gcc.target/powerpc/vsx-builtin-3.c scan-assembler xsrdpi
UNRESOLVED: gcc.target/powerpc/vsx-builtin-3.c scan-assembler xsrdpic
UNRESOLVED: gcc.target/powerpc/vsx-builtin-3.c scan-assembler xsrdpim
UNRESOLVED: gcc.target/powerpc/vsx-builtin-3.c scan-assembler xsrdpip
UNRESOLVED: gcc.target/powerpc/vsx-builtin-3.c scan-assembler xsrdpiz
UNRESOLVED: gcc.target/powerpc/vsx-builtin-3.c scan-assembler xsmaxdp
UNRESOLVED: gcc.target/powerpc/vsx-builtin-3.c scan-assembler xsmindp
UNRESOLVED: gcc.target/powerpc/vsx-builtin-3.c scan-assembler xxland
UNRESOLVED: gcc.target/powerpc/vsx-builtin-3.c scan-assembler xxlandc
UNRESOLVED: gcc.target/powerpc/vsx-builtin-3.c scan-assembler xxlnor
UNRESOLVED: gcc.target/powerpc/vsx-builtin-3.c scan-assembler xxlor
UNRESOLVED: gcc.target/powerpc/vsx-builtin-3.c scan-assembler xxlxor
UNRESOLVED: gcc.target/powerpc/vsx-builtin-3.c scan-assembler xvcmpeqdp
UNRESOLVED: gcc.target/powerpc/vsx-builtin-3.c scan-assembler xvcmpgtdp
UNRESOLVED: gcc.target/powerpc/vsx-builtin-3.c scan-assembler xvcmpgedp
UNRESOLVED: gcc.target/powerpc/vsx-builtin-3.c scan-assembler xvcmpeqsp
UNRESOLVED: gcc.target/powerpc/vsx-builtin-3.c scan-assembler xvcmpgtsp
UNRESOLVED: gcc.target/powerpc/vsx-builtin-3.c scan-assembler xvcmpgesp
UNRESOLVED: gcc.target/powerpc/vsx-builtin-3.c scan-assembler xxsldwi
UNRESOLVED: gcc.target/powerpc/vsx-builtin-3.c scan-assembler-not call
FAIL: gcc.target/powerpc/vsx-builtin-4.c (test for excess errors)
UNRESOLVED: gcc.target/powerpc/vsx-builtin-4.c scan-assembler xvcmpeqdp.
UNRESOLVED: gcc.target/powerpc/vsx-builtin-4.c scan-assembler xvcmpgtdp.
UNRESOLVED: gcc.target/powerpc/vsx-builtin-4.c scan-assembler xvcmpgedp.
UNRESOLVED: gcc.target/powerpc/vsx-builtin-4.c scan-assembler xvcmpeqsp.
UNRESOLVED: gcc.target/powerpc/vsx-builtin-4.c scan-assembler xvcmpgtsp.
UNRESOLVED: gcc.target/powerpc/vsx-builtin-4.c scan-assembler xvcmpgesp.
UNRESOLVED: gcc.target/powerpc/vsx-builtin-4.c scan-assembler vcmpbfp.
UNRESOLVED: gcc.target/powerpc/vsx-builtin-4.c scan-assembler vcmpequb.
UNRESOLVED: gcc.target/powerpc/vsx-builtin-4.c scan-assembler vcmpequh.
UNRESOLVED: gcc.target/powerpc/vsx-builtin-4.c scan-assembler vcmpequw.
UNRESOLVED: gcc.target/powerpc/vsx-builtin-4.c scan-assembler vcmpgtub.
UNRESOLVED: gcc.target/powerpc/vsx-builtin-4.c scan-assembler vcmpgtuh.
UNRESOLVED: gcc.target/powerpc/vsx-builtin-4.c scan-assembler vcmpgtuw.
UNRESOLVED: gcc.target/powerpc/vsx-builtin-4.c scan-assembler vcmpgtsb.
UNRESOLVED: gcc.target/powerpc/vsx-builtin-4.c scan-assembler vcmpgtsh.
UNRESOLVED: gcc.target/powerpc/vsx-builtin-4.c scan-assembler vcmpgtsw.
UNRESOLVED: gcc.target/powerpc/vsx-builtin-4.c scan-assembler-not vcmpeqfp
UNRESOLVED: gcc.target/powerpc/vsx-builtin-4.c scan-assembler-not vcmpgtfp
UNRESOLVED: gcc.target/powerpc/vsx-builtin-4.c scan-assembler-not vcmpgefp
FAIL: gcc.target/powerpc/vsx-builtin-5.c (test for excess errors)
UNRESOLVED: gcc.target/powerpc/vsx-builtin-5.c scan-assembler xxpermdi
UNRESOLVED: gcc.target/powerpc/vsx-builtin-5.c scan-assembler-not stxvd2x
FAIL: gcc.target/powerpc/vsx-builtin-6.c (test for excess errors)
UNRESOLVED: gcc.target/powerpc/vsx-builtin-6.c scan-assembler-times xstdivdp 3
UNRESOLVED: gcc.target/powerpc/vsx-builtin-6.c scan-assembler-times xvtdivdp 3
UNRESOLVED: gcc.target/powerpc/vsx-builtin-6.c scan-assembler-times xvtdivsp 3
UNRESOLVED: gcc.target/powerpc/vsx-builtin-6.c scan-assembler-times xstsqrtdp 3
UNRESOLVED: gcc.target/powerpc/vsx-builtin-6.c scan-assembler-times xvtsqrtdp 3
UNRESOLVED: gcc.target/powerpc/vsx-builtin-6.c scan-assembler-times xvtsqrtsp 3
FAIL: gcc.target/powerpc/vsx-builtin-7.c (test for excess errors)
FAIL: gcc.target/powerpc/vsx-builtin-8.c (test for excess errors)
FAIL: gcc.target/powerpc/vsx-mass-1.c scan-assembler bl atan2d2
FAIL: gcc.target/powerpc/vsx-mass-1.c scan-assembler bl atan2f4
FAIL: gcc.target/powerpc/vsx-mass-1.c scan-assembler bl hypotd2
FAIL: gcc.target/powerpc/vsx-mass-1.c scan-assembler bl hypotf4
FAIL: gcc.target/powerpc/vsx-mass-1.c scan-assembler bl powd2
FAIL: gcc.target/powerpc/vsx-mass-1.c scan-assembler bl powf4
FAIL: gcc.target/powerpc/vsx-mass-1.c scan-assembler bl acosd2
FAIL: gcc.target/powerpc/vsx-mass-1.c scan-assembler bl acosf4
FAIL: gcc.target/powerpc/vsx-mass-1.c scan-assembler bl acoshd2
FAIL: gcc.target/powerpc/vsx-mass-1.c scan-assembler bl acoshf4
FAIL: gcc.target/powerpc/vsx-mass-1.c scan-assembler bl asind2
FAIL: gcc.target/powerpc/vsx-mass-1.c scan-assembler bl asinf4
FAIL: gcc.target/powerpc/vsx-mass-1.c scan-assembler bl asinhd2
FAIL: gcc.target/powerpc/vsx-mass-1.c scan-assembler bl asinhf4
FAIL: gcc.target/powerpc/vsx-mass-1.c scan-assembler bl atand2
FAIL: gcc.target/powerpc/vsx-mass-1.c scan-assembler bl atanf4
FAIL: gcc.target/powerpc/vsx-mass-1.c scan-assembler bl atanhd2
FAIL: gcc.target/powerpc/vsx-mass-1.c scan-assembler bl atanhf4
FAIL: gcc.target/powerpc/vsx-mass-1.c scan-assembler bl cbrtd2
FAIL: gcc.target/powerpc/vsx-mass-1.c scan-assembler bl cbrtf4
FAIL: gcc.target/powerpc/vsx-mass-1.c scan-assembler bl cosd2
FAIL: gcc.target/powerpc/vsx-mass-1.c scan-assembler bl cosf4
FAIL: gcc.target/powerpc/vsx-mass-1.c scan-assembler bl coshd2
FAIL: gcc.target/powerpc/vsx-mass-1.c scan-assembler bl coshf4
FAIL: gcc.target/powerpc/vsx-mass-1.c scan-assembler bl erfd2
FAIL: gcc.target/powerpc/vsx-mass-1.c scan-assembler bl erff4
FAIL: gcc.target/powerpc/vsx-mass-1.c scan-assembler bl erfcd2
FAIL: gcc.target/powerpc/vsx-mass-1.c scan-assembler bl erfcf4
FAIL: gcc.target/powerpc/vsx-mass-1.c scan-assembler bl exp2d2
FAIL: gcc.target/powerpc/vsx-mass-1.c scan-assembler bl exp2f4
FAIL: gcc.target/powerpc/vsx-mass-1.c scan-assembler bl expd2
FAIL: gcc.target/powerpc/vsx-mass-1.c scan-assembler bl expf4
FAIL: gcc.target/powerpc/vsx-mass-1.c scan-assembler bl expm1d2
FAIL: gcc.target/powerpc/vsx-mass-1.c scan-assembler bl expm1f4
FAIL: gcc.target/powerpc/vsx-mass-1.c scan-assembler bl log10d2
FAIL: gcc.target/powerpc/vsx-mass-1.c scan-assembler bl log10f4
FAIL: gcc.target/powerpc/vsx-mass-1.c scan-assembler bl log1pd2
FAIL: gcc.target/powerpc/vsx-mass-1.c scan-assembler bl log1pf4
FAIL: gcc.target/powerpc/vsx-mass-1.c scan-assembler bl log2d2
FAIL: gcc.target/powerpc/vsx-mass-1.c scan-assembler bl log2f4
FAIL: gcc.target/powerpc/vsx-mass-1.c scan-assembler bl logd2
FAIL: gcc.target/powerpc/vsx-mass-1.c scan-assembler bl logf4
FAIL: gcc.target/powerpc/vsx-mass-1.c scan-assembler bl sind2
FAIL: gcc.target/powerpc/vsx-mass-1.c scan-assembler bl sinf4
FAIL: gcc.target/powerpc/vsx-mass-1.c scan-assembler bl sinhd2
FAIL: gcc.target/powerpc/vsx-mass-1.c scan-assembler bl sinhf4
FAIL: gcc.target/powerpc/vsx-mass-1.c scan-assembler bl tand2
FAIL: gcc.target/powerpc/vsx-mass-1.c scan-assembler bl tanf4
FAIL: gcc.target/powerpc/vsx-mass-1.c scan-assembler bl tanhd2
FAIL: gcc.target/powerpc/vsx-mass-1.c scan-assembler bl tanhf4
FAIL: gcc.target/powerpc/vsx-sfminmax.c scan-assembler xsmaxdp
FAIL: gcc.target/powerpc/vsx-sfminmax.c scan-assembler xsmindp
FAIL: gcc.target/powerpc/vsx-vector-1.c scan-assembler xvadddp
FAIL: gcc.target/powerpc/vsx-vector-1.c scan-assembler xvsubdp
FAIL: gcc.target/powerpc/vsx-vector-1.c scan-assembler xvmuldp
FAIL: gcc.target/powerpc/vsx-vector-1.c scan-assembler xvdivdp
FAIL: gcc.target/powerpc/vsx-vector-1.c scan-assembler xvmadd
FAIL: gcc.target/powerpc/vsx-vector-1.c scan-assembler xvmsub
FAIL: gcc.target/powerpc/vsx-vector-1.c scan-assembler xvsqrtdp
FAIL: gcc.target/powerpc/vsx-vector-1.c scan-assembler xvcpsgndp
FAIL: gcc.target/powerpc/vsx-vector-1.c scan-assembler xvrdpim
FAIL: gcc.target/powerpc/vsx-vector-1.c scan-assembler xvrdpip
FAIL: gcc.target/powerpc/vsx-vector-1.c scan-assembler xvrdpiz
FAIL: gcc.target/powerpc/vsx-vector-1.c scan-assembler xvrdpic
FAIL: gcc.target/powerpc/vsx-vector-1.c scan-assembler xvrdpi
FAIL: gcc.target/powerpc/vsx-vector-2.c scan-assembler xvaddsp
FAIL: gcc.target/powerpc/vsx-vector-2.c scan-assembler xvsubsp
FAIL: gcc.target/powerpc/vsx-vector-2.c scan-assembler xvmulsp
FAIL: gcc.target/powerpc/vsx-vector-2.c scan-assembler xvdivsp
FAIL: gcc.target/powerpc/vsx-vector-2.c scan-assembler xvmadd
FAIL: gcc.target/powerpc/vsx-vector-2.c scan-assembler xvmsub
FAIL: gcc.target/powerpc/vsx-vector-2.c scan-assembler xvsqrtsp
FAIL: gcc.target/powerpc/vsx-vector-2.c scan-assembler xvcpsgnsp
FAIL: gcc.target/powerpc/vsx-vector-2.c scan-assembler xvrspim
FAIL: gcc.target/powerpc/vsx-vector-2.c scan-assembler xvrspip
FAIL: gcc.target/powerpc/vsx-vector-2.c scan-assembler xvrspiz
FAIL: gcc.target/powerpc/vsx-vector-2.c scan-assembler xvrspic
FAIL: gcc.target/powerpc/vsx-vector-2.c scan-assembler xvrspi
FAIL: gcc.target/powerpc/vsx-vector-3.c (test for excess errors)
UNRESOLVED: gcc.target/powerpc/vsx-vector-3.c scan-assembler xvadddp
UNRESOLVED: gcc.target/powerpc/vsx-vector-3.c scan-assembler xvsubdp
UNRESOLVED: gcc.target/powerpc/vsx-vector-3.c scan-assembler xvmuldp
UNRESOLVED: gcc.target/powerpc/vsx-vector-3.c scan-assembler xvdivdp
UNRESOLVED: gcc.target/powerpc/vsx-vector-3.c scan-assembler xvmadd
UNRESOLVED: gcc.target/powerpc/vsx-vector-3.c scan-assembler xvmsub
FAIL: gcc.target/powerpc/vsx-vector-4.c (test for excess errors)
UNRESOLVED: gcc.target/powerpc/vsx-vector-4.c scan-assembler xvaddsp
UNRESOLVED: gcc.target/powerpc/vsx-vector-4.c scan-assembler xvsubsp
UNRESOLVED: gcc.target/powerpc/vsx-vector-4.c scan-assembler xvmulsp
UNRESOLVED: gcc.target/powerpc/vsx-vector-4.c scan-assembler xvdivsp
UNRESOLVED: gcc.target/powerpc/vsx-vector-4.c scan-assembler xvmadd
UNRESOLVED: gcc.target/powerpc/vsx-vector-4.c scan-assembler xvmsub
FAIL: gcc.target/powerpc/vsx-vectorize-2.c scan-tree-dump-times vect "vectorized 1 loops" 1
XPASS: gcc.target/powerpc/vsx-vectorize-2.c scan-tree-dump-times vect "Alignment of access forced using peeling" 0
FAIL: gcc.target/powerpc/vsx-vectorize-3.c scan-tree-dump-times vect "vectorized 1 loops" 1
FAIL: gcc.target/powerpc/vsx-vectorize-3.c scan-tree-dump-times vect "Alignment of access forced using peeling" 1
FAIL: gcc.target/powerpc/vsx-vectorize-3.c scan-tree-dump-times vect "Alignment of access forced using versioning" 0
FAIL: gcc.target/powerpc/vsx-vectorize-3.c scan-tree-dump-times vect "Vectorizing an unaligned access" 2
FAIL: gcc.target/powerpc/vsx-vectorize-4.c scan-tree-dump-times vect "vectorized 1 loops" 1
XPASS: gcc.target/powerpc/vsx-vectorize-4.c scan-tree-dump-times vect "Alignment of access forced using peeling" 0
FAIL: gcc.target/powerpc/vsx-vectorize-5.c scan-tree-dump-times vect "Alignment of access forced using peeling" 1
FAIL: gcc.target/powerpc/vsx-vectorize-5.c scan-tree-dump-times vect "Alignment of access forced using versioning" 0
FAIL: gcc.target/powerpc/vsx-vectorize-5.c scan-tree-dump-times vect "Vectorizing an unaligned access" 2
FAIL: gcc.target/powerpc/vsx-vectorize-6.c scan-tree-dump-times vect "vectorized 1 loops" 1
XPASS: gcc.target/powerpc/vsx-vectorize-6.c scan-tree-dump-times vect "Alignment of access forced using peeling" 0
FAIL: gcc.target/powerpc/vsx-vectorize-7.c scan-tree-dump-times vect "vectorized 1 loops" 1
XPASS: gcc.target/powerpc/vsx-vectorize-7.c scan-tree-dump-times vect "Alignment of access forced using peeling" 0
FAIL: gcc.target/powerpc/vsx-vectorize-7.c scan-tree-dump-times vect "Alignment of access forced using versioning" 0
FAIL: gcc.target/powerpc/vsx-vectorize-8.c scan-tree-dump-times vect "vectorized 1 loops" 1
FAIL: gcc.target/powerpc/vsx-vectorize-8.c scan-tree-dump-times vect "Alignment of access forced using versioning" 2
FAIL: gcc.target/powerpc/vsx-vectorize-8.c scan-tree-dump-times vect "Vectorizing an unaligned access" 2
FAIL: gcc.target/powerpc/warn-2.c (test for warnings, line 1)
=== gcc Summary for unix/-m64 ===
# of expected passes 79876
# of unexpected failures 243
# of unexpected successes 5
# of expected failures 234
# of unresolved testcases 126
# of unsupported tests 1318
=== gcc Summary ===
# of expected passes 160371
# of unexpected failures 544
# of unexpected successes 47
# of expected failures 466
# of unresolved testcases 190
# of unsupported tests 2656
/home/gccbuild/build/nightly/build-gcc-trunk/gcc/xgcc version 4.8.0 20120606 (experimental) [trunk revision 188257] (GCC)
=== gfortran tests ===
Running target unix/-m32
XPASS: gfortran.dg/default_format_denormal_2.f90 -O0 execution test
XPASS: gfortran.dg/default_format_denormal_2.f90 -O1 execution test
XPASS: gfortran.dg/default_format_denormal_2.f90 -O2 execution test
XPASS: gfortran.dg/default_format_denormal_2.f90 -O3 -fomit-frame-pointer execution test
XPASS: gfortran.dg/default_format_denormal_2.f90 -O3 -fomit-frame-pointer -funroll-loops execution test
XPASS: gfortran.dg/default_format_denormal_2.f90 -O3 -fomit-frame-pointer -funroll-all-loops -finline-functions execution test
XPASS: gfortran.dg/default_format_denormal_2.f90 -O3 -g execution test
XPASS: gfortran.dg/default_format_denormal_2.f90 -Os execution test
FAIL: gfortran.dg/lto/pr45586-2 f_lto_pr45586-2_0.o-f_lto_pr45586-2_0.o link, -O0 -flto -flto-partition=none -fuse-linker-plugin (internal compiler error)
UNRESOLVED: gfortran.dg/lto/pr45586-2 f_lto_pr45586-2_0.o-f_lto_pr45586-2_0.o execute -O0 -flto -flto-partition=none -fuse-linker-plugin
FAIL: gfortran.dg/lto/pr45586-2 f_lto_pr45586-2_0.o-f_lto_pr45586-2_0.o link, -O0 -flto -flto-partition=1to1 -fno-use-linker-plugin (internal compiler error)
UNRESOLVED: gfortran.dg/lto/pr45586-2 f_lto_pr45586-2_0.o-f_lto_pr45586-2_0.o execute -O0 -flto -flto-partition=1to1 -fno-use-linker-plugin
FAIL: gfortran.dg/lto/pr45586-2 f_lto_pr45586-2_0.o-f_lto_pr45586-2_0.o link, -O0 -flto -fuse-linker-plugin -fno-fat-lto-objects (internal compiler error)
UNRESOLVED: gfortran.dg/lto/pr45586-2 f_lto_pr45586-2_0.o-f_lto_pr45586-2_0.o execute -O0 -flto -fuse-linker-plugin -fno-fat-lto-objects
FAIL: gfortran.dg/lto/pr45586 f_lto_pr45586_0.o-f_lto_pr45586_0.o link, -O0 -flto -flto-partition=none -fuse-linker-plugin (internal compiler error)
UNRESOLVED: gfortran.dg/lto/pr45586 f_lto_pr45586_0.o-f_lto_pr45586_0.o execute -O0 -flto -flto-partition=none -fuse-linker-plugin
FAIL: gfortran.dg/lto/pr45586 f_lto_pr45586_0.o-f_lto_pr45586_0.o link, -O0 -flto -flto-partition=1to1 -fno-use-linker-plugin (internal compiler error)
UNRESOLVED: gfortran.dg/lto/pr45586 f_lto_pr45586_0.o-f_lto_pr45586_0.o execute -O0 -flto -flto-partition=1to1 -fno-use-linker-plugin
FAIL: gfortran.dg/lto/pr45586 f_lto_pr45586_0.o-f_lto_pr45586_0.o link, -O0 -flto -fuse-linker-plugin -fno-fat-lto-objects (internal compiler error)
UNRESOLVED: gfortran.dg/lto/pr45586 f_lto_pr45586_0.o-f_lto_pr45586_0.o execute -O0 -flto -fuse-linker-plugin -fno-fat-lto-objects
=== gfortran Summary for unix/-m32 ===
# of expected passes 40670
# of unexpected failures 6
# of unexpected successes 8
# of expected failures 74
# of unresolved testcases 6
# of unsupported tests 246
Running target unix/-m64
XPASS: gfortran.dg/default_format_denormal_2.f90 -O0 execution test
XPASS: gfortran.dg/default_format_denormal_2.f90 -O1 execution test
XPASS: gfortran.dg/default_format_denormal_2.f90 -O2 execution test
XPASS: gfortran.dg/default_format_denormal_2.f90 -O3 -fomit-frame-pointer execution test
XPASS: gfortran.dg/default_format_denormal_2.f90 -O3 -fomit-frame-pointer -funroll-loops execution test
XPASS: gfortran.dg/default_format_denormal_2.f90 -O3 -fomit-frame-pointer -funroll-all-loops -finline-functions execution test
XPASS: gfortran.dg/default_format_denormal_2.f90 -O3 -g execution test
XPASS: gfortran.dg/default_format_denormal_2.f90 -Os execution test
FAIL: gfortran.dg/lto/pr45586-2 f_lto_pr45586-2_0.o-f_lto_pr45586-2_0.o link, -O0 -flto -flto-partition=none -fuse-linker-plugin (internal compiler error)
UNRESOLVED: gfortran.dg/lto/pr45586-2 f_lto_pr45586-2_0.o-f_lto_pr45586-2_0.o execute -O0 -flto -flto-partition=none -fuse-linker-plugin
FAIL: gfortran.dg/lto/pr45586-2 f_lto_pr45586-2_0.o-f_lto_pr45586-2_0.o link, -O0 -flto -flto-partition=1to1 -fno-use-linker-plugin (internal compiler error)
UNRESOLVED: gfortran.dg/lto/pr45586-2 f_lto_pr45586-2_0.o-f_lto_pr45586-2_0.o execute -O0 -flto -flto-partition=1to1 -fno-use-linker-plugin
FAIL: gfortran.dg/lto/pr45586-2 f_lto_pr45586-2_0.o-f_lto_pr45586-2_0.o link, -O0 -flto -fuse-linker-plugin -fno-fat-lto-objects (internal compiler error)
UNRESOLVED: gfortran.dg/lto/pr45586-2 f_lto_pr45586-2_0.o-f_lto_pr45586-2_0.o execute -O0 -flto -fuse-linker-plugin -fno-fat-lto-objects
FAIL: gfortran.dg/lto/pr45586 f_lto_pr45586_0.o-f_lto_pr45586_0.o link, -O0 -flto -flto-partition=none -fuse-linker-plugin (internal compiler error)
UNRESOLVED: gfortran.dg/lto/pr45586 f_lto_pr45586_0.o-f_lto_pr45586_0.o execute -O0 -flto -flto-partition=none -fuse-linker-plugin
FAIL: gfortran.dg/lto/pr45586 f_lto_pr45586_0.o-f_lto_pr45586_0.o link, -O0 -flto -flto-partition=1to1 -fno-use-linker-plugin (internal compiler error)
UNRESOLVED: gfortran.dg/lto/pr45586 f_lto_pr45586_0.o-f_lto_pr45586_0.o execute -O0 -flto -flto-partition=1to1 -fno-use-linker-plugin
FAIL: gfortran.dg/lto/pr45586 f_lto_pr45586_0.o-f_lto_pr45586_0.o link, -O0 -flto -fuse-linker-plugin -fno-fat-lto-objects (internal compiler error)
UNRESOLVED: gfortran.dg/lto/pr45586 f_lto_pr45586_0.o-f_lto_pr45586_0.o execute -O0 -flto -fuse-linker-plugin -fno-fat-lto-objects
=== gfortran Summary for unix/-m64 ===
# of expected passes 40997
# of unexpected failures 6
# of unexpected successes 8
# of expected failures 74
# of unresolved testcases 6
# of unsupported tests 85
=== gfortran Summary ===
# of expected passes 81667
# of unexpected failures 12
# of unexpected successes 16
# of expected failures 148
# of unresolved testcases 12
# of unsupported tests 331
/home/gccbuild/build/nightly/build-gcc-trunk/gcc/testsuite/gfortran/../../gfortran version 4.8.0 20120606 (experimental) [trunk revision 188257] (GCC)
=== g++ tests ===
Running target unix/-m32
=== g++ Summary for unix/-m32 ===
# of expected passes 47883
# of expected failures 284
# of unsupported tests 625
Running target unix/-m64
WARNING: program timed out.
=== g++ Summary for unix/-m64 ===
# of expected passes 49037
# of expected failures 284
# of unsupported tests 641
=== g++ Summary ===
# of expected passes 96920
# of expected failures 568
# of unsupported tests 1266
/home/gccbuild/build/nightly/build-gcc-trunk/gcc/testsuite/g++/../../g++ version 4.8.0 20120606 (experimental) [trunk revision 188257] (GCC)
=== obj-c++ tests ===
Running target unix/-m32
=== obj-c++ Summary for unix/-m32 ===
# of expected passes 1450
# of expected failures 2
# of unsupported tests 86
Running target unix/-m64
=== obj-c++ Summary for unix/-m64 ===
# of expected passes 1442
# of expected failures 10
# of unsupported tests 86
=== obj-c++ Summary ===
# of expected passes 2892
# of expected failures 12
# of unsupported tests 172
/home/gccbuild/build/nightly/build-gcc-trunk/gcc/testsuite/obj-c++/../../g++ version 4.8.0 20120606 (experimental) [trunk revision 188257] (GCC)
=== objc tests ===
Running target unix/-m32
=== objc Summary for unix/-m32 ===
# of expected passes 2994
# of unsupported tests 74
Running target unix/-m64
=== objc Summary for unix/-m64 ===
# of expected passes 2994
# of unsupported tests 74
=== objc Summary ===
# of expected passes 5988
# of unsupported tests 148
/home/gccbuild/build/nightly/build-gcc-trunk/gcc/xgcc version 4.8.0 20120606 (experimental) [trunk revision 188257] (GCC)
=== libatomic tests ===
Running target unix/-m32
=== libatomic Summary for unix/-m32 ===
# of expected passes 44
# of unsupported tests 5
Running target unix/-m64
=== libatomic Summary for unix/-m64 ===
# of expected passes 44
# of unsupported tests 5
=== libatomic Summary ===
# of expected passes 88
# of unsupported tests 10
=== libgomp tests ===
Running target unix/-m32
FAIL: libgomp.c++/for-7.C -O0 (test for excess errors)
WARNING: libgomp.c++/for-7.C -O0 compilation failed to produce executable
FAIL: libgomp.c++/for-7.C -O1 (test for excess errors)
WARNING: libgomp.c++/for-7.C -O1 compilation failed to produce executable
FAIL: libgomp.c++/for-7.C -O2 (test for excess errors)
WARNING: libgomp.c++/for-7.C -O2 compilation failed to produce executable
FAIL: libgomp.c++/for-7.C -O3 -fomit-frame-pointer (test for excess errors)
WARNING: libgomp.c++/for-7.C -O3 -fomit-frame-pointer compilation failed to produce executable
FAIL: libgomp.c++/for-7.C -O3 -fomit-frame-pointer -funroll-loops (test for excess errors)
WARNING: libgomp.c++/for-7.C -O3 -fomit-frame-pointer -funroll-loops compilation failed to produce executable
FAIL: libgomp.c++/for-7.C -O3 -fomit-frame-pointer -funroll-all-loops -finline-functions (test for excess errors)
WARNING: libgomp.c++/for-7.C -O3 -fomit-frame-pointer -funroll-all-loops -finline-functions compilation failed to produce executable
FAIL: libgomp.c++/for-7.C -O3 -g (test for excess errors)
WARNING: libgomp.c++/for-7.C -O3 -g compilation failed to produce executable
FAIL: libgomp.c++/for-7.C -Os (test for excess errors)
WARNING: libgomp.c++/for-7.C -Os compilation failed to produce executable
=== libgomp Summary for unix/-m32 ===
# of expected passes 2980
# of unexpected failures 8
# of unsupported tests 1
Running target unix/-m64
FAIL: libgomp.c++/for-7.C -O0 (test for excess errors)
WARNING: libgomp.c++/for-7.C -O0 compilation failed to produce executable
FAIL: libgomp.c++/for-7.C -O1 (test for excess errors)
WARNING: libgomp.c++/for-7.C -O1 compilation failed to produce executable
FAIL: libgomp.c++/for-7.C -O2 (test for excess errors)
WARNING: libgomp.c++/for-7.C -O2 compilation failed to produce executable
FAIL: libgomp.c++/for-7.C -O3 -fomit-frame-pointer (test for excess errors)
WARNING: libgomp.c++/for-7.C -O3 -fomit-frame-pointer compilation failed to produce executable
FAIL: libgomp.c++/for-7.C -O3 -fomit-frame-pointer -funroll-loops (test for excess errors)
WARNING: libgomp.c++/for-7.C -O3 -fomit-frame-pointer -funroll-loops compilation failed to produce executable
FAIL: libgomp.c++/for-7.C -O3 -fomit-frame-pointer -funroll-all-loops -finline-functions (test for excess errors)
WARNING: libgomp.c++/for-7.C -O3 -fomit-frame-pointer -funroll-all-loops -finline-functions compilation failed to produce executable
FAIL: libgomp.c++/for-7.C -O3 -g (test for excess errors)
WARNING: libgomp.c++/for-7.C -O3 -g compilation failed to produce executable
FAIL: libgomp.c++/for-7.C -Os (test for excess errors)
WARNING: libgomp.c++/for-7.C -Os compilation failed to produce executable
=== libgomp Summary for unix/-m64 ===
# of expected passes 2980
# of unexpected failures 8
# of unsupported tests 1
=== libgomp Summary ===
# of expected passes 5960
# of unexpected failures 16
# of unsupported tests 2
=== libitm tests ===
Running target unix/-m32
=== libitm Summary for unix/-m32 ===
# of expected passes 26
# of expected failures 3
# of unsupported tests 1
Running target unix/-m64
=== libitm Summary for unix/-m64 ===
# of expected passes 26
# of expected failures 3
# of unsupported tests 1
=== libitm Summary ===
# of expected passes 52
# of expected failures 6
# of unsupported tests 2
=== libmudflap tests ===
Running target unix/-m32
FAIL: libmudflap.c/fail11-frag.c (-O3) crash test
FAIL: libmudflap.c/fail11-frag.c (-O3) output pattern test
FAIL: libmudflap.c/fail12-frag.c (-O3) crash test
FAIL: libmudflap.c/fail12-frag.c (-O3) output pattern test
=== libmudflap Summary for unix/-m32 ===
# of expected passes 1902
# of unexpected failures 4
Running target unix/-m64
FAIL: libmudflap.c/fail11-frag.c (-O3) crash test
FAIL: libmudflap.c/fail11-frag.c (-O3) output pattern test
FAIL: libmudflap.c/fail12-frag.c (-O3) crash test
FAIL: libmudflap.c/fail12-frag.c (-O3) output pattern test
FAIL: libmudflap.c++/pass41-frag.cxx (test for excess errors)
WARNING: libmudflap.c++/pass41-frag.cxx compilation failed to produce executable
FAIL: libmudflap.c++/pass55-frag.cxx (test for excess errors)
WARNING: libmudflap.c++/pass55-frag.cxx compilation failed to produce executable
WARNING: libmudflap.c++/pass57-frag.cxx compilation failed to produce executable
FAIL: libmudflap.c++/pass41-frag.cxx (-static) (test for excess errors)
WARNING: libmudflap.c++/pass41-frag.cxx (-static) compilation failed to produce executable
FAIL: libmudflap.c++/pass55-frag.cxx (-static) (test for excess errors)
WARNING: libmudflap.c++/pass55-frag.cxx (-static) compilation failed to produce executable
WARNING: libmudflap.c++/pass57-frag.cxx (-static) compilation failed to produce executable
FAIL: libmudflap.c++/pass41-frag.cxx ( -O) (test for excess errors)
WARNING: libmudflap.c++/pass41-frag.cxx ( -O) compilation failed to produce executable
FAIL: libmudflap.c++/pass55-frag.cxx ( -O) (test for excess errors)
WARNING: libmudflap.c++/pass55-frag.cxx ( -O) compilation failed to produce executable
WARNING: libmudflap.c++/pass57-frag.cxx ( -O) compilation failed to produce executable
FAIL: libmudflap.c++/pass41-frag.cxx (-O2) (test for excess errors)
WARNING: libmudflap.c++/pass41-frag.cxx (-O2) compilation failed to produce executable
FAIL: libmudflap.c++/pass55-frag.cxx (-O2) (test for excess errors)
WARNING: libmudflap.c++/pass55-frag.cxx (-O2) compilation failed to produce executable
WARNING: libmudflap.c++/pass57-frag.cxx (-O2) compilation failed to produce executable
FAIL: libmudflap.c++/pass41-frag.cxx (-O3) (test for excess errors)
WARNING: libmudflap.c++/pass41-frag.cxx (-O3) compilation failed to produce executable
FAIL: libmudflap.c++/pass55-frag.cxx (-O3) (test for excess errors)
WARNING: libmudflap.c++/pass55-frag.cxx (-O3) compilation failed to produce executable
WARNING: libmudflap.c++/pass57-frag.cxx (-O3) compilation failed to produce executable
FAIL: ctors-12 linkage
FAIL: ctors-21 linkage
WARNING: program timed out.
FAIL: ctors-12 execution
WARNING: program timed out.
FAIL: ctors-21 execution
FAIL: ctors-12 linkage -static
FAIL: ctors-21 linkage -static
WARNING: program timed out.
FAIL: ctors-12 execution -static
WARNING: program timed out.
FAIL: ctors-21 execution -static
FAIL: ctors-12 linkage -O2
FAIL: ctors-21 linkage -O2
WARNING: program timed out.
FAIL: ctors-12 execution -O2
WARNING: program timed out.
FAIL: ctors-21 execution -O2
FAIL: ctors-12 linkage -O3
FAIL: ctors-21 linkage -O3
WARNING: program timed out.
FAIL: ctors-12 execution -O3
WARNING: program timed out.
FAIL: ctors-21 execution -O3
=== libmudflap Summary for unix/-m64 ===
# of expected passes 1861
# of unexpected failures 30
=== libmudflap Summary ===
# of expected passes 3763
# of unexpected failures 34
=== libstdc++ tests ===
Running target unix/-m32
FAIL: libstdc++-abi/abi_check
FAIL: 20_util/tuple/creation_functions/tie2.cc (test for excess errors)
WARNING: 20_util/tuple/creation_functions/tie2.cc compilation failed to produce executable
FAIL: 25_algorithms/stable_sort/49559.cc (test for excess errors)
WARNING: 25_algorithms/stable_sort/49559.cc compilation failed to produce executable
=== libstdc++ Summary for unix/-m32 ===
# of expected passes 8929
# of unexpected failures 3
# of expected failures 43
# of unsupported tests 174
Running target unix/-m64
FAIL: 20_util/tuple/creation_functions/tie2.cc (test for excess errors)
WARNING: 20_util/tuple/creation_functions/tie2.cc compilation failed to produce executable
FAIL: 25_algorithms/stable_sort/49559.cc (test for excess errors)
WARNING: 25_algorithms/stable_sort/49559.cc compilation failed to produce executable
FAIL: 27_io/basic_ostream/inserters_arithmetic/pod/23875.cc (test for excess errors)
WARNING: 27_io/basic_ostream/inserters_arithmetic/pod/23875.cc compilation failed to produce executable
=== libstdc++ Summary for unix/-m64 ===
# of expected passes 8884
# of unexpected failures 3
# of expected failures 43
# of unsupported tests 179
=== libstdc++ Summary ===
# of expected passes 17813
# of unexpected failures 6
# of expected failures 86
# of unsupported tests 353
Compiler version: 4.8.0 20120606 (experimental) [trunk revision 188257] (GCC)
Platform: powerpc64-unknown-linux-gnu
configure flags: --prefix=/opt/gcc-nightly/trunk-20120606 --build=powerpc64-linux --host=powerpc64-linux --target=powerpc64-linux --with-cpu=default32 --with-as=/opt/gcc-nightly/binutils-2.21.1/bin/as --with-ld=/opt/gcc-nightly/binutils-2.21.1/bin/ld --enable-threads=posix --enable-shared --enable-__cxa_atexit --enable-languages=c,c++,fortran,objc,obj-c++ --with-long-double-128 --enable-secureplt --enable-checking --disable-alsa --enable-decimal-float --with-gmp=/opt/gcc-nightly/gcc-host-libs --with-mpfr=/opt/gcc-nightly/gcc-host-libs --with-ppl=/opt/gcc-nightly/gcc-host-libs --with-cloog=/opt/gcc-nightly/gcc-host-libs --with-mpc=/opt/gcc-nightly/gcc-host-libs --with-libelf=/opt/gcc-nightly/gcc-host-libs --with-host-libstdcxx=-Wl,-Bstatic,-L/opt/gcc-nightly/gcc-host-libs/lib,-lstdc++,-Bdynamic,-lm
=== Test Framework Summary ===
# of expected passes 2531